{"id":4176,"date":"2026-03-23T08:15:46","date_gmt":"2026-03-23T07:15:46","guid":{"rendered":"https:\/\/www.regionsaris.sk\/?post_type=vyznamna-tvar&#038;p=4176"},"modified":"2026-03-25T14:32:18","modified_gmt":"2026-03-25T13:32:18","slug":"peter-nagy","status":"publish","type":"vyznamna-tvar","link":"https:\/\/www.regionsaris.sk\/pl\/vyznamna-tvar\/peter-nagy\/","title":{"rendered":"Peter Nagy"},"content":{"rendered":"<p>Peter Nagy urodzi\u0142 si\u0119 9 kwietnia 1959 r. w Preszowie i jest jednym z najbardziej utytu\u0142owanych wokalist\u00f3w s\u0142owackiej muzyki popularnej lat 80. i pierwszej po\u0142owy lat 90. XX wieku. Po uko\u0144czeniu Gimnazjum J\u00e1na Adama Raymana w Preszowie, uko\u0144czy\u0142 studia na Wydziale Sztuki Uniwersytetu Sztuk Scenicznych w Koszycach.&nbsp;<\/p>\n\n\n\n<p>Pierwszym udanym utworem, kt\u00f3rym Peter Nagy zwr\u00f3ci\u0142 na siebie uwag\u0119 publiczno\u015bci, by\u0142a piosenka \u201eProfessor Indigo\u201c. Nagra\u0142 j\u0105 w sierpniu 1982 roku w studiu Radia Koszyce wraz z gitarzyst\u0105 Karlem Witzem, kt\u00f3ry p\u00f3\u017aniej wsp\u00f3\u0142pracowa\u0142 z zespo\u0142ami Modus i Collegium musicum. Kompozycja zosta\u0142a wydana rok p\u00f3\u017aniej. W latach 1982-1983 Nagy odby\u0142 zasadnicz\u0105 s\u0142u\u017cb\u0119 wojskow\u0105 jako wokalista w Wojskowym Zespole Artystycznym w Bratys\u0142awie, gdzie za\u0142o\u017cy\u0142 swoj\u0105 pierwsz\u0105 profesjonaln\u0105 grup\u0119 muzyczn\u0105 o nazwie Indigo. W tym okresie otrzyma\u0142 propozycj\u0119 \u015bpiewania z grup\u0105 Modus.&nbsp;<\/p>\n\n\n\n<p>Po wydaniu trzeciego albumu Are You Thinking What I'm Thinking? Peter Nagy otrzyma\u0142 Z\u0142oty Herb Opusa od \u00f3wczesnego dyrektora wytw\u00f3rni Opus Ivana Stanislava za sprzeda\u017c milionowej p\u0142yty. W\u015br\u00f3d najbardziej udanych piosenek z tego albumu znalaz\u0142a si\u0119 piosenka \u201eLove is here with you\u201c, kt\u00f3ra trzykrotnie wygra\u0142a w telewizyjnej paradzie przeboj\u00f3w Triangel. W 1987 roku, w czwart\u0105 rocznic\u0119 powstania, Peter Nagy i jego zesp\u00f3\u0142 Indigo zagrali ponad 500 koncert\u00f3w, w tym dwa przed wyprzedan\u0105 prask\u0105 Lucern\u0105.<\/p>\n\n\n\n<p>Od drugiej po\u0142owy lat 80-tych Peter Nagy by\u0142 r\u00f3wnie\u017c zaanga\u017cowany w unikalne projekty album\u00f3w dla dzieci, maj\u0105ce na celu odkrywanie m\u0142odych talent\u00f3w wokalnych. Pierwszym z serii tych album\u00f3w by\u0142 tytu\u0142 Peter, Va\u0161o and Be\u00e1ta for Children, kt\u00f3ry przygotowa\u0142 wraz z Beat\u0105 Dubasov\u0105 i Vas\u0105 Patejdl. W pierwszej po\u0142owie lat 90. Peter Nagy by\u0142 gospodarzem m\u0142odzie\u017cowego programu Fany w Telewizji S\u0142owackiej.<\/p>\n\n\n\n<p><strong>\u0179r\u00f3d\u0142o:<\/strong> https:\/\/sk.wikipedia.org\/wiki\/Peter_Nagy<br><strong>\u0179r\u00f3d\u0142o zdj\u0119cia:<\/strong> By User:Richenza - File:Peter Nagy (20).jpg, CC BY-SA 4.0, https:\/\/commons.wikimedia.org\/w\/index.php?curid=58069418<\/p>","protected":false},"featured_media":4232,"template":"","meta":{"_acf_changed":true},"kategoria-vyznamnych-tvari":[244],"oblast-posobenia":[247,236,256],"class_list":["post-4176","vyznamna-tvar","type-vyznamna-tvar","status-publish","has-post-thumbnail","hentry","kategoria-vyznamnych-tvari-sucasna-osobnost","oblast-posobenia-fotografia","oblast-posobenia-hudba","oblast-posobenia-spev"],"acf":[],"yoast_head":"<!-- This site is optimized with the Yoast SEO Premium plugin v26.3 (Yoast SEO v26.8) - https:\/\/yoast.com\/product\/yoast-seo-premium-wordpress\/ -->\n<title>Peter Nagy - OOCR \u0160ari\u0161<\/title>\n<meta name=\"description\" content=\"Peter Nagy je zn\u00e1my hlavne ako spev\u00e1k, hudobn\u00fd skladate\u013e, hudobn\u00edk, text\u00e1r, hudobn\u00fd producent a fotograf r\u00f4znych \u0161t\u00fdlov.\" \/>\n<meta name=\"robots\" content=\"index, follow, max-snippet:-1, max-image-preview:large, max-video-preview:-1\" \/>\n<link rel=\"canonical\" href=\"https:\/\/www.regionsaris.sk\/pl\/vyznamna-tvar\/peter-nagy\/\" \/>\n<meta property=\"og:locale\" content=\"pl_PL\" \/>\n<meta property=\"og:type\" content=\"article\" \/>\n<meta property=\"og:title\" content=\"Peter Nagy\" \/>\n<meta property=\"og:description\" content=\"Peter Nagy je zn\u00e1my hlavne ako spev\u00e1k, hudobn\u00fd skladate\u013e, hudobn\u00edk, text\u00e1r, hudobn\u00fd producent a fotograf r\u00f4znych \u0161t\u00fdlov.\" \/>\n<meta property=\"og:url\" content=\"https:\/\/www.regionsaris.sk\/pl\/vyznamna-tvar\/peter-nagy\/\" \/>\n<meta property=\"og:site_name\" content=\"OOCR \u0160ari\u0161\" \/>\n<meta property=\"article:modified_time\" content=\"2026-03-25T13:32:18+00:00\" \/>\n<meta property=\"og:image\" content=\"https:\/\/www.regionsaris.sk\/wp-content\/uploads\/2026\/03\/peter-nagy-vyznamne-tvare-regionu-oocrrs.png\" \/>\n\t<meta property=\"og:image:width\" content=\"500\" \/>\n\t<meta property=\"og:image:height\" content=\"500\" \/>\n\t<meta property=\"og:image:type\" content=\"image\/png\" \/>\n<meta name=\"twitter:card\" content=\"summary_large_image\" \/>\n<meta name=\"twitter:label1\" content=\"Est. reading time\" \/>\n\t<meta name=\"twitter:data1\" content=\"2 minuty\" \/>\n<script type=\"application\/ld+json\" class=\"yoast-schema-graph\">{\"@context\":\"https:\/\/schema.org\",\"@graph\":[{\"@type\":\"WebPage\",\"@id\":\"https:\/\/www.regionsaris.sk\/vyznamna-tvar\/peter-nagy\/\",\"url\":\"https:\/\/www.regionsaris.sk\/vyznamna-tvar\/peter-nagy\/\",\"name\":\"Peter Nagy - OOCR \u0160ari\u0161\",\"isPartOf\":{\"@id\":\"https:\/\/www.regionsaris.sk\/#website\"},\"primaryImageOfPage\":{\"@id\":\"https:\/\/www.regionsaris.sk\/vyznamna-tvar\/peter-nagy\/#primaryimage\"},\"image\":{\"@id\":\"https:\/\/www.regionsaris.sk\/vyznamna-tvar\/peter-nagy\/#primaryimage\"},\"thumbnailUrl\":\"https:\/\/www.regionsaris.sk\/wp-content\/uploads\/2026\/03\/peter-nagy-vyznamne-tvare-regionu-oocrrs.png\",\"datePublished\":\"2026-03-23T07:15:46+00:00\",\"dateModified\":\"2026-03-25T13:32:18+00:00\",\"description\":\"Peter Nagy je zn\u00e1my hlavne ako spev\u00e1k, hudobn\u00fd skladate\u013e, hudobn\u00edk, text\u00e1r, hudobn\u00fd producent a fotograf r\u00f4znych \u0161t\u00fdlov.\",\"breadcrumb\":{\"@id\":\"https:\/\/www.regionsaris.sk\/vyznamna-tvar\/peter-nagy\/#breadcrumb\"},\"inLanguage\":\"pl-PL\",\"potentialAction\":[{\"@type\":\"ReadAction\",\"target\":[\"https:\/\/www.regionsaris.sk\/vyznamna-tvar\/peter-nagy\/\"]}]},{\"@type\":\"ImageObject\",\"inLanguage\":\"pl-PL\",\"@id\":\"https:\/\/www.regionsaris.sk\/vyznamna-tvar\/peter-nagy\/#primaryimage\",\"url\":\"https:\/\/www.regionsaris.sk\/wp-content\/uploads\/2026\/03\/peter-nagy-vyznamne-tvare-regionu-oocrrs.png\",\"contentUrl\":\"https:\/\/www.regionsaris.sk\/wp-content\/uploads\/2026\/03\/peter-nagy-vyznamne-tvare-regionu-oocrrs.png\",\"width\":500,\"height\":500},{\"@type\":\"BreadcrumbList\",\"@id\":\"https:\/\/www.regionsaris.sk\/vyznamna-tvar\/peter-nagy\/#breadcrumb\",\"itemListElement\":[{\"@type\":\"ListItem\",\"position\":1,\"name\":\"Domov\",\"item\":\"https:\/\/www.regionsaris.sk\/\"},{\"@type\":\"ListItem\",\"position\":2,\"name\":\"V\u00fdznamn\u00e9 tv\u00e1re regi\u00f3nu\",\"item\":\"https:\/\/www.regionsaris.sk\/vyznamne-tvare-regionu\/\"},{\"@type\":\"ListItem\",\"position\":3,\"name\":\"Peter Nagy\"}]},{\"@type\":\"WebSite\",\"@id\":\"https:\/\/www.regionsaris.sk\/#website\",\"url\":\"https:\/\/www.regionsaris.sk\/\",\"name\":\"OOCR \u0160ari\u0161\",\"description\":\"\",\"potentialAction\":[{\"@type\":\"SearchAction\",\"target\":{\"@type\":\"EntryPoint\",\"urlTemplate\":\"https:\/\/www.regionsaris.sk\/?s={search_term_string}\"},\"query-input\":{\"@type\":\"PropertyValueSpecification\",\"valueRequired\":true,\"valueName\":\"search_term_string\"}}],\"inLanguage\":\"pl-PL\"}]}<\/script>\n<!-- \/ Yoast SEO Premium plugin. -->","yoast_head_json":{"title":"Peter Nagy - OOCR \u0160ari\u0161","description":"Peter Nagy je zn\u00e1my hlavne ako spev\u00e1k, hudobn\u00fd skladate\u013e, hudobn\u00edk, text\u00e1r, hudobn\u00fd producent a fotograf r\u00f4znych \u0161t\u00fdlov.","robots":{"index":"index","follow":"follow","max-snippet":"max-snippet:-1","max-image-preview":"max-image-preview:large","max-video-preview":"max-video-preview:-1"},"canonical":"https:\/\/www.regionsaris.sk\/pl\/vyznamna-tvar\/peter-nagy\/","og_locale":"pl_PL","og_type":"article","og_title":"Peter Nagy","og_description":"Peter Nagy je zn\u00e1my hlavne ako spev\u00e1k, hudobn\u00fd skladate\u013e, hudobn\u00edk, text\u00e1r, hudobn\u00fd producent a fotograf r\u00f4znych \u0161t\u00fdlov.","og_url":"https:\/\/www.regionsaris.sk\/pl\/vyznamna-tvar\/peter-nagy\/","og_site_name":"OOCR \u0160ari\u0161","article_modified_time":"2026-03-25T13:32:18+00:00","og_image":[{"width":500,"height":500,"url":"https:\/\/www.regionsaris.sk\/wp-content\/uploads\/2026\/03\/peter-nagy-vyznamne-tvare-regionu-oocrrs.png","type":"image\/png"}],"twitter_card":"summary_large_image","twitter_misc":{"Est. reading time":"2 minuty"},"schema":{"@context":"https:\/\/schema.org","@graph":[{"@type":"WebPage","@id":"https:\/\/www.regionsaris.sk\/vyznamna-tvar\/peter-nagy\/","url":"https:\/\/www.regionsaris.sk\/vyznamna-tvar\/peter-nagy\/","name":"Peter Nagy - OOCR \u0160ari\u0161","isPartOf":{"@id":"https:\/\/www.regionsaris.sk\/#website"},"primaryImageOfPage":{"@id":"https:\/\/www.regionsaris.sk\/vyznamna-tvar\/peter-nagy\/#primaryimage"},"image":{"@id":"https:\/\/www.regionsaris.sk\/vyznamna-tvar\/peter-nagy\/#primaryimage"},"thumbnailUrl":"https:\/\/www.regionsaris.sk\/wp-content\/uploads\/2026\/03\/peter-nagy-vyznamne-tvare-regionu-oocrrs.png","datePublished":"2026-03-23T07:15:46+00:00","dateModified":"2026-03-25T13:32:18+00:00","description":"Peter Nagy je zn\u00e1my hlavne ako spev\u00e1k, hudobn\u00fd skladate\u013e, hudobn\u00edk, text\u00e1r, hudobn\u00fd producent a fotograf r\u00f4znych \u0161t\u00fdlov.","breadcrumb":{"@id":"https:\/\/www.regionsaris.sk\/vyznamna-tvar\/peter-nagy\/#breadcrumb"},"inLanguage":"pl-PL","potentialAction":[{"@type":"ReadAction","target":["https:\/\/www.regionsaris.sk\/vyznamna-tvar\/peter-nagy\/"]}]},{"@type":"ImageObject","inLanguage":"pl-PL","@id":"https:\/\/www.regionsaris.sk\/vyznamna-tvar\/peter-nagy\/#primaryimage","url":"https:\/\/www.regionsaris.sk\/wp-content\/uploads\/2026\/03\/peter-nagy-vyznamne-tvare-regionu-oocrrs.png","contentUrl":"https:\/\/www.regionsaris.sk\/wp-content\/uploads\/2026\/03\/peter-nagy-vyznamne-tvare-regionu-oocrrs.png","width":500,"height":500},{"@type":"BreadcrumbList","@id":"https:\/\/www.regionsaris.sk\/vyznamna-tvar\/peter-nagy\/#breadcrumb","itemListElement":[{"@type":"ListItem","position":1,"name":"Domov","item":"https:\/\/www.regionsaris.sk\/"},{"@type":"ListItem","position":2,"name":"V\u00fdznamn\u00e9 tv\u00e1re regi\u00f3nu","item":"https:\/\/www.regionsaris.sk\/vyznamne-tvare-regionu\/"},{"@type":"ListItem","position":3,"name":"Peter Nagy"}]},{"@type":"WebSite","@id":"https:\/\/www.regionsaris.sk\/#website","url":"https:\/\/www.regionsaris.sk\/","name":"OOCR \u0160ari\u0161","description":"","potentialAction":[{"@type":"SearchAction","target":{"@type":"EntryPoint","urlTemplate":"https:\/\/www.regionsaris.sk\/?s={search_term_string}"},"query-input":{"@type":"PropertyValueSpecification","valueRequired":true,"valueName":"search_term_string"}}],"inLanguage":"pl-PL"}]}},"_links":{"self":[{"href":"https:\/\/www.regionsaris.sk\/pl\/wp-json\/wp\/v2\/vyznamna-tvar\/4176","targetHints":{"allow":["GET"]}}],"collection":[{"href":"https:\/\/www.regionsaris.sk\/pl\/wp-json\/wp\/v2\/vyznamna-tvar"}],"about":[{"href":"https:\/\/www.regionsaris.sk\/pl\/wp-json\/wp\/v2\/types\/vyznamna-tvar"}],"wp:featuredmedia":[{"embeddable":true,"href":"https:\/\/www.regionsaris.sk\/pl\/wp-json\/wp\/v2\/media\/4232"}],"wp:attachment":[{"href":"https:\/\/www.regionsaris.sk\/pl\/wp-json\/wp\/v2\/media?parent=4176"}],"wp:term":[{"taxonomy":"kategoria-vyznamnych-tvari","embeddable":true,"href":"https:\/\/www.regionsaris.sk\/pl\/wp-json\/wp\/v2\/kategoria-vyznamnych-tvari?post=4176"},{"taxonomy":"oblast-posobenia","embeddable":true,"href":"https:\/\/www.regionsaris.sk\/pl\/wp-json\/wp\/v2\/oblast-posobenia?post=4176"}],"curies":[{"name":"wp","href":"https:\/\/api.w.org\/{rel}","templated":true}]}}

<p>Peter Nagy urodził się 9 kwietnia 1959 r. w Preszowie i jest jednym z najbardziej utytułowanych wokalistów słowackiej muzyki popularnej lat 80. i pierwszej połowy lat 90. XX wieku. Po ukończeniu Gimnazjum Jána Adama Raymana w Preszowie, ukończył studia na Wydziale Sztuki Uniwersytetu Sztuk Scenicznych w Koszycach.&nbsp;</p>



<p>Pierwszym udanym utworem, którym Peter Nagy zwrócił na siebie uwagę publiczności, była piosenka „Professor Indigo“. Nagrał ją w sierpniu 1982 roku w studiu Radia Koszyce wraz z gitarzystą Karlem Witzem, który później współpracował z zespołami Modus i Collegium musicum. Kompozycja została wydana rok później. W latach 1982-1983 Nagy odbył zasadniczą służbę wojskową jako wokalista w Wojskowym Zespole Artystycznym w Bratysławie, gdzie założył swoją pierwszą profesjonalną grupę muzyczną o nazwie Indigo. W tym okresie otrzymał propozycję śpiewania z grupą Modus.&nbsp;</p>



<p>Po wydaniu trzeciego albumu Are You Thinking What I'm Thinking? Peter Nagy otrzymał Złoty Herb Opusa od ówczesnego dyrektora wytwórni Opus Ivana Stanislava za sprzedaż milionowej płyty. Wśród najbardziej udanych piosenek z tego albumu znalazła się piosenka „Love is here with you“, która trzykrotnie wygrała w telewizyjnej paradzie przebojów Triangel. W 1987 roku, w czwartą rocznicę powstania, Peter Nagy i jego zespół Indigo zagrali ponad 500 koncertów, w tym dwa przed wyprzedaną praską Lucerną.</p>



<p>Od drugiej połowy lat 80-tych Peter Nagy był również zaangażowany w unikalne projekty albumów dla dzieci, mające na celu odkrywanie młodych talentów wokalnych. Pierwszym z serii tych albumów był tytuł Peter, Vašo and Beáta for Children, który przygotował wraz z Beatą Dubasovą i Vasą Patejdl. W pierwszej połowie lat 90. Peter Nagy był gospodarzem młodzieżowego programu Fany w Telewizji Słowackiej.</p>



<p><strong>Źródło:</strong> https://sk.wikipedia.org/wiki/Peter_Nagy<br><strong>Źródło zdjęcia:</strong> By User:Richenza - File:Peter Nagy (20).jpg, CC BY-SA 4.0, https://commons.wikimedia.org/w/index.php?curid=58069418</p>

<!-- This site is optimized with the Yoast SEO Premium plugin v26.3 (Yoast SEO v26.8) - https://yoast.com/product/yoast-seo-premium-wordpress/ -->
<title>Peter Nagy - OOCR Šariš</title>
<meta name="description" content="Peter Nagy je známy hlavne ako spevák, hudobný skladateľ, hudobník, textár, hudobný producent a fotograf rôznych štýlov." />
<meta name="robots" content="index, follow, max-snippet:-1, max-image-preview:large, max-video-preview:-1" />
<link rel="canonical" href="https://www.regionsaris.sk/pl/vyznamna-tvar/peter-nagy/" />
<meta property="og:locale" content="pl_PL" />
<meta property="og:type" content="article" />
<meta property="og:title" content="Peter Nagy" />
<meta property="og:description" content="Peter Nagy je známy hlavne ako spevák, hudobný skladateľ, hudobník, textár, hudobný producent a fotograf rôznych štýlov." />
<meta property="og:url" content="https://www.regionsaris.sk/pl/vyznamna-tvar/peter-nagy/" />
<meta property="og:site_name" content="OOCR Šariš" />
<meta property="article:modified_time" content="2026-03-25T13:32:18+00:00" />
<meta property="og:image" content="https://www.regionsaris.sk/wp-content/uploads/2026/03/peter-nagy-vyznamne-tvare-regionu-oocrrs.png" />
	<meta property="og:image:width" content="500" />
	<meta property="og:image:height" content="500" />
	<meta property="og:image:type" content="image/png" />
<meta name="twitter:card" content="summary_large_image" />
<meta name="twitter:label1" content="Est. reading time" />
	<meta name="twitter:data1" content="2 minuty" />
<script type="application/ld+json" class="yoast-schema-graph">{"@context":"https://schema.org","@graph":[{"@type":"WebPage","@id":"https://www.regionsaris.sk/vyznamna-tvar/peter-nagy/","url":"https://www.regionsaris.sk/vyznamna-tvar/peter-nagy/","name":"Peter Nagy - OOCR Šariš","isPartOf":{"@id":"https://www.regionsaris.sk/#website"},"primaryImageOfPage":{"@id":"https://www.regionsaris.sk/vyznamna-tvar/peter-nagy/#primaryimage"},"image":{"@id":"https://www.regionsaris.sk/vyznamna-tvar/peter-nagy/#primaryimage"},"thumbnailUrl":"https://www.regionsaris.sk/wp-content/uploads/2026/03/peter-nagy-vyznamne-tvare-regionu-oocrrs.png","datePublished":"2026-03-23T07:15:46+00:00","dateModified":"2026-03-25T13:32:18+00:00","description":"Peter Nagy je známy hlavne ako spevák, hudobný skladateľ, hudobník, textár, hudobný producent a fotograf rôznych štýlov.","breadcrumb":{"@id":"https://www.regionsaris.sk/vyznamna-tvar/peter-nagy/#breadcrumb"},"inLanguage":"pl-PL","potentialAction":[{"@type":"ReadAction","target":["https://www.regionsaris.sk/vyznamna-tvar/peter-nagy/"]}]},{"@type":"ImageObject","inLanguage":"pl-PL","@id":"https://www.regionsaris.sk/vyznamna-tvar/peter-nagy/#primaryimage","url":"https://www.regionsaris.sk/wp-content/uploads/2026/03/peter-nagy-vyznamne-tvare-regionu-oocrrs.png","contentUrl":"https://www.regionsaris.sk/wp-content/uploads/2026/03/peter-nagy-vyznamne-tvare-regionu-oocrrs.png","width":500,"height":500},{"@type":"BreadcrumbList","@id":"https://www.regionsaris.sk/vyznamna-tvar/peter-nagy/#breadcrumb","itemListElement":[{"@type":"ListItem","position":1,"name":"Domov","item":"https://www.regionsaris.sk/"},{"@type":"ListItem","position":2,"name":"Významné tváre regiónu","item":"https://www.regionsaris.sk/vyznamne-tvare-regionu/"},{"@type":"ListItem","position":3,"name":"Peter Nagy"}]},{"@type":"WebSite","@id":"https://www.regionsaris.sk/#website","url":"https://www.regionsaris.sk/","name":"OOCR Šariš","description":"","potentialAction":[{"@type":"SearchAction","target":{"@type":"EntryPoint","urlTemplate":"https://www.regionsaris.sk/?s={search_term_string}"},"query-input":{"@type":"PropertyValueSpecification","valueRequired":true,"valueName":"search_term_string"}}],"inLanguage":"pl-PL"}]}</script>
<!-- / Yoast SEO Premium plugin. -->

Peter Nagy - OOCR Šariš

Peter Nagy je známy hlavne ako spevák, hudobný skladateľ, hudobník, textár, hudobný producent a fotograf rôznych štýlov.

OOCR Šariš

Významné tváre regiónu
