{"id":4174,"date":"2026-03-23T08:13:44","date_gmt":"2026-03-23T07:13:44","guid":{"rendered":"https:\/\/www.regionsaris.sk\/?post_type=vyznamna-tvar&#038;p=4174"},"modified":"2026-03-25T14:36:54","modified_gmt":"2026-03-25T13:36:54","slug":"peter-lipa","status":"publish","type":"vyznamna-tvar","link":"https:\/\/www.regionsaris.sk\/pl\/vyznamna-tvar\/peter-lipa\/","title":{"rendered":"Peter Lipa"},"content":{"rendered":"<p>Peter Lipa urodzi\u0142 si\u0119 30 maja 1943 roku w Preszowie i od najm\u0142odszych lat wykazywa\u0142 g\u0142\u0119bok\u0105 pasj\u0119 do muzyki. Nauk\u0119 gry na skrzypcach rozpocz\u0105\u0142 w wieku dwunastu lat, a p\u00f3\u017aniej do swoich umiej\u0119tno\u015bci do\u0142\u0105czy\u0142 tr\u0105bk\u0119, puzon i gitar\u0119. Po uko\u0144czeniu szko\u0142y \u015bredniej w Preszowie studiowa\u0142 na Wydziale In\u017cynierii L\u0105dowej S\u0142owackiego Uniwersytetu Technicznego w Bratys\u0142awie, a nast\u0119pnie pracowa\u0142 jako redaktor w Czechos\u0142owackim Radiu. W latach 1975-1976 uko\u0144czy\u0142 podyplomowe studia dziennikarskie na Uniwersytecie Kome\u0144skiego.&nbsp;<\/p>\n\n\n\n<p>Jego muzyczna podr\u00f3\u017c rozpocz\u0119\u0142a si\u0119 we wczesnych latach 60. z zespo\u0142em Strings, a nast\u0119pnie Istropilana, Blues Five, Gust\u00e1v Offerman Orchestra, Revival Jazz Band, T+R Band i Lipa Andr\u0161t Blues Band. Z Blues Five zdoby\u0142 nagrod\u0119 Odkrycie Festiwalu na 2. Beat Festival w Pradze w 1968 roku. Przez ca\u0142\u0105 swoj\u0105 karier\u0119 aktywnie wsp\u00f3\u0142pracowa\u0142 z pianistami, instrumentem, kt\u00f3ry najbardziej pasuje do jego g\u0142osu. Jego muzycznymi partnerami byli Ladislav Gerhard, Milan Svoboda, Gabriel Jon\u00e1\u0161, Emil Viklick\u00fd, Peter Breiner, Boris Urb\u00e1nek, Juraj Tat\u00e1r, Pavol Bodn\u00e1r i jego syn Peter Lipa Jr.<\/p>\n\n\n\n<p>W 1978 roku za\u0142o\u017cy\u0142 sw\u00f3j w\u0142asny zesp\u00f3\u0142 Combo, kt\u00f3ry ewoluowa\u0142 do dzisiejszego Peter Lipa Band. Przez lata by\u0142 zaanga\u017cowany w wiele kr\u00f3tko- i d\u0142ugoterminowych kolaboracji, w tym obecne projekty, takie jak Visegrad Blues Band, EU4 i Traditional Club. By\u0142 pierwszym artyst\u0105 na S\u0142owacji, kt\u00f3ry wprowadzi\u0142 j\u0119zyk s\u0142owacki do jazzu. Czerpie z naturalnego rytmu j\u0119zyka i przekszta\u0142ca go w muzyczne frazowanie. Jego repertuar obejmuje zar\u00f3wno tradycyjne melodie i standardy swingowe, jak i nowoczesny jazz.<\/p>\n\n\n\n<p>W 1990 roku powsta\u0142o S\u0142owackie Stowarzyszenie Jazzowe, kt\u00f3rego Peter Lipa zosta\u0142 prezesem za\u0142o\u017cycielem i pe\u0142ni t\u0119 funkcj\u0119 do dzi\u015b. Przez lata wyst\u0119powa\u0142 na wszystkich kontynentach. Chocia\u017c wi\u0119kszo\u015b\u0107 jego piosenek zosta\u0142a nagrana i wydana, dziwnym faktem jest, \u017ce z powodu komunistycznej cenzury jego debiutancki album zosta\u0142 wydany dopiero w wieku 40 lat. Jednym z najbardziej niezapomnianych moment\u00f3w w jego muzycznej karierze by\u0142 spontaniczny duet z Bobbym McFerrinem, kt\u00f3ry zaprosi\u0142 go na scen\u0119 pod koniec swojego koncertu w Bratys\u0142awie w 1986 roku.<\/p>\n\n\n\n<p><strong>\u0179r\u00f3d\u0142o:<\/strong> Peter Lipa (Online: https:\/\/www.peterlipa.com\/en\/biography\/)<br><strong>\u0179r\u00f3d\u0142o zdj\u0119cia<\/strong>Autor: Jind\u0159ich Nosek (NoJin) - Praca w\u0142asna, CC BY-SA 4.0, https:\/\/commons.wikimedia.org\/w\/index.php?curid=115005958<\/p>","protected":false},"featured_media":4233,"template":"","meta":{"_acf_changed":true},"kategoria-vyznamnych-tvari":[244],"oblast-posobenia":[236],"class_list":["post-4174","vyznamna-tvar","type-vyznamna-tvar","status-publish","has-post-thumbnail","hentry","kategoria-vyznamnych-tvari-sucasna-osobnost","oblast-posobenia-hudba"],"acf":[],"yoast_head":"<!-- This site is optimized with the Yoast SEO Premium plugin v26.3 (Yoast SEO v26.8) - https:\/\/yoast.com\/product\/yoast-seo-premium-wordpress\/ -->\n<title>Peter Lipa - OOCR \u0160ari\u0161<\/title>\n<meta name=\"description\" content=\"Peter Lipa je spev\u00e1k, skladate\u013e, podnikate\u013e, organiz\u00e1tor hudobn\u00fdch podujat\u00ed, moder\u00e1tor, mana\u017e\u00e9r d\u017eezov\u00e9ho diania a dramaturg.\" \/>\n<meta name=\"robots\" content=\"index, follow, max-snippet:-1, max-image-preview:large, max-video-preview:-1\" \/>\n<link rel=\"canonical\" href=\"https:\/\/www.regionsaris.sk\/pl\/vyznamna-tvar\/peter-lipa\/\" \/>\n<meta property=\"og:locale\" content=\"pl_PL\" \/>\n<meta property=\"og:type\" content=\"article\" \/>\n<meta property=\"og:title\" content=\"Peter Lipa\" \/>\n<meta property=\"og:description\" content=\"Peter Lipa je spev\u00e1k, skladate\u013e, podnikate\u013e, organiz\u00e1tor hudobn\u00fdch podujat\u00ed, moder\u00e1tor, mana\u017e\u00e9r d\u017eezov\u00e9ho diania a dramaturg.\" \/>\n<meta property=\"og:url\" content=\"https:\/\/www.regionsaris.sk\/pl\/vyznamna-tvar\/peter-lipa\/\" \/>\n<meta property=\"og:site_name\" content=\"OOCR \u0160ari\u0161\" \/>\n<meta property=\"article:modified_time\" content=\"2026-03-25T13:36:54+00:00\" \/>\n<meta property=\"og:image\" content=\"https:\/\/www.regionsaris.sk\/wp-content\/uploads\/2026\/03\/peter-lipa-vyznamne-tvare-regionu-oocrrs.png\" \/>\n\t<meta property=\"og:image:width\" content=\"500\" \/>\n\t<meta property=\"og:image:height\" content=\"500\" \/>\n\t<meta property=\"og:image:type\" content=\"image\/png\" \/>\n<meta name=\"twitter:card\" content=\"summary_large_image\" \/>\n<meta name=\"twitter:label1\" content=\"Est. reading time\" \/>\n\t<meta name=\"twitter:data1\" content=\"2 minuty\" \/>\n<script type=\"application\/ld+json\" class=\"yoast-schema-graph\">{\"@context\":\"https:\/\/schema.org\",\"@graph\":[{\"@type\":\"WebPage\",\"@id\":\"https:\/\/www.regionsaris.sk\/vyznamna-tvar\/peter-lipa\/\",\"url\":\"https:\/\/www.regionsaris.sk\/vyznamna-tvar\/peter-lipa\/\",\"name\":\"Peter Lipa - OOCR \u0160ari\u0161\",\"isPartOf\":{\"@id\":\"https:\/\/www.regionsaris.sk\/#website\"},\"primaryImageOfPage\":{\"@id\":\"https:\/\/www.regionsaris.sk\/vyznamna-tvar\/peter-lipa\/#primaryimage\"},\"image\":{\"@id\":\"https:\/\/www.regionsaris.sk\/vyznamna-tvar\/peter-lipa\/#primaryimage\"},\"thumbnailUrl\":\"https:\/\/www.regionsaris.sk\/wp-content\/uploads\/2026\/03\/peter-lipa-vyznamne-tvare-regionu-oocrrs.png\",\"datePublished\":\"2026-03-23T07:13:44+00:00\",\"dateModified\":\"2026-03-25T13:36:54+00:00\",\"description\":\"Peter Lipa je spev\u00e1k, skladate\u013e, podnikate\u013e, organiz\u00e1tor hudobn\u00fdch podujat\u00ed, moder\u00e1tor, mana\u017e\u00e9r d\u017eezov\u00e9ho diania a dramaturg.\",\"breadcrumb\":{\"@id\":\"https:\/\/www.regionsaris.sk\/vyznamna-tvar\/peter-lipa\/#breadcrumb\"},\"inLanguage\":\"pl-PL\",\"potentialAction\":[{\"@type\":\"ReadAction\",\"target\":[\"https:\/\/www.regionsaris.sk\/vyznamna-tvar\/peter-lipa\/\"]}]},{\"@type\":\"ImageObject\",\"inLanguage\":\"pl-PL\",\"@id\":\"https:\/\/www.regionsaris.sk\/vyznamna-tvar\/peter-lipa\/#primaryimage\",\"url\":\"https:\/\/www.regionsaris.sk\/wp-content\/uploads\/2026\/03\/peter-lipa-vyznamne-tvare-regionu-oocrrs.png\",\"contentUrl\":\"https:\/\/www.regionsaris.sk\/wp-content\/uploads\/2026\/03\/peter-lipa-vyznamne-tvare-regionu-oocrrs.png\",\"width\":500,\"height\":500},{\"@type\":\"BreadcrumbList\",\"@id\":\"https:\/\/www.regionsaris.sk\/vyznamna-tvar\/peter-lipa\/#breadcrumb\",\"itemListElement\":[{\"@type\":\"ListItem\",\"position\":1,\"name\":\"Domov\",\"item\":\"https:\/\/www.regionsaris.sk\/\"},{\"@type\":\"ListItem\",\"position\":2,\"name\":\"V\u00fdznamn\u00e9 tv\u00e1re regi\u00f3nu\",\"item\":\"https:\/\/www.regionsaris.sk\/vyznamne-tvare-regionu\/\"},{\"@type\":\"ListItem\",\"position\":3,\"name\":\"Peter Lipa\"}]},{\"@type\":\"WebSite\",\"@id\":\"https:\/\/www.regionsaris.sk\/#website\",\"url\":\"https:\/\/www.regionsaris.sk\/\",\"name\":\"OOCR \u0160ari\u0161\",\"description\":\"\",\"potentialAction\":[{\"@type\":\"SearchAction\",\"target\":{\"@type\":\"EntryPoint\",\"urlTemplate\":\"https:\/\/www.regionsaris.sk\/?s={search_term_string}\"},\"query-input\":{\"@type\":\"PropertyValueSpecification\",\"valueRequired\":true,\"valueName\":\"search_term_string\"}}],\"inLanguage\":\"pl-PL\"}]}<\/script>\n<!-- \/ Yoast SEO Premium plugin. -->","yoast_head_json":{"title":"Peter Lipa - OOCR \u0160ari\u0161","description":"Peter Lipa je spev\u00e1k, skladate\u013e, podnikate\u013e, organiz\u00e1tor hudobn\u00fdch podujat\u00ed, moder\u00e1tor, mana\u017e\u00e9r d\u017eezov\u00e9ho diania a dramaturg.","robots":{"index":"index","follow":"follow","max-snippet":"max-snippet:-1","max-image-preview":"max-image-preview:large","max-video-preview":"max-video-preview:-1"},"canonical":"https:\/\/www.regionsaris.sk\/pl\/vyznamna-tvar\/peter-lipa\/","og_locale":"pl_PL","og_type":"article","og_title":"Peter Lipa","og_description":"Peter Lipa je spev\u00e1k, skladate\u013e, podnikate\u013e, organiz\u00e1tor hudobn\u00fdch podujat\u00ed, moder\u00e1tor, mana\u017e\u00e9r d\u017eezov\u00e9ho diania a dramaturg.","og_url":"https:\/\/www.regionsaris.sk\/pl\/vyznamna-tvar\/peter-lipa\/","og_site_name":"OOCR \u0160ari\u0161","article_modified_time":"2026-03-25T13:36:54+00:00","og_image":[{"width":500,"height":500,"url":"https:\/\/www.regionsaris.sk\/wp-content\/uploads\/2026\/03\/peter-lipa-vyznamne-tvare-regionu-oocrrs.png","type":"image\/png"}],"twitter_card":"summary_large_image","twitter_misc":{"Est. reading time":"2 minuty"},"schema":{"@context":"https:\/\/schema.org","@graph":[{"@type":"WebPage","@id":"https:\/\/www.regionsaris.sk\/vyznamna-tvar\/peter-lipa\/","url":"https:\/\/www.regionsaris.sk\/vyznamna-tvar\/peter-lipa\/","name":"Peter Lipa - OOCR \u0160ari\u0161","isPartOf":{"@id":"https:\/\/www.regionsaris.sk\/#website"},"primaryImageOfPage":{"@id":"https:\/\/www.regionsaris.sk\/vyznamna-tvar\/peter-lipa\/#primaryimage"},"image":{"@id":"https:\/\/www.regionsaris.sk\/vyznamna-tvar\/peter-lipa\/#primaryimage"},"thumbnailUrl":"https:\/\/www.regionsaris.sk\/wp-content\/uploads\/2026\/03\/peter-lipa-vyznamne-tvare-regionu-oocrrs.png","datePublished":"2026-03-23T07:13:44+00:00","dateModified":"2026-03-25T13:36:54+00:00","description":"Peter Lipa je spev\u00e1k, skladate\u013e, podnikate\u013e, organiz\u00e1tor hudobn\u00fdch podujat\u00ed, moder\u00e1tor, mana\u017e\u00e9r d\u017eezov\u00e9ho diania a dramaturg.","breadcrumb":{"@id":"https:\/\/www.regionsaris.sk\/vyznamna-tvar\/peter-lipa\/#breadcrumb"},"inLanguage":"pl-PL","potentialAction":[{"@type":"ReadAction","target":["https:\/\/www.regionsaris.sk\/vyznamna-tvar\/peter-lipa\/"]}]},{"@type":"ImageObject","inLanguage":"pl-PL","@id":"https:\/\/www.regionsaris.sk\/vyznamna-tvar\/peter-lipa\/#primaryimage","url":"https:\/\/www.regionsaris.sk\/wp-content\/uploads\/2026\/03\/peter-lipa-vyznamne-tvare-regionu-oocrrs.png","contentUrl":"https:\/\/www.regionsaris.sk\/wp-content\/uploads\/2026\/03\/peter-lipa-vyznamne-tvare-regionu-oocrrs.png","width":500,"height":500},{"@type":"BreadcrumbList","@id":"https:\/\/www.regionsaris.sk\/vyznamna-tvar\/peter-lipa\/#breadcrumb","itemListElement":[{"@type":"ListItem","position":1,"name":"Domov","item":"https:\/\/www.regionsaris.sk\/"},{"@type":"ListItem","position":2,"name":"V\u00fdznamn\u00e9 tv\u00e1re regi\u00f3nu","item":"https:\/\/www.regionsaris.sk\/vyznamne-tvare-regionu\/"},{"@type":"ListItem","position":3,"name":"Peter Lipa"}]},{"@type":"WebSite","@id":"https:\/\/www.regionsaris.sk\/#website","url":"https:\/\/www.regionsaris.sk\/","name":"OOCR \u0160ari\u0161","description":"","potentialAction":[{"@type":"SearchAction","target":{"@type":"EntryPoint","urlTemplate":"https:\/\/www.regionsaris.sk\/?s={search_term_string}"},"query-input":{"@type":"PropertyValueSpecification","valueRequired":true,"valueName":"search_term_string"}}],"inLanguage":"pl-PL"}]}},"_links":{"self":[{"href":"https:\/\/www.regionsaris.sk\/pl\/wp-json\/wp\/v2\/vyznamna-tvar\/4174","targetHints":{"allow":["GET"]}}],"collection":[{"href":"https:\/\/www.regionsaris.sk\/pl\/wp-json\/wp\/v2\/vyznamna-tvar"}],"about":[{"href":"https:\/\/www.regionsaris.sk\/pl\/wp-json\/wp\/v2\/types\/vyznamna-tvar"}],"wp:featuredmedia":[{"embeddable":true,"href":"https:\/\/www.regionsaris.sk\/pl\/wp-json\/wp\/v2\/media\/4233"}],"wp:attachment":[{"href":"https:\/\/www.regionsaris.sk\/pl\/wp-json\/wp\/v2\/media?parent=4174"}],"wp:term":[{"taxonomy":"kategoria-vyznamnych-tvari","embeddable":true,"href":"https:\/\/www.regionsaris.sk\/pl\/wp-json\/wp\/v2\/kategoria-vyznamnych-tvari?post=4174"},{"taxonomy":"oblast-posobenia","embeddable":true,"href":"https:\/\/www.regionsaris.sk\/pl\/wp-json\/wp\/v2\/oblast-posobenia?post=4174"}],"curies":[{"name":"wp","href":"https:\/\/api.w.org\/{rel}","templated":true}]}}

<p>Peter Lipa urodził się 30 maja 1943 roku w Preszowie i od najmłodszych lat wykazywał głęboką pasję do muzyki. Naukę gry na skrzypcach rozpoczął w wieku dwunastu lat, a później do swoich umiejętności dołączył trąbkę, puzon i gitarę. Po ukończeniu szkoły średniej w Preszowie studiował na Wydziale Inżynierii Lądowej Słowackiego Uniwersytetu Technicznego w Bratysławie, a następnie pracował jako redaktor w Czechosłowackim Radiu. W latach 1975-1976 ukończył podyplomowe studia dziennikarskie na Uniwersytecie Komeńskiego.&nbsp;</p>



<p>Jego muzyczna podróż rozpoczęła się we wczesnych latach 60. z zespołem Strings, a następnie Istropilana, Blues Five, Gustáv Offerman Orchestra, Revival Jazz Band, T+R Band i Lipa Andršt Blues Band. Z Blues Five zdobył nagrodę Odkrycie Festiwalu na 2. Beat Festival w Pradze w 1968 roku. Przez całą swoją karierę aktywnie współpracował z pianistami, instrumentem, który najbardziej pasuje do jego głosu. Jego muzycznymi partnerami byli Ladislav Gerhard, Milan Svoboda, Gabriel Jonáš, Emil Viklický, Peter Breiner, Boris Urbánek, Juraj Tatár, Pavol Bodnár i jego syn Peter Lipa Jr.</p>



<p>W 1978 roku założył swój własny zespół Combo, który ewoluował do dzisiejszego Peter Lipa Band. Przez lata był zaangażowany w wiele krótko- i długoterminowych kolaboracji, w tym obecne projekty, takie jak Visegrad Blues Band, EU4 i Traditional Club. Był pierwszym artystą na Słowacji, który wprowadził język słowacki do jazzu. Czerpie z naturalnego rytmu języka i przekształca go w muzyczne frazowanie. Jego repertuar obejmuje zarówno tradycyjne melodie i standardy swingowe, jak i nowoczesny jazz.</p>



<p>W 1990 roku powstało Słowackie Stowarzyszenie Jazzowe, którego Peter Lipa został prezesem założycielem i pełni tę funkcję do dziś. Przez lata występował na wszystkich kontynentach. Chociaż większość jego piosenek została nagrana i wydana, dziwnym faktem jest, że z powodu komunistycznej cenzury jego debiutancki album został wydany dopiero w wieku 40 lat. Jednym z najbardziej niezapomnianych momentów w jego muzycznej karierze był spontaniczny duet z Bobbym McFerrinem, który zaprosił go na scenę pod koniec swojego koncertu w Bratysławie w 1986 roku.</p>



<p><strong>Źródło:</strong> Peter Lipa (Online: https://www.peterlipa.com/en/biography/)<br><strong>Źródło zdjęcia</strong>Autor: Jindřich Nosek (NoJin) - Praca własna, CC BY-SA 4.0, https://commons.wikimedia.org/w/index.php?curid=115005958</p>

<!-- This site is optimized with the Yoast SEO Premium plugin v26.3 (Yoast SEO v26.8) - https://yoast.com/product/yoast-seo-premium-wordpress/ -->
<title>Peter Lipa - OOCR Šariš</title>
<meta name="description" content="Peter Lipa je spevák, skladateľ, podnikateľ, organizátor hudobných podujatí, moderátor, manažér džezového diania a dramaturg." />
<meta name="robots" content="index, follow, max-snippet:-1, max-image-preview:large, max-video-preview:-1" />
<link rel="canonical" href="https://www.regionsaris.sk/pl/vyznamna-tvar/peter-lipa/" />
<meta property="og:locale" content="pl_PL" />
<meta property="og:type" content="article" />
<meta property="og:title" content="Peter Lipa" />
<meta property="og:description" content="Peter Lipa je spevák, skladateľ, podnikateľ, organizátor hudobných podujatí, moderátor, manažér džezového diania a dramaturg." />
<meta property="og:url" content="https://www.regionsaris.sk/pl/vyznamna-tvar/peter-lipa/" />
<meta property="og:site_name" content="OOCR Šariš" />
<meta property="article:modified_time" content="2026-03-25T13:36:54+00:00" />
<meta property="og:image" content="https://www.regionsaris.sk/wp-content/uploads/2026/03/peter-lipa-vyznamne-tvare-regionu-oocrrs.png" />
	<meta property="og:image:width" content="500" />
	<meta property="og:image:height" content="500" />
	<meta property="og:image:type" content="image/png" />
<meta name="twitter:card" content="summary_large_image" />
<meta name="twitter:label1" content="Est. reading time" />
	<meta name="twitter:data1" content="2 minuty" />
<script type="application/ld+json" class="yoast-schema-graph">{"@context":"https://schema.org","@graph":[{"@type":"WebPage","@id":"https://www.regionsaris.sk/vyznamna-tvar/peter-lipa/","url":"https://www.regionsaris.sk/vyznamna-tvar/peter-lipa/","name":"Peter Lipa - OOCR Šariš","isPartOf":{"@id":"https://www.regionsaris.sk/#website"},"primaryImageOfPage":{"@id":"https://www.regionsaris.sk/vyznamna-tvar/peter-lipa/#primaryimage"},"image":{"@id":"https://www.regionsaris.sk/vyznamna-tvar/peter-lipa/#primaryimage"},"thumbnailUrl":"https://www.regionsaris.sk/wp-content/uploads/2026/03/peter-lipa-vyznamne-tvare-regionu-oocrrs.png","datePublished":"2026-03-23T07:13:44+00:00","dateModified":"2026-03-25T13:36:54+00:00","description":"Peter Lipa je spevák, skladateľ, podnikateľ, organizátor hudobných podujatí, moderátor, manažér džezového diania a dramaturg.","breadcrumb":{"@id":"https://www.regionsaris.sk/vyznamna-tvar/peter-lipa/#breadcrumb"},"inLanguage":"pl-PL","potentialAction":[{"@type":"ReadAction","target":["https://www.regionsaris.sk/vyznamna-tvar/peter-lipa/"]}]},{"@type":"ImageObject","inLanguage":"pl-PL","@id":"https://www.regionsaris.sk/vyznamna-tvar/peter-lipa/#primaryimage","url":"https://www.regionsaris.sk/wp-content/uploads/2026/03/peter-lipa-vyznamne-tvare-regionu-oocrrs.png","contentUrl":"https://www.regionsaris.sk/wp-content/uploads/2026/03/peter-lipa-vyznamne-tvare-regionu-oocrrs.png","width":500,"height":500},{"@type":"BreadcrumbList","@id":"https://www.regionsaris.sk/vyznamna-tvar/peter-lipa/#breadcrumb","itemListElement":[{"@type":"ListItem","position":1,"name":"Domov","item":"https://www.regionsaris.sk/"},{"@type":"ListItem","position":2,"name":"Významné tváre regiónu","item":"https://www.regionsaris.sk/vyznamne-tvare-regionu/"},{"@type":"ListItem","position":3,"name":"Peter Lipa"}]},{"@type":"WebSite","@id":"https://www.regionsaris.sk/#website","url":"https://www.regionsaris.sk/","name":"OOCR Šariš","description":"","potentialAction":[{"@type":"SearchAction","target":{"@type":"EntryPoint","urlTemplate":"https://www.regionsaris.sk/?s={search_term_string}"},"query-input":{"@type":"PropertyValueSpecification","valueRequired":true,"valueName":"search_term_string"}}],"inLanguage":"pl-PL"}]}</script>
<!-- / Yoast SEO Premium plugin. -->

Peter Lipa - OOCR Šariš

Peter Lipa je spevák, skladateľ, podnikateľ, organizátor hudobných podujatí, moderátor, manažér džezového diania a dramaturg.

OOCR Šariš

Významné tváre regiónu
