{"id":4172,"date":"2026-03-23T08:11:16","date_gmt":"2026-03-23T07:11:16","guid":{"rendered":"https:\/\/www.regionsaris.sk\/?post_type=vyznamna-tvar&#038;p=4172"},"modified":"2026-03-25T14:39:17","modified_gmt":"2026-03-25T13:39:17","slug":"pter-konya","status":"publish","type":"vyznamna-tvar","link":"https:\/\/www.regionsaris.sk\/pl\/vyznamna-tvar\/pter-konya\/","title":{"rendered":"Peter K\u00f3nya"},"content":{"rendered":"<p>Dr h. c. prof. Peter K\u00f3nya, PhD (* 20 sierpnia 1966, Presz\u00f3w, Czechos\u0142owacja) jest s\u0142owackim profesorem uniwersyteckim, historykiem i urz\u0119dnikiem akademickim. Pracuje w Instytucie Historii na Wydziale Sztuki Uniwersytetu w Preszowie. Od 1 sierpnia 2015 r. jest rektorem Uniwersytetu w Preszowie.<\/p>\n\n\n\n<p>Jego wieloletnie badania naukowe koncentruj\u0105 si\u0119 na historii powsta\u0144 antyhabsburskich na W\u0119grzech i ich wp\u0142ywie na wolne miasta kr\u00f3lewskie G\u00f3rnych W\u0119gier (Preszowski proces krwi z 1687 r., Presz\u00f3w, Bardej\u00f3w, Sabin\u00f3w w okresie kontrreformacji i powsta\u0144 antyhabsburskich (1670-1711), Za Bo\u017c\u0105 Ojczyzn\u0119 i wolno\u015b\u0107. Burzliwe losy genera\u0142a kuruc\u00f3w Juraja Ottlyka). Zajmuje si\u0119 r\u00f3wnie\u017c problematyk\u0105 reformacji i rekatolizacji oraz histori\u0105 Ko\u015bcio\u0142a ewangelickiego a.v.,By\u0142 kompilatorem i autorem kilku zbior\u00f3w naukowych, monografii i edycji \u017ar\u00f3de\u0142 na ten temat (Kontrreformacja, rekatolizacja i reformacja katolicka, Trzy lutera\u0144skie wyznania wiary z W\u0119gier, Leonard St\u00f6ckel i reformacja w Europie \u015arodkowej, Konfesjonalizacja na S\u0142owacji w XVI-XVIII w.).&nbsp;<\/p>\n\n\n\n<p>Jego zainteresowania badawcze koncentruj\u0105 si\u0119 r\u00f3wnie\u017c na badaniach historii regionalnej, gdzie by\u0142 autorem i kompilatorem wielu historii wsi i miast we wschodniej S\u0142owacji (Historia Sabinova, Historia Sobra\u0144ca, Historia Kr\u00e1\u013eovskiego Chlmca, Historia wsi So\u013e). Jest kompilatorem i wsp\u00f3\u0142autorem podr\u0119cznika uniwersyteckiego Historia W\u0119gier (1000-1918).<\/p>\n\n\n\n<p><strong>Nagrody:<\/strong><\/p>\n\n\n\n<p>1. nagroda Dziekana Wydzia\u0142u Sztuki UP (2001, 2010)<\/p>\n\n\n\n<p>2. Nagroda im. Jozefa Miloslava Hurbana za literatur\u0119 biograficzn\u0105 i s\u0142ownikow\u0105 (2010),<\/p>\n\n\n\n<p>3. Nagroda S\u0142owackiego Towarzystwa Historycznego przy S\u0142owackiej Akademii Nauk (2011)<\/p>\n\n\n\n<p>4. Medal Debreczy\u0144skiego Oddzia\u0142u W\u0119gierskiej Akademii Nauk Pro Cooperatione.<\/p>\n\n\n\n<p><strong>\u0179r\u00f3d\u0142o: <\/strong>https:\/\/www.unipo.sk\/filozoficka-fakulta\/instituty-fakulty\/ih-new\/ludia\/profesori\/30976<br><strong>\u0179r\u00f3d\u0142o zdj\u0119cia:<\/strong> Autor: Uniwersytet w Presovie - https:\/\/www.unipo.sk\/informacie-o-univerzite\/organy\/oas\/rektor\/, CC BY-SA 4.0, https:\/\/commons.wikimedia.org\/w\/index.php?curid=85891316<\/p>\n\n\n\n<p><\/p>","protected":false},"featured_media":4234,"template":"","meta":{"_acf_changed":true},"kategoria-vyznamnych-tvari":[244],"oblast-posobenia":[232],"class_list":["post-4172","vyznamna-tvar","type-vyznamna-tvar","status-publish","has-post-thumbnail","hentry","kategoria-vyznamnych-tvari-sucasna-osobnost","oblast-posobenia-pedagogika"],"acf":[],"yoast_head":"<!-- This site is optimized with the Yoast SEO Premium plugin v26.3 (Yoast SEO v26.8) - https:\/\/yoast.com\/product\/yoast-seo-premium-wordpress\/ -->\n<title>Peter K\u00f3nya - OOCR \u0160ari\u0161<\/title>\n<meta name=\"description\" content=\"Peter K\u00f3nya je slovensk\u00fd univerzitn\u00fd profesor, historik a akademick\u00fd funkcion\u00e1r. P\u00f4sob\u00ed na In\u0161tit\u00fate hist\u00f3rie Filozofickej fakulty PU.\" \/>\n<meta name=\"robots\" content=\"index, follow, max-snippet:-1, max-image-preview:large, max-video-preview:-1\" \/>\n<link rel=\"canonical\" href=\"https:\/\/www.regionsaris.sk\/pl\/vyznamna-tvar\/pter-konya\/\" \/>\n<meta property=\"og:locale\" content=\"pl_PL\" \/>\n<meta property=\"og:type\" content=\"article\" \/>\n<meta property=\"og:title\" content=\"Peter K\u00f3nya\" \/>\n<meta property=\"og:description\" content=\"Peter K\u00f3nya je slovensk\u00fd univerzitn\u00fd profesor, historik a akademick\u00fd funkcion\u00e1r. P\u00f4sob\u00ed na In\u0161tit\u00fate hist\u00f3rie Filozofickej fakulty PU.\" \/>\n<meta property=\"og:url\" content=\"https:\/\/www.regionsaris.sk\/pl\/vyznamna-tvar\/pter-konya\/\" \/>\n<meta property=\"og:site_name\" content=\"OOCR \u0160ari\u0161\" \/>\n<meta property=\"article:modified_time\" content=\"2026-03-25T13:39:17+00:00\" \/>\n<meta property=\"og:image\" content=\"https:\/\/www.regionsaris.sk\/wp-content\/uploads\/2026\/03\/peter-konya-vyznamne-tvare-regionu-oocrrs.png\" \/>\n\t<meta property=\"og:image:width\" content=\"500\" \/>\n\t<meta property=\"og:image:height\" content=\"500\" \/>\n\t<meta property=\"og:image:type\" content=\"image\/png\" \/>\n<meta name=\"twitter:card\" content=\"summary_large_image\" \/>\n<meta name=\"twitter:label1\" content=\"Est. reading time\" \/>\n\t<meta name=\"twitter:data1\" content=\"2 minuty\" \/>\n<script type=\"application\/ld+json\" class=\"yoast-schema-graph\">{\"@context\":\"https:\/\/schema.org\",\"@graph\":[{\"@type\":\"WebPage\",\"@id\":\"https:\/\/www.regionsaris.sk\/vyznamna-tvar\/pter-konya\/\",\"url\":\"https:\/\/www.regionsaris.sk\/vyznamna-tvar\/pter-konya\/\",\"name\":\"Peter K\u00f3nya - OOCR \u0160ari\u0161\",\"isPartOf\":{\"@id\":\"https:\/\/www.regionsaris.sk\/#website\"},\"primaryImageOfPage\":{\"@id\":\"https:\/\/www.regionsaris.sk\/vyznamna-tvar\/pter-konya\/#primaryimage\"},\"image\":{\"@id\":\"https:\/\/www.regionsaris.sk\/vyznamna-tvar\/pter-konya\/#primaryimage\"},\"thumbnailUrl\":\"https:\/\/www.regionsaris.sk\/wp-content\/uploads\/2026\/03\/peter-konya-vyznamne-tvare-regionu-oocrrs.png\",\"datePublished\":\"2026-03-23T07:11:16+00:00\",\"dateModified\":\"2026-03-25T13:39:17+00:00\",\"description\":\"Peter K\u00f3nya je slovensk\u00fd univerzitn\u00fd profesor, historik a akademick\u00fd funkcion\u00e1r. P\u00f4sob\u00ed na In\u0161tit\u00fate hist\u00f3rie Filozofickej fakulty PU.\",\"breadcrumb\":{\"@id\":\"https:\/\/www.regionsaris.sk\/vyznamna-tvar\/pter-konya\/#breadcrumb\"},\"inLanguage\":\"pl-PL\",\"potentialAction\":[{\"@type\":\"ReadAction\",\"target\":[\"https:\/\/www.regionsaris.sk\/vyznamna-tvar\/pter-konya\/\"]}]},{\"@type\":\"ImageObject\",\"inLanguage\":\"pl-PL\",\"@id\":\"https:\/\/www.regionsaris.sk\/vyznamna-tvar\/pter-konya\/#primaryimage\",\"url\":\"https:\/\/www.regionsaris.sk\/wp-content\/uploads\/2026\/03\/peter-konya-vyznamne-tvare-regionu-oocrrs.png\",\"contentUrl\":\"https:\/\/www.regionsaris.sk\/wp-content\/uploads\/2026\/03\/peter-konya-vyznamne-tvare-regionu-oocrrs.png\",\"width\":500,\"height\":500},{\"@type\":\"BreadcrumbList\",\"@id\":\"https:\/\/www.regionsaris.sk\/vyznamna-tvar\/pter-konya\/#breadcrumb\",\"itemListElement\":[{\"@type\":\"ListItem\",\"position\":1,\"name\":\"Domov\",\"item\":\"https:\/\/www.regionsaris.sk\/\"},{\"@type\":\"ListItem\",\"position\":2,\"name\":\"V\u00fdznamn\u00e9 tv\u00e1re regi\u00f3nu\",\"item\":\"https:\/\/www.regionsaris.sk\/vyznamne-tvare-regionu\/\"},{\"@type\":\"ListItem\",\"position\":3,\"name\":\"Peter K\u00f3nya\"}]},{\"@type\":\"WebSite\",\"@id\":\"https:\/\/www.regionsaris.sk\/#website\",\"url\":\"https:\/\/www.regionsaris.sk\/\",\"name\":\"OOCR \u0160ari\u0161\",\"description\":\"\",\"potentialAction\":[{\"@type\":\"SearchAction\",\"target\":{\"@type\":\"EntryPoint\",\"urlTemplate\":\"https:\/\/www.regionsaris.sk\/?s={search_term_string}\"},\"query-input\":{\"@type\":\"PropertyValueSpecification\",\"valueRequired\":true,\"valueName\":\"search_term_string\"}}],\"inLanguage\":\"pl-PL\"}]}<\/script>\n<!-- \/ Yoast SEO Premium plugin. -->","yoast_head_json":{"title":"Peter K\u00f3nya - OOCR \u0160ari\u0161","description":"Peter K\u00f3nya je slovensk\u00fd univerzitn\u00fd profesor, historik a akademick\u00fd funkcion\u00e1r. P\u00f4sob\u00ed na In\u0161tit\u00fate hist\u00f3rie Filozofickej fakulty PU.","robots":{"index":"index","follow":"follow","max-snippet":"max-snippet:-1","max-image-preview":"max-image-preview:large","max-video-preview":"max-video-preview:-1"},"canonical":"https:\/\/www.regionsaris.sk\/pl\/vyznamna-tvar\/pter-konya\/","og_locale":"pl_PL","og_type":"article","og_title":"Peter K\u00f3nya","og_description":"Peter K\u00f3nya je slovensk\u00fd univerzitn\u00fd profesor, historik a akademick\u00fd funkcion\u00e1r. P\u00f4sob\u00ed na In\u0161tit\u00fate hist\u00f3rie Filozofickej fakulty PU.","og_url":"https:\/\/www.regionsaris.sk\/pl\/vyznamna-tvar\/pter-konya\/","og_site_name":"OOCR \u0160ari\u0161","article_modified_time":"2026-03-25T13:39:17+00:00","og_image":[{"width":500,"height":500,"url":"https:\/\/www.regionsaris.sk\/wp-content\/uploads\/2026\/03\/peter-konya-vyznamne-tvare-regionu-oocrrs.png","type":"image\/png"}],"twitter_card":"summary_large_image","twitter_misc":{"Est. reading time":"2 minuty"},"schema":{"@context":"https:\/\/schema.org","@graph":[{"@type":"WebPage","@id":"https:\/\/www.regionsaris.sk\/vyznamna-tvar\/pter-konya\/","url":"https:\/\/www.regionsaris.sk\/vyznamna-tvar\/pter-konya\/","name":"Peter K\u00f3nya - OOCR \u0160ari\u0161","isPartOf":{"@id":"https:\/\/www.regionsaris.sk\/#website"},"primaryImageOfPage":{"@id":"https:\/\/www.regionsaris.sk\/vyznamna-tvar\/pter-konya\/#primaryimage"},"image":{"@id":"https:\/\/www.regionsaris.sk\/vyznamna-tvar\/pter-konya\/#primaryimage"},"thumbnailUrl":"https:\/\/www.regionsaris.sk\/wp-content\/uploads\/2026\/03\/peter-konya-vyznamne-tvare-regionu-oocrrs.png","datePublished":"2026-03-23T07:11:16+00:00","dateModified":"2026-03-25T13:39:17+00:00","description":"Peter K\u00f3nya je slovensk\u00fd univerzitn\u00fd profesor, historik a akademick\u00fd funkcion\u00e1r. P\u00f4sob\u00ed na In\u0161tit\u00fate hist\u00f3rie Filozofickej fakulty PU.","breadcrumb":{"@id":"https:\/\/www.regionsaris.sk\/vyznamna-tvar\/pter-konya\/#breadcrumb"},"inLanguage":"pl-PL","potentialAction":[{"@type":"ReadAction","target":["https:\/\/www.regionsaris.sk\/vyznamna-tvar\/pter-konya\/"]}]},{"@type":"ImageObject","inLanguage":"pl-PL","@id":"https:\/\/www.regionsaris.sk\/vyznamna-tvar\/pter-konya\/#primaryimage","url":"https:\/\/www.regionsaris.sk\/wp-content\/uploads\/2026\/03\/peter-konya-vyznamne-tvare-regionu-oocrrs.png","contentUrl":"https:\/\/www.regionsaris.sk\/wp-content\/uploads\/2026\/03\/peter-konya-vyznamne-tvare-regionu-oocrrs.png","width":500,"height":500},{"@type":"BreadcrumbList","@id":"https:\/\/www.regionsaris.sk\/vyznamna-tvar\/pter-konya\/#breadcrumb","itemListElement":[{"@type":"ListItem","position":1,"name":"Domov","item":"https:\/\/www.regionsaris.sk\/"},{"@type":"ListItem","position":2,"name":"V\u00fdznamn\u00e9 tv\u00e1re regi\u00f3nu","item":"https:\/\/www.regionsaris.sk\/vyznamne-tvare-regionu\/"},{"@type":"ListItem","position":3,"name":"Peter K\u00f3nya"}]},{"@type":"WebSite","@id":"https:\/\/www.regionsaris.sk\/#website","url":"https:\/\/www.regionsaris.sk\/","name":"OOCR \u0160ari\u0161","description":"","potentialAction":[{"@type":"SearchAction","target":{"@type":"EntryPoint","urlTemplate":"https:\/\/www.regionsaris.sk\/?s={search_term_string}"},"query-input":{"@type":"PropertyValueSpecification","valueRequired":true,"valueName":"search_term_string"}}],"inLanguage":"pl-PL"}]}},"_links":{"self":[{"href":"https:\/\/www.regionsaris.sk\/pl\/wp-json\/wp\/v2\/vyznamna-tvar\/4172","targetHints":{"allow":["GET"]}}],"collection":[{"href":"https:\/\/www.regionsaris.sk\/pl\/wp-json\/wp\/v2\/vyznamna-tvar"}],"about":[{"href":"https:\/\/www.regionsaris.sk\/pl\/wp-json\/wp\/v2\/types\/vyznamna-tvar"}],"wp:featuredmedia":[{"embeddable":true,"href":"https:\/\/www.regionsaris.sk\/pl\/wp-json\/wp\/v2\/media\/4234"}],"wp:attachment":[{"href":"https:\/\/www.regionsaris.sk\/pl\/wp-json\/wp\/v2\/media?parent=4172"}],"wp:term":[{"taxonomy":"kategoria-vyznamnych-tvari","embeddable":true,"href":"https:\/\/www.regionsaris.sk\/pl\/wp-json\/wp\/v2\/kategoria-vyznamnych-tvari?post=4172"},{"taxonomy":"oblast-posobenia","embeddable":true,"href":"https:\/\/www.regionsaris.sk\/pl\/wp-json\/wp\/v2\/oblast-posobenia?post=4172"}],"curies":[{"name":"wp","href":"https:\/\/api.w.org\/{rel}","templated":true}]}}

Peter Kónya

<p>Dr h. c. prof. Peter Kónya, PhD (* 20 sierpnia 1966, Preszów, Czechosłowacja) jest słowackim profesorem uniwersyteckim, historykiem i urzędnikiem akademickim. Pracuje w Instytucie Historii na Wydziale Sztuki Uniwersytetu w Preszowie. Od 1 sierpnia 2015 r. jest rektorem Uniwersytetu w Preszowie.</p>



<p>Jego wieloletnie badania naukowe koncentrują się na historii powstań antyhabsburskich na Węgrzech i ich wpływie na wolne miasta królewskie Górnych Węgier (Preszowski proces krwi z 1687 r., Preszów, Bardejów, Sabinów w okresie kontrreformacji i powstań antyhabsburskich (1670-1711), Za Bożą Ojczyznę i wolność. Burzliwe losy generała kuruców Juraja Ottlyka). Zajmuje się również problematyką reformacji i rekatolizacji oraz historią Kościoła ewangelickiego a.v.,Był kompilatorem i autorem kilku zbiorów naukowych, monografii i edycji źródeł na ten temat (Kontrreformacja, rekatolizacja i reformacja katolicka, Trzy luterańskie wyznania wiary z Węgier, Leonard Stöckel i reformacja w Europie Środkowej, Konfesjonalizacja na Słowacji w XVI-XVIII w.).&nbsp;</p>



<p>Jego zainteresowania badawcze koncentrują się również na badaniach historii regionalnej, gdzie był autorem i kompilatorem wielu historii wsi i miast we wschodniej Słowacji (Historia Sabinova, Historia Sobrańca, Historia Kráľovskiego Chlmca, Historia wsi Soľ). Jest kompilatorem i współautorem podręcznika uniwersyteckiego Historia Węgier (1000-1918).</p>



<p><strong>Nagrody:</strong></p>



<p>1. nagroda Dziekana Wydziału Sztuki UP (2001, 2010)</p>



<p>2. Nagroda im. Jozefa Miloslava Hurbana za literaturę biograficzną i słownikową (2010),</p>



<p>3. Nagroda Słowackiego Towarzystwa Historycznego przy Słowackiej Akademii Nauk (2011)</p>



<p>4. Medal Debreczyńskiego Oddziału Węgierskiej Akademii Nauk Pro Cooperatione.</p>



<p><strong>Źródło: </strong>https://www.unipo.sk/filozoficka-fakulta/instituty-fakulty/ih-new/ludia/profesori/30976<br><strong>Źródło zdjęcia:</strong> Autor: Uniwersytet w Presovie - https://www.unipo.sk/informacie-o-univerzite/organy/oas/rektor/, CC BY-SA 4.0, https://commons.wikimedia.org/w/index.php?curid=85891316</p>



<p></p>

<!-- This site is optimized with the Yoast SEO Premium plugin v26.3 (Yoast SEO v26.8) - https://yoast.com/product/yoast-seo-premium-wordpress/ -->
<title>Peter Kónya - OOCR Šariš</title>
<meta name="description" content="Peter Kónya je slovenský univerzitný profesor, historik a akademický funkcionár. Pôsobí na Inštitúte histórie Filozofickej fakulty PU." />
<meta name="robots" content="index, follow, max-snippet:-1, max-image-preview:large, max-video-preview:-1" />
<link rel="canonical" href="https://www.regionsaris.sk/pl/vyznamna-tvar/pter-konya/" />
<meta property="og:locale" content="pl_PL" />
<meta property="og:type" content="article" />
<meta property="og:title" content="Peter Kónya" />
<meta property="og:description" content="Peter Kónya je slovenský univerzitný profesor, historik a akademický funkcionár. Pôsobí na Inštitúte histórie Filozofickej fakulty PU." />
<meta property="og:url" content="https://www.regionsaris.sk/pl/vyznamna-tvar/pter-konya/" />
<meta property="og:site_name" content="OOCR Šariš" />
<meta property="article:modified_time" content="2026-03-25T13:39:17+00:00" />
<meta property="og:image" content="https://www.regionsaris.sk/wp-content/uploads/2026/03/peter-konya-vyznamne-tvare-regionu-oocrrs.png" />
	<meta property="og:image:width" content="500" />
	<meta property="og:image:height" content="500" />
	<meta property="og:image:type" content="image/png" />
<meta name="twitter:card" content="summary_large_image" />
<meta name="twitter:label1" content="Est. reading time" />
	<meta name="twitter:data1" content="2 minuty" />
<script type="application/ld+json" class="yoast-schema-graph">{"@context":"https://schema.org","@graph":[{"@type":"WebPage","@id":"https://www.regionsaris.sk/vyznamna-tvar/pter-konya/","url":"https://www.regionsaris.sk/vyznamna-tvar/pter-konya/","name":"Peter Kónya - OOCR Šariš","isPartOf":{"@id":"https://www.regionsaris.sk/#website"},"primaryImageOfPage":{"@id":"https://www.regionsaris.sk/vyznamna-tvar/pter-konya/#primaryimage"},"image":{"@id":"https://www.regionsaris.sk/vyznamna-tvar/pter-konya/#primaryimage"},"thumbnailUrl":"https://www.regionsaris.sk/wp-content/uploads/2026/03/peter-konya-vyznamne-tvare-regionu-oocrrs.png","datePublished":"2026-03-23T07:11:16+00:00","dateModified":"2026-03-25T13:39:17+00:00","description":"Peter Kónya je slovenský univerzitný profesor, historik a akademický funkcionár. Pôsobí na Inštitúte histórie Filozofickej fakulty PU.","breadcrumb":{"@id":"https://www.regionsaris.sk/vyznamna-tvar/pter-konya/#breadcrumb"},"inLanguage":"pl-PL","potentialAction":[{"@type":"ReadAction","target":["https://www.regionsaris.sk/vyznamna-tvar/pter-konya/"]}]},{"@type":"ImageObject","inLanguage":"pl-PL","@id":"https://www.regionsaris.sk/vyznamna-tvar/pter-konya/#primaryimage","url":"https://www.regionsaris.sk/wp-content/uploads/2026/03/peter-konya-vyznamne-tvare-regionu-oocrrs.png","contentUrl":"https://www.regionsaris.sk/wp-content/uploads/2026/03/peter-konya-vyznamne-tvare-regionu-oocrrs.png","width":500,"height":500},{"@type":"BreadcrumbList","@id":"https://www.regionsaris.sk/vyznamna-tvar/pter-konya/#breadcrumb","itemListElement":[{"@type":"ListItem","position":1,"name":"Domov","item":"https://www.regionsaris.sk/"},{"@type":"ListItem","position":2,"name":"Významné tváre regiónu","item":"https://www.regionsaris.sk/vyznamne-tvare-regionu/"},{"@type":"ListItem","position":3,"name":"Peter Kónya"}]},{"@type":"WebSite","@id":"https://www.regionsaris.sk/#website","url":"https://www.regionsaris.sk/","name":"OOCR Šariš","description":"","potentialAction":[{"@type":"SearchAction","target":{"@type":"EntryPoint","urlTemplate":"https://www.regionsaris.sk/?s={search_term_string}"},"query-input":{"@type":"PropertyValueSpecification","valueRequired":true,"valueName":"search_term_string"}}],"inLanguage":"pl-PL"}]}</script>
<!-- / Yoast SEO Premium plugin. -->

Peter Kónya - OOCR Šariš

Peter Kónya je slovenský univerzitný profesor, historik a akademický funkcionár. Pôsobí na Inštitúte histórie Filozofickej fakulty PU.

OOCR Šariš

Významné tváre regiónu
