{"id":4166,"date":"2026-03-23T08:02:10","date_gmt":"2026-03-23T07:02:10","guid":{"rendered":"https:\/\/www.regionsaris.sk\/?post_type=vyznamna-tvar&#038;p=4166"},"modified":"2026-03-25T14:46:26","modified_gmt":"2026-03-25T13:46:26","slug":"katarina-koscova","status":"publish","type":"vyznamna-tvar","link":"https:\/\/www.regionsaris.sk\/pl\/vyznamna-tvar\/katarina-koscova\/","title":{"rendered":"Katar\u00edna Ko\u0161\u010dov\u00e1"},"content":{"rendered":"<p>Katar\u00edna Ko\u0161\u010dov\u00e1, piosenkarka popowa i jazzowa, pochodz\u0105ca z Preszowa. Studiowa\u0142a filozofi\u0119 i estetyk\u0119 na Wydziale Sztuki Uniwersytetu w Preszowie.&nbsp;<\/p>\n\n\n\n<p>W 2005 roku zosta\u0142a zwyci\u0119\u017cczyni\u0105 pierwszej serii s\u0142owackich poszukiwa\u0144 SuperStar. Ze swoim zespo\u0142em, w sk\u0142ad kt\u00f3rego wchodz\u0105 Michal Brandys (gitara akustyczna, skrzypce), Daniel \u0160piner (instrumenty klawiszowe), Viliam Cico\u0148 (gitara basowa) i Miroslav Szirmai (perkusja), wyst\u0119puje w klubach i na imprezach literackich, a jej wsp\u00f3\u0142praca z zespo\u0142em Ne\u0159e\u017e r\u00f3wnie\u017c odnios\u0142a sukces.&nbsp;<\/p>\n\n\n\n<p>Na swoim koncie ma kilka solowych album\u00f3w, takich jak <em>Jeszcze si\u0119 nie znamy<\/em> (2005), <em>Naboso<\/em> (2006), <em>Niewzruszony<\/em> (2009), <em>Wigilia Bo\u017cego Narodzenia<\/em> (2012), <em>Windowed<\/em> (2014). Wraz z Veronik\u0105 Husovsk\u0105 i Martinem Husovskim opublikowa\u0142a r\u00f3wnie\u017c <em>Ko\u0142ysanki CD<\/em> (2009).&nbsp;<\/p>\n\n\n\n<p><strong>\u0179r\u00f3d\u0142o:<\/strong> <a href=\"http:\/\/hc.sk\/\">hc.sk<\/a><br><strong>\u0179r\u00f3d\u0142o zdj\u0119cia<\/strong>Autor: Pavol Fre\u0161o - flickr.com, CC BY 2.0, https:\/\/commons.wikimedia.org\/w\/index.php?curid=59741755<\/p>","protected":false},"featured_media":4237,"template":"","meta":{"_acf_changed":true},"kategoria-vyznamnych-tvari":[244],"oblast-posobenia":[236,256],"class_list":["post-4166","vyznamna-tvar","type-vyznamna-tvar","status-publish","has-post-thumbnail","hentry","kategoria-vyznamnych-tvari-sucasna-osobnost","oblast-posobenia-hudba","oblast-posobenia-spev"],"acf":[],"yoast_head":"<!-- This site is optimized with the Yoast SEO Premium plugin v26.3 (Yoast SEO v26.8) - https:\/\/yoast.com\/product\/yoast-seo-premium-wordpress\/ -->\n<title>Katar\u00edna Ko\u0161\u010dov\u00e1 - OOCR \u0160ari\u0161<\/title>\n<meta name=\"description\" content=\"Katar\u00edna Ko\u0161\u010dov\u00e1 je popov\u00e1 a jazzov\u00e1 spev\u00e1\u010dka, rod\u00e1\u010dka z Pre\u0161ova. Vy\u0161tudovala filozofiu a estetiku a bola v\u00ed\u0165azka SuperStar.\" \/>\n<meta name=\"robots\" content=\"index, follow, max-snippet:-1, max-image-preview:large, max-video-preview:-1\" \/>\n<link rel=\"canonical\" href=\"https:\/\/www.regionsaris.sk\/pl\/vyznamna-tvar\/katarina-koscova\/\" \/>\n<meta property=\"og:locale\" content=\"pl_PL\" \/>\n<meta property=\"og:type\" content=\"article\" \/>\n<meta property=\"og:title\" content=\"Katar\u00edna Ko\u0161\u010dov\u00e1\" \/>\n<meta property=\"og:description\" content=\"Katar\u00edna Ko\u0161\u010dov\u00e1 je popov\u00e1 a jazzov\u00e1 spev\u00e1\u010dka, rod\u00e1\u010dka z Pre\u0161ova. Vy\u0161tudovala filozofiu a estetiku a bola v\u00ed\u0165azka SuperStar.\" \/>\n<meta property=\"og:url\" content=\"https:\/\/www.regionsaris.sk\/pl\/vyznamna-tvar\/katarina-koscova\/\" \/>\n<meta property=\"og:site_name\" content=\"OOCR \u0160ari\u0161\" \/>\n<meta property=\"article:modified_time\" content=\"2026-03-25T13:46:26+00:00\" \/>\n<meta property=\"og:image\" content=\"https:\/\/www.regionsaris.sk\/wp-content\/uploads\/2026\/03\/katarina-koscova-vyznamne-tvare-regionu-oocrrs.png\" \/>\n\t<meta property=\"og:image:width\" content=\"500\" \/>\n\t<meta property=\"og:image:height\" content=\"500\" \/>\n\t<meta property=\"og:image:type\" content=\"image\/png\" \/>\n<meta name=\"twitter:card\" content=\"summary_large_image\" \/>\n<meta name=\"twitter:label1\" content=\"Est. reading time\" \/>\n\t<meta name=\"twitter:data1\" content=\"1 minuta\" \/>\n<script type=\"application\/ld+json\" class=\"yoast-schema-graph\">{\"@context\":\"https:\/\/schema.org\",\"@graph\":[{\"@type\":\"WebPage\",\"@id\":\"https:\/\/www.regionsaris.sk\/vyznamna-tvar\/katarina-koscova\/\",\"url\":\"https:\/\/www.regionsaris.sk\/vyznamna-tvar\/katarina-koscova\/\",\"name\":\"Katar\u00edna Ko\u0161\u010dov\u00e1 - OOCR \u0160ari\u0161\",\"isPartOf\":{\"@id\":\"https:\/\/www.regionsaris.sk\/#website\"},\"primaryImageOfPage\":{\"@id\":\"https:\/\/www.regionsaris.sk\/vyznamna-tvar\/katarina-koscova\/#primaryimage\"},\"image\":{\"@id\":\"https:\/\/www.regionsaris.sk\/vyznamna-tvar\/katarina-koscova\/#primaryimage\"},\"thumbnailUrl\":\"https:\/\/www.regionsaris.sk\/wp-content\/uploads\/2026\/03\/katarina-koscova-vyznamne-tvare-regionu-oocrrs.png\",\"datePublished\":\"2026-03-23T07:02:10+00:00\",\"dateModified\":\"2026-03-25T13:46:26+00:00\",\"description\":\"Katar\u00edna Ko\u0161\u010dov\u00e1 je popov\u00e1 a jazzov\u00e1 spev\u00e1\u010dka, rod\u00e1\u010dka z Pre\u0161ova. Vy\u0161tudovala filozofiu a estetiku a bola v\u00ed\u0165azka SuperStar.\",\"breadcrumb\":{\"@id\":\"https:\/\/www.regionsaris.sk\/vyznamna-tvar\/katarina-koscova\/#breadcrumb\"},\"inLanguage\":\"pl-PL\",\"potentialAction\":[{\"@type\":\"ReadAction\",\"target\":[\"https:\/\/www.regionsaris.sk\/vyznamna-tvar\/katarina-koscova\/\"]}]},{\"@type\":\"ImageObject\",\"inLanguage\":\"pl-PL\",\"@id\":\"https:\/\/www.regionsaris.sk\/vyznamna-tvar\/katarina-koscova\/#primaryimage\",\"url\":\"https:\/\/www.regionsaris.sk\/wp-content\/uploads\/2026\/03\/katarina-koscova-vyznamne-tvare-regionu-oocrrs.png\",\"contentUrl\":\"https:\/\/www.regionsaris.sk\/wp-content\/uploads\/2026\/03\/katarina-koscova-vyznamne-tvare-regionu-oocrrs.png\",\"width\":500,\"height\":500},{\"@type\":\"BreadcrumbList\",\"@id\":\"https:\/\/www.regionsaris.sk\/vyznamna-tvar\/katarina-koscova\/#breadcrumb\",\"itemListElement\":[{\"@type\":\"ListItem\",\"position\":1,\"name\":\"Domov\",\"item\":\"https:\/\/www.regionsaris.sk\/\"},{\"@type\":\"ListItem\",\"position\":2,\"name\":\"V\u00fdznamn\u00e9 tv\u00e1re regi\u00f3nu\",\"item\":\"https:\/\/www.regionsaris.sk\/vyznamne-tvare-regionu\/\"},{\"@type\":\"ListItem\",\"position\":3,\"name\":\"Katar\u00edna Ko\u0161\u010dov\u00e1\"}]},{\"@type\":\"WebSite\",\"@id\":\"https:\/\/www.regionsaris.sk\/#website\",\"url\":\"https:\/\/www.regionsaris.sk\/\",\"name\":\"OOCR \u0160ari\u0161\",\"description\":\"\",\"potentialAction\":[{\"@type\":\"SearchAction\",\"target\":{\"@type\":\"EntryPoint\",\"urlTemplate\":\"https:\/\/www.regionsaris.sk\/?s={search_term_string}\"},\"query-input\":{\"@type\":\"PropertyValueSpecification\",\"valueRequired\":true,\"valueName\":\"search_term_string\"}}],\"inLanguage\":\"pl-PL\"}]}<\/script>\n<!-- \/ Yoast SEO Premium plugin. -->","yoast_head_json":{"title":"Katar\u00edna Ko\u0161\u010dov\u00e1 - OOCR \u0160ari\u0161","description":"Katar\u00edna Ko\u0161\u010dov\u00e1 je popov\u00e1 a jazzov\u00e1 spev\u00e1\u010dka, rod\u00e1\u010dka z Pre\u0161ova. Vy\u0161tudovala filozofiu a estetiku a bola v\u00ed\u0165azka SuperStar.","robots":{"index":"index","follow":"follow","max-snippet":"max-snippet:-1","max-image-preview":"max-image-preview:large","max-video-preview":"max-video-preview:-1"},"canonical":"https:\/\/www.regionsaris.sk\/pl\/vyznamna-tvar\/katarina-koscova\/","og_locale":"pl_PL","og_type":"article","og_title":"Katar\u00edna Ko\u0161\u010dov\u00e1","og_description":"Katar\u00edna Ko\u0161\u010dov\u00e1 je popov\u00e1 a jazzov\u00e1 spev\u00e1\u010dka, rod\u00e1\u010dka z Pre\u0161ova. Vy\u0161tudovala filozofiu a estetiku a bola v\u00ed\u0165azka SuperStar.","og_url":"https:\/\/www.regionsaris.sk\/pl\/vyznamna-tvar\/katarina-koscova\/","og_site_name":"OOCR \u0160ari\u0161","article_modified_time":"2026-03-25T13:46:26+00:00","og_image":[{"width":500,"height":500,"url":"https:\/\/www.regionsaris.sk\/wp-content\/uploads\/2026\/03\/katarina-koscova-vyznamne-tvare-regionu-oocrrs.png","type":"image\/png"}],"twitter_card":"summary_large_image","twitter_misc":{"Est. reading time":"1 minuta"},"schema":{"@context":"https:\/\/schema.org","@graph":[{"@type":"WebPage","@id":"https:\/\/www.regionsaris.sk\/vyznamna-tvar\/katarina-koscova\/","url":"https:\/\/www.regionsaris.sk\/vyznamna-tvar\/katarina-koscova\/","name":"Katar\u00edna Ko\u0161\u010dov\u00e1 - OOCR \u0160ari\u0161","isPartOf":{"@id":"https:\/\/www.regionsaris.sk\/#website"},"primaryImageOfPage":{"@id":"https:\/\/www.regionsaris.sk\/vyznamna-tvar\/katarina-koscova\/#primaryimage"},"image":{"@id":"https:\/\/www.regionsaris.sk\/vyznamna-tvar\/katarina-koscova\/#primaryimage"},"thumbnailUrl":"https:\/\/www.regionsaris.sk\/wp-content\/uploads\/2026\/03\/katarina-koscova-vyznamne-tvare-regionu-oocrrs.png","datePublished":"2026-03-23T07:02:10+00:00","dateModified":"2026-03-25T13:46:26+00:00","description":"Katar\u00edna Ko\u0161\u010dov\u00e1 je popov\u00e1 a jazzov\u00e1 spev\u00e1\u010dka, rod\u00e1\u010dka z Pre\u0161ova. Vy\u0161tudovala filozofiu a estetiku a bola v\u00ed\u0165azka SuperStar.","breadcrumb":{"@id":"https:\/\/www.regionsaris.sk\/vyznamna-tvar\/katarina-koscova\/#breadcrumb"},"inLanguage":"pl-PL","potentialAction":[{"@type":"ReadAction","target":["https:\/\/www.regionsaris.sk\/vyznamna-tvar\/katarina-koscova\/"]}]},{"@type":"ImageObject","inLanguage":"pl-PL","@id":"https:\/\/www.regionsaris.sk\/vyznamna-tvar\/katarina-koscova\/#primaryimage","url":"https:\/\/www.regionsaris.sk\/wp-content\/uploads\/2026\/03\/katarina-koscova-vyznamne-tvare-regionu-oocrrs.png","contentUrl":"https:\/\/www.regionsaris.sk\/wp-content\/uploads\/2026\/03\/katarina-koscova-vyznamne-tvare-regionu-oocrrs.png","width":500,"height":500},{"@type":"BreadcrumbList","@id":"https:\/\/www.regionsaris.sk\/vyznamna-tvar\/katarina-koscova\/#breadcrumb","itemListElement":[{"@type":"ListItem","position":1,"name":"Domov","item":"https:\/\/www.regionsaris.sk\/"},{"@type":"ListItem","position":2,"name":"V\u00fdznamn\u00e9 tv\u00e1re regi\u00f3nu","item":"https:\/\/www.regionsaris.sk\/vyznamne-tvare-regionu\/"},{"@type":"ListItem","position":3,"name":"Katar\u00edna Ko\u0161\u010dov\u00e1"}]},{"@type":"WebSite","@id":"https:\/\/www.regionsaris.sk\/#website","url":"https:\/\/www.regionsaris.sk\/","name":"OOCR \u0160ari\u0161","description":"","potentialAction":[{"@type":"SearchAction","target":{"@type":"EntryPoint","urlTemplate":"https:\/\/www.regionsaris.sk\/?s={search_term_string}"},"query-input":{"@type":"PropertyValueSpecification","valueRequired":true,"valueName":"search_term_string"}}],"inLanguage":"pl-PL"}]}},"_links":{"self":[{"href":"https:\/\/www.regionsaris.sk\/pl\/wp-json\/wp\/v2\/vyznamna-tvar\/4166","targetHints":{"allow":["GET"]}}],"collection":[{"href":"https:\/\/www.regionsaris.sk\/pl\/wp-json\/wp\/v2\/vyznamna-tvar"}],"about":[{"href":"https:\/\/www.regionsaris.sk\/pl\/wp-json\/wp\/v2\/types\/vyznamna-tvar"}],"wp:featuredmedia":[{"embeddable":true,"href":"https:\/\/www.regionsaris.sk\/pl\/wp-json\/wp\/v2\/media\/4237"}],"wp:attachment":[{"href":"https:\/\/www.regionsaris.sk\/pl\/wp-json\/wp\/v2\/media?parent=4166"}],"wp:term":[{"taxonomy":"kategoria-vyznamnych-tvari","embeddable":true,"href":"https:\/\/www.regionsaris.sk\/pl\/wp-json\/wp\/v2\/kategoria-vyznamnych-tvari?post=4166"},{"taxonomy":"oblast-posobenia","embeddable":true,"href":"https:\/\/www.regionsaris.sk\/pl\/wp-json\/wp\/v2\/oblast-posobenia?post=4166"}],"curies":[{"name":"wp","href":"https:\/\/api.w.org\/{rel}","templated":true}]}}

Katarína Koščová

<p>Katarína Koščová, piosenkarka popowa i jazzowa, pochodząca z Preszowa. Studiowała filozofię i estetykę na Wydziale Sztuki Uniwersytetu w Preszowie.&nbsp;</p>



<p>W 2005 roku została zwyciężczynią pierwszej serii słowackich poszukiwań SuperStar. Ze swoim zespołem, w skład którego wchodzą Michal Brandys (gitara akustyczna, skrzypce), Daniel Špiner (instrumenty klawiszowe), Viliam Cicoň (gitara basowa) i Miroslav Szirmai (perkusja), występuje w klubach i na imprezach literackich, a jej współpraca z zespołem Neřež również odniosła sukces.&nbsp;</p>



<p>Na swoim koncie ma kilka solowych albumów, takich jak <em>Jeszcze się nie znamy</em> (2005), <em>Naboso</em> (2006), <em>Niewzruszony</em> (2009), <em>Wigilia Bożego Narodzenia</em> (2012), <em>Windowed</em> (2014). Wraz z Veroniką Husovską i Martinem Husovskim opublikowała również <em>Kołysanki CD</em> (2009).&nbsp;</p>



<p><strong>Źródło:</strong> <a href="http://hc.sk/">hc.sk</a><br><strong>Źródło zdjęcia</strong>Autor: Pavol Frešo - flickr.com, CC BY 2.0, https://commons.wikimedia.org/w/index.php?curid=59741755</p>

<!-- This site is optimized with the Yoast SEO Premium plugin v26.3 (Yoast SEO v26.8) - https://yoast.com/product/yoast-seo-premium-wordpress/ -->
<title>Katarína Koščová - OOCR Šariš</title>
<meta name="description" content="Katarína Koščová je popová a jazzová speváčka, rodáčka z Prešova. Vyštudovala filozofiu a estetiku a bola víťazka SuperStar." />
<meta name="robots" content="index, follow, max-snippet:-1, max-image-preview:large, max-video-preview:-1" />
<link rel="canonical" href="https://www.regionsaris.sk/pl/vyznamna-tvar/katarina-koscova/" />
<meta property="og:locale" content="pl_PL" />
<meta property="og:type" content="article" />
<meta property="og:title" content="Katarína Koščová" />
<meta property="og:description" content="Katarína Koščová je popová a jazzová speváčka, rodáčka z Prešova. Vyštudovala filozofiu a estetiku a bola víťazka SuperStar." />
<meta property="og:url" content="https://www.regionsaris.sk/pl/vyznamna-tvar/katarina-koscova/" />
<meta property="og:site_name" content="OOCR Šariš" />
<meta property="article:modified_time" content="2026-03-25T13:46:26+00:00" />
<meta property="og:image" content="https://www.regionsaris.sk/wp-content/uploads/2026/03/katarina-koscova-vyznamne-tvare-regionu-oocrrs.png" />
	<meta property="og:image:width" content="500" />
	<meta property="og:image:height" content="500" />
	<meta property="og:image:type" content="image/png" />
<meta name="twitter:card" content="summary_large_image" />
<meta name="twitter:label1" content="Est. reading time" />
	<meta name="twitter:data1" content="1 minuta" />
<script type="application/ld+json" class="yoast-schema-graph">{"@context":"https://schema.org","@graph":[{"@type":"WebPage","@id":"https://www.regionsaris.sk/vyznamna-tvar/katarina-koscova/","url":"https://www.regionsaris.sk/vyznamna-tvar/katarina-koscova/","name":"Katarína Koščová - OOCR Šariš","isPartOf":{"@id":"https://www.regionsaris.sk/#website"},"primaryImageOfPage":{"@id":"https://www.regionsaris.sk/vyznamna-tvar/katarina-koscova/#primaryimage"},"image":{"@id":"https://www.regionsaris.sk/vyznamna-tvar/katarina-koscova/#primaryimage"},"thumbnailUrl":"https://www.regionsaris.sk/wp-content/uploads/2026/03/katarina-koscova-vyznamne-tvare-regionu-oocrrs.png","datePublished":"2026-03-23T07:02:10+00:00","dateModified":"2026-03-25T13:46:26+00:00","description":"Katarína Koščová je popová a jazzová speváčka, rodáčka z Prešova. Vyštudovala filozofiu a estetiku a bola víťazka SuperStar.","breadcrumb":{"@id":"https://www.regionsaris.sk/vyznamna-tvar/katarina-koscova/#breadcrumb"},"inLanguage":"pl-PL","potentialAction":[{"@type":"ReadAction","target":["https://www.regionsaris.sk/vyznamna-tvar/katarina-koscova/"]}]},{"@type":"ImageObject","inLanguage":"pl-PL","@id":"https://www.regionsaris.sk/vyznamna-tvar/katarina-koscova/#primaryimage","url":"https://www.regionsaris.sk/wp-content/uploads/2026/03/katarina-koscova-vyznamne-tvare-regionu-oocrrs.png","contentUrl":"https://www.regionsaris.sk/wp-content/uploads/2026/03/katarina-koscova-vyznamne-tvare-regionu-oocrrs.png","width":500,"height":500},{"@type":"BreadcrumbList","@id":"https://www.regionsaris.sk/vyznamna-tvar/katarina-koscova/#breadcrumb","itemListElement":[{"@type":"ListItem","position":1,"name":"Domov","item":"https://www.regionsaris.sk/"},{"@type":"ListItem","position":2,"name":"Významné tváre regiónu","item":"https://www.regionsaris.sk/vyznamne-tvare-regionu/"},{"@type":"ListItem","position":3,"name":"Katarína Koščová"}]},{"@type":"WebSite","@id":"https://www.regionsaris.sk/#website","url":"https://www.regionsaris.sk/","name":"OOCR Šariš","description":"","potentialAction":[{"@type":"SearchAction","target":{"@type":"EntryPoint","urlTemplate":"https://www.regionsaris.sk/?s={search_term_string}"},"query-input":{"@type":"PropertyValueSpecification","valueRequired":true,"valueName":"search_term_string"}}],"inLanguage":"pl-PL"}]}</script>
<!-- / Yoast SEO Premium plugin. -->

Katarína Koščová - OOCR Šariš

Katarína Koščová je popová a jazzová speváčka, rodáčka z Prešova. Vyštudovala filozofiu a estetiku a bola víťazka SuperStar.

OOCR Šariš

Významné tváre regiónu
