{"id":4136,"date":"2026-03-22T16:39:27","date_gmt":"2026-03-22T15:39:27","guid":{"rendered":"https:\/\/www.regionsaris.sk\/?post_type=vyznamna-tvar&#038;p=4136"},"modified":"2026-04-01T10:03:13","modified_gmt":"2026-04-01T09:03:13","slug":"pavol-szinyei-merse","status":"publish","type":"vyznamna-tvar","link":"https:\/\/www.regionsaris.sk\/pl\/vyznamna-tvar\/pavol-szinyei-merse\/","title":{"rendered":"Pavol Szinyei Merse"},"content":{"rendered":"<p>Jedn\u0105 z najwa\u017cniejszych osobisto\u015bci, kt\u00f3re pracowa\u0142y w naszej okolicy, by\u0142 malarz Pavol Szinyei Merse, kt\u00f3ry urodzi\u0142 si\u0119 4 lipca 1845 r. w Chminiansk\u00e1 Nov\u00e1 Ves jako trzeci z o\u015bmiorga rodze\u0144stwa w rodzinie szlacheckiej.&nbsp;<\/p>\n\n\n\n<p>Jego matka Val\u00e9ria, urodzona jako Jekelfalussy, by\u0142a ju\u017c bardzo dobrze wykszta\u0142cona artystycznie i wpaja\u0142a to swojemu synowi od najm\u0142odszych lat. Swoje artystyczne wykszta\u0142cenie zdoby\u0142 studiuj\u0105c na Akademii Sztuk Pi\u0119knych w Monachium. Jego najwa\u017cniejsze dzie\u0142o, \u201e\u015aniadanie w naturze\u201c, zosta\u0142o \u017ale zrozumiane przez wsp\u00f3\u0142czesnych i wywo\u0142a\u0142o skandal. Zaoferowa\u0142 je bezp\u0142atnie Muzeum Narodowemu w Budapeszcie, kt\u00f3re jednak odm\u00f3wi\u0142o jego przyj\u0119cia. Dlatego Merse wycofa\u0142 si\u0119 w odosobnienie i na jaki\u015b czas przesta\u0142 malowa\u0107. \u017by\u0142 \u017cyciem w\u0119gierskiego szlachcica, zasiadaj\u0105c w w\u0119gierskim parlamencie, gdzie pracowa\u0142 nad modernizacj\u0105 edukacji. Z kr\u00f3tkimi przerwami ca\u0142e \u017cycie mieszka\u0142 w du\u017cej posiad\u0142o\u015bci w Jarovnicach w Szaryszu.<\/p>\n\n\n\n<p>Balsamem na jego psychiczn\u0105 traum\u0119 spowodowan\u0105 niezrozumieniem jego pracy by\u0142o towarzystwo jego \u017cony \u017dofie Probstner. W ko\u0144cu jednak opu\u015bci\u0142a go dla mi\u0142o\u015bci do Imricha Ghil\u00e1nyiego, kt\u00f3ry zabra\u0142 j\u0105 do dworu we Fri\u010dovcach.<\/p>\n\n\n\n<p>Dominuj\u0105cym tematem jego prac by\u0142a natura i mieszka\u0144cy naszego regionu. Jednak bardzo trudno by\u0142o mu pozyska\u0107 modeli do malowania, poniewa\u017c w\u015br\u00f3d mieszka\u0144c\u00f3w wsi panowa\u0142 przes\u0105d, \u017ce ktokolwiek go namaluje, wkr\u00f3tce umrze. Odni\u00f3s\u0142 sukces w Pary\u017cu, Monachium, Berlinie, a przyjaciele nam\u00f3wili go do ponownego wystawienia \u015aniadania w Budapeszcie, gdzie publiczno\u015b\u0107 przyj\u0119\u0142a je z entuzjazmem. W 1905 roku zosta\u0142 mianowany dyrektorem Kolegium Sztuk Pi\u0119knych w Budapeszcie. Opr\u00f3cz obraz\u00f3w pejza\u017cowych Szinyei namalowa\u0142 r\u00f3wnie\u017c o\u0142tarz \u015bw. Jana Pustelnika znajduj\u0105cy si\u0119 w ko\u015bciele w Jarovnicach oraz sw\u00f3j jedyny autoportret wiejskiego gospodarza w sk\u00f3rzanym p\u0142aszczu, kt\u00f3rego jedyna kopia wisi w dworze we Fri\u010dovcach. Autorem tego obrazu jest malarz akademicki \u0160tefan Filep. Orygina\u0142 zdobi jedn\u0105 z sal Galleria degli Uffizi we Florencji.&nbsp;<\/p>\n\n\n\n<p>Paul Szinyei Merse umiera 20 lutego 1920 r. w ramionach swojej c\u00f3rki w Jarovnicach. Jego by\u0142a \u017cona \u017dofia do\u017cy\u0142a 101 lat.<\/p>\n\n\n\n<p><strong>\u0179r\u00f3d\u0142o: <\/strong>https:\/\/ovcie.info\/2014\/08\/18\/pavol-szinyei-merse\/<br><strong>\u0179r\u00f3d\u0142o zdj\u0119cia<\/strong>: CC BY-SA 2.0, https:\/\/commons.wikimedia.org\/w\/index.php?curid=223899<\/p>\n\n\n\n<p><\/p>","protected":false},"featured_media":4265,"template":"","meta":{"_acf_changed":true},"kategoria-vyznamnych-tvari":[230],"oblast-posobenia":[255,253],"class_list":["post-4136","vyznamna-tvar","type-vyznamna-tvar","status-publish","has-post-thumbnail","hentry","kategoria-vyznamnych-tvari-historicka-osobnost","oblast-posobenia-maliarstvo","oblast-posobenia-vytvarne-umenie"],"acf":[],"yoast_head":"<!-- This site is optimized with the Yoast SEO Premium plugin v26.3 (Yoast SEO v26.8) - https:\/\/yoast.com\/product\/yoast-seo-premium-wordpress\/ -->\n<title>Pavol Szinyei Merse - OOCR \u0160ari\u0161<\/title>\n<meta name=\"description\" content=\"Pavol Szinyei Merse - maliar svetovej \u00farovne z regi\u00f3nu \u0160ari\u0161. P\u00f4sobil preva\u017ene na v\u00fdchodnom Slovensku, no jeho obrazy pozn\u00e1 cel\u00fd svet.\" \/>\n<meta name=\"robots\" content=\"index, follow, max-snippet:-1, max-image-preview:large, max-video-preview:-1\" \/>\n<link rel=\"canonical\" href=\"https:\/\/www.regionsaris.sk\/pl\/vyznamna-tvar\/pavol-szinyei-merse\/\" \/>\n<meta property=\"og:locale\" content=\"pl_PL\" \/>\n<meta property=\"og:type\" content=\"article\" \/>\n<meta property=\"og:title\" content=\"Pavol Szinyei Merse\" \/>\n<meta property=\"og:description\" content=\"Pavol Szinyei Merse - maliar svetovej \u00farovne z regi\u00f3nu \u0160ari\u0161. P\u00f4sobil preva\u017ene na v\u00fdchodnom Slovensku, no jeho obrazy pozn\u00e1 cel\u00fd svet.\" \/>\n<meta property=\"og:url\" content=\"https:\/\/www.regionsaris.sk\/pl\/vyznamna-tvar\/pavol-szinyei-merse\/\" \/>\n<meta property=\"og:site_name\" content=\"OOCR \u0160ari\u0161\" \/>\n<meta property=\"article:modified_time\" content=\"2026-04-01T09:03:13+00:00\" \/>\n<meta property=\"og:image\" content=\"https:\/\/www.regionsaris.sk\/wp-content\/uploads\/2026\/03\/pavol-szinyei-merse-vyznamne-tvare-regionu-oocrrs.jpg\" \/>\n\t<meta property=\"og:image:width\" content=\"500\" \/>\n\t<meta property=\"og:image:height\" content=\"500\" \/>\n\t<meta property=\"og:image:type\" content=\"image\/jpeg\" \/>\n<meta name=\"twitter:card\" content=\"summary_large_image\" \/>\n<meta name=\"twitter:label1\" content=\"Est. reading time\" \/>\n\t<meta name=\"twitter:data1\" content=\"2 minuty\" \/>\n<script type=\"application\/ld+json\" class=\"yoast-schema-graph\">{\"@context\":\"https:\/\/schema.org\",\"@graph\":[{\"@type\":\"WebPage\",\"@id\":\"https:\/\/www.regionsaris.sk\/vyznamna-tvar\/pavol-szinyei-merse\/\",\"url\":\"https:\/\/www.regionsaris.sk\/vyznamna-tvar\/pavol-szinyei-merse\/\",\"name\":\"Pavol Szinyei Merse - OOCR \u0160ari\u0161\",\"isPartOf\":{\"@id\":\"https:\/\/www.regionsaris.sk\/#website\"},\"primaryImageOfPage\":{\"@id\":\"https:\/\/www.regionsaris.sk\/vyznamna-tvar\/pavol-szinyei-merse\/#primaryimage\"},\"image\":{\"@id\":\"https:\/\/www.regionsaris.sk\/vyznamna-tvar\/pavol-szinyei-merse\/#primaryimage\"},\"thumbnailUrl\":\"https:\/\/www.regionsaris.sk\/wp-content\/uploads\/2026\/03\/pavol-szinyei-merse-vyznamne-tvare-regionu-oocrrs.jpg\",\"datePublished\":\"2026-03-22T15:39:27+00:00\",\"dateModified\":\"2026-04-01T09:03:13+00:00\",\"description\":\"Pavol Szinyei Merse - maliar svetovej \u00farovne z regi\u00f3nu \u0160ari\u0161. P\u00f4sobil preva\u017ene na v\u00fdchodnom Slovensku, no jeho obrazy pozn\u00e1 cel\u00fd svet.\",\"breadcrumb\":{\"@id\":\"https:\/\/www.regionsaris.sk\/vyznamna-tvar\/pavol-szinyei-merse\/#breadcrumb\"},\"inLanguage\":\"pl-PL\",\"potentialAction\":[{\"@type\":\"ReadAction\",\"target\":[\"https:\/\/www.regionsaris.sk\/vyznamna-tvar\/pavol-szinyei-merse\/\"]}]},{\"@type\":\"ImageObject\",\"inLanguage\":\"pl-PL\",\"@id\":\"https:\/\/www.regionsaris.sk\/vyznamna-tvar\/pavol-szinyei-merse\/#primaryimage\",\"url\":\"https:\/\/www.regionsaris.sk\/wp-content\/uploads\/2026\/03\/pavol-szinyei-merse-vyznamne-tvare-regionu-oocrrs.jpg\",\"contentUrl\":\"https:\/\/www.regionsaris.sk\/wp-content\/uploads\/2026\/03\/pavol-szinyei-merse-vyznamne-tvare-regionu-oocrrs.jpg\",\"width\":500,\"height\":500},{\"@type\":\"BreadcrumbList\",\"@id\":\"https:\/\/www.regionsaris.sk\/vyznamna-tvar\/pavol-szinyei-merse\/#breadcrumb\",\"itemListElement\":[{\"@type\":\"ListItem\",\"position\":1,\"name\":\"Domov\",\"item\":\"https:\/\/www.regionsaris.sk\/\"},{\"@type\":\"ListItem\",\"position\":2,\"name\":\"V\u00fdznamn\u00e9 tv\u00e1re regi\u00f3nu\",\"item\":\"https:\/\/www.regionsaris.sk\/vyznamne-tvare-regionu\/\"},{\"@type\":\"ListItem\",\"position\":3,\"name\":\"Pavol Szinyei Merse\"}]},{\"@type\":\"WebSite\",\"@id\":\"https:\/\/www.regionsaris.sk\/#website\",\"url\":\"https:\/\/www.regionsaris.sk\/\",\"name\":\"OOCR \u0160ari\u0161\",\"description\":\"\",\"potentialAction\":[{\"@type\":\"SearchAction\",\"target\":{\"@type\":\"EntryPoint\",\"urlTemplate\":\"https:\/\/www.regionsaris.sk\/?s={search_term_string}\"},\"query-input\":{\"@type\":\"PropertyValueSpecification\",\"valueRequired\":true,\"valueName\":\"search_term_string\"}}],\"inLanguage\":\"pl-PL\"}]}<\/script>\n<!-- \/ Yoast SEO Premium plugin. -->","yoast_head_json":{"title":"Pavol Szinyei Merse - OOCR \u0160ari\u0161","description":"Pavol Szinyei Merse - maliar svetovej \u00farovne z regi\u00f3nu \u0160ari\u0161. P\u00f4sobil preva\u017ene na v\u00fdchodnom Slovensku, no jeho obrazy pozn\u00e1 cel\u00fd svet.","robots":{"index":"index","follow":"follow","max-snippet":"max-snippet:-1","max-image-preview":"max-image-preview:large","max-video-preview":"max-video-preview:-1"},"canonical":"https:\/\/www.regionsaris.sk\/pl\/vyznamna-tvar\/pavol-szinyei-merse\/","og_locale":"pl_PL","og_type":"article","og_title":"Pavol Szinyei Merse","og_description":"Pavol Szinyei Merse - maliar svetovej \u00farovne z regi\u00f3nu \u0160ari\u0161. P\u00f4sobil preva\u017ene na v\u00fdchodnom Slovensku, no jeho obrazy pozn\u00e1 cel\u00fd svet.","og_url":"https:\/\/www.regionsaris.sk\/pl\/vyznamna-tvar\/pavol-szinyei-merse\/","og_site_name":"OOCR \u0160ari\u0161","article_modified_time":"2026-04-01T09:03:13+00:00","og_image":[{"width":500,"height":500,"url":"https:\/\/www.regionsaris.sk\/wp-content\/uploads\/2026\/03\/pavol-szinyei-merse-vyznamne-tvare-regionu-oocrrs.jpg","type":"image\/jpeg"}],"twitter_card":"summary_large_image","twitter_misc":{"Est. reading time":"2 minuty"},"schema":{"@context":"https:\/\/schema.org","@graph":[{"@type":"WebPage","@id":"https:\/\/www.regionsaris.sk\/vyznamna-tvar\/pavol-szinyei-merse\/","url":"https:\/\/www.regionsaris.sk\/vyznamna-tvar\/pavol-szinyei-merse\/","name":"Pavol Szinyei Merse - OOCR \u0160ari\u0161","isPartOf":{"@id":"https:\/\/www.regionsaris.sk\/#website"},"primaryImageOfPage":{"@id":"https:\/\/www.regionsaris.sk\/vyznamna-tvar\/pavol-szinyei-merse\/#primaryimage"},"image":{"@id":"https:\/\/www.regionsaris.sk\/vyznamna-tvar\/pavol-szinyei-merse\/#primaryimage"},"thumbnailUrl":"https:\/\/www.regionsaris.sk\/wp-content\/uploads\/2026\/03\/pavol-szinyei-merse-vyznamne-tvare-regionu-oocrrs.jpg","datePublished":"2026-03-22T15:39:27+00:00","dateModified":"2026-04-01T09:03:13+00:00","description":"Pavol Szinyei Merse - maliar svetovej \u00farovne z regi\u00f3nu \u0160ari\u0161. P\u00f4sobil preva\u017ene na v\u00fdchodnom Slovensku, no jeho obrazy pozn\u00e1 cel\u00fd svet.","breadcrumb":{"@id":"https:\/\/www.regionsaris.sk\/vyznamna-tvar\/pavol-szinyei-merse\/#breadcrumb"},"inLanguage":"pl-PL","potentialAction":[{"@type":"ReadAction","target":["https:\/\/www.regionsaris.sk\/vyznamna-tvar\/pavol-szinyei-merse\/"]}]},{"@type":"ImageObject","inLanguage":"pl-PL","@id":"https:\/\/www.regionsaris.sk\/vyznamna-tvar\/pavol-szinyei-merse\/#primaryimage","url":"https:\/\/www.regionsaris.sk\/wp-content\/uploads\/2026\/03\/pavol-szinyei-merse-vyznamne-tvare-regionu-oocrrs.jpg","contentUrl":"https:\/\/www.regionsaris.sk\/wp-content\/uploads\/2026\/03\/pavol-szinyei-merse-vyznamne-tvare-regionu-oocrrs.jpg","width":500,"height":500},{"@type":"BreadcrumbList","@id":"https:\/\/www.regionsaris.sk\/vyznamna-tvar\/pavol-szinyei-merse\/#breadcrumb","itemListElement":[{"@type":"ListItem","position":1,"name":"Domov","item":"https:\/\/www.regionsaris.sk\/"},{"@type":"ListItem","position":2,"name":"V\u00fdznamn\u00e9 tv\u00e1re regi\u00f3nu","item":"https:\/\/www.regionsaris.sk\/vyznamne-tvare-regionu\/"},{"@type":"ListItem","position":3,"name":"Pavol Szinyei Merse"}]},{"@type":"WebSite","@id":"https:\/\/www.regionsaris.sk\/#website","url":"https:\/\/www.regionsaris.sk\/","name":"OOCR \u0160ari\u0161","description":"","potentialAction":[{"@type":"SearchAction","target":{"@type":"EntryPoint","urlTemplate":"https:\/\/www.regionsaris.sk\/?s={search_term_string}"},"query-input":{"@type":"PropertyValueSpecification","valueRequired":true,"valueName":"search_term_string"}}],"inLanguage":"pl-PL"}]}},"_links":{"self":[{"href":"https:\/\/www.regionsaris.sk\/pl\/wp-json\/wp\/v2\/vyznamna-tvar\/4136","targetHints":{"allow":["GET"]}}],"collection":[{"href":"https:\/\/www.regionsaris.sk\/pl\/wp-json\/wp\/v2\/vyznamna-tvar"}],"about":[{"href":"https:\/\/www.regionsaris.sk\/pl\/wp-json\/wp\/v2\/types\/vyznamna-tvar"}],"wp:featuredmedia":[{"embeddable":true,"href":"https:\/\/www.regionsaris.sk\/pl\/wp-json\/wp\/v2\/media\/4265"}],"wp:attachment":[{"href":"https:\/\/www.regionsaris.sk\/pl\/wp-json\/wp\/v2\/media?parent=4136"}],"wp:term":[{"taxonomy":"kategoria-vyznamnych-tvari","embeddable":true,"href":"https:\/\/www.regionsaris.sk\/pl\/wp-json\/wp\/v2\/kategoria-vyznamnych-tvari?post=4136"},{"taxonomy":"oblast-posobenia","embeddable":true,"href":"https:\/\/www.regionsaris.sk\/pl\/wp-json\/wp\/v2\/oblast-posobenia?post=4136"}],"curies":[{"name":"wp","href":"https:\/\/api.w.org\/{rel}","templated":true}]}}

<p>Jedną z najważniejszych osobistości, które pracowały w naszej okolicy, był malarz Pavol Szinyei Merse, który urodził się 4 lipca 1845 r. w Chminianská Nová Ves jako trzeci z ośmiorga rodzeństwa w rodzinie szlacheckiej.&nbsp;</p>



<p>Jego matka Valéria, urodzona jako Jekelfalussy, była już bardzo dobrze wykształcona artystycznie i wpajała to swojemu synowi od najmłodszych lat. Swoje artystyczne wykształcenie zdobył studiując na Akademii Sztuk Pięknych w Monachium. Jego najważniejsze dzieło, „Śniadanie w naturze“, zostało źle zrozumiane przez współczesnych i wywołało skandal. Zaoferował je bezpłatnie Muzeum Narodowemu w Budapeszcie, które jednak odmówiło jego przyjęcia. Dlatego Merse wycofał się w odosobnienie i na jakiś czas przestał malować. Żył życiem węgierskiego szlachcica, zasiadając w węgierskim parlamencie, gdzie pracował nad modernizacją edukacji. Z krótkimi przerwami całe życie mieszkał w dużej posiadłości w Jarovnicach w Szaryszu.</p>



<p>Balsamem na jego psychiczną traumę spowodowaną niezrozumieniem jego pracy było towarzystwo jego żony Žofie Probstner. W końcu jednak opuściła go dla miłości do Imricha Ghilányiego, który zabrał ją do dworu we Fričovcach.</p>



<p>Dominującym tematem jego prac była natura i mieszkańcy naszego regionu. Jednak bardzo trudno było mu pozyskać modeli do malowania, ponieważ wśród mieszkańców wsi panował przesąd, że ktokolwiek go namaluje, wkrótce umrze. Odniósł sukces w Paryżu, Monachium, Berlinie, a przyjaciele namówili go do ponownego wystawienia Śniadania w Budapeszcie, gdzie publiczność przyjęła je z entuzjazmem. W 1905 roku został mianowany dyrektorem Kolegium Sztuk Pięknych w Budapeszcie. Oprócz obrazów pejzażowych Szinyei namalował również ołtarz św. Jana Pustelnika znajdujący się w kościele w Jarovnicach oraz swój jedyny autoportret wiejskiego gospodarza w skórzanym płaszczu, którego jedyna kopia wisi w dworze we Fričovcach. Autorem tego obrazu jest malarz akademicki Štefan Filep. Oryginał zdobi jedną z sal Galleria degli Uffizi we Florencji.&nbsp;</p>



<p>Paul Szinyei Merse umiera 20 lutego 1920 r. w ramionach swojej córki w Jarovnicach. Jego była żona Žofia dożyła 101 lat.</p>



<p><strong>Źródło: </strong>https://ovcie.info/2014/08/18/pavol-szinyei-merse/<br><strong>Źródło zdjęcia</strong>: CC BY-SA 2.0, https://commons.wikimedia.org/w/index.php?curid=223899</p>



<p></p>

<!-- This site is optimized with the Yoast SEO Premium plugin v26.3 (Yoast SEO v26.8) - https://yoast.com/product/yoast-seo-premium-wordpress/ -->
<title>Pavol Szinyei Merse - OOCR Šariš</title>
<meta name="description" content="Pavol Szinyei Merse - maliar svetovej úrovne z regiónu Šariš. Pôsobil prevažne na východnom Slovensku, no jeho obrazy pozná celý svet." />
<meta name="robots" content="index, follow, max-snippet:-1, max-image-preview:large, max-video-preview:-1" />
<link rel="canonical" href="https://www.regionsaris.sk/pl/vyznamna-tvar/pavol-szinyei-merse/" />
<meta property="og:locale" content="pl_PL" />
<meta property="og:type" content="article" />
<meta property="og:title" content="Pavol Szinyei Merse" />
<meta property="og:description" content="Pavol Szinyei Merse - maliar svetovej úrovne z regiónu Šariš. Pôsobil prevažne na východnom Slovensku, no jeho obrazy pozná celý svet." />
<meta property="og:url" content="https://www.regionsaris.sk/pl/vyznamna-tvar/pavol-szinyei-merse/" />
<meta property="og:site_name" content="OOCR Šariš" />
<meta property="article:modified_time" content="2026-04-01T09:03:13+00:00" />
<meta property="og:image" content="https://www.regionsaris.sk/wp-content/uploads/2026/03/pavol-szinyei-merse-vyznamne-tvare-regionu-oocrrs.jpg" />
	<meta property="og:image:width" content="500" />
	<meta property="og:image:height" content="500" />
	<meta property="og:image:type" content="image/jpeg" />
<meta name="twitter:card" content="summary_large_image" />
<meta name="twitter:label1" content="Est. reading time" />
	<meta name="twitter:data1" content="2 minuty" />
<script type="application/ld+json" class="yoast-schema-graph">{"@context":"https://schema.org","@graph":[{"@type":"WebPage","@id":"https://www.regionsaris.sk/vyznamna-tvar/pavol-szinyei-merse/","url":"https://www.regionsaris.sk/vyznamna-tvar/pavol-szinyei-merse/","name":"Pavol Szinyei Merse - OOCR Šariš","isPartOf":{"@id":"https://www.regionsaris.sk/#website"},"primaryImageOfPage":{"@id":"https://www.regionsaris.sk/vyznamna-tvar/pavol-szinyei-merse/#primaryimage"},"image":{"@id":"https://www.regionsaris.sk/vyznamna-tvar/pavol-szinyei-merse/#primaryimage"},"thumbnailUrl":"https://www.regionsaris.sk/wp-content/uploads/2026/03/pavol-szinyei-merse-vyznamne-tvare-regionu-oocrrs.jpg","datePublished":"2026-03-22T15:39:27+00:00","dateModified":"2026-04-01T09:03:13+00:00","description":"Pavol Szinyei Merse - maliar svetovej úrovne z regiónu Šariš. Pôsobil prevažne na východnom Slovensku, no jeho obrazy pozná celý svet.","breadcrumb":{"@id":"https://www.regionsaris.sk/vyznamna-tvar/pavol-szinyei-merse/#breadcrumb"},"inLanguage":"pl-PL","potentialAction":[{"@type":"ReadAction","target":["https://www.regionsaris.sk/vyznamna-tvar/pavol-szinyei-merse/"]}]},{"@type":"ImageObject","inLanguage":"pl-PL","@id":"https://www.regionsaris.sk/vyznamna-tvar/pavol-szinyei-merse/#primaryimage","url":"https://www.regionsaris.sk/wp-content/uploads/2026/03/pavol-szinyei-merse-vyznamne-tvare-regionu-oocrrs.jpg","contentUrl":"https://www.regionsaris.sk/wp-content/uploads/2026/03/pavol-szinyei-merse-vyznamne-tvare-regionu-oocrrs.jpg","width":500,"height":500},{"@type":"BreadcrumbList","@id":"https://www.regionsaris.sk/vyznamna-tvar/pavol-szinyei-merse/#breadcrumb","itemListElement":[{"@type":"ListItem","position":1,"name":"Domov","item":"https://www.regionsaris.sk/"},{"@type":"ListItem","position":2,"name":"Významné tváre regiónu","item":"https://www.regionsaris.sk/vyznamne-tvare-regionu/"},{"@type":"ListItem","position":3,"name":"Pavol Szinyei Merse"}]},{"@type":"WebSite","@id":"https://www.regionsaris.sk/#website","url":"https://www.regionsaris.sk/","name":"OOCR Šariš","description":"","potentialAction":[{"@type":"SearchAction","target":{"@type":"EntryPoint","urlTemplate":"https://www.regionsaris.sk/?s={search_term_string}"},"query-input":{"@type":"PropertyValueSpecification","valueRequired":true,"valueName":"search_term_string"}}],"inLanguage":"pl-PL"}]}</script>
<!-- / Yoast SEO Premium plugin. -->

Pavol Szinyei Merse - OOCR Šariš

Pavol Szinyei Merse - maliar svetovej úrovne z regiónu Šariš. Pôsobil prevažne na východnom Slovensku, no jeho obrazy pozná celý svet.

OOCR Šariš

Významné tváre regiónu
