{"id":4120,"date":"2026-03-22T12:00:30","date_gmt":"2026-03-22T11:00:30","guid":{"rendered":"https:\/\/www.regionsaris.sk\/?post_type=vyznamna-tvar&#038;p=4120"},"modified":"2026-04-01T10:16:14","modified_gmt":"2026-04-01T09:16:14","slug":"jan-amos-komensky","status":"publish","type":"vyznamna-tvar","link":"https:\/\/www.regionsaris.sk\/pl\/vyznamna-tvar\/jan-amos-komensky\/","title":{"rendered":"J\u00e1n Amos Komensk\u00fd"},"content":{"rendered":"<p>Jeden z najwi\u0119kszych czeskich my\u015blicieli, filozof\u00f3w i pisarzy urodzi\u0142 si\u0119 28 marca 1592 r. na Morawach. Studiowa\u0142 teologi\u0119 i by\u0142 ksi\u0119dzem, p\u00f3\u017aniej ostatnim biskupem Jednoty Braci. Po kl\u0119sce czeskich stan\u00f3w w bitwie pod Bia\u0142\u0105 G\u00f3r\u0105 w 1620 r. sta\u0142 si\u0119 wygna\u0144cem i rozpocz\u0105\u0142 pielgrzymk\u0119 po Europie.&nbsp;<\/p>\n\n\n\n<p>Po pobycie w Polsce i Szwecji przyby\u0142 do Preszowa w 1650 r., a nast\u0119pnie do Blatnego Potoku na zaproszenie ksi\u0119cia R\u00e1koci. W 1654 r. ponownie odwiedzi\u0142 Presz\u00f3w i by\u0142 jednym z kandydat\u00f3w na stanowisko rektora szko\u0142y miejskiej, ale rada miejska wybra\u0142a innego kandydata. Kome\u0144ski ponownie uda\u0142 si\u0119 do Polski, a stamt\u0105d do Holandii, gdzie sp\u0119dzi\u0142 ostatnie lata \u017cycia. Zmar\u0142 15 listopada 1670 r. w Amsterdamie.<\/p>\n\n\n\n<p>Za \u017cycia Kome\u0144ski zyska\u0142 reputacj\u0119 jako autor pism pedagogicznych z zakresu teorii edukacji i dydaktyki. Jego idea\u0142em by\u0142a pansofia, czyli uniwersalna nauka o systemie ca\u0142ej wiedzy. Do dzie\u0142 Kome\u0144skiego, kt\u00f3re do dzi\u015b ciesz\u0105 si\u0119 uznaniem, nale\u017c\u0105 Brama j\u0119zyk\u00f3w otwarta, \u015awiat w obrazach, Wielka dydaktyka oraz Labirynt \u015bwiata i raj serca. Wiele z jego pomys\u0142\u00f3w jest ponadczasowych, a dzi\u0119ki nim jest uwa\u017cany nie tylko za tw\u00f3rc\u0119 nowoczesnej pedagogiki, ale tak\u017ce, i s\u0142usznie, za nauczyciela narod\u00f3w.<\/p>\n\n\n\n<p>Podczas swojej wizyty w Preszowie Kome\u0144ski zatrzyma\u0142 si\u0119 w domu Ondreja Klobu\u0161ickiego, p\u00f3\u017aniej przekszta\u0142conym w pa\u0142ac, obecnie siedzib\u0119 S\u0105du Okr\u0119gowego. Pobyt Kome\u0144skiego w Preszowie upami\u0119tnia tablica pami\u0105tkowa na fasadzie Kolegium Ewangelickiego w centrum miasta.<\/p>\n\n\n\n<p><strong>\u0179r\u00f3d\u0142o: <\/strong>Biblioteka Wojew\u00f3dzka P. O. Hviezdoslava w Preszowie; Mikroprojekt.<br><strong>\u0179r\u00f3d\u0142o zdj\u0119cia:<\/strong> J\u00fcrgen Ovens - http:\/\/www.rijksmuseum.nl\/collectie\/SK-A-2161, Darmowa praca, https:\/\/commons.wikimedia.org\/w\/index.php?curid=34250301<\/p>","protected":false},"featured_media":4267,"template":"","meta":{"_acf_changed":true},"kategoria-vyznamnych-tvari":[230],"oblast-posobenia":[252,233,232,231],"class_list":["post-4120","vyznamna-tvar","type-vyznamna-tvar","status-publish","has-post-thumbnail","hentry","kategoria-vyznamnych-tvari-historicka-osobnost","oblast-posobenia-filozofia","oblast-posobenia-literatura","oblast-posobenia-pedagogika","oblast-posobenia-teologia"],"acf":[],"yoast_head":"<!-- This site is optimized with the Yoast SEO Premium plugin v26.3 (Yoast SEO v26.8) - https:\/\/yoast.com\/product\/yoast-seo-premium-wordpress\/ -->\n<title>J\u00e1n Amos Komensk\u00fd - OOCR \u0160ari\u0161<\/title>\n<meta name=\"description\" content=\"J\u00e1n Amos Komensk\u00fd bol jedn\u00fdm z najv\u00e4\u010d\u0161\u00edch \u010desk\u00fdch myslite\u013eov, filozofov a spisovate\u013eov. Po\u010das \u017eivota nav\u0161t\u00edvil aj Pre\u0161ov.\" \/>\n<meta name=\"robots\" content=\"index, follow, max-snippet:-1, max-image-preview:large, max-video-preview:-1\" \/>\n<link rel=\"canonical\" href=\"https:\/\/www.regionsaris.sk\/pl\/vyznamna-tvar\/jan-amos-komensky\/\" \/>\n<meta property=\"og:locale\" content=\"pl_PL\" \/>\n<meta property=\"og:type\" content=\"article\" \/>\n<meta property=\"og:title\" content=\"J\u00e1n Amos Komensk\u00fd\" \/>\n<meta property=\"og:description\" content=\"J\u00e1n Amos Komensk\u00fd bol jedn\u00fdm z najv\u00e4\u010d\u0161\u00edch \u010desk\u00fdch myslite\u013eov, filozofov a spisovate\u013eov. Po\u010das \u017eivota nav\u0161t\u00edvil aj Pre\u0161ov.\" \/>\n<meta property=\"og:url\" content=\"https:\/\/www.regionsaris.sk\/pl\/vyznamna-tvar\/jan-amos-komensky\/\" \/>\n<meta property=\"og:site_name\" content=\"OOCR \u0160ari\u0161\" \/>\n<meta property=\"article:modified_time\" content=\"2026-04-01T09:16:14+00:00\" \/>\n<meta property=\"og:image\" content=\"https:\/\/www.regionsaris.sk\/wp-content\/uploads\/2026\/03\/jan-amos-komensky-vyznamne-tvare-regionu-oocrrs.jpg\" \/>\n\t<meta property=\"og:image:width\" content=\"500\" \/>\n\t<meta property=\"og:image:height\" content=\"500\" \/>\n\t<meta property=\"og:image:type\" content=\"image\/jpeg\" \/>\n<meta name=\"twitter:card\" content=\"summary_large_image\" \/>\n<meta name=\"twitter:label1\" content=\"Est. reading time\" \/>\n\t<meta name=\"twitter:data1\" content=\"2 minuty\" \/>\n<script type=\"application\/ld+json\" class=\"yoast-schema-graph\">{\"@context\":\"https:\/\/schema.org\",\"@graph\":[{\"@type\":\"WebPage\",\"@id\":\"https:\/\/www.regionsaris.sk\/vyznamna-tvar\/jan-amos-komensky\/\",\"url\":\"https:\/\/www.regionsaris.sk\/vyznamna-tvar\/jan-amos-komensky\/\",\"name\":\"J\u00e1n Amos Komensk\u00fd - OOCR \u0160ari\u0161\",\"isPartOf\":{\"@id\":\"https:\/\/www.regionsaris.sk\/#website\"},\"primaryImageOfPage\":{\"@id\":\"https:\/\/www.regionsaris.sk\/vyznamna-tvar\/jan-amos-komensky\/#primaryimage\"},\"image\":{\"@id\":\"https:\/\/www.regionsaris.sk\/vyznamna-tvar\/jan-amos-komensky\/#primaryimage\"},\"thumbnailUrl\":\"https:\/\/www.regionsaris.sk\/wp-content\/uploads\/2026\/03\/jan-amos-komensky-vyznamne-tvare-regionu-oocrrs.jpg\",\"datePublished\":\"2026-03-22T11:00:30+00:00\",\"dateModified\":\"2026-04-01T09:16:14+00:00\",\"description\":\"J\u00e1n Amos Komensk\u00fd bol jedn\u00fdm z najv\u00e4\u010d\u0161\u00edch \u010desk\u00fdch myslite\u013eov, filozofov a spisovate\u013eov. Po\u010das \u017eivota nav\u0161t\u00edvil aj Pre\u0161ov.\",\"breadcrumb\":{\"@id\":\"https:\/\/www.regionsaris.sk\/vyznamna-tvar\/jan-amos-komensky\/#breadcrumb\"},\"inLanguage\":\"pl-PL\",\"potentialAction\":[{\"@type\":\"ReadAction\",\"target\":[\"https:\/\/www.regionsaris.sk\/vyznamna-tvar\/jan-amos-komensky\/\"]}]},{\"@type\":\"ImageObject\",\"inLanguage\":\"pl-PL\",\"@id\":\"https:\/\/www.regionsaris.sk\/vyznamna-tvar\/jan-amos-komensky\/#primaryimage\",\"url\":\"https:\/\/www.regionsaris.sk\/wp-content\/uploads\/2026\/03\/jan-amos-komensky-vyznamne-tvare-regionu-oocrrs.jpg\",\"contentUrl\":\"https:\/\/www.regionsaris.sk\/wp-content\/uploads\/2026\/03\/jan-amos-komensky-vyznamne-tvare-regionu-oocrrs.jpg\",\"width\":500,\"height\":500},{\"@type\":\"BreadcrumbList\",\"@id\":\"https:\/\/www.regionsaris.sk\/vyznamna-tvar\/jan-amos-komensky\/#breadcrumb\",\"itemListElement\":[{\"@type\":\"ListItem\",\"position\":1,\"name\":\"Domov\",\"item\":\"https:\/\/www.regionsaris.sk\/\"},{\"@type\":\"ListItem\",\"position\":2,\"name\":\"V\u00fdznamn\u00e9 tv\u00e1re regi\u00f3nu\",\"item\":\"https:\/\/www.regionsaris.sk\/vyznamne-tvare-regionu\/\"},{\"@type\":\"ListItem\",\"position\":3,\"name\":\"J\u00e1n Amos Komensk\u00fd\"}]},{\"@type\":\"WebSite\",\"@id\":\"https:\/\/www.regionsaris.sk\/#website\",\"url\":\"https:\/\/www.regionsaris.sk\/\",\"name\":\"OOCR \u0160ari\u0161\",\"description\":\"\",\"potentialAction\":[{\"@type\":\"SearchAction\",\"target\":{\"@type\":\"EntryPoint\",\"urlTemplate\":\"https:\/\/www.regionsaris.sk\/?s={search_term_string}\"},\"query-input\":{\"@type\":\"PropertyValueSpecification\",\"valueRequired\":true,\"valueName\":\"search_term_string\"}}],\"inLanguage\":\"pl-PL\"}]}<\/script>\n<!-- \/ Yoast SEO Premium plugin. -->","yoast_head_json":{"title":"J\u00e1n Amos Komensk\u00fd - OOCR \u0160ari\u0161","description":"J\u00e1n Amos Komensk\u00fd bol jedn\u00fdm z najv\u00e4\u010d\u0161\u00edch \u010desk\u00fdch myslite\u013eov, filozofov a spisovate\u013eov. Po\u010das \u017eivota nav\u0161t\u00edvil aj Pre\u0161ov.","robots":{"index":"index","follow":"follow","max-snippet":"max-snippet:-1","max-image-preview":"max-image-preview:large","max-video-preview":"max-video-preview:-1"},"canonical":"https:\/\/www.regionsaris.sk\/pl\/vyznamna-tvar\/jan-amos-komensky\/","og_locale":"pl_PL","og_type":"article","og_title":"J\u00e1n Amos Komensk\u00fd","og_description":"J\u00e1n Amos Komensk\u00fd bol jedn\u00fdm z najv\u00e4\u010d\u0161\u00edch \u010desk\u00fdch myslite\u013eov, filozofov a spisovate\u013eov. Po\u010das \u017eivota nav\u0161t\u00edvil aj Pre\u0161ov.","og_url":"https:\/\/www.regionsaris.sk\/pl\/vyznamna-tvar\/jan-amos-komensky\/","og_site_name":"OOCR \u0160ari\u0161","article_modified_time":"2026-04-01T09:16:14+00:00","og_image":[{"width":500,"height":500,"url":"https:\/\/www.regionsaris.sk\/wp-content\/uploads\/2026\/03\/jan-amos-komensky-vyznamne-tvare-regionu-oocrrs.jpg","type":"image\/jpeg"}],"twitter_card":"summary_large_image","twitter_misc":{"Est. reading time":"2 minuty"},"schema":{"@context":"https:\/\/schema.org","@graph":[{"@type":"WebPage","@id":"https:\/\/www.regionsaris.sk\/vyznamna-tvar\/jan-amos-komensky\/","url":"https:\/\/www.regionsaris.sk\/vyznamna-tvar\/jan-amos-komensky\/","name":"J\u00e1n Amos Komensk\u00fd - OOCR \u0160ari\u0161","isPartOf":{"@id":"https:\/\/www.regionsaris.sk\/#website"},"primaryImageOfPage":{"@id":"https:\/\/www.regionsaris.sk\/vyznamna-tvar\/jan-amos-komensky\/#primaryimage"},"image":{"@id":"https:\/\/www.regionsaris.sk\/vyznamna-tvar\/jan-amos-komensky\/#primaryimage"},"thumbnailUrl":"https:\/\/www.regionsaris.sk\/wp-content\/uploads\/2026\/03\/jan-amos-komensky-vyznamne-tvare-regionu-oocrrs.jpg","datePublished":"2026-03-22T11:00:30+00:00","dateModified":"2026-04-01T09:16:14+00:00","description":"J\u00e1n Amos Komensk\u00fd bol jedn\u00fdm z najv\u00e4\u010d\u0161\u00edch \u010desk\u00fdch myslite\u013eov, filozofov a spisovate\u013eov. Po\u010das \u017eivota nav\u0161t\u00edvil aj Pre\u0161ov.","breadcrumb":{"@id":"https:\/\/www.regionsaris.sk\/vyznamna-tvar\/jan-amos-komensky\/#breadcrumb"},"inLanguage":"pl-PL","potentialAction":[{"@type":"ReadAction","target":["https:\/\/www.regionsaris.sk\/vyznamna-tvar\/jan-amos-komensky\/"]}]},{"@type":"ImageObject","inLanguage":"pl-PL","@id":"https:\/\/www.regionsaris.sk\/vyznamna-tvar\/jan-amos-komensky\/#primaryimage","url":"https:\/\/www.regionsaris.sk\/wp-content\/uploads\/2026\/03\/jan-amos-komensky-vyznamne-tvare-regionu-oocrrs.jpg","contentUrl":"https:\/\/www.regionsaris.sk\/wp-content\/uploads\/2026\/03\/jan-amos-komensky-vyznamne-tvare-regionu-oocrrs.jpg","width":500,"height":500},{"@type":"BreadcrumbList","@id":"https:\/\/www.regionsaris.sk\/vyznamna-tvar\/jan-amos-komensky\/#breadcrumb","itemListElement":[{"@type":"ListItem","position":1,"name":"Domov","item":"https:\/\/www.regionsaris.sk\/"},{"@type":"ListItem","position":2,"name":"V\u00fdznamn\u00e9 tv\u00e1re regi\u00f3nu","item":"https:\/\/www.regionsaris.sk\/vyznamne-tvare-regionu\/"},{"@type":"ListItem","position":3,"name":"J\u00e1n Amos Komensk\u00fd"}]},{"@type":"WebSite","@id":"https:\/\/www.regionsaris.sk\/#website","url":"https:\/\/www.regionsaris.sk\/","name":"OOCR \u0160ari\u0161","description":"","potentialAction":[{"@type":"SearchAction","target":{"@type":"EntryPoint","urlTemplate":"https:\/\/www.regionsaris.sk\/?s={search_term_string}"},"query-input":{"@type":"PropertyValueSpecification","valueRequired":true,"valueName":"search_term_string"}}],"inLanguage":"pl-PL"}]}},"_links":{"self":[{"href":"https:\/\/www.regionsaris.sk\/pl\/wp-json\/wp\/v2\/vyznamna-tvar\/4120","targetHints":{"allow":["GET"]}}],"collection":[{"href":"https:\/\/www.regionsaris.sk\/pl\/wp-json\/wp\/v2\/vyznamna-tvar"}],"about":[{"href":"https:\/\/www.regionsaris.sk\/pl\/wp-json\/wp\/v2\/types\/vyznamna-tvar"}],"wp:featuredmedia":[{"embeddable":true,"href":"https:\/\/www.regionsaris.sk\/pl\/wp-json\/wp\/v2\/media\/4267"}],"wp:attachment":[{"href":"https:\/\/www.regionsaris.sk\/pl\/wp-json\/wp\/v2\/media?parent=4120"}],"wp:term":[{"taxonomy":"kategoria-vyznamnych-tvari","embeddable":true,"href":"https:\/\/www.regionsaris.sk\/pl\/wp-json\/wp\/v2\/kategoria-vyznamnych-tvari?post=4120"},{"taxonomy":"oblast-posobenia","embeddable":true,"href":"https:\/\/www.regionsaris.sk\/pl\/wp-json\/wp\/v2\/oblast-posobenia?post=4120"}],"curies":[{"name":"wp","href":"https:\/\/api.w.org\/{rel}","templated":true}]}}

Ján Amos Komenský

<p>Jeden z największych czeskich myślicieli, filozofów i pisarzy urodził się 28 marca 1592 r. na Morawach. Studiował teologię i był księdzem, później ostatnim biskupem Jednoty Braci. Po klęsce czeskich stanów w bitwie pod Białą Górą w 1620 r. stał się wygnańcem i rozpoczął pielgrzymkę po Europie.&nbsp;</p>



<p>Po pobycie w Polsce i Szwecji przybył do Preszowa w 1650 r., a następnie do Blatnego Potoku na zaproszenie księcia Rákoci. W 1654 r. ponownie odwiedził Preszów i był jednym z kandydatów na stanowisko rektora szkoły miejskiej, ale rada miejska wybrała innego kandydata. Komeński ponownie udał się do Polski, a stamtąd do Holandii, gdzie spędził ostatnie lata życia. Zmarł 15 listopada 1670 r. w Amsterdamie.</p>



<p>Za życia Komeński zyskał reputację jako autor pism pedagogicznych z zakresu teorii edukacji i dydaktyki. Jego ideałem była pansofia, czyli uniwersalna nauka o systemie całej wiedzy. Do dzieł Komeńskiego, które do dziś cieszą się uznaniem, należą Brama języków otwarta, Świat w obrazach, Wielka dydaktyka oraz Labirynt świata i raj serca. Wiele z jego pomysłów jest ponadczasowych, a dzięki nim jest uważany nie tylko za twórcę nowoczesnej pedagogiki, ale także, i słusznie, za nauczyciela narodów.</p>



<p>Podczas swojej wizyty w Preszowie Komeński zatrzymał się w domu Ondreja Klobušickiego, później przekształconym w pałac, obecnie siedzibę Sądu Okręgowego. Pobyt Komeńskiego w Preszowie upamiętnia tablica pamiątkowa na fasadzie Kolegium Ewangelickiego w centrum miasta.</p>



<p><strong>Źródło: </strong>Biblioteka Wojewódzka P. O. Hviezdoslava w Preszowie; Mikroprojekt.<br><strong>Źródło zdjęcia:</strong> Jürgen Ovens - http://www.rijksmuseum.nl/collectie/SK-A-2161, Darmowa praca, https://commons.wikimedia.org/w/index.php?curid=34250301</p>

<!-- This site is optimized with the Yoast SEO Premium plugin v26.3 (Yoast SEO v26.8) - https://yoast.com/product/yoast-seo-premium-wordpress/ -->
<title>Ján Amos Komenský - OOCR Šariš</title>
<meta name="description" content="Ján Amos Komenský bol jedným z najväčších českých mysliteľov, filozofov a spisovateľov. Počas života navštívil aj Prešov." />
<meta name="robots" content="index, follow, max-snippet:-1, max-image-preview:large, max-video-preview:-1" />
<link rel="canonical" href="https://www.regionsaris.sk/pl/vyznamna-tvar/jan-amos-komensky/" />
<meta property="og:locale" content="pl_PL" />
<meta property="og:type" content="article" />
<meta property="og:title" content="Ján Amos Komenský" />
<meta property="og:description" content="Ján Amos Komenský bol jedným z najväčších českých mysliteľov, filozofov a spisovateľov. Počas života navštívil aj Prešov." />
<meta property="og:url" content="https://www.regionsaris.sk/pl/vyznamna-tvar/jan-amos-komensky/" />
<meta property="og:site_name" content="OOCR Šariš" />
<meta property="article:modified_time" content="2026-04-01T09:16:14+00:00" />
<meta property="og:image" content="https://www.regionsaris.sk/wp-content/uploads/2026/03/jan-amos-komensky-vyznamne-tvare-regionu-oocrrs.jpg" />
	<meta property="og:image:width" content="500" />
	<meta property="og:image:height" content="500" />
	<meta property="og:image:type" content="image/jpeg" />
<meta name="twitter:card" content="summary_large_image" />
<meta name="twitter:label1" content="Est. reading time" />
	<meta name="twitter:data1" content="2 minuty" />
<script type="application/ld+json" class="yoast-schema-graph">{"@context":"https://schema.org","@graph":[{"@type":"WebPage","@id":"https://www.regionsaris.sk/vyznamna-tvar/jan-amos-komensky/","url":"https://www.regionsaris.sk/vyznamna-tvar/jan-amos-komensky/","name":"Ján Amos Komenský - OOCR Šariš","isPartOf":{"@id":"https://www.regionsaris.sk/#website"},"primaryImageOfPage":{"@id":"https://www.regionsaris.sk/vyznamna-tvar/jan-amos-komensky/#primaryimage"},"image":{"@id":"https://www.regionsaris.sk/vyznamna-tvar/jan-amos-komensky/#primaryimage"},"thumbnailUrl":"https://www.regionsaris.sk/wp-content/uploads/2026/03/jan-amos-komensky-vyznamne-tvare-regionu-oocrrs.jpg","datePublished":"2026-03-22T11:00:30+00:00","dateModified":"2026-04-01T09:16:14+00:00","description":"Ján Amos Komenský bol jedným z najväčších českých mysliteľov, filozofov a spisovateľov. Počas života navštívil aj Prešov.","breadcrumb":{"@id":"https://www.regionsaris.sk/vyznamna-tvar/jan-amos-komensky/#breadcrumb"},"inLanguage":"pl-PL","potentialAction":[{"@type":"ReadAction","target":["https://www.regionsaris.sk/vyznamna-tvar/jan-amos-komensky/"]}]},{"@type":"ImageObject","inLanguage":"pl-PL","@id":"https://www.regionsaris.sk/vyznamna-tvar/jan-amos-komensky/#primaryimage","url":"https://www.regionsaris.sk/wp-content/uploads/2026/03/jan-amos-komensky-vyznamne-tvare-regionu-oocrrs.jpg","contentUrl":"https://www.regionsaris.sk/wp-content/uploads/2026/03/jan-amos-komensky-vyznamne-tvare-regionu-oocrrs.jpg","width":500,"height":500},{"@type":"BreadcrumbList","@id":"https://www.regionsaris.sk/vyznamna-tvar/jan-amos-komensky/#breadcrumb","itemListElement":[{"@type":"ListItem","position":1,"name":"Domov","item":"https://www.regionsaris.sk/"},{"@type":"ListItem","position":2,"name":"Významné tváre regiónu","item":"https://www.regionsaris.sk/vyznamne-tvare-regionu/"},{"@type":"ListItem","position":3,"name":"Ján Amos Komenský"}]},{"@type":"WebSite","@id":"https://www.regionsaris.sk/#website","url":"https://www.regionsaris.sk/","name":"OOCR Šariš","description":"","potentialAction":[{"@type":"SearchAction","target":{"@type":"EntryPoint","urlTemplate":"https://www.regionsaris.sk/?s={search_term_string}"},"query-input":{"@type":"PropertyValueSpecification","valueRequired":true,"valueName":"search_term_string"}}],"inLanguage":"pl-PL"}]}</script>
<!-- / Yoast SEO Premium plugin. -->

Ján Amos Komenský - OOCR Šariš

Ján Amos Komenský bol jedným z najväčších českých mysliteľov, filozofov a spisovateľov. Počas života navštívil aj Prešov.

OOCR Šariš

Významné tváre regiónu
