{"id":4099,"date":"2026-03-21T20:36:52","date_gmt":"2026-03-21T19:36:52","guid":{"rendered":"https:\/\/www.regionsaris.sk\/?post_type=vyznamna-tvar&#038;p=4099"},"modified":"2026-04-01T10:46:53","modified_gmt":"2026-04-01T09:46:53","slug":"oskar-berger","status":"publish","type":"vyznamna-tvar","link":"https:\/\/www.regionsaris.sk\/pl\/vyznamna-tvar\/oskar-berger\/","title":{"rendered":"Oskar Berger"},"content":{"rendered":"<p>Urodzi\u0142 si\u0119 12 maja 1901 r. w \u017cydowskiej rodzinie w\u0142a\u015bciciela hotelu Berger w Preszowie. Sw\u00f3j talent artystyczny rozwija\u0142 podczas studi\u00f3w w Pradze, Pary\u017cu i Berlinie, gdzie zosta\u0142 zatrudniony przez jedn\u0105 z najwi\u0119kszych gazet codziennych. Jako dziennikarz uczestniczy\u0142 w procesie Hitlera w Monachium w 1923 r. po nieudanej pr\u00f3bie puczu. Po doj\u015bciu Hitlera do w\u0142adzy musia\u0142 ucieka\u0107 z Niemiec. Zatrzyma\u0142 si\u0119 na kr\u00f3tko w Budapeszcie, Pary\u017cu i Genewie, gdzie uczestniczy\u0142 w spotkaniach Ligi Narod\u00f3w.&nbsp;<\/p>\n\n\n\n<p>W 1935 r. osiad\u0142 w Londynie i rozpocz\u0105\u0142 prac\u0119 dla Daily Telegraph. Po II wojnie \u015bwiatowej przeni\u00f3s\u0142 si\u0119 do Nowego Jorku w USA i publikowa\u0142 w presti\u017cowych gazetach i magazynach, takich jak New York Times, New York Herald Tribune, magazyn Life i Le Figaro. W latach 50. Berger uczestniczy\u0142 w zgromadzeniach Organizacji Narod\u00f3w Zjednoczonych i rysowa\u0142 niemal ka\u017cdego wa\u017cnego przyw\u00f3dc\u0119, kt\u00f3ry si\u0119 tam pojawi\u0142. W ten sam idiosynkratyczny spos\u00f3b portretowa\u0142 monarch\u00f3w, znane osobisto\u015bci i gwiazdy filmowe.&nbsp;<\/p>\n\n\n\n<p>Stworzy\u0142 karykatury Winstona Churchilla, Johna F. Kennedy'ego, Richarda Nixona, Dwighta Eisenhowera, Wiaczes\u0142awa Michaj\u0142owa Mo\u0142otowa, Alberta Einsteina, Jana Paw\u0142a II, Thomasa S. Elliota, Laurence'a Oliviera, Grety Garbo, Charliego Chaplina, Vivien Leigh i wielu innych. Uchwyci\u0142 ich wszystkich eleganckimi poci\u0105gni\u0119ciami o\u0142\u00f3wka, z dba\u0142o\u015bci\u0105 o wyj\u0105tkowo\u015b\u0107 osoby i charakterystyczny szczeg\u00f3\u0142. Opr\u00f3cz swoich kresk\u00f3wek, by\u0142 tak\u017ce rysownikiem dowcip\u00f3w politycznych.&nbsp;<\/p>\n\n\n\n<p>Jego p\u0142odna praca zaowocowa\u0142a kilkoma ksi\u0105\u017ckami, takimi jak Famous Faces - From the Cartoonist's Sketchbook (1950), My Victims - How to Make a Cartoon (1952), Presidents - From Washington to the Present (1968). Prace Bergera s\u0105 r\u00f3wnie\u017c stale eksponowane w National Portrait Gallery w Waszyngtonie. Berger zmar\u0142 15 maja 1997 roku w Nowym Jorku.<\/p>\n\n\n\n<p><strong>\u0179r\u00f3d\u0142o: <\/strong>Biblioteka Wojew\u00f3dzka P. O. Hviezdoslava w Preszowie; Mikroprojekt.<br><strong>\u0179r\u00f3d\u0142o zdj\u0119cia: <\/strong>Autor: nieznany fotograf - Oryginalna publikacja: nie wiadomo kiedy, gdzie ani jak po raz pierwszy opublikowanoBezpo\u015brednie \u017ar\u00f3d\u0142o: https:\/\/spartacus-educational.com\/ARTberger.htm, dozwolony u\u017cytek, https:\/\/en.wikipedia.org\/w\/index.php?curid=76151688<\/p>\n\n\n\n<p><\/p>","protected":false},"featured_media":4272,"template":"","meta":{"_acf_changed":true},"kategoria-vyznamnych-tvari":[230],"oblast-posobenia":[241,235],"class_list":["post-4099","vyznamna-tvar","type-vyznamna-tvar","status-publish","has-post-thumbnail","hentry","kategoria-vyznamnych-tvari-historicka-osobnost","oblast-posobenia-publicistika","oblast-posobenia-umenie"],"acf":[],"yoast_head":"<!-- This site is optimized with the Yoast SEO Premium plugin v26.3 (Yoast SEO v26.8) - https:\/\/yoast.com\/product\/yoast-seo-premium-wordpress\/ -->\n<title>Oskar Berger - OOCR \u0160ari\u0161<\/title>\n<meta name=\"description\" content=\"Umelec svetovej \u00farovne - to je Oskar Berger, ktor\u00fd svojho \u010dasu karikuroval v\u0161etky zn\u00e1me osobnosti svetov\u00e9ho aj dom\u00e1ceho diania.\" \/>\n<meta name=\"robots\" content=\"index, follow, max-snippet:-1, max-image-preview:large, max-video-preview:-1\" \/>\n<link rel=\"canonical\" href=\"https:\/\/www.regionsaris.sk\/pl\/vyznamna-tvar\/oskar-berger\/\" \/>\n<meta property=\"og:locale\" content=\"pl_PL\" \/>\n<meta property=\"og:type\" content=\"article\" \/>\n<meta property=\"og:title\" content=\"Oskar Berger\" \/>\n<meta property=\"og:description\" content=\"Umelec svetovej \u00farovne - to je Oskar Berger, ktor\u00fd svojho \u010dasu karikuroval v\u0161etky zn\u00e1me osobnosti svetov\u00e9ho aj dom\u00e1ceho diania.\" \/>\n<meta property=\"og:url\" content=\"https:\/\/www.regionsaris.sk\/pl\/vyznamna-tvar\/oskar-berger\/\" \/>\n<meta property=\"og:site_name\" content=\"OOCR \u0160ari\u0161\" \/>\n<meta property=\"article:modified_time\" content=\"2026-04-01T09:46:53+00:00\" \/>\n<meta property=\"og:image\" content=\"https:\/\/www.regionsaris.sk\/wp-content\/uploads\/2026\/03\/oskar-berger-vyznamne-tvare-regionu-oocrrs.jpg\" \/>\n\t<meta property=\"og:image:width\" content=\"500\" \/>\n\t<meta property=\"og:image:height\" content=\"500\" \/>\n\t<meta property=\"og:image:type\" content=\"image\/jpeg\" \/>\n<meta name=\"twitter:card\" content=\"summary_large_image\" \/>\n<meta name=\"twitter:label1\" content=\"Est. reading time\" \/>\n\t<meta name=\"twitter:data1\" content=\"2 minuty\" \/>\n<script type=\"application\/ld+json\" class=\"yoast-schema-graph\">{\"@context\":\"https:\/\/schema.org\",\"@graph\":[{\"@type\":\"WebPage\",\"@id\":\"https:\/\/www.regionsaris.sk\/vyznamna-tvar\/oskar-berger\/\",\"url\":\"https:\/\/www.regionsaris.sk\/vyznamna-tvar\/oskar-berger\/\",\"name\":\"Oskar Berger - OOCR \u0160ari\u0161\",\"isPartOf\":{\"@id\":\"https:\/\/www.regionsaris.sk\/#website\"},\"primaryImageOfPage\":{\"@id\":\"https:\/\/www.regionsaris.sk\/vyznamna-tvar\/oskar-berger\/#primaryimage\"},\"image\":{\"@id\":\"https:\/\/www.regionsaris.sk\/vyznamna-tvar\/oskar-berger\/#primaryimage\"},\"thumbnailUrl\":\"https:\/\/www.regionsaris.sk\/wp-content\/uploads\/2026\/03\/oskar-berger-vyznamne-tvare-regionu-oocrrs.jpg\",\"datePublished\":\"2026-03-21T19:36:52+00:00\",\"dateModified\":\"2026-04-01T09:46:53+00:00\",\"description\":\"Umelec svetovej \u00farovne - to je Oskar Berger, ktor\u00fd svojho \u010dasu karikuroval v\u0161etky zn\u00e1me osobnosti svetov\u00e9ho aj dom\u00e1ceho diania.\",\"breadcrumb\":{\"@id\":\"https:\/\/www.regionsaris.sk\/vyznamna-tvar\/oskar-berger\/#breadcrumb\"},\"inLanguage\":\"pl-PL\",\"potentialAction\":[{\"@type\":\"ReadAction\",\"target\":[\"https:\/\/www.regionsaris.sk\/vyznamna-tvar\/oskar-berger\/\"]}]},{\"@type\":\"ImageObject\",\"inLanguage\":\"pl-PL\",\"@id\":\"https:\/\/www.regionsaris.sk\/vyznamna-tvar\/oskar-berger\/#primaryimage\",\"url\":\"https:\/\/www.regionsaris.sk\/wp-content\/uploads\/2026\/03\/oskar-berger-vyznamne-tvare-regionu-oocrrs.jpg\",\"contentUrl\":\"https:\/\/www.regionsaris.sk\/wp-content\/uploads\/2026\/03\/oskar-berger-vyznamne-tvare-regionu-oocrrs.jpg\",\"width\":500,\"height\":500},{\"@type\":\"BreadcrumbList\",\"@id\":\"https:\/\/www.regionsaris.sk\/vyznamna-tvar\/oskar-berger\/#breadcrumb\",\"itemListElement\":[{\"@type\":\"ListItem\",\"position\":1,\"name\":\"Domov\",\"item\":\"https:\/\/www.regionsaris.sk\/\"},{\"@type\":\"ListItem\",\"position\":2,\"name\":\"V\u00fdznamn\u00e9 tv\u00e1re regi\u00f3nu\",\"item\":\"https:\/\/www.regionsaris.sk\/vyznamne-tvare-regionu\/\"},{\"@type\":\"ListItem\",\"position\":3,\"name\":\"Oskar Berger\"}]},{\"@type\":\"WebSite\",\"@id\":\"https:\/\/www.regionsaris.sk\/#website\",\"url\":\"https:\/\/www.regionsaris.sk\/\",\"name\":\"OOCR \u0160ari\u0161\",\"description\":\"\",\"potentialAction\":[{\"@type\":\"SearchAction\",\"target\":{\"@type\":\"EntryPoint\",\"urlTemplate\":\"https:\/\/www.regionsaris.sk\/?s={search_term_string}\"},\"query-input\":{\"@type\":\"PropertyValueSpecification\",\"valueRequired\":true,\"valueName\":\"search_term_string\"}}],\"inLanguage\":\"pl-PL\"}]}<\/script>\n<!-- \/ Yoast SEO Premium plugin. -->","yoast_head_json":{"title":"Oskar Berger - OOCR \u0160ari\u0161","description":"Umelec svetovej \u00farovne - to je Oskar Berger, ktor\u00fd svojho \u010dasu karikuroval v\u0161etky zn\u00e1me osobnosti svetov\u00e9ho aj dom\u00e1ceho diania.","robots":{"index":"index","follow":"follow","max-snippet":"max-snippet:-1","max-image-preview":"max-image-preview:large","max-video-preview":"max-video-preview:-1"},"canonical":"https:\/\/www.regionsaris.sk\/pl\/vyznamna-tvar\/oskar-berger\/","og_locale":"pl_PL","og_type":"article","og_title":"Oskar Berger","og_description":"Umelec svetovej \u00farovne - to je Oskar Berger, ktor\u00fd svojho \u010dasu karikuroval v\u0161etky zn\u00e1me osobnosti svetov\u00e9ho aj dom\u00e1ceho diania.","og_url":"https:\/\/www.regionsaris.sk\/pl\/vyznamna-tvar\/oskar-berger\/","og_site_name":"OOCR \u0160ari\u0161","article_modified_time":"2026-04-01T09:46:53+00:00","og_image":[{"width":500,"height":500,"url":"https:\/\/www.regionsaris.sk\/wp-content\/uploads\/2026\/03\/oskar-berger-vyznamne-tvare-regionu-oocrrs.jpg","type":"image\/jpeg"}],"twitter_card":"summary_large_image","twitter_misc":{"Est. reading time":"2 minuty"},"schema":{"@context":"https:\/\/schema.org","@graph":[{"@type":"WebPage","@id":"https:\/\/www.regionsaris.sk\/vyznamna-tvar\/oskar-berger\/","url":"https:\/\/www.regionsaris.sk\/vyznamna-tvar\/oskar-berger\/","name":"Oskar Berger - OOCR \u0160ari\u0161","isPartOf":{"@id":"https:\/\/www.regionsaris.sk\/#website"},"primaryImageOfPage":{"@id":"https:\/\/www.regionsaris.sk\/vyznamna-tvar\/oskar-berger\/#primaryimage"},"image":{"@id":"https:\/\/www.regionsaris.sk\/vyznamna-tvar\/oskar-berger\/#primaryimage"},"thumbnailUrl":"https:\/\/www.regionsaris.sk\/wp-content\/uploads\/2026\/03\/oskar-berger-vyznamne-tvare-regionu-oocrrs.jpg","datePublished":"2026-03-21T19:36:52+00:00","dateModified":"2026-04-01T09:46:53+00:00","description":"Umelec svetovej \u00farovne - to je Oskar Berger, ktor\u00fd svojho \u010dasu karikuroval v\u0161etky zn\u00e1me osobnosti svetov\u00e9ho aj dom\u00e1ceho diania.","breadcrumb":{"@id":"https:\/\/www.regionsaris.sk\/vyznamna-tvar\/oskar-berger\/#breadcrumb"},"inLanguage":"pl-PL","potentialAction":[{"@type":"ReadAction","target":["https:\/\/www.regionsaris.sk\/vyznamna-tvar\/oskar-berger\/"]}]},{"@type":"ImageObject","inLanguage":"pl-PL","@id":"https:\/\/www.regionsaris.sk\/vyznamna-tvar\/oskar-berger\/#primaryimage","url":"https:\/\/www.regionsaris.sk\/wp-content\/uploads\/2026\/03\/oskar-berger-vyznamne-tvare-regionu-oocrrs.jpg","contentUrl":"https:\/\/www.regionsaris.sk\/wp-content\/uploads\/2026\/03\/oskar-berger-vyznamne-tvare-regionu-oocrrs.jpg","width":500,"height":500},{"@type":"BreadcrumbList","@id":"https:\/\/www.regionsaris.sk\/vyznamna-tvar\/oskar-berger\/#breadcrumb","itemListElement":[{"@type":"ListItem","position":1,"name":"Domov","item":"https:\/\/www.regionsaris.sk\/"},{"@type":"ListItem","position":2,"name":"V\u00fdznamn\u00e9 tv\u00e1re regi\u00f3nu","item":"https:\/\/www.regionsaris.sk\/vyznamne-tvare-regionu\/"},{"@type":"ListItem","position":3,"name":"Oskar Berger"}]},{"@type":"WebSite","@id":"https:\/\/www.regionsaris.sk\/#website","url":"https:\/\/www.regionsaris.sk\/","name":"OOCR \u0160ari\u0161","description":"","potentialAction":[{"@type":"SearchAction","target":{"@type":"EntryPoint","urlTemplate":"https:\/\/www.regionsaris.sk\/?s={search_term_string}"},"query-input":{"@type":"PropertyValueSpecification","valueRequired":true,"valueName":"search_term_string"}}],"inLanguage":"pl-PL"}]}},"_links":{"self":[{"href":"https:\/\/www.regionsaris.sk\/pl\/wp-json\/wp\/v2\/vyznamna-tvar\/4099","targetHints":{"allow":["GET"]}}],"collection":[{"href":"https:\/\/www.regionsaris.sk\/pl\/wp-json\/wp\/v2\/vyznamna-tvar"}],"about":[{"href":"https:\/\/www.regionsaris.sk\/pl\/wp-json\/wp\/v2\/types\/vyznamna-tvar"}],"wp:featuredmedia":[{"embeddable":true,"href":"https:\/\/www.regionsaris.sk\/pl\/wp-json\/wp\/v2\/media\/4272"}],"wp:attachment":[{"href":"https:\/\/www.regionsaris.sk\/pl\/wp-json\/wp\/v2\/media?parent=4099"}],"wp:term":[{"taxonomy":"kategoria-vyznamnych-tvari","embeddable":true,"href":"https:\/\/www.regionsaris.sk\/pl\/wp-json\/wp\/v2\/kategoria-vyznamnych-tvari?post=4099"},{"taxonomy":"oblast-posobenia","embeddable":true,"href":"https:\/\/www.regionsaris.sk\/pl\/wp-json\/wp\/v2\/oblast-posobenia?post=4099"}],"curies":[{"name":"wp","href":"https:\/\/api.w.org\/{rel}","templated":true}]}}

<p>Urodził się 12 maja 1901 r. w żydowskiej rodzinie właściciela hotelu Berger w Preszowie. Swój talent artystyczny rozwijał podczas studiów w Pradze, Paryżu i Berlinie, gdzie został zatrudniony przez jedną z największych gazet codziennych. Jako dziennikarz uczestniczył w procesie Hitlera w Monachium w 1923 r. po nieudanej próbie puczu. Po dojściu Hitlera do władzy musiał uciekać z Niemiec. Zatrzymał się na krótko w Budapeszcie, Paryżu i Genewie, gdzie uczestniczył w spotkaniach Ligi Narodów.&nbsp;</p>



<p>W 1935 r. osiadł w Londynie i rozpoczął pracę dla Daily Telegraph. Po II wojnie światowej przeniósł się do Nowego Jorku w USA i publikował w prestiżowych gazetach i magazynach, takich jak New York Times, New York Herald Tribune, magazyn Life i Le Figaro. W latach 50. Berger uczestniczył w zgromadzeniach Organizacji Narodów Zjednoczonych i rysował niemal każdego ważnego przywódcę, który się tam pojawił. W ten sam idiosynkratyczny sposób portretował monarchów, znane osobistości i gwiazdy filmowe.&nbsp;</p>



<p>Stworzył karykatury Winstona Churchilla, Johna F. Kennedy'ego, Richarda Nixona, Dwighta Eisenhowera, Wiaczesława Michajłowa Mołotowa, Alberta Einsteina, Jana Pawła II, Thomasa S. Elliota, Laurence'a Oliviera, Grety Garbo, Charliego Chaplina, Vivien Leigh i wielu innych. Uchwycił ich wszystkich eleganckimi pociągnięciami ołówka, z dbałością o wyjątkowość osoby i charakterystyczny szczegół. Oprócz swoich kreskówek, był także rysownikiem dowcipów politycznych.&nbsp;</p>



<p>Jego płodna praca zaowocowała kilkoma książkami, takimi jak Famous Faces - From the Cartoonist's Sketchbook (1950), My Victims - How to Make a Cartoon (1952), Presidents - From Washington to the Present (1968). Prace Bergera są również stale eksponowane w National Portrait Gallery w Waszyngtonie. Berger zmarł 15 maja 1997 roku w Nowym Jorku.</p>



<p><strong>Źródło: </strong>Biblioteka Wojewódzka P. O. Hviezdoslava w Preszowie; Mikroprojekt.<br><strong>Źródło zdjęcia: </strong>Autor: nieznany fotograf - Oryginalna publikacja: nie wiadomo kiedy, gdzie ani jak po raz pierwszy opublikowanoBezpośrednie źródło: https://spartacus-educational.com/ARTberger.htm, dozwolony użytek, https://en.wikipedia.org/w/index.php?curid=76151688</p>



<p></p>

<!-- This site is optimized with the Yoast SEO Premium plugin v26.3 (Yoast SEO v26.8) - https://yoast.com/product/yoast-seo-premium-wordpress/ -->
<title>Oskar Berger - OOCR Šariš</title>
<meta name="description" content="Umelec svetovej úrovne - to je Oskar Berger, ktorý svojho času karikuroval všetky známe osobnosti svetového aj domáceho diania." />
<meta name="robots" content="index, follow, max-snippet:-1, max-image-preview:large, max-video-preview:-1" />
<link rel="canonical" href="https://www.regionsaris.sk/pl/vyznamna-tvar/oskar-berger/" />
<meta property="og:locale" content="pl_PL" />
<meta property="og:type" content="article" />
<meta property="og:title" content="Oskar Berger" />
<meta property="og:description" content="Umelec svetovej úrovne - to je Oskar Berger, ktorý svojho času karikuroval všetky známe osobnosti svetového aj domáceho diania." />
<meta property="og:url" content="https://www.regionsaris.sk/pl/vyznamna-tvar/oskar-berger/" />
<meta property="og:site_name" content="OOCR Šariš" />
<meta property="article:modified_time" content="2026-04-01T09:46:53+00:00" />
<meta property="og:image" content="https://www.regionsaris.sk/wp-content/uploads/2026/03/oskar-berger-vyznamne-tvare-regionu-oocrrs.jpg" />
	<meta property="og:image:width" content="500" />
	<meta property="og:image:height" content="500" />
	<meta property="og:image:type" content="image/jpeg" />
<meta name="twitter:card" content="summary_large_image" />
<meta name="twitter:label1" content="Est. reading time" />
	<meta name="twitter:data1" content="2 minuty" />
<script type="application/ld+json" class="yoast-schema-graph">{"@context":"https://schema.org","@graph":[{"@type":"WebPage","@id":"https://www.regionsaris.sk/vyznamna-tvar/oskar-berger/","url":"https://www.regionsaris.sk/vyznamna-tvar/oskar-berger/","name":"Oskar Berger - OOCR Šariš","isPartOf":{"@id":"https://www.regionsaris.sk/#website"},"primaryImageOfPage":{"@id":"https://www.regionsaris.sk/vyznamna-tvar/oskar-berger/#primaryimage"},"image":{"@id":"https://www.regionsaris.sk/vyznamna-tvar/oskar-berger/#primaryimage"},"thumbnailUrl":"https://www.regionsaris.sk/wp-content/uploads/2026/03/oskar-berger-vyznamne-tvare-regionu-oocrrs.jpg","datePublished":"2026-03-21T19:36:52+00:00","dateModified":"2026-04-01T09:46:53+00:00","description":"Umelec svetovej úrovne - to je Oskar Berger, ktorý svojho času karikuroval všetky známe osobnosti svetového aj domáceho diania.","breadcrumb":{"@id":"https://www.regionsaris.sk/vyznamna-tvar/oskar-berger/#breadcrumb"},"inLanguage":"pl-PL","potentialAction":[{"@type":"ReadAction","target":["https://www.regionsaris.sk/vyznamna-tvar/oskar-berger/"]}]},{"@type":"ImageObject","inLanguage":"pl-PL","@id":"https://www.regionsaris.sk/vyznamna-tvar/oskar-berger/#primaryimage","url":"https://www.regionsaris.sk/wp-content/uploads/2026/03/oskar-berger-vyznamne-tvare-regionu-oocrrs.jpg","contentUrl":"https://www.regionsaris.sk/wp-content/uploads/2026/03/oskar-berger-vyznamne-tvare-regionu-oocrrs.jpg","width":500,"height":500},{"@type":"BreadcrumbList","@id":"https://www.regionsaris.sk/vyznamna-tvar/oskar-berger/#breadcrumb","itemListElement":[{"@type":"ListItem","position":1,"name":"Domov","item":"https://www.regionsaris.sk/"},{"@type":"ListItem","position":2,"name":"Významné tváre regiónu","item":"https://www.regionsaris.sk/vyznamne-tvare-regionu/"},{"@type":"ListItem","position":3,"name":"Oskar Berger"}]},{"@type":"WebSite","@id":"https://www.regionsaris.sk/#website","url":"https://www.regionsaris.sk/","name":"OOCR Šariš","description":"","potentialAction":[{"@type":"SearchAction","target":{"@type":"EntryPoint","urlTemplate":"https://www.regionsaris.sk/?s={search_term_string}"},"query-input":{"@type":"PropertyValueSpecification","valueRequired":true,"valueName":"search_term_string"}}],"inLanguage":"pl-PL"}]}</script>
<!-- / Yoast SEO Premium plugin. -->

Oskar Berger - OOCR Šariš

Umelec svetovej úrovne - to je Oskar Berger, ktorý svojho času karikuroval všetky známe osobnosti svetového aj domáceho diania.

OOCR Šariš

Významné tváre regiónu
