{"id":4062,"date":"2026-03-20T09:43:05","date_gmt":"2026-03-20T08:43:05","guid":{"rendered":"https:\/\/www.regionsaris.sk\/?post_type=vyznamna-tvar&#038;p=4062"},"modified":"2026-04-01T11:12:22","modified_gmt":"2026-04-01T10:12:22","slug":"mikulas-moyzes","status":"publish","type":"vyznamna-tvar","link":"https:\/\/www.regionsaris.sk\/pl\/vyznamna-tvar\/mikulas-moyzes\/","title":{"rendered":"Mikul\u00e1\u0161 Moyzes"},"content":{"rendered":"<p>Urodzi\u0142 si\u0119 w rodzinie nauczyciela w Zvolenskej Slatinie 6 grudnia 1872 roku. Ju\u017c w dzieci\u0144stwie uczy\u0142 si\u0119 gry na fortepianie i organach. Uko\u0144czy\u0142 instytut nauczycielski w Kl\u00e1\u0161torze pod Znievom i zda\u0142 pa\u0144stwowe egzaminy muzyczne w W\u0119gierskiej Akademii Kr\u00f3lewskiej w Budapeszcie. Pracowa\u0142 jako organista i profesor muzyki w Jagr, Ve\u013ek\u00fd Varadin, \u010curgov i Kl\u00e1\u0161tor pod Znievom.&nbsp;<\/p>\n\n\n\n<p>W 1908 r. osiad\u0142 w Preszowie i zosta\u0142 profesorem muzyki i j\u0119zyka s\u0142owackiego w W\u0119gierskim Kr\u00f3lewskim Pa\u0144stwowym Gimnazjum Nauczycielskim. Od 1919 r. Moyzes by\u0142 pierwszym s\u0142owackim administratorem tej szko\u0142y i przewodnicz\u0105cym komitetu administracyjnego powiatu \u0160ari\u0161. W 1920 r. by\u0142 jednym z cz\u0142onk\u00f3w za\u0142o\u017cycieli lokalnego oddzia\u0142u Macierzy S\u0142owackiej. Jednocze\u015bnie by\u0142 administratorem i profesorem w miejskiej szkole muzycznej, a w latach 1921-1929 tak\u017ce jej dyrektorem.<\/p>\n\n\n\n<p>Moyzes sta\u0142 si\u0119 odnosz\u0105cym sukcesy kompozytorem, artyst\u0105 koncertowym, ch\u00f3rmistrzem i dyrygentem ch\u00f3r\u00f3w \u015bwieckich i ko\u015bcielnych. By\u0142 pionierem realistycznych tendencji w muzyce s\u0142owackiej i prekursorem s\u0142owackiego modernizmu muzycznego. Skomponowa\u0142 Missa solemnis in C, Missa d-moll, Little Highland Symphony, Ctibora, Christmas Carol, Orphans, Forest Maiden, Devil's River i kompozycj\u0119 orkiestrow\u0105 Our Slovakia.&nbsp;<\/p>\n\n\n\n<p>Napisa\u0142 kilka podr\u0119cznik\u00f3w dla s\u0142owackich szk\u00f3\u0142: muzyczno-teoretyczny, szkolny \u015bpiewnik dla s\u0142owackich przedszkoli i szk\u00f3\u0142 ludowych oraz ma\u0142\u0105 szko\u0142\u0119 \u015bpiewu. Aran\u017cowa\u0142 s\u0142owackie pie\u015bni ludowe, zw\u0142aszcza z okolic rodzinnego Zwolenia i Szarisza. Zmar\u0142 w Preszowie 2 kwietnia 1944 r. i zosta\u0142 pochowany na miejscowym cmentarzu. Jedna z podstawowych szk\u00f3\u0142 artystycznych nosi jego imi\u0119.<\/p>\n\n\n\n<p><strong>\u0179r\u00f3d\u0142o: <\/strong>Biblioteka Wojew\u00f3dzka P. O. Hviezdoslava w Preszowie; Mikroprojekt.<br><strong>\u0179r\u00f3d\u0142o zdj\u0119cia:<\/strong> Autor Presov S\u0142owacja 1227.JPG: Ing.Mgr. Mathuzalem - Presov Slovakia 1227.JPG, CC BY 3.0, https:\/\/commons.wikimedia.org\/w\/index.php?curid=16691032<\/p>\n\n\n\n<p><\/p>","protected":false},"featured_media":4277,"template":"","meta":{"_acf_changed":true},"kategoria-vyznamnych-tvari":[230],"oblast-posobenia":[236,235],"class_list":["post-4062","vyznamna-tvar","type-vyznamna-tvar","status-publish","has-post-thumbnail","hentry","kategoria-vyznamnych-tvari-historicka-osobnost","oblast-posobenia-hudba","oblast-posobenia-umenie"],"acf":[],"yoast_head":"<!-- This site is optimized with the Yoast SEO Premium plugin v26.3 (Yoast SEO v26.8) - https:\/\/yoast.com\/product\/yoast-seo-premium-wordpress\/ -->\n<title>Mikul\u00e1\u0161 Moyzes - OOCR \u0160ari\u0161<\/title>\n<meta name=\"description\" content=\"Mikul\u00e1\u0161 Moyzes je d\u00f4le\u017eit\u00e1 osobnos\u0165 hudobnej sc\u00e9ny. Bol v\u00fdznamn\u00fdm dirigentom, skladate\u013eom, organistom a umelcom.\" \/>\n<meta name=\"robots\" content=\"index, follow, max-snippet:-1, max-image-preview:large, max-video-preview:-1\" \/>\n<link rel=\"canonical\" href=\"https:\/\/www.regionsaris.sk\/pl\/vyznamna-tvar\/mikulas-moyzes\/\" \/>\n<meta property=\"og:locale\" content=\"pl_PL\" \/>\n<meta property=\"og:type\" content=\"article\" \/>\n<meta property=\"og:title\" content=\"Mikul\u00e1\u0161 Moyzes\" \/>\n<meta property=\"og:description\" content=\"Mikul\u00e1\u0161 Moyzes je d\u00f4le\u017eit\u00e1 osobnos\u0165 hudobnej sc\u00e9ny. Bol v\u00fdznamn\u00fdm dirigentom, skladate\u013eom, organistom a umelcom.\" \/>\n<meta property=\"og:url\" content=\"https:\/\/www.regionsaris.sk\/pl\/vyznamna-tvar\/mikulas-moyzes\/\" \/>\n<meta property=\"og:site_name\" content=\"OOCR \u0160ari\u0161\" \/>\n<meta property=\"article:modified_time\" content=\"2026-04-01T10:12:22+00:00\" \/>\n<meta property=\"og:image\" content=\"https:\/\/www.regionsaris.sk\/wp-content\/uploads\/2026\/03\/mikulas-moyzes-vyznamne-tvare-regionu-oocrrs.jpg\" \/>\n\t<meta property=\"og:image:width\" content=\"500\" \/>\n\t<meta property=\"og:image:height\" content=\"500\" \/>\n\t<meta property=\"og:image:type\" content=\"image\/jpeg\" \/>\n<meta name=\"twitter:card\" content=\"summary_large_image\" \/>\n<meta name=\"twitter:label1\" content=\"Est. reading time\" \/>\n\t<meta name=\"twitter:data1\" content=\"2 minuty\" \/>\n<script type=\"application\/ld+json\" class=\"yoast-schema-graph\">{\"@context\":\"https:\/\/schema.org\",\"@graph\":[{\"@type\":\"WebPage\",\"@id\":\"https:\/\/www.regionsaris.sk\/vyznamna-tvar\/mikulas-moyzes\/\",\"url\":\"https:\/\/www.regionsaris.sk\/vyznamna-tvar\/mikulas-moyzes\/\",\"name\":\"Mikul\u00e1\u0161 Moyzes - OOCR \u0160ari\u0161\",\"isPartOf\":{\"@id\":\"https:\/\/www.regionsaris.sk\/#website\"},\"primaryImageOfPage\":{\"@id\":\"https:\/\/www.regionsaris.sk\/vyznamna-tvar\/mikulas-moyzes\/#primaryimage\"},\"image\":{\"@id\":\"https:\/\/www.regionsaris.sk\/vyznamna-tvar\/mikulas-moyzes\/#primaryimage\"},\"thumbnailUrl\":\"https:\/\/www.regionsaris.sk\/wp-content\/uploads\/2026\/03\/mikulas-moyzes-vyznamne-tvare-regionu-oocrrs.jpg\",\"datePublished\":\"2026-03-20T08:43:05+00:00\",\"dateModified\":\"2026-04-01T10:12:22+00:00\",\"description\":\"Mikul\u00e1\u0161 Moyzes je d\u00f4le\u017eit\u00e1 osobnos\u0165 hudobnej sc\u00e9ny. Bol v\u00fdznamn\u00fdm dirigentom, skladate\u013eom, organistom a umelcom.\",\"breadcrumb\":{\"@id\":\"https:\/\/www.regionsaris.sk\/vyznamna-tvar\/mikulas-moyzes\/#breadcrumb\"},\"inLanguage\":\"pl-PL\",\"potentialAction\":[{\"@type\":\"ReadAction\",\"target\":[\"https:\/\/www.regionsaris.sk\/vyznamna-tvar\/mikulas-moyzes\/\"]}]},{\"@type\":\"ImageObject\",\"inLanguage\":\"pl-PL\",\"@id\":\"https:\/\/www.regionsaris.sk\/vyznamna-tvar\/mikulas-moyzes\/#primaryimage\",\"url\":\"https:\/\/www.regionsaris.sk\/wp-content\/uploads\/2026\/03\/mikulas-moyzes-vyznamne-tvare-regionu-oocrrs.jpg\",\"contentUrl\":\"https:\/\/www.regionsaris.sk\/wp-content\/uploads\/2026\/03\/mikulas-moyzes-vyznamne-tvare-regionu-oocrrs.jpg\",\"width\":500,\"height\":500},{\"@type\":\"BreadcrumbList\",\"@id\":\"https:\/\/www.regionsaris.sk\/vyznamna-tvar\/mikulas-moyzes\/#breadcrumb\",\"itemListElement\":[{\"@type\":\"ListItem\",\"position\":1,\"name\":\"Domov\",\"item\":\"https:\/\/www.regionsaris.sk\/\"},{\"@type\":\"ListItem\",\"position\":2,\"name\":\"V\u00fdznamn\u00e9 tv\u00e1re regi\u00f3nu\",\"item\":\"https:\/\/www.regionsaris.sk\/vyznamne-tvare-regionu\/\"},{\"@type\":\"ListItem\",\"position\":3,\"name\":\"Mikul\u00e1\u0161 Moyzes\"}]},{\"@type\":\"WebSite\",\"@id\":\"https:\/\/www.regionsaris.sk\/#website\",\"url\":\"https:\/\/www.regionsaris.sk\/\",\"name\":\"OOCR \u0160ari\u0161\",\"description\":\"\",\"potentialAction\":[{\"@type\":\"SearchAction\",\"target\":{\"@type\":\"EntryPoint\",\"urlTemplate\":\"https:\/\/www.regionsaris.sk\/?s={search_term_string}\"},\"query-input\":{\"@type\":\"PropertyValueSpecification\",\"valueRequired\":true,\"valueName\":\"search_term_string\"}}],\"inLanguage\":\"pl-PL\"}]}<\/script>\n<!-- \/ Yoast SEO Premium plugin. -->","yoast_head_json":{"title":"Mikul\u00e1\u0161 Moyzes - OOCR \u0160ari\u0161","description":"Mikul\u00e1\u0161 Moyzes je d\u00f4le\u017eit\u00e1 osobnos\u0165 hudobnej sc\u00e9ny. Bol v\u00fdznamn\u00fdm dirigentom, skladate\u013eom, organistom a umelcom.","robots":{"index":"index","follow":"follow","max-snippet":"max-snippet:-1","max-image-preview":"max-image-preview:large","max-video-preview":"max-video-preview:-1"},"canonical":"https:\/\/www.regionsaris.sk\/pl\/vyznamna-tvar\/mikulas-moyzes\/","og_locale":"pl_PL","og_type":"article","og_title":"Mikul\u00e1\u0161 Moyzes","og_description":"Mikul\u00e1\u0161 Moyzes je d\u00f4le\u017eit\u00e1 osobnos\u0165 hudobnej sc\u00e9ny. Bol v\u00fdznamn\u00fdm dirigentom, skladate\u013eom, organistom a umelcom.","og_url":"https:\/\/www.regionsaris.sk\/pl\/vyznamna-tvar\/mikulas-moyzes\/","og_site_name":"OOCR \u0160ari\u0161","article_modified_time":"2026-04-01T10:12:22+00:00","og_image":[{"width":500,"height":500,"url":"https:\/\/www.regionsaris.sk\/wp-content\/uploads\/2026\/03\/mikulas-moyzes-vyznamne-tvare-regionu-oocrrs.jpg","type":"image\/jpeg"}],"twitter_card":"summary_large_image","twitter_misc":{"Est. reading time":"2 minuty"},"schema":{"@context":"https:\/\/schema.org","@graph":[{"@type":"WebPage","@id":"https:\/\/www.regionsaris.sk\/vyznamna-tvar\/mikulas-moyzes\/","url":"https:\/\/www.regionsaris.sk\/vyznamna-tvar\/mikulas-moyzes\/","name":"Mikul\u00e1\u0161 Moyzes - OOCR \u0160ari\u0161","isPartOf":{"@id":"https:\/\/www.regionsaris.sk\/#website"},"primaryImageOfPage":{"@id":"https:\/\/www.regionsaris.sk\/vyznamna-tvar\/mikulas-moyzes\/#primaryimage"},"image":{"@id":"https:\/\/www.regionsaris.sk\/vyznamna-tvar\/mikulas-moyzes\/#primaryimage"},"thumbnailUrl":"https:\/\/www.regionsaris.sk\/wp-content\/uploads\/2026\/03\/mikulas-moyzes-vyznamne-tvare-regionu-oocrrs.jpg","datePublished":"2026-03-20T08:43:05+00:00","dateModified":"2026-04-01T10:12:22+00:00","description":"Mikul\u00e1\u0161 Moyzes je d\u00f4le\u017eit\u00e1 osobnos\u0165 hudobnej sc\u00e9ny. Bol v\u00fdznamn\u00fdm dirigentom, skladate\u013eom, organistom a umelcom.","breadcrumb":{"@id":"https:\/\/www.regionsaris.sk\/vyznamna-tvar\/mikulas-moyzes\/#breadcrumb"},"inLanguage":"pl-PL","potentialAction":[{"@type":"ReadAction","target":["https:\/\/www.regionsaris.sk\/vyznamna-tvar\/mikulas-moyzes\/"]}]},{"@type":"ImageObject","inLanguage":"pl-PL","@id":"https:\/\/www.regionsaris.sk\/vyznamna-tvar\/mikulas-moyzes\/#primaryimage","url":"https:\/\/www.regionsaris.sk\/wp-content\/uploads\/2026\/03\/mikulas-moyzes-vyznamne-tvare-regionu-oocrrs.jpg","contentUrl":"https:\/\/www.regionsaris.sk\/wp-content\/uploads\/2026\/03\/mikulas-moyzes-vyznamne-tvare-regionu-oocrrs.jpg","width":500,"height":500},{"@type":"BreadcrumbList","@id":"https:\/\/www.regionsaris.sk\/vyznamna-tvar\/mikulas-moyzes\/#breadcrumb","itemListElement":[{"@type":"ListItem","position":1,"name":"Domov","item":"https:\/\/www.regionsaris.sk\/"},{"@type":"ListItem","position":2,"name":"V\u00fdznamn\u00e9 tv\u00e1re regi\u00f3nu","item":"https:\/\/www.regionsaris.sk\/vyznamne-tvare-regionu\/"},{"@type":"ListItem","position":3,"name":"Mikul\u00e1\u0161 Moyzes"}]},{"@type":"WebSite","@id":"https:\/\/www.regionsaris.sk\/#website","url":"https:\/\/www.regionsaris.sk\/","name":"OOCR \u0160ari\u0161","description":"","potentialAction":[{"@type":"SearchAction","target":{"@type":"EntryPoint","urlTemplate":"https:\/\/www.regionsaris.sk\/?s={search_term_string}"},"query-input":{"@type":"PropertyValueSpecification","valueRequired":true,"valueName":"search_term_string"}}],"inLanguage":"pl-PL"}]}},"_links":{"self":[{"href":"https:\/\/www.regionsaris.sk\/pl\/wp-json\/wp\/v2\/vyznamna-tvar\/4062","targetHints":{"allow":["GET"]}}],"collection":[{"href":"https:\/\/www.regionsaris.sk\/pl\/wp-json\/wp\/v2\/vyznamna-tvar"}],"about":[{"href":"https:\/\/www.regionsaris.sk\/pl\/wp-json\/wp\/v2\/types\/vyznamna-tvar"}],"wp:featuredmedia":[{"embeddable":true,"href":"https:\/\/www.regionsaris.sk\/pl\/wp-json\/wp\/v2\/media\/4277"}],"wp:attachment":[{"href":"https:\/\/www.regionsaris.sk\/pl\/wp-json\/wp\/v2\/media?parent=4062"}],"wp:term":[{"taxonomy":"kategoria-vyznamnych-tvari","embeddable":true,"href":"https:\/\/www.regionsaris.sk\/pl\/wp-json\/wp\/v2\/kategoria-vyznamnych-tvari?post=4062"},{"taxonomy":"oblast-posobenia","embeddable":true,"href":"https:\/\/www.regionsaris.sk\/pl\/wp-json\/wp\/v2\/oblast-posobenia?post=4062"}],"curies":[{"name":"wp","href":"https:\/\/api.w.org\/{rel}","templated":true}]}}

Mikuláš Moyzes

<p>Urodził się w rodzinie nauczyciela w Zvolenskej Slatinie 6 grudnia 1872 roku. Już w dzieciństwie uczył się gry na fortepianie i organach. Ukończył instytut nauczycielski w Kláštorze pod Znievom i zdał państwowe egzaminy muzyczne w Węgierskiej Akademii Królewskiej w Budapeszcie. Pracował jako organista i profesor muzyki w Jagr, Veľký Varadin, Čurgov i Kláštor pod Znievom.&nbsp;</p>



<p>W 1908 r. osiadł w Preszowie i został profesorem muzyki i języka słowackiego w Węgierskim Królewskim Państwowym Gimnazjum Nauczycielskim. Od 1919 r. Moyzes był pierwszym słowackim administratorem tej szkoły i przewodniczącym komitetu administracyjnego powiatu Šariš. W 1920 r. był jednym z członków założycieli lokalnego oddziału Macierzy Słowackiej. Jednocześnie był administratorem i profesorem w miejskiej szkole muzycznej, a w latach 1921-1929 także jej dyrektorem.</p>



<p>Moyzes stał się odnoszącym sukcesy kompozytorem, artystą koncertowym, chórmistrzem i dyrygentem chórów świeckich i kościelnych. Był pionierem realistycznych tendencji w muzyce słowackiej i prekursorem słowackiego modernizmu muzycznego. Skomponował Missa solemnis in C, Missa d-moll, Little Highland Symphony, Ctibora, Christmas Carol, Orphans, Forest Maiden, Devil's River i kompozycję orkiestrową Our Slovakia.&nbsp;</p>



<p>Napisał kilka podręczników dla słowackich szkół: muzyczno-teoretyczny, szkolny śpiewnik dla słowackich przedszkoli i szkół ludowych oraz małą szkołę śpiewu. Aranżował słowackie pieśni ludowe, zwłaszcza z okolic rodzinnego Zwolenia i Szarisza. Zmarł w Preszowie 2 kwietnia 1944 r. i został pochowany na miejscowym cmentarzu. Jedna z podstawowych szkół artystycznych nosi jego imię.</p>



<p><strong>Źródło: </strong>Biblioteka Wojewódzka P. O. Hviezdoslava w Preszowie; Mikroprojekt.<br><strong>Źródło zdjęcia:</strong> Autor Presov Słowacja 1227.JPG: Ing.Mgr. Mathuzalem - Presov Slovakia 1227.JPG, CC BY 3.0, https://commons.wikimedia.org/w/index.php?curid=16691032</p>



<p></p>

<!-- This site is optimized with the Yoast SEO Premium plugin v26.3 (Yoast SEO v26.8) - https://yoast.com/product/yoast-seo-premium-wordpress/ -->
<title>Mikuláš Moyzes - OOCR Šariš</title>
<meta name="description" content="Mikuláš Moyzes je dôležitá osobnosť hudobnej scény. Bol významným dirigentom, skladateľom, organistom a umelcom." />
<meta name="robots" content="index, follow, max-snippet:-1, max-image-preview:large, max-video-preview:-1" />
<link rel="canonical" href="https://www.regionsaris.sk/pl/vyznamna-tvar/mikulas-moyzes/" />
<meta property="og:locale" content="pl_PL" />
<meta property="og:type" content="article" />
<meta property="og:title" content="Mikuláš Moyzes" />
<meta property="og:description" content="Mikuláš Moyzes je dôležitá osobnosť hudobnej scény. Bol významným dirigentom, skladateľom, organistom a umelcom." />
<meta property="og:url" content="https://www.regionsaris.sk/pl/vyznamna-tvar/mikulas-moyzes/" />
<meta property="og:site_name" content="OOCR Šariš" />
<meta property="article:modified_time" content="2026-04-01T10:12:22+00:00" />
<meta property="og:image" content="https://www.regionsaris.sk/wp-content/uploads/2026/03/mikulas-moyzes-vyznamne-tvare-regionu-oocrrs.jpg" />
	<meta property="og:image:width" content="500" />
	<meta property="og:image:height" content="500" />
	<meta property="og:image:type" content="image/jpeg" />
<meta name="twitter:card" content="summary_large_image" />
<meta name="twitter:label1" content="Est. reading time" />
	<meta name="twitter:data1" content="2 minuty" />
<script type="application/ld+json" class="yoast-schema-graph">{"@context":"https://schema.org","@graph":[{"@type":"WebPage","@id":"https://www.regionsaris.sk/vyznamna-tvar/mikulas-moyzes/","url":"https://www.regionsaris.sk/vyznamna-tvar/mikulas-moyzes/","name":"Mikuláš Moyzes - OOCR Šariš","isPartOf":{"@id":"https://www.regionsaris.sk/#website"},"primaryImageOfPage":{"@id":"https://www.regionsaris.sk/vyznamna-tvar/mikulas-moyzes/#primaryimage"},"image":{"@id":"https://www.regionsaris.sk/vyznamna-tvar/mikulas-moyzes/#primaryimage"},"thumbnailUrl":"https://www.regionsaris.sk/wp-content/uploads/2026/03/mikulas-moyzes-vyznamne-tvare-regionu-oocrrs.jpg","datePublished":"2026-03-20T08:43:05+00:00","dateModified":"2026-04-01T10:12:22+00:00","description":"Mikuláš Moyzes je dôležitá osobnosť hudobnej scény. Bol významným dirigentom, skladateľom, organistom a umelcom.","breadcrumb":{"@id":"https://www.regionsaris.sk/vyznamna-tvar/mikulas-moyzes/#breadcrumb"},"inLanguage":"pl-PL","potentialAction":[{"@type":"ReadAction","target":["https://www.regionsaris.sk/vyznamna-tvar/mikulas-moyzes/"]}]},{"@type":"ImageObject","inLanguage":"pl-PL","@id":"https://www.regionsaris.sk/vyznamna-tvar/mikulas-moyzes/#primaryimage","url":"https://www.regionsaris.sk/wp-content/uploads/2026/03/mikulas-moyzes-vyznamne-tvare-regionu-oocrrs.jpg","contentUrl":"https://www.regionsaris.sk/wp-content/uploads/2026/03/mikulas-moyzes-vyznamne-tvare-regionu-oocrrs.jpg","width":500,"height":500},{"@type":"BreadcrumbList","@id":"https://www.regionsaris.sk/vyznamna-tvar/mikulas-moyzes/#breadcrumb","itemListElement":[{"@type":"ListItem","position":1,"name":"Domov","item":"https://www.regionsaris.sk/"},{"@type":"ListItem","position":2,"name":"Významné tváre regiónu","item":"https://www.regionsaris.sk/vyznamne-tvare-regionu/"},{"@type":"ListItem","position":3,"name":"Mikuláš Moyzes"}]},{"@type":"WebSite","@id":"https://www.regionsaris.sk/#website","url":"https://www.regionsaris.sk/","name":"OOCR Šariš","description":"","potentialAction":[{"@type":"SearchAction","target":{"@type":"EntryPoint","urlTemplate":"https://www.regionsaris.sk/?s={search_term_string}"},"query-input":{"@type":"PropertyValueSpecification","valueRequired":true,"valueName":"search_term_string"}}],"inLanguage":"pl-PL"}]}</script>
<!-- / Yoast SEO Premium plugin. -->

Mikuláš Moyzes - OOCR Šariš

Mikuláš Moyzes je dôležitá osobnosť hudobnej scény. Bol významným dirigentom, skladateľom, organistom a umelcom.

OOCR Šariš

Významné tváre regiónu
