{"id":6189,"date":"2026-09-04T12:41:41","date_gmt":"2026-09-04T11:41:41","guid":{"rendered":"https:\/\/www.regionsaris.sk\/?post_type=prirodne-krasy&#038;p=6189"},"modified":"2026-09-04T12:41:41","modified_gmt":"2026-09-04T11:41:41","slug":"vrchol-lysa","status":"publish","type":"prirodne-krasy","link":"https:\/\/www.regionsaris.sk\/pl\/prirodne-krasy\/vrchol-lysa\/","title":{"rendered":"Szczyt Lys\u00e1"},"content":{"rendered":"<p class=\"wp-block-paragraph\"><strong>Lys\u00e1 ko\u0142o Drienicy<\/strong>\u00a0nale\u017cy do najbardziej znanych szczyt\u00f3w turystycznych <a href=\"https:\/\/pohoriecergov.sk\" target=\"_blank\" rel=\"noopener\">pasmo g\u00f3rskie \u010cergov<\/a> a jednocze\u015bnie do najpopularniejszych miejsc wycieczkowych w okolicy <a href=\"https:\/\/www.regionsaris.sk\/pl\/lokalita\/sabinov-a-okolie\/\" data-type=\"lokalita\" data-id=\"27\">Sabinova<\/a> a <a href=\"https:\/\/www.regionsaris.sk\/pl\/lokalita\/mesto-presov\/\" data-type=\"lokalita\" data-id=\"26\">Presz\u00f3w<\/a>. Szczyt osi\u0105ga wysoko\u015b\u0107 nad poziomem morza\u00a0<strong>1 067,9 m n.p.m.<\/strong>\u00a0i jest najbardziej wysuni\u0119tym na po\u0142udnie szczytem o wysoko\u015bci ponad 1000 m w pa\u015bmie \u010cergov. Znajduje si\u0119 na bocznym grzbiecie, kt\u00f3ry rozci\u0105ga si\u0119 na po\u0142udniowy zach\u00f3d od prze\u0142\u0119czy \u010cergov, na terenie gmin Drienica i Olejn\u00edkov.\u00a0<\/p>\n\n\n\n<h2 class=\"wp-block-heading\">Widoki ze szczytu Lys\u00e1<\/h2>\n\n\n\n<p class=\"wp-block-paragraph\">Jedn\u0105 z g\u0142\u00f3wnych atrakcji jest&nbsp;<strong>panoramiczny widok na pasmo g\u00f3rskie \u010cergov i okoliczne tereny g\u00f3rskie<\/strong>. Ze szczytu wida\u0107 g\u0142\u00f3wny grzbiet Czergowy, Wielk\u0105 Javorin\u0119 i Min\u010dol. Przy dobrej widoczno\u015bci w oddali wida\u0107 nawet Tatry. Na p\u00f3\u0142nocy rozci\u0105ga si\u0119 widok na grzbiet g\u00f3rski w okolicy Wielkiej Javoriny.&nbsp;<\/p>\n\n\n\n<p class=\"wp-block-paragraph\">Szczyt ten stanowi jednocze\u015bnie ciekawe po\u0142\u0105czenie naturalnego krajobrazu z pozosta\u0142o\u015bciami wieloletniego wykorzystania tego miejsca do cel\u00f3w rekreacyjnych i uprawiania sport\u00f3w zimowych. W jego pobli\u017cu znajduj\u0105 si\u0119 obiekty techniczne o\u015brodka narciarskiego oraz g\u00f3rna stacja wyci\u0105gu.<\/p>\n\n\n\n<h2 class=\"wp-block-heading\">W\u0119dr\u00f3wka na Lys\u0105<\/h2>\n\n\n\n<p class=\"wp-block-paragraph\">Na Lys\u0105 prowadzi kilka szlak\u00f3w turystycznych. Z&nbsp;<strong>Drienice<\/strong>&nbsp;Do prze\u0142\u0119czy Lys\u00e1 prowadzi asfaltowa droga, a z prze\u0142\u0119czy na szczyt biegnie zielony szlak turystyczny. Na szczyt mo\u017cna si\u0119 dosta\u0107 r\u00f3wnie\u017c od strony prze\u0142\u0119czy \u010cergov. Z o\u015brodka narciarskiego Drienica na Lys\u0105 prowadzi niebieski szlak turystyczny.&nbsp;<\/p>\n\n\n\n<p class=\"wp-block-paragraph\">Wspinaczka na Lys\u0105 nie jest trudna, a okolica nadaje si\u0119 na wycieczki przez ca\u0142y rok. Latem jest to popularny cel wycieczek pieszych i rowerowych, natomiast zim\u0105 okolica kojarzy si\u0119 przede wszystkim ze sportami zimowymi.\u00a0<\/p>\n\n\n\n<h2 class=\"wp-block-heading\">O\u015brodek narciarski Lys\u00e1 i atrakcje w okolicy<\/h2>\n\n\n\n<p class=\"wp-block-paragraph\">Szczyt Lys\u00e1 stanowi cz\u0119\u015b\u0107 kompleksu rekreacyjno-sportowego&nbsp;<strong>Drienica \u2013 Lys\u00e1<\/strong>, po\u0142o\u017cony u podn\u00f3\u017ca po\u0142udniowych zboczy \u010cergova. O\u015brodek narciarski oferuje mo\u017cliwo\u015bci sp\u0119dzania czasu w zimie, a w okolicy dost\u0119pne s\u0105 r\u00f3wnie\u017c trasy turystyczne, rowerowe, do narciarstwa biegowego czy skialpinizmu.&nbsp;<\/p>\n\n\n\n<p class=\"wp-block-paragraph\">W pobli\u017cu szczytu znajduje si\u0119 r\u00f3wnie\u017c&nbsp;<strong>Kamienny o\u0142tarz<\/strong>, do kt\u00f3rego prowadzi zielony szlak. Oko\u0142o 250 metr\u00f3w od szczytu stoi kaplica po\u015bwi\u0119cona Przemienieniu Pa\u0144skiemu, wzniesiona przy Kamieniu O\u0142tarzowym w 2001 roku.&nbsp;<\/p>\n\n\n\n<h2 class=\"wp-block-heading\">Nowe atrakcje na \u0141ysej<\/h2>\n\n\n\n<p class=\"wp-block-paragraph\">W ostatnich latach Lys\u00e1 rozwija si\u0119 r\u00f3wnie\u017c jako miejsce turystyki rodzinnej i przygodowej. W czerwcu 2026 roku przy szczycie otwarto\u00a0<strong><a href=\"https:\/\/www.regionsaris.sk\/pl\/pre-rodiny\/zabavno-naucny-chodnik-cergov\/\" data-type=\"pre-rodiny\" data-id=\"5093\">\u015bcie\u017cka edukacyjno-rekreacyjna \u010cergov<\/a><\/strong>. Trasa o d\u0142ugo\u015bci oko\u0142o jednego kilometra prowadzi przez las, a dzi\u0119ki elementom zabawowym przybli\u017ca zwiedzaj\u0105cym histori\u0119 pasterza \u010cergova, lokalne tradycje i symbole, takie jak sala\u0161 czy wilcza nora.\u00a0<\/p>\n\n\n\n<p class=\"wp-block-paragraph\">Lys\u00e1 pri Drienici stanowi zatem atrakcyjny cel jednodniowej wycieczki, \u0142\u0105cz\u0105cej g\u00f3rskie krajobrazy, widoki, szlaki turystyczne oraz ca\u0142oroczne mo\u017cliwo\u015bci aktywnego wypoczynku.<\/p>\n\n\n\n<p class=\"wp-block-paragraph\">\u0179r\u00f3d\u0142o: OOCR R\u0160<br>\u0179r\u00f3d\u0142o zdj\u0119\u0107: OOCR R\u0160<\/p>","protected":false},"featured_media":6190,"template":"","meta":{"_acf_changed":true},"kategoria-poi":[276,100,102,175,107],"lokalita":[27],"sezona-poi":[12],"trvanie-vyletu":[180,194],"class_list":["post-6189","prirodne-krasy","type-prirodne-krasy","status-publish","has-post-thumbnail","hentry","kategoria-poi-naucny-chodnik","kategoria-poi-pre-rodiny","kategoria-poi-prirodne-krasy","kategoria-poi-sporty","kategoria-poi-turistika","lokalita-sabinov-a-okolie","sezona-poi-celorocne","trvanie-vyletu-poldenne-vylety","trvanie-vyletu-skolske-vylety"],"acf":[],"_links":{"self":[{"href":"https:\/\/www.regionsaris.sk\/pl\/wp-json\/wp\/v2\/prirodne-krasy\/6189","targetHints":{"allow":["GET"]}}],"collection":[{"href":"https:\/\/www.regionsaris.sk\/pl\/wp-json\/wp\/v2\/prirodne-krasy"}],"about":[{"href":"https:\/\/www.regionsaris.sk\/pl\/wp-json\/wp\/v2\/types\/prirodne-krasy"}],"wp:featuredmedia":[{"embeddable":true,"href":"https:\/\/www.regionsaris.sk\/pl\/wp-json\/wp\/v2\/media\/6190"}],"wp:attachment":[{"href":"https:\/\/www.regionsaris.sk\/pl\/wp-json\/wp\/v2\/media?parent=6189"}],"wp:term":[{"taxonomy":"kategoria-poi","embeddable":true,"href":"https:\/\/www.regionsaris.sk\/pl\/wp-json\/wp\/v2\/kategoria-poi?post=6189"},{"taxonomy":"lokalita","embeddable":true,"href":"https:\/\/www.regionsaris.sk\/pl\/wp-json\/wp\/v2\/lokalita?post=6189"},{"taxonomy":"sezona-poi","embeddable":true,"href":"https:\/\/www.regionsaris.sk\/pl\/wp-json\/wp\/v2\/sezona-poi?post=6189"},{"taxonomy":"trvanie-vyletu","embeddable":true,"href":"https:\/\/www.regionsaris.sk\/pl\/wp-json\/wp\/v2\/trvanie-vyletu?post=6189"}],"curies":[{"name":"wp","href":"https:\/\/api.w.org\/{rel}","templated":true}]}}

Szczyt Lysá

<p class="wp-block-paragraph"><strong>Lysá koło Drienicy</strong> należy do najbardziej znanych szczytów turystycznych <a href="https://pohoriecergov.sk" target="_blank" rel="noopener">pasmo górskie Čergov</a> a jednocześnie do najpopularniejszych miejsc wycieczkowych w okolicy <a href="https://www.regionsaris.sk/pl/lokalita/sabinov-a-okolie/" data-type="lokalita" data-id="27">Sabinova</a> a <a href="https://www.regionsaris.sk/pl/lokalita/mesto-presov/" data-type="lokalita" data-id="26">Preszów</a>. Szczyt osiąga wysokość nad poziomem morza <strong>1 067,9 m n.p.m.</strong> i jest najbardziej wysuniętym na południe szczytem o wysokości ponad 1000 m w paśmie Čergov. Znajduje się na bocznym grzbiecie, który rozciąga się na południowy zachód od przełęczy Čergov, na terenie gmin Drienica i Olejníkov. </p>



<h2 class="wp-block-heading">Widoki ze szczytu Lysá</h2>



<p class="wp-block-paragraph">Jedną z głównych atrakcji jest&nbsp;<strong>panoramiczny widok na pasmo górskie Čergov i okoliczne tereny górskie</strong>. Ze szczytu widać główny grzbiet Czergowy, Wielką Javorinę i Minčol. Przy dobrej widoczności w oddali widać nawet Tatry. Na północy rozciąga się widok na grzbiet górski w okolicy Wielkiej Javoriny.&nbsp;</p>



<p class="wp-block-paragraph">Szczyt ten stanowi jednocześnie ciekawe połączenie naturalnego krajobrazu z pozostałościami wieloletniego wykorzystania tego miejsca do celów rekreacyjnych i uprawiania sportów zimowych. W jego pobliżu znajdują się obiekty techniczne ośrodka narciarskiego oraz górna stacja wyciągu.</p>



<h2 class="wp-block-heading">Wędrówka na Lysą</h2>



<p class="wp-block-paragraph">Na Lysą prowadzi kilka szlaków turystycznych. Z&nbsp;<strong>Drienice</strong>&nbsp;Do przełęczy Lysá prowadzi asfaltowa droga, a z przełęczy na szczyt biegnie zielony szlak turystyczny. Na szczyt można się dostać również od strony przełęczy Čergov. Z ośrodka narciarskiego Drienica na Lysą prowadzi niebieski szlak turystyczny.&nbsp;</p>



<p class="wp-block-paragraph">Wspinaczka na Lysą nie jest trudna, a okolica nadaje się na wycieczki przez cały rok. Latem jest to popularny cel wycieczek pieszych i rowerowych, natomiast zimą okolica kojarzy się przede wszystkim ze sportami zimowymi. </p>



<h2 class="wp-block-heading">Ośrodek narciarski Lysá i atrakcje w okolicy</h2>



<p class="wp-block-paragraph">Szczyt Lysá stanowi część kompleksu rekreacyjno-sportowego&nbsp;<strong>Drienica – Lysá</strong>, położony u podnóża południowych zboczy Čergova. Ośrodek narciarski oferuje możliwości spędzania czasu w zimie, a w okolicy dostępne są również trasy turystyczne, rowerowe, do narciarstwa biegowego czy skialpinizmu.&nbsp;</p>



<p class="wp-block-paragraph">W pobliżu szczytu znajduje się również&nbsp;<strong>Kamienny ołtarz</strong>, do którego prowadzi zielony szlak. Około 250 metrów od szczytu stoi kaplica poświęcona Przemienieniu Pańskiemu, wzniesiona przy Kamieniu Ołtarzowym w 2001 roku.&nbsp;</p>



<h2 class="wp-block-heading">Nowe atrakcje na Łysej</h2>



<p class="wp-block-paragraph">W ostatnich latach Lysá rozwija się również jako miejsce turystyki rodzinnej i przygodowej. W czerwcu 2026 roku przy szczycie otwarto <strong><a href="https://www.regionsaris.sk/pl/pre-rodiny/zabavno-naucny-chodnik-cergov/" data-type="pre-rodiny" data-id="5093">ścieżka edukacyjno-rekreacyjna Čergov</a></strong>. Trasa o długości około jednego kilometra prowadzi przez las, a dzięki elementom zabawowym przybliża zwiedzającym historię pasterza Čergova, lokalne tradycje i symbole, takie jak salaš czy wilcza nora. </p>



<p class="wp-block-paragraph">Lysá pri Drienici stanowi zatem atrakcyjny cel jednodniowej wycieczki, łączącej górskie krajobrazy, widoki, szlaki turystyczne oraz całoroczne możliwości aktywnego wypoczynku.</p>



<p class="wp-block-paragraph">Źródło: OOCR RŠ<br>Źródło zdjęć: OOCR RŠ</p>
