{"id":6167,"date":"2026-09-04T09:48:46","date_gmt":"2026-09-04T08:48:46","guid":{"rendered":"https:\/\/www.regionsaris.sk\/?post_type=pre-rodiny&#038;p=6167"},"modified":"2026-09-04T09:48:47","modified_gmt":"2026-09-04T08:48:47","slug":"obria-hojdacka-buce","status":"publish","type":"pre-rodiny","link":"https:\/\/www.regionsaris.sk\/pl\/pre-rodiny\/obria-hojdacka-buce\/","title":{"rendered":"Gigantyczna hu\u015btawka w B\u00fa\u010de"},"content":{"rendered":"<p class=\"wp-block-paragraph\"><strong>Gigantyczna hu\u015btawka w Bu\u010de<\/strong>&nbsp;jest nowym punktem turystycznym w pa\u015bmie g\u00f3rskim Bachure\u0148, kt\u00f3ry \u0142\u0105czy odpoczynek podczas w\u0119dr\u00f3wki z widokami na okoliczne pasma g\u00f3rskie. Znajduje si\u0119 w prze\u0142\u0119czy Bu\u010de, niedaleko krzy\u017ca nad miejscowo\u015bci\u0105 Ren\u010di\u0161ov \u2013 Bu\u010de, oko\u0142o 700 metr\u00f3w od szczytu&nbsp;<strong>Bu\u010de, po\u0142o\u017cone na wysoko\u015bci 1005 metr\u00f3w n.p.m.<\/strong>.<\/p>\n\n\n\n<p class=\"wp-block-paragraph\">Hu\u015btawka stoi na otwartym, g\u00f3rskim terenie o charakterze \u0142\u0105kowym, dzi\u0119ki czemu zapewnia rozleg\u0142e widoki na okolic\u0119. Stanowi jednocze\u015bnie wyra\u017any punkt orientacyjny i miejsce do robienia zdj\u0119\u0107 na szlakach turystycznych prowadz\u0105cych przez Bachure\u0144.<\/p>\n\n\n\n<h2 class=\"wp-block-heading\">Ogromna drewniana hu\u015btawka<\/h2>\n\n\n\n<p class=\"wp-block-paragraph\">Drewniana hu\u015btawka ma wysoko\u015b\u0107 oko\u0142o&nbsp;<strong>pi\u0119\u0107 metr\u00f3w<\/strong>&nbsp;i mo\u017ce z niej korzysta\u0107 jednocze\u015bnie nawet pi\u0119\u0107 os\u00f3b. G\u0142\u00f3wne siedzisko jest wyposa\u017cone w oparcie, a po jego bokach znajduj\u0105 si\u0119 dwa mniejsze siedziska.<\/p>\n\n\n\n<p class=\"wp-block-paragraph\">Jej lokalizacja uwzgl\u0119dnia naturalny charakter tego miejsca i stanowi idealne miejsce na kr\u00f3tk\u0105 przerw\u0119 podczas w\u0119dr\u00f3wki pieszej lub rowerowej. Dzi\u0119ki swoim rozmiarom hu\u015btawka jest widoczna ju\u017c z du\u017cej odleg\u0142o\u015bci i w naturalny spos\u00f3b uzupe\u0142nia infrastruktur\u0119 turystyczn\u0105 w tej cz\u0119\u015bci pasma g\u00f3rskiego.<\/p>\n\n\n\n<h2 class=\"wp-block-heading\">Widoki z miejscowo\u015bci Bu\u010de<\/h2>\n\n\n\n<p class=\"wp-block-paragraph\">Jedn\u0105 z najwi\u0119kszych atrakcji tego miejsca jest\u00a0<strong>widok na okoliczne pasma g\u00f3rskie<\/strong>. Z otwartych, poro\u015bni\u0119tych \u0142\u0105kami zboczy mo\u017cna podziwia\u0107 na przyk\u0142ad Branisko, wschodni\u0105 cz\u0119\u015b\u0107 Niskich Tatr, Tatry Bielskie, <a href=\"https:\/\/pohoriecergov.sk\" target=\"_blank\" rel=\"noopener\">Czergow<\/a> lub <a href=\"https:\/\/slanskevrchy.com\" target=\"_blank\" rel=\"noopener\">Slansk\u00e9 vrchy<\/a>.<\/p>\n\n\n\n<p class=\"wp-block-paragraph\">Najpi\u0119kniejsze widoki rozci\u0105gaj\u0105 si\u0119 w\u0142a\u015bnie z odcink\u00f3w grzbietowych, dlatego warto po\u0142\u0105czy\u0107 wizyt\u0119 na hu\u015btawce z dalsz\u0105 w\u0119dr\u00f3wk\u0105 szlakiem turystycznym i nie poprzesta\u0107 wy\u0142\u0105cznie na samym punkcie widokowym.<\/p>\n\n\n\n<h2 class=\"wp-block-heading\">Jak dotrze\u0107 do hu\u015btawki Bu\u010de<\/h2>\n\n\n\n<p class=\"wp-block-paragraph\">Do hu\u015btawki prowadzi kilka szlak\u00f3w turystycznych. Jedn\u0105 z opcji jest&nbsp;<strong>trasa z Lipoviec wzd\u0142u\u017c \u017c\u00f3\u0142tego znaku turystycznego<\/strong>, kt\u00f3ra ma nieca\u0142e trzy kilometry d\u0142ugo\u015bci i pokonuje r\u00f3\u017cnic\u0119 wysoko\u015bci oko\u0142o 360 metr\u00f3w. Wej\u015bcie zajmuje oko\u0142o p\u00f3\u0142torej godziny.<\/p>\n\n\n\n<p class=\"wp-block-paragraph\">Inne mo\u017cliwo\u015bci oferuj\u0105 trasy z&nbsp;<strong>La\u010dnova, Ren\u010di\u0161ova lub Hermanoviec<\/strong>. Rowerzy\u015bci mog\u0105 skorzysta\u0107 na przyk\u0142ad z zielonej trasy rowerowej z La\u010dnova lub z d\u0142u\u017cszej trasy prowadz\u0105cej czerwonym szlakiem przez prze\u0142\u0119cz Magura.<\/p>\n\n\n\n<p class=\"wp-block-paragraph\">Zalet\u0105 tej lokalizacji jest mo\u017cliwo\u015b\u0107 zaplanowania wycieczki z r\u00f3\u017cnych kierunk\u00f3w i po\u0142\u0105czenia wizyty na hu\u015btawce z odwiedzinami innych miejsc w pa\u015bmie g\u00f3rskim Bachure\u0148.<\/p>\n\n\n\n<h2 class=\"wp-block-heading\">Hu\u015btawka jako element szlaku turystycznego<\/h2>\n\n\n\n<p class=\"wp-block-paragraph\">Gigantyczna hu\u015btawka w Bu\u010de nie jest celem samym w sobie, ale przede wszystkim&nbsp;<strong>przystankiem na szlaku turystycznym<\/strong>. Z tej okolicy mo\u017cna uda\u0107 si\u0119 na przyk\u0142ad w kierunku&nbsp;<strong>Mind\u017eov\u00e1 i wie\u017ca widokowa Mind\u017eov\u00e1<\/strong>, kt\u00f3ra osi\u0105ga wysoko\u015b\u0107 13,5 metra i znajduje si\u0119 przy schronisku Chot\u00e1rna.<\/p>\n\n\n\n<p class=\"wp-block-paragraph\">Inn\u0105 opcj\u0105 jest kontynuowanie w\u0119dr\u00f3wki przez prze\u0142\u0119cz Magura lub w kierunku La\u010dnova. Tras\u0119 mo\u017cna nast\u0119pnie przed\u0142u\u017cy\u0107 o\u00a0<a href=\"https:\/\/www.regionsaris.sk\/pl\/prirodne-krasy\/lacnovska-tiesnava\/\" data-type=\"prirodne-krasy\" data-id=\"2772\">Kanion w La\u010dnovie<\/a>, <a href=\"https:\/\/www.regionsaris.sk\/pl\/prirodne-krasy\/lacnovska-anomalia\/\" data-type=\"prirodne-krasy\" data-id=\"2774\">Anomalia grawitacyjna w La\u010dnovie<\/a>, <a href=\"https:\/\/www.regionsaris.sk\/pl\/prirodne-krasy\/vyhliadka-srdiecko-lipovce\/\" data-type=\"prirodne-krasy\" data-id=\"3005\">punkt widokowy \u201eSrdie\u010dko\u201d<\/a> lub <a href=\"https:\/\/www.regionsaris.sk\/pl\/prirodne-krasy\/jaskyna-zla-diera-2\/\" data-type=\"prirodne-krasy\" data-id=\"5971\">jaskini\u0119 Zl\u00e1 diera<\/a>.<\/p>\n\n\n\n<p class=\"wp-block-paragraph\">Gigantyczna hu\u015btawka w Bu\u010de stanowi zatem praktyczny punkt postoju podczas zwiedzania&nbsp;<strong>pasma g\u00f3rskiego Bachure\u0148 i atrakcji przyrodniczych regionu \u0160ari\u0161<\/strong>. Dzi\u0119ki po\u0142\u0105czeniu pi\u0119knych widok\u00f3w, szlak\u00f3w turystycznych i pobliskich obszar\u00f3w przyrodniczych mo\u017cna tu zorganizowa\u0107 zar\u00f3wno kr\u00f3tk\u0105 wycieczk\u0119, jak i d\u0142u\u017csz\u0105 ca\u0142odniow\u0105 w\u0119dr\u00f3wk\u0119.<\/p>\n\n\n\n<p class=\"wp-block-paragraph\">\u0179r\u00f3d\u0142o: Region Pre\u0161ov<br>\u0179r\u00f3d\u0142o zdj\u0119\u0107: Region Pre\u0161ov<\/p>","protected":false},"featured_media":6168,"template":"","meta":{"_acf_changed":true},"kategoria-poi":[100,107,273],"lokalita":[28],"sezona-poi":[13,15,14],"trvanie-vyletu":[180],"class_list":["post-6167","pre-rodiny","type-pre-rodiny","status-publish","has-post-thumbnail","hentry","kategoria-poi-pre-rodiny","kategoria-poi-turistika","kategoria-poi-zaujimavosti","lokalita-presov-a-okolie","sezona-poi-jar","sezona-poi-jesen","sezona-poi-leto","trvanie-vyletu-poldenne-vylety"],"acf":[],"_links":{"self":[{"href":"https:\/\/www.regionsaris.sk\/pl\/wp-json\/wp\/v2\/pre-rodiny\/6167","targetHints":{"allow":["GET"]}}],"collection":[{"href":"https:\/\/www.regionsaris.sk\/pl\/wp-json\/wp\/v2\/pre-rodiny"}],"about":[{"href":"https:\/\/www.regionsaris.sk\/pl\/wp-json\/wp\/v2\/types\/pre-rodiny"}],"wp:featuredmedia":[{"embeddable":true,"href":"https:\/\/www.regionsaris.sk\/pl\/wp-json\/wp\/v2\/media\/6168"}],"wp:attachment":[{"href":"https:\/\/www.regionsaris.sk\/pl\/wp-json\/wp\/v2\/media?parent=6167"}],"wp:term":[{"taxonomy":"kategoria-poi","embeddable":true,"href":"https:\/\/www.regionsaris.sk\/pl\/wp-json\/wp\/v2\/kategoria-poi?post=6167"},{"taxonomy":"lokalita","embeddable":true,"href":"https:\/\/www.regionsaris.sk\/pl\/wp-json\/wp\/v2\/lokalita?post=6167"},{"taxonomy":"sezona-poi","embeddable":true,"href":"https:\/\/www.regionsaris.sk\/pl\/wp-json\/wp\/v2\/sezona-poi?post=6167"},{"taxonomy":"trvanie-vyletu","embeddable":true,"href":"https:\/\/www.regionsaris.sk\/pl\/wp-json\/wp\/v2\/trvanie-vyletu?post=6167"}],"curies":[{"name":"wp","href":"https:\/\/api.w.org\/{rel}","templated":true}]}}

Gigantyczna huśtawka w Búče

<p class="wp-block-paragraph"><strong>Gigantyczna huśtawka w Buče</strong>&nbsp;jest nowym punktem turystycznym w paśmie górskim Bachureň, który łączy odpoczynek podczas wędrówki z widokami na okoliczne pasma górskie. Znajduje się w przełęczy Buče, niedaleko krzyża nad miejscowością Renčišov – Buče, około 700 metrów od szczytu&nbsp;<strong>Buče, położone na wysokości 1005 metrów n.p.m.</strong>.</p>



<p class="wp-block-paragraph">Huśtawka stoi na otwartym, górskim terenie o charakterze łąkowym, dzięki czemu zapewnia rozległe widoki na okolicę. Stanowi jednocześnie wyraźny punkt orientacyjny i miejsce do robienia zdjęć na szlakach turystycznych prowadzących przez Bachureń.</p>



<h2 class="wp-block-heading">Ogromna drewniana huśtawka</h2>



<p class="wp-block-paragraph">Drewniana huśtawka ma wysokość około&nbsp;<strong>pięć metrów</strong>&nbsp;i może z niej korzystać jednocześnie nawet pięć osób. Główne siedzisko jest wyposażone w oparcie, a po jego bokach znajdują się dwa mniejsze siedziska.</p>



<p class="wp-block-paragraph">Jej lokalizacja uwzględnia naturalny charakter tego miejsca i stanowi idealne miejsce na krótką przerwę podczas wędrówki pieszej lub rowerowej. Dzięki swoim rozmiarom huśtawka jest widoczna już z dużej odległości i w naturalny sposób uzupełnia infrastrukturę turystyczną w tej części pasma górskiego.</p>



<h2 class="wp-block-heading">Widoki z miejscowości Buče</h2>



<p class="wp-block-paragraph">Jedną z największych atrakcji tego miejsca jest <strong>widok na okoliczne pasma górskie</strong>. Z otwartych, porośniętych łąkami zboczy można podziwiać na przykład Branisko, wschodnią część Niskich Tatr, Tatry Bielskie, <a href="https://pohoriecergov.sk" target="_blank" rel="noopener">Czergow</a> lub <a href="https://slanskevrchy.com" target="_blank" rel="noopener">Slanské vrchy</a>.</p>



<p class="wp-block-paragraph">Najpiękniejsze widoki rozciągają się właśnie z odcinków grzbietowych, dlatego warto połączyć wizytę na huśtawce z dalszą wędrówką szlakiem turystycznym i nie poprzestać wyłącznie na samym punkcie widokowym.</p>



<h2 class="wp-block-heading">Jak dotrzeć do huśtawki Buče</h2>



<p class="wp-block-paragraph">Do huśtawki prowadzi kilka szlaków turystycznych. Jedną z opcji jest&nbsp;<strong>trasa z Lipoviec wzdłuż żółtego znaku turystycznego</strong>, która ma niecałe trzy kilometry długości i pokonuje różnicę wysokości około 360 metrów. Wejście zajmuje około półtorej godziny.</p>



<p class="wp-block-paragraph">Inne możliwości oferują trasy z&nbsp;<strong>Lačnova, Renčišova lub Hermanoviec</strong>. Rowerzyści mogą skorzystać na przykład z zielonej trasy rowerowej z Lačnova lub z dłuższej trasy prowadzącej czerwonym szlakiem przez przełęcz Magura.</p>



<p class="wp-block-paragraph">Zaletą tej lokalizacji jest możliwość zaplanowania wycieczki z różnych kierunków i połączenia wizyty na huśtawce z odwiedzinami innych miejsc w paśmie górskim Bachureň.</p>



<h2 class="wp-block-heading">Huśtawka jako element szlaku turystycznego</h2>



<p class="wp-block-paragraph">Gigantyczna huśtawka w Buče nie jest celem samym w sobie, ale przede wszystkim&nbsp;<strong>przystankiem na szlaku turystycznym</strong>. Z tej okolicy można udać się na przykład w kierunku&nbsp;<strong>Mindžová i wieża widokowa Mindžová</strong>, która osiąga wysokość 13,5 metra i znajduje się przy schronisku Chotárna.</p>



<p class="wp-block-paragraph">Inną opcją jest kontynuowanie wędrówki przez przełęcz Magura lub w kierunku Lačnova. Trasę można następnie przedłużyć o <a href="https://www.regionsaris.sk/pl/prirodne-krasy/lacnovska-tiesnava/" data-type="prirodne-krasy" data-id="2772">Kanion w Lačnovie</a>, <a href="https://www.regionsaris.sk/pl/prirodne-krasy/lacnovska-anomalia/" data-type="prirodne-krasy" data-id="2774">Anomalia grawitacyjna w Lačnovie</a>, <a href="https://www.regionsaris.sk/pl/prirodne-krasy/vyhliadka-srdiecko-lipovce/" data-type="prirodne-krasy" data-id="3005">punkt widokowy „Srdiečko”</a> lub <a href="https://www.regionsaris.sk/pl/prirodne-krasy/jaskyna-zla-diera-2/" data-type="prirodne-krasy" data-id="5971">jaskinię Zlá diera</a>.</p>



<p class="wp-block-paragraph">Gigantyczna huśtawka w Buče stanowi zatem praktyczny punkt postoju podczas zwiedzania&nbsp;<strong>pasma górskiego Bachureň i atrakcji przyrodniczych regionu Šariš</strong>. Dzięki połączeniu pięknych widoków, szlaków turystycznych i pobliskich obszarów przyrodniczych można tu zorganizować zarówno krótką wycieczkę, jak i dłuższą całodniową wędrówkę.</p>



<p class="wp-block-paragraph">Źródło: Region Prešov<br>Źródło zdjęć: Region Prešov</p>
