{"id":3827,"date":"2026-02-24T12:53:29","date_gmt":"2026-02-24T11:53:29","guid":{"rendered":"https:\/\/www.regionsaris.sk\/?post_type=objavovanie-presova&#038;p=3827"},"modified":"2026-02-24T12:53:30","modified_gmt":"2026-02-24T11:53:30","slug":"jubilejny-rok-v-kostole-sv-mikulasa","status":"publish","type":"objavovanie-presova","link":"https:\/\/www.regionsaris.sk\/pl\/objavovanie-presova\/jubilejny-rok-v-kostole-sv-mikulasa\/","title":{"rendered":"Rok Jubileuszowy w ko\u015bciele \u015bw. Miko\u0142aja"},"content":{"rendered":"<p><em>W Jubileuszowym Roku Nadziei<\/em>&nbsp;jedziemy na jubileusz i b\u0119dziemy \u015bwi\u0119towa\u0107&nbsp;<strong>Katedra \u015bw.<\/strong>, gdzie zako\u0144czymy nasz rok&nbsp;<em>Odkrywanie Preszowa<\/em>&nbsp;Zwiedzanie jednego z najpi\u0119kniejszych p\u00f3\u017anogotyckich s\u0142owackich ko\u015bcio\u0142\u00f3w, uko\u0144czonego 510 lat temu przez mistrza J\u00e1na Brengyszeina.<\/p>\n\n\n\n<p>Zobaczymy nie tylko imponuj\u0105cy wygl\u0105d zewn\u0119trzny, ale tak\u017ce wn\u0119trze z imponuj\u0105cym o\u0142tarzem g\u0142\u00f3wnym, obrazami panelowymi, witra\u017cami, oratoriami i dwoma organami. Histori\u0119 jednego z najstarszych zabytk\u00f3w miasta i podobie\u0144stwo jego tw\u00f3rcy mo\u017cna pozna\u0107 w niedziel\u0119&nbsp;<strong>14 grudnia 2025 r. o godz. 14:00*.&nbsp;<\/strong>Spotkamy si\u0119 przed Centrum Informacji Turystycznej na Hlavnej 67 w Preszowie.&nbsp;<\/p>\n\n\n\n<p>Akompaniowa\u0107 b\u0119dzie Andrea Sivani\u010dov\u00e1.<\/p>\n\n\n\n<p>Zrealizowano przy wsparciu finansowym Ministerstwa Turystyki i Sportu Republiki S\u0142owackiej.<\/p>\n\n\n<div class=\"wp-block-image\">\n<figure class=\"aligncenter size-full\"><img loading=\"lazy\" decoding=\"async\" width=\"400\" height=\"150\" src=\"https:\/\/www.regionsaris.sk\/wp-content\/uploads\/2026\/02\/loga-pata-clanok-1.jpg\" alt=\"\" class=\"wp-image-3541\" srcset=\"https:\/\/www.regionsaris.sk\/wp-content\/uploads\/2026\/02\/loga-pata-clanok-1.jpg 400w, https:\/\/www.regionsaris.sk\/wp-content\/uploads\/2026\/02\/loga-pata-clanok-1-300x113.jpg 300w, https:\/\/www.regionsaris.sk\/wp-content\/uploads\/2026\/02\/loga-pata-clanok-1-18x7.jpg 18w\" sizes=\"auto, (max-width: 400px) 100vw, 400px\" \/><\/figure>\n<\/div>","protected":false},"featured_media":3828,"template":"","meta":{"_acf_changed":true},"class_list":["post-3827","objavovanie-presova","type-objavovanie-presova","status-publish","has-post-thumbnail","hentry"],"acf":[],"yoast_head":"<!-- This site is optimized with the Yoast SEO Premium plugin v26.3 (Yoast SEO v26.8) - https:\/\/yoast.com\/product\/yoast-seo-premium-wordpress\/ -->\n<title>Jubilejn\u00fd rok v Kostole sv. Mikul\u00e1\u0161a - OOCR \u0160ari\u0161<\/title>\n<meta name=\"description\" content=\"Objavovanie Pre\u0161ova: Jubilejn\u00fd rok v Kostole sv. Mikul\u00e1\u0161a. V Jubilejnom roku n\u00e1deje sa vyberieme do Konkatedr\u00e1ly sv. Mikul\u00e1\u0161a.\" \/>\n<meta name=\"robots\" content=\"index, follow, max-snippet:-1, max-image-preview:large, max-video-preview:-1\" \/>\n<link rel=\"canonical\" href=\"https:\/\/www.regionsaris.sk\/pl\/objavovanie-presova\/jubilejny-rok-v-kostole-sv-mikulasa\/\" \/>\n<meta property=\"og:locale\" content=\"pl_PL\" \/>\n<meta property=\"og:type\" content=\"article\" \/>\n<meta property=\"og:title\" content=\"Jubilejn\u00fd rok v Kostole sv. Mikul\u00e1\u0161a\" \/>\n<meta property=\"og:description\" content=\"Objavovanie Pre\u0161ova: Jubilejn\u00fd rok v Kostole sv. Mikul\u00e1\u0161a. V Jubilejnom roku n\u00e1deje sa vyberieme do Konkatedr\u00e1ly sv. Mikul\u00e1\u0161a.\" \/>\n<meta property=\"og:url\" content=\"https:\/\/www.regionsaris.sk\/pl\/objavovanie-presova\/jubilejny-rok-v-kostole-sv-mikulasa\/\" \/>\n<meta property=\"og:site_name\" content=\"OOCR \u0160ari\u0161\" \/>\n<meta property=\"article:modified_time\" content=\"2026-02-24T11:53:30+00:00\" \/>\n<meta property=\"og:image\" content=\"https:\/\/www.regionsaris.sk\/wp-content\/uploads\/2026\/02\/12.png\" \/>\n\t<meta property=\"og:image:width\" content=\"750\" \/>\n\t<meta property=\"og:image:height\" content=\"750\" \/>\n\t<meta property=\"og:image:type\" content=\"image\/png\" \/>\n<meta name=\"twitter:card\" content=\"summary_large_image\" \/>\n<meta name=\"twitter:label1\" content=\"Est. reading time\" \/>\n\t<meta name=\"twitter:data1\" content=\"1 minuta\" \/>\n<script type=\"application\/ld+json\" class=\"yoast-schema-graph\">{\"@context\":\"https:\/\/schema.org\",\"@graph\":[{\"@type\":\"WebPage\",\"@id\":\"https:\/\/www.regionsaris.sk\/objavovanie-presova\/jubilejny-rok-v-kostole-sv-mikulasa\/\",\"url\":\"https:\/\/www.regionsaris.sk\/objavovanie-presova\/jubilejny-rok-v-kostole-sv-mikulasa\/\",\"name\":\"Jubilejn\u00fd rok v Kostole sv. Mikul\u00e1\u0161a - OOCR \u0160ari\u0161\",\"isPartOf\":{\"@id\":\"https:\/\/www.regionsaris.sk\/#website\"},\"primaryImageOfPage\":{\"@id\":\"https:\/\/www.regionsaris.sk\/objavovanie-presova\/jubilejny-rok-v-kostole-sv-mikulasa\/#primaryimage\"},\"image\":{\"@id\":\"https:\/\/www.regionsaris.sk\/objavovanie-presova\/jubilejny-rok-v-kostole-sv-mikulasa\/#primaryimage\"},\"thumbnailUrl\":\"https:\/\/www.regionsaris.sk\/wp-content\/uploads\/2026\/02\/12.png\",\"datePublished\":\"2026-02-24T11:53:29+00:00\",\"dateModified\":\"2026-02-24T11:53:30+00:00\",\"description\":\"Objavovanie Pre\u0161ova: Jubilejn\u00fd rok v Kostole sv. Mikul\u00e1\u0161a. V Jubilejnom roku n\u00e1deje sa vyberieme do Konkatedr\u00e1ly sv. Mikul\u00e1\u0161a.\",\"breadcrumb\":{\"@id\":\"https:\/\/www.regionsaris.sk\/objavovanie-presova\/jubilejny-rok-v-kostole-sv-mikulasa\/#breadcrumb\"},\"inLanguage\":\"pl-PL\",\"potentialAction\":[{\"@type\":\"ReadAction\",\"target\":[\"https:\/\/www.regionsaris.sk\/objavovanie-presova\/jubilejny-rok-v-kostole-sv-mikulasa\/\"]}]},{\"@type\":\"ImageObject\",\"inLanguage\":\"pl-PL\",\"@id\":\"https:\/\/www.regionsaris.sk\/objavovanie-presova\/jubilejny-rok-v-kostole-sv-mikulasa\/#primaryimage\",\"url\":\"https:\/\/www.regionsaris.sk\/wp-content\/uploads\/2026\/02\/12.png\",\"contentUrl\":\"https:\/\/www.regionsaris.sk\/wp-content\/uploads\/2026\/02\/12.png\",\"width\":750,\"height\":750},{\"@type\":\"BreadcrumbList\",\"@id\":\"https:\/\/www.regionsaris.sk\/objavovanie-presova\/jubilejny-rok-v-kostole-sv-mikulasa\/#breadcrumb\",\"itemListElement\":[{\"@type\":\"ListItem\",\"position\":1,\"name\":\"Domov\",\"item\":\"https:\/\/www.regionsaris.sk\/\"},{\"@type\":\"ListItem\",\"position\":2,\"name\":\"Objavovanie Pre\u0161ova\",\"item\":\"https:\/\/www.regionsaris.sk\/objavujte-presov\/\"},{\"@type\":\"ListItem\",\"position\":3,\"name\":\"Jubilejn\u00fd rok v Kostole sv. Mikul\u00e1\u0161a\"}]},{\"@type\":\"WebSite\",\"@id\":\"https:\/\/www.regionsaris.sk\/#website\",\"url\":\"https:\/\/www.regionsaris.sk\/\",\"name\":\"OOCR \u0160ari\u0161\",\"description\":\"\",\"potentialAction\":[{\"@type\":\"SearchAction\",\"target\":{\"@type\":\"EntryPoint\",\"urlTemplate\":\"https:\/\/www.regionsaris.sk\/?s={search_term_string}\"},\"query-input\":{\"@type\":\"PropertyValueSpecification\",\"valueRequired\":true,\"valueName\":\"search_term_string\"}}],\"inLanguage\":\"pl-PL\"}]}<\/script>\n<!-- \/ Yoast SEO Premium plugin. -->","yoast_head_json":{"title":"Jubilejn\u00fd rok v Kostole sv. Mikul\u00e1\u0161a - OOCR \u0160ari\u0161","description":"Objavovanie Pre\u0161ova: Jubilejn\u00fd rok v Kostole sv. Mikul\u00e1\u0161a. V Jubilejnom roku n\u00e1deje sa vyberieme do Konkatedr\u00e1ly sv. Mikul\u00e1\u0161a.","robots":{"index":"index","follow":"follow","max-snippet":"max-snippet:-1","max-image-preview":"max-image-preview:large","max-video-preview":"max-video-preview:-1"},"canonical":"https:\/\/www.regionsaris.sk\/pl\/objavovanie-presova\/jubilejny-rok-v-kostole-sv-mikulasa\/","og_locale":"pl_PL","og_type":"article","og_title":"Jubilejn\u00fd rok v Kostole sv. Mikul\u00e1\u0161a","og_description":"Objavovanie Pre\u0161ova: Jubilejn\u00fd rok v Kostole sv. Mikul\u00e1\u0161a. V Jubilejnom roku n\u00e1deje sa vyberieme do Konkatedr\u00e1ly sv. Mikul\u00e1\u0161a.","og_url":"https:\/\/www.regionsaris.sk\/pl\/objavovanie-presova\/jubilejny-rok-v-kostole-sv-mikulasa\/","og_site_name":"OOCR \u0160ari\u0161","article_modified_time":"2026-02-24T11:53:30+00:00","og_image":[{"width":750,"height":750,"url":"https:\/\/www.regionsaris.sk\/wp-content\/uploads\/2026\/02\/12.png","type":"image\/png"}],"twitter_card":"summary_large_image","twitter_misc":{"Est. reading time":"1 minuta"},"schema":{"@context":"https:\/\/schema.org","@graph":[{"@type":"WebPage","@id":"https:\/\/www.regionsaris.sk\/objavovanie-presova\/jubilejny-rok-v-kostole-sv-mikulasa\/","url":"https:\/\/www.regionsaris.sk\/objavovanie-presova\/jubilejny-rok-v-kostole-sv-mikulasa\/","name":"Jubilejn\u00fd rok v Kostole sv. Mikul\u00e1\u0161a - OOCR \u0160ari\u0161","isPartOf":{"@id":"https:\/\/www.regionsaris.sk\/#website"},"primaryImageOfPage":{"@id":"https:\/\/www.regionsaris.sk\/objavovanie-presova\/jubilejny-rok-v-kostole-sv-mikulasa\/#primaryimage"},"image":{"@id":"https:\/\/www.regionsaris.sk\/objavovanie-presova\/jubilejny-rok-v-kostole-sv-mikulasa\/#primaryimage"},"thumbnailUrl":"https:\/\/www.regionsaris.sk\/wp-content\/uploads\/2026\/02\/12.png","datePublished":"2026-02-24T11:53:29+00:00","dateModified":"2026-02-24T11:53:30+00:00","description":"Objavovanie Pre\u0161ova: Jubilejn\u00fd rok v Kostole sv. Mikul\u00e1\u0161a. V Jubilejnom roku n\u00e1deje sa vyberieme do Konkatedr\u00e1ly sv. Mikul\u00e1\u0161a.","breadcrumb":{"@id":"https:\/\/www.regionsaris.sk\/objavovanie-presova\/jubilejny-rok-v-kostole-sv-mikulasa\/#breadcrumb"},"inLanguage":"pl-PL","potentialAction":[{"@type":"ReadAction","target":["https:\/\/www.regionsaris.sk\/objavovanie-presova\/jubilejny-rok-v-kostole-sv-mikulasa\/"]}]},{"@type":"ImageObject","inLanguage":"pl-PL","@id":"https:\/\/www.regionsaris.sk\/objavovanie-presova\/jubilejny-rok-v-kostole-sv-mikulasa\/#primaryimage","url":"https:\/\/www.regionsaris.sk\/wp-content\/uploads\/2026\/02\/12.png","contentUrl":"https:\/\/www.regionsaris.sk\/wp-content\/uploads\/2026\/02\/12.png","width":750,"height":750},{"@type":"BreadcrumbList","@id":"https:\/\/www.regionsaris.sk\/objavovanie-presova\/jubilejny-rok-v-kostole-sv-mikulasa\/#breadcrumb","itemListElement":[{"@type":"ListItem","position":1,"name":"Domov","item":"https:\/\/www.regionsaris.sk\/"},{"@type":"ListItem","position":2,"name":"Objavovanie Pre\u0161ova","item":"https:\/\/www.regionsaris.sk\/objavujte-presov\/"},{"@type":"ListItem","position":3,"name":"Jubilejn\u00fd rok v Kostole sv. Mikul\u00e1\u0161a"}]},{"@type":"WebSite","@id":"https:\/\/www.regionsaris.sk\/#website","url":"https:\/\/www.regionsaris.sk\/","name":"OOCR \u0160ari\u0161","description":"","potentialAction":[{"@type":"SearchAction","target":{"@type":"EntryPoint","urlTemplate":"https:\/\/www.regionsaris.sk\/?s={search_term_string}"},"query-input":{"@type":"PropertyValueSpecification","valueRequired":true,"valueName":"search_term_string"}}],"inLanguage":"pl-PL"}]}},"_links":{"self":[{"href":"https:\/\/www.regionsaris.sk\/pl\/wp-json\/wp\/v2\/objavovanie-presova\/3827","targetHints":{"allow":["GET"]}}],"collection":[{"href":"https:\/\/www.regionsaris.sk\/pl\/wp-json\/wp\/v2\/objavovanie-presova"}],"about":[{"href":"https:\/\/www.regionsaris.sk\/pl\/wp-json\/wp\/v2\/types\/objavovanie-presova"}],"wp:featuredmedia":[{"embeddable":true,"href":"https:\/\/www.regionsaris.sk\/pl\/wp-json\/wp\/v2\/media\/3828"}],"wp:attachment":[{"href":"https:\/\/www.regionsaris.sk\/pl\/wp-json\/wp\/v2\/media?parent=3827"}],"curies":[{"name":"wp","href":"https:\/\/api.w.org\/{rel}","templated":true}]}}

Rok Jubileuszowy w kościele św. Mikołaja

<p><em>W Jubileuszowym Roku Nadziei</em>&nbsp;jedziemy na jubileusz i będziemy świętować&nbsp;<strong>Katedra św.</strong>, gdzie zakończymy nasz rok&nbsp;<em>Odkrywanie Preszowa</em>&nbsp;Zwiedzanie jednego z najpiękniejszych późnogotyckich słowackich kościołów, ukończonego 510 lat temu przez mistrza Jána Brengyszeina.</p>



<p>Zobaczymy nie tylko imponujący wygląd zewnętrzny, ale także wnętrze z imponującym ołtarzem głównym, obrazami panelowymi, witrażami, oratoriami i dwoma organami. Historię jednego z najstarszych zabytków miasta i podobieństwo jego twórcy można poznać w niedzielę&nbsp;<strong>14 grudnia 2025 r. o godz. 14:00*.&nbsp;</strong>Spotkamy się przed Centrum Informacji Turystycznej na Hlavnej 67 w Preszowie.&nbsp;</p>



<p>Akompaniować będzie Andrea Sivaničová.</p>



<p>Zrealizowano przy wsparciu finansowym Ministerstwa Turystyki i Sportu Republiki Słowackiej.</p>


<div class="wp-block-image">
<figure class="aligncenter size-full"><img loading="lazy" decoding="async" width="400" height="150" src="https://www.regionsaris.sk/wp-content/uploads/2026/02/loga-pata-clanok-1.jpg" alt="" class="wp-image-3541" srcset="https://www.regionsaris.sk/wp-content/uploads/2026/02/loga-pata-clanok-1.jpg 400w, https://www.regionsaris.sk/wp-content/uploads/2026/02/loga-pata-clanok-1-300x113.jpg 300w, https://www.regionsaris.sk/wp-content/uploads/2026/02/loga-pata-clanok-1-18x7.jpg 18w" sizes="auto, (max-width: 400px) 100vw, 400px" /></figure>
</div>

<!-- This site is optimized with the Yoast SEO Premium plugin v26.3 (Yoast SEO v26.8) - https://yoast.com/product/yoast-seo-premium-wordpress/ -->
<title>Jubilejný rok v Kostole sv. Mikuláša - OOCR Šariš</title>
<meta name="description" content="Objavovanie Prešova: Jubilejný rok v Kostole sv. Mikuláša. V Jubilejnom roku nádeje sa vyberieme do Konkatedrály sv. Mikuláša." />
<meta name="robots" content="index, follow, max-snippet:-1, max-image-preview:large, max-video-preview:-1" />
<link rel="canonical" href="https://www.regionsaris.sk/pl/objavovanie-presova/jubilejny-rok-v-kostole-sv-mikulasa/" />
<meta property="og:locale" content="pl_PL" />
<meta property="og:type" content="article" />
<meta property="og:title" content="Jubilejný rok v Kostole sv. Mikuláša" />
<meta property="og:description" content="Objavovanie Prešova: Jubilejný rok v Kostole sv. Mikuláša. V Jubilejnom roku nádeje sa vyberieme do Konkatedrály sv. Mikuláša." />
<meta property="og:url" content="https://www.regionsaris.sk/pl/objavovanie-presova/jubilejny-rok-v-kostole-sv-mikulasa/" />
<meta property="og:site_name" content="OOCR Šariš" />
<meta property="article:modified_time" content="2026-02-24T11:53:30+00:00" />
<meta property="og:image" content="https://www.regionsaris.sk/wp-content/uploads/2026/02/12.png" />
	<meta property="og:image:width" content="750" />
	<meta property="og:image:height" content="750" />
	<meta property="og:image:type" content="image/png" />
<meta name="twitter:card" content="summary_large_image" />
<meta name="twitter:label1" content="Est. reading time" />
	<meta name="twitter:data1" content="1 minuta" />
<script type="application/ld+json" class="yoast-schema-graph">{"@context":"https://schema.org","@graph":[{"@type":"WebPage","@id":"https://www.regionsaris.sk/objavovanie-presova/jubilejny-rok-v-kostole-sv-mikulasa/","url":"https://www.regionsaris.sk/objavovanie-presova/jubilejny-rok-v-kostole-sv-mikulasa/","name":"Jubilejný rok v Kostole sv. Mikuláša - OOCR Šariš","isPartOf":{"@id":"https://www.regionsaris.sk/#website"},"primaryImageOfPage":{"@id":"https://www.regionsaris.sk/objavovanie-presova/jubilejny-rok-v-kostole-sv-mikulasa/#primaryimage"},"image":{"@id":"https://www.regionsaris.sk/objavovanie-presova/jubilejny-rok-v-kostole-sv-mikulasa/#primaryimage"},"thumbnailUrl":"https://www.regionsaris.sk/wp-content/uploads/2026/02/12.png","datePublished":"2026-02-24T11:53:29+00:00","dateModified":"2026-02-24T11:53:30+00:00","description":"Objavovanie Prešova: Jubilejný rok v Kostole sv. Mikuláša. V Jubilejnom roku nádeje sa vyberieme do Konkatedrály sv. Mikuláša.","breadcrumb":{"@id":"https://www.regionsaris.sk/objavovanie-presova/jubilejny-rok-v-kostole-sv-mikulasa/#breadcrumb"},"inLanguage":"pl-PL","potentialAction":[{"@type":"ReadAction","target":["https://www.regionsaris.sk/objavovanie-presova/jubilejny-rok-v-kostole-sv-mikulasa/"]}]},{"@type":"ImageObject","inLanguage":"pl-PL","@id":"https://www.regionsaris.sk/objavovanie-presova/jubilejny-rok-v-kostole-sv-mikulasa/#primaryimage","url":"https://www.regionsaris.sk/wp-content/uploads/2026/02/12.png","contentUrl":"https://www.regionsaris.sk/wp-content/uploads/2026/02/12.png","width":750,"height":750},{"@type":"BreadcrumbList","@id":"https://www.regionsaris.sk/objavovanie-presova/jubilejny-rok-v-kostole-sv-mikulasa/#breadcrumb","itemListElement":[{"@type":"ListItem","position":1,"name":"Domov","item":"https://www.regionsaris.sk/"},{"@type":"ListItem","position":2,"name":"Objavovanie Prešova","item":"https://www.regionsaris.sk/objavujte-presov/"},{"@type":"ListItem","position":3,"name":"Jubilejný rok v Kostole sv. Mikuláša"}]},{"@type":"WebSite","@id":"https://www.regionsaris.sk/#website","url":"https://www.regionsaris.sk/","name":"OOCR Šariš","description":"","potentialAction":[{"@type":"SearchAction","target":{"@type":"EntryPoint","urlTemplate":"https://www.regionsaris.sk/?s={search_term_string}"},"query-input":{"@type":"PropertyValueSpecification","valueRequired":true,"valueName":"search_term_string"}}],"inLanguage":"pl-PL"}]}</script>
<!-- / Yoast SEO Premium plugin. -->

Jubilejný rok v Kostole sv. Mikuláša - OOCR Šariš

Objavovanie Prešova: Jubilejný rok v Kostole sv. Mikuláša. V Jubilejnom roku nádeje sa vyberieme do Konkatedrály sv. Mikuláša.

Jubilejný rok v Kostole sv. Mikuláša

OOCR Šariš

Objavovanie Prešova
