{"id":3807,"date":"2026-02-24T11:48:53","date_gmt":"2026-02-24T10:48:53","guid":{"rendered":"https:\/\/www.regionsaris.sk\/?post_type=objavovanie-presova&#038;p=3807"},"modified":"2026-02-24T11:48:54","modified_gmt":"2026-02-24T10:48:54","slug":"zupcany-a-ich-pamiatky","status":"publish","type":"objavovanie-presova","link":"https:\/\/www.regionsaris.sk\/pl\/objavovanie-presova\/zupcany-a-ich-pamiatky\/","title":{"rendered":"\u017dup\u010dany i jego zabytki"},"content":{"rendered":"<p>Drodzy zainteresowani Odkrywaniem \u017bupczan i ich zabytk\u00f3w, w zwi\u0105zku z og\u0142oszeniem sytuacji kryzysowej w \u017bupczanach i usuwaniem szk\u00f3d po poniedzia\u0142kowej burzy, wydarzenie zostanie przeniesione na 20.7.2025 na godzin\u0119 16:00. <\/p>\n\n\n\n<p>Bilety zakupione na 13.7.2025 b\u0119d\u0105 wa\u017cne r\u00f3wnie\u017c 20.7.2025. Je\u015bli data 20.7.2025 nie odpowiada, prosimy o kontakt z Centrum Informacji Turystycznej przy Hlavnej 67 w Preszowie, tel.: +421 940 609705, mail: tic@regionsaris.sk.<\/p>\n\n\n\n<p>Przepraszamy za komplikacje i do zobaczenia w \u017dup\u010danach w alternatywnym terminie 20.7.2025 o godzinie 16:00.<\/p>\n\n\n\n<p>W lipcu wyruszymy na poszukiwanie skarb\u00f3w, kt\u00f3re s\u0105 dos\u0142ownie za rogiem - a jednak wiele os\u00f3b nawet o nich nie wie.\u00a0<strong>Odkryjemy magi\u0119 miejscowo\u015bci \u017dup\u010dany<\/strong>, Wie\u015b z bogat\u0105 histori\u0105, staro\u017cytnymi zabytkami i spokojn\u0105 atmosfer\u0105, kt\u00f3ra przenosi nas w czasie. Poznamy p\u00f3\u017anogotycki ko\u015bci\u00f3\u0142 Wniebowzi\u0119cia Naj\u015bwi\u0119tszej Marii Panny z barokowymi modyfikacjami, zatrzymamy si\u0119 przy plebanii i grobie Jon\u00e1\u0161a Z\u00e1borskiego, odwiedzimy miejscow\u0105 kuri\u0119 z okresu klasycyzmu z pi\u0119knym parkiem z rzadkimi drzewami i przejdziemy przez lokalny klejnot przyrody - alej\u0119 lipow\u0105.<\/p>\n\n\n\n<p><strong>Spotkamy si\u0119 w niedziel\u0119 20 lipca 2025 r. o godz. 4:00 po po\u0142udniu.<\/strong>\u00a0przed Urz\u0119dem Miejskim w \u017dup\u010danach. Autobus SAD w kierunku Kojatice odje\u017cd\u017ca z Preszowa o 15:30 i przyje\u017cd\u017ca na przystanek \u017dup\u010dany, centrum o 15:46.<\/p>\n\n\n\n<p><br>Wycieczka potrwa do oko\u0142o 17:30 - aby z\u0142apa\u0107 autobus powrotny do Preszowa, kt\u00f3ry odje\u017cd\u017ca z przystanku \u017dup\u010dany, skrzy\u017cowanie o 17:55, 18:13 i 18:17<\/p>\n\n\n\n<p>Wydarzeniu towarzyszy\u0107 b\u0119dzie Erik ONDRIA, historyk i wsp\u00f3\u0142autor publikacji W\u0119dr\u00f3wki po \u017dup\u010danach.<\/p>\n\n\n\n<p>Zrealizowano przy wsparciu finansowym Ministerstwa Turystyki i Sportu Republiki S\u0142owackiej.<\/p>\n\n\n<div class=\"wp-block-image\">\n<figure class=\"aligncenter size-full\"><img loading=\"lazy\" decoding=\"async\" width=\"400\" height=\"150\" src=\"https:\/\/www.regionsaris.sk\/wp-content\/uploads\/2026\/02\/loga-pata-clanok-1.jpg\" alt=\"\" class=\"wp-image-3541\" srcset=\"https:\/\/www.regionsaris.sk\/wp-content\/uploads\/2026\/02\/loga-pata-clanok-1.jpg 400w, https:\/\/www.regionsaris.sk\/wp-content\/uploads\/2026\/02\/loga-pata-clanok-1-300x113.jpg 300w, https:\/\/www.regionsaris.sk\/wp-content\/uploads\/2026\/02\/loga-pata-clanok-1-18x7.jpg 18w\" sizes=\"auto, (max-width: 400px) 100vw, 400px\" \/><\/figure>\n<\/div>","protected":false},"featured_media":3808,"template":"","meta":{"_acf_changed":true},"class_list":["post-3807","objavovanie-presova","type-objavovanie-presova","status-publish","has-post-thumbnail","hentry"],"acf":[],"yoast_head":"<!-- This site is optimized with the Yoast SEO Premium plugin v26.3 (Yoast SEO v26.8) - https:\/\/yoast.com\/product\/yoast-seo-premium-wordpress\/ -->\n<title>\u017dup\u010dany a ich pamiatky - OOCR \u0160ari\u0161<\/title>\n<meta name=\"description\" content=\"Objavovanie Pre\u0161ova: \u017dup\u010dany a ich pamiatky. Tentokr\u00e1t sa presunieme hne\u010f za roh Pre\u0161ova a spolu objav\u00edme pamiatky obce \u017dup\u010dany.\" \/>\n<meta name=\"robots\" content=\"index, follow, max-snippet:-1, max-image-preview:large, max-video-preview:-1\" \/>\n<link rel=\"canonical\" href=\"https:\/\/www.regionsaris.sk\/pl\/objavovanie-presova\/zupcany-a-ich-pamiatky\/\" \/>\n<meta property=\"og:locale\" content=\"pl_PL\" \/>\n<meta property=\"og:type\" content=\"article\" \/>\n<meta property=\"og:title\" content=\"\u017dup\u010dany a ich pamiatky\" \/>\n<meta property=\"og:description\" content=\"Objavovanie Pre\u0161ova: \u017dup\u010dany a ich pamiatky. Tentokr\u00e1t sa presunieme hne\u010f za roh Pre\u0161ova a spolu objav\u00edme pamiatky obce \u017dup\u010dany.\" \/>\n<meta property=\"og:url\" content=\"https:\/\/www.regionsaris.sk\/pl\/objavovanie-presova\/zupcany-a-ich-pamiatky\/\" \/>\n<meta property=\"og:site_name\" content=\"OOCR \u0160ari\u0161\" \/>\n<meta property=\"article:modified_time\" content=\"2026-02-24T10:48:54+00:00\" \/>\n<meta property=\"og:image\" content=\"https:\/\/www.regionsaris.sk\/wp-content\/uploads\/2026\/02\/7.png\" \/>\n\t<meta property=\"og:image:width\" content=\"750\" \/>\n\t<meta property=\"og:image:height\" content=\"750\" \/>\n\t<meta property=\"og:image:type\" content=\"image\/png\" \/>\n<meta name=\"twitter:card\" content=\"summary_large_image\" \/>\n<meta name=\"twitter:label1\" content=\"Est. reading time\" \/>\n\t<meta name=\"twitter:data1\" content=\"2 minuty\" \/>\n<script type=\"application\/ld+json\" class=\"yoast-schema-graph\">{\"@context\":\"https:\/\/schema.org\",\"@graph\":[{\"@type\":\"WebPage\",\"@id\":\"https:\/\/www.regionsaris.sk\/objavovanie-presova\/zupcany-a-ich-pamiatky\/\",\"url\":\"https:\/\/www.regionsaris.sk\/objavovanie-presova\/zupcany-a-ich-pamiatky\/\",\"name\":\"\u017dup\u010dany a ich pamiatky - OOCR \u0160ari\u0161\",\"isPartOf\":{\"@id\":\"https:\/\/www.regionsaris.sk\/#website\"},\"primaryImageOfPage\":{\"@id\":\"https:\/\/www.regionsaris.sk\/objavovanie-presova\/zupcany-a-ich-pamiatky\/#primaryimage\"},\"image\":{\"@id\":\"https:\/\/www.regionsaris.sk\/objavovanie-presova\/zupcany-a-ich-pamiatky\/#primaryimage\"},\"thumbnailUrl\":\"https:\/\/www.regionsaris.sk\/wp-content\/uploads\/2026\/02\/7.png\",\"datePublished\":\"2026-02-24T10:48:53+00:00\",\"dateModified\":\"2026-02-24T10:48:54+00:00\",\"description\":\"Objavovanie Pre\u0161ova: \u017dup\u010dany a ich pamiatky. Tentokr\u00e1t sa presunieme hne\u010f za roh Pre\u0161ova a spolu objav\u00edme pamiatky obce \u017dup\u010dany.\",\"breadcrumb\":{\"@id\":\"https:\/\/www.regionsaris.sk\/objavovanie-presova\/zupcany-a-ich-pamiatky\/#breadcrumb\"},\"inLanguage\":\"pl-PL\",\"potentialAction\":[{\"@type\":\"ReadAction\",\"target\":[\"https:\/\/www.regionsaris.sk\/objavovanie-presova\/zupcany-a-ich-pamiatky\/\"]}]},{\"@type\":\"ImageObject\",\"inLanguage\":\"pl-PL\",\"@id\":\"https:\/\/www.regionsaris.sk\/objavovanie-presova\/zupcany-a-ich-pamiatky\/#primaryimage\",\"url\":\"https:\/\/www.regionsaris.sk\/wp-content\/uploads\/2026\/02\/7.png\",\"contentUrl\":\"https:\/\/www.regionsaris.sk\/wp-content\/uploads\/2026\/02\/7.png\",\"width\":750,\"height\":750},{\"@type\":\"BreadcrumbList\",\"@id\":\"https:\/\/www.regionsaris.sk\/objavovanie-presova\/zupcany-a-ich-pamiatky\/#breadcrumb\",\"itemListElement\":[{\"@type\":\"ListItem\",\"position\":1,\"name\":\"Domov\",\"item\":\"https:\/\/www.regionsaris.sk\/\"},{\"@type\":\"ListItem\",\"position\":2,\"name\":\"Objavovanie Pre\u0161ova\",\"item\":\"https:\/\/www.regionsaris.sk\/objavujte-presov\/\"},{\"@type\":\"ListItem\",\"position\":3,\"name\":\"\u017dup\u010dany a ich pamiatky\"}]},{\"@type\":\"WebSite\",\"@id\":\"https:\/\/www.regionsaris.sk\/#website\",\"url\":\"https:\/\/www.regionsaris.sk\/\",\"name\":\"OOCR \u0160ari\u0161\",\"description\":\"\",\"potentialAction\":[{\"@type\":\"SearchAction\",\"target\":{\"@type\":\"EntryPoint\",\"urlTemplate\":\"https:\/\/www.regionsaris.sk\/?s={search_term_string}\"},\"query-input\":{\"@type\":\"PropertyValueSpecification\",\"valueRequired\":true,\"valueName\":\"search_term_string\"}}],\"inLanguage\":\"pl-PL\"}]}<\/script>\n<!-- \/ Yoast SEO Premium plugin. -->","yoast_head_json":{"title":"\u017dup\u010dany a ich pamiatky - OOCR \u0160ari\u0161","description":"Objavovanie Pre\u0161ova: \u017dup\u010dany a ich pamiatky. Tentokr\u00e1t sa presunieme hne\u010f za roh Pre\u0161ova a spolu objav\u00edme pamiatky obce \u017dup\u010dany.","robots":{"index":"index","follow":"follow","max-snippet":"max-snippet:-1","max-image-preview":"max-image-preview:large","max-video-preview":"max-video-preview:-1"},"canonical":"https:\/\/www.regionsaris.sk\/pl\/objavovanie-presova\/zupcany-a-ich-pamiatky\/","og_locale":"pl_PL","og_type":"article","og_title":"\u017dup\u010dany a ich pamiatky","og_description":"Objavovanie Pre\u0161ova: \u017dup\u010dany a ich pamiatky. Tentokr\u00e1t sa presunieme hne\u010f za roh Pre\u0161ova a spolu objav\u00edme pamiatky obce \u017dup\u010dany.","og_url":"https:\/\/www.regionsaris.sk\/pl\/objavovanie-presova\/zupcany-a-ich-pamiatky\/","og_site_name":"OOCR \u0160ari\u0161","article_modified_time":"2026-02-24T10:48:54+00:00","og_image":[{"width":750,"height":750,"url":"https:\/\/www.regionsaris.sk\/wp-content\/uploads\/2026\/02\/7.png","type":"image\/png"}],"twitter_card":"summary_large_image","twitter_misc":{"Est. reading time":"2 minuty"},"schema":{"@context":"https:\/\/schema.org","@graph":[{"@type":"WebPage","@id":"https:\/\/www.regionsaris.sk\/objavovanie-presova\/zupcany-a-ich-pamiatky\/","url":"https:\/\/www.regionsaris.sk\/objavovanie-presova\/zupcany-a-ich-pamiatky\/","name":"\u017dup\u010dany a ich pamiatky - OOCR \u0160ari\u0161","isPartOf":{"@id":"https:\/\/www.regionsaris.sk\/#website"},"primaryImageOfPage":{"@id":"https:\/\/www.regionsaris.sk\/objavovanie-presova\/zupcany-a-ich-pamiatky\/#primaryimage"},"image":{"@id":"https:\/\/www.regionsaris.sk\/objavovanie-presova\/zupcany-a-ich-pamiatky\/#primaryimage"},"thumbnailUrl":"https:\/\/www.regionsaris.sk\/wp-content\/uploads\/2026\/02\/7.png","datePublished":"2026-02-24T10:48:53+00:00","dateModified":"2026-02-24T10:48:54+00:00","description":"Objavovanie Pre\u0161ova: \u017dup\u010dany a ich pamiatky. Tentokr\u00e1t sa presunieme hne\u010f za roh Pre\u0161ova a spolu objav\u00edme pamiatky obce \u017dup\u010dany.","breadcrumb":{"@id":"https:\/\/www.regionsaris.sk\/objavovanie-presova\/zupcany-a-ich-pamiatky\/#breadcrumb"},"inLanguage":"pl-PL","potentialAction":[{"@type":"ReadAction","target":["https:\/\/www.regionsaris.sk\/objavovanie-presova\/zupcany-a-ich-pamiatky\/"]}]},{"@type":"ImageObject","inLanguage":"pl-PL","@id":"https:\/\/www.regionsaris.sk\/objavovanie-presova\/zupcany-a-ich-pamiatky\/#primaryimage","url":"https:\/\/www.regionsaris.sk\/wp-content\/uploads\/2026\/02\/7.png","contentUrl":"https:\/\/www.regionsaris.sk\/wp-content\/uploads\/2026\/02\/7.png","width":750,"height":750},{"@type":"BreadcrumbList","@id":"https:\/\/www.regionsaris.sk\/objavovanie-presova\/zupcany-a-ich-pamiatky\/#breadcrumb","itemListElement":[{"@type":"ListItem","position":1,"name":"Domov","item":"https:\/\/www.regionsaris.sk\/"},{"@type":"ListItem","position":2,"name":"Objavovanie Pre\u0161ova","item":"https:\/\/www.regionsaris.sk\/objavujte-presov\/"},{"@type":"ListItem","position":3,"name":"\u017dup\u010dany a ich pamiatky"}]},{"@type":"WebSite","@id":"https:\/\/www.regionsaris.sk\/#website","url":"https:\/\/www.regionsaris.sk\/","name":"OOCR \u0160ari\u0161","description":"","potentialAction":[{"@type":"SearchAction","target":{"@type":"EntryPoint","urlTemplate":"https:\/\/www.regionsaris.sk\/?s={search_term_string}"},"query-input":{"@type":"PropertyValueSpecification","valueRequired":true,"valueName":"search_term_string"}}],"inLanguage":"pl-PL"}]}},"_links":{"self":[{"href":"https:\/\/www.regionsaris.sk\/pl\/wp-json\/wp\/v2\/objavovanie-presova\/3807","targetHints":{"allow":["GET"]}}],"collection":[{"href":"https:\/\/www.regionsaris.sk\/pl\/wp-json\/wp\/v2\/objavovanie-presova"}],"about":[{"href":"https:\/\/www.regionsaris.sk\/pl\/wp-json\/wp\/v2\/types\/objavovanie-presova"}],"wp:featuredmedia":[{"embeddable":true,"href":"https:\/\/www.regionsaris.sk\/pl\/wp-json\/wp\/v2\/media\/3808"}],"wp:attachment":[{"href":"https:\/\/www.regionsaris.sk\/pl\/wp-json\/wp\/v2\/media?parent=3807"}],"curies":[{"name":"wp","href":"https:\/\/api.w.org\/{rel}","templated":true}]}}

Župčany i jego zabytki

<p>Drodzy zainteresowani Odkrywaniem Żupczan i ich zabytków, w związku z ogłoszeniem sytuacji kryzysowej w Żupczanach i usuwaniem szkód po poniedziałkowej burzy, wydarzenie zostanie przeniesione na 20.7.2025 na godzinę 16:00. </p>



<p>Bilety zakupione na 13.7.2025 będą ważne również 20.7.2025. Jeśli data 20.7.2025 nie odpowiada, prosimy o kontakt z Centrum Informacji Turystycznej przy Hlavnej 67 w Preszowie, tel.: +421 940 609705, mail: tic@regionsaris.sk.</p>



<p>Przepraszamy za komplikacje i do zobaczenia w Župčanach w alternatywnym terminie 20.7.2025 o godzinie 16:00.</p>



<p>W lipcu wyruszymy na poszukiwanie skarbów, które są dosłownie za rogiem - a jednak wiele osób nawet o nich nie wie. <strong>Odkryjemy magię miejscowości Župčany</strong>, Wieś z bogatą historią, starożytnymi zabytkami i spokojną atmosferą, która przenosi nas w czasie. Poznamy późnogotycki kościół Wniebowzięcia Najświętszej Marii Panny z barokowymi modyfikacjami, zatrzymamy się przy plebanii i grobie Jonáša Záborskiego, odwiedzimy miejscową kurię z okresu klasycyzmu z pięknym parkiem z rzadkimi drzewami i przejdziemy przez lokalny klejnot przyrody - aleję lipową.</p>



<p><strong>Spotkamy się w niedzielę 20 lipca 2025 r. o godz. 4:00 po południu.</strong> przed Urzędem Miejskim w Župčanach. Autobus SAD w kierunku Kojatice odjeżdża z Preszowa o 15:30 i przyjeżdża na przystanek Župčany, centrum o 15:46.</p>



<p><br>Wycieczka potrwa do około 17:30 - aby złapać autobus powrotny do Preszowa, który odjeżdża z przystanku Župčany, skrzyżowanie o 17:55, 18:13 i 18:17</p>



<p>Wydarzeniu towarzyszyć będzie Erik ONDRIA, historyk i współautor publikacji Wędrówki po Župčanach.</p>



<p>Zrealizowano przy wsparciu finansowym Ministerstwa Turystyki i Sportu Republiki Słowackiej.</p>


<div class="wp-block-image">
<figure class="aligncenter size-full"><img loading="lazy" decoding="async" width="400" height="150" src="https://www.regionsaris.sk/wp-content/uploads/2026/02/loga-pata-clanok-1.jpg" alt="" class="wp-image-3541" srcset="https://www.regionsaris.sk/wp-content/uploads/2026/02/loga-pata-clanok-1.jpg 400w, https://www.regionsaris.sk/wp-content/uploads/2026/02/loga-pata-clanok-1-300x113.jpg 300w, https://www.regionsaris.sk/wp-content/uploads/2026/02/loga-pata-clanok-1-18x7.jpg 18w" sizes="auto, (max-width: 400px) 100vw, 400px" /></figure>
</div>

<!-- This site is optimized with the Yoast SEO Premium plugin v26.3 (Yoast SEO v26.8) - https://yoast.com/product/yoast-seo-premium-wordpress/ -->
<title>Župčany a ich pamiatky - OOCR Šariš</title>
<meta name="description" content="Objavovanie Prešova: Župčany a ich pamiatky. Tentokrát sa presunieme hneď za roh Prešova a spolu objavíme pamiatky obce Župčany." />
<meta name="robots" content="index, follow, max-snippet:-1, max-image-preview:large, max-video-preview:-1" />
<link rel="canonical" href="https://www.regionsaris.sk/pl/objavovanie-presova/zupcany-a-ich-pamiatky/" />
<meta property="og:locale" content="pl_PL" />
<meta property="og:type" content="article" />
<meta property="og:title" content="Župčany a ich pamiatky" />
<meta property="og:description" content="Objavovanie Prešova: Župčany a ich pamiatky. Tentokrát sa presunieme hneď za roh Prešova a spolu objavíme pamiatky obce Župčany." />
<meta property="og:url" content="https://www.regionsaris.sk/pl/objavovanie-presova/zupcany-a-ich-pamiatky/" />
<meta property="og:site_name" content="OOCR Šariš" />
<meta property="article:modified_time" content="2026-02-24T10:48:54+00:00" />
<meta property="og:image" content="https://www.regionsaris.sk/wp-content/uploads/2026/02/7.png" />
	<meta property="og:image:width" content="750" />
	<meta property="og:image:height" content="750" />
	<meta property="og:image:type" content="image/png" />
<meta name="twitter:card" content="summary_large_image" />
<meta name="twitter:label1" content="Est. reading time" />
	<meta name="twitter:data1" content="2 minuty" />
<script type="application/ld+json" class="yoast-schema-graph">{"@context":"https://schema.org","@graph":[{"@type":"WebPage","@id":"https://www.regionsaris.sk/objavovanie-presova/zupcany-a-ich-pamiatky/","url":"https://www.regionsaris.sk/objavovanie-presova/zupcany-a-ich-pamiatky/","name":"Župčany a ich pamiatky - OOCR Šariš","isPartOf":{"@id":"https://www.regionsaris.sk/#website"},"primaryImageOfPage":{"@id":"https://www.regionsaris.sk/objavovanie-presova/zupcany-a-ich-pamiatky/#primaryimage"},"image":{"@id":"https://www.regionsaris.sk/objavovanie-presova/zupcany-a-ich-pamiatky/#primaryimage"},"thumbnailUrl":"https://www.regionsaris.sk/wp-content/uploads/2026/02/7.png","datePublished":"2026-02-24T10:48:53+00:00","dateModified":"2026-02-24T10:48:54+00:00","description":"Objavovanie Prešova: Župčany a ich pamiatky. Tentokrát sa presunieme hneď za roh Prešova a spolu objavíme pamiatky obce Župčany.","breadcrumb":{"@id":"https://www.regionsaris.sk/objavovanie-presova/zupcany-a-ich-pamiatky/#breadcrumb"},"inLanguage":"pl-PL","potentialAction":[{"@type":"ReadAction","target":["https://www.regionsaris.sk/objavovanie-presova/zupcany-a-ich-pamiatky/"]}]},{"@type":"ImageObject","inLanguage":"pl-PL","@id":"https://www.regionsaris.sk/objavovanie-presova/zupcany-a-ich-pamiatky/#primaryimage","url":"https://www.regionsaris.sk/wp-content/uploads/2026/02/7.png","contentUrl":"https://www.regionsaris.sk/wp-content/uploads/2026/02/7.png","width":750,"height":750},{"@type":"BreadcrumbList","@id":"https://www.regionsaris.sk/objavovanie-presova/zupcany-a-ich-pamiatky/#breadcrumb","itemListElement":[{"@type":"ListItem","position":1,"name":"Domov","item":"https://www.regionsaris.sk/"},{"@type":"ListItem","position":2,"name":"Objavovanie Prešova","item":"https://www.regionsaris.sk/objavujte-presov/"},{"@type":"ListItem","position":3,"name":"Župčany a ich pamiatky"}]},{"@type":"WebSite","@id":"https://www.regionsaris.sk/#website","url":"https://www.regionsaris.sk/","name":"OOCR Šariš","description":"","potentialAction":[{"@type":"SearchAction","target":{"@type":"EntryPoint","urlTemplate":"https://www.regionsaris.sk/?s={search_term_string}"},"query-input":{"@type":"PropertyValueSpecification","valueRequired":true,"valueName":"search_term_string"}}],"inLanguage":"pl-PL"}]}</script>
<!-- / Yoast SEO Premium plugin. -->

Župčany a ich pamiatky - OOCR Šariš

Objavovanie Prešova: Župčany a ich pamiatky. Tentokrát sa presunieme hneď za roh Prešova a spolu objavíme pamiatky obce Župčany.

Župčany a ich pamiatky

OOCR Šariš

Objavovanie Prešova
