{"id":4174,"date":"2026-03-23T08:13:44","date_gmt":"2026-03-23T07:13:44","guid":{"rendered":"https:\/\/www.regionsaris.sk\/?post_type=vyznamna-tvar&#038;p=4174"},"modified":"2026-03-25T14:36:54","modified_gmt":"2026-03-25T13:36:54","slug":"peter-lipa","status":"publish","type":"vyznamna-tvar","link":"https:\/\/www.regionsaris.sk\/it\/vyznamna-tvar\/peter-lipa\/","title":{"rendered":"Pietro Lipa"},"content":{"rendered":"<p>Peter Lipa \u00e8 nato il 30 maggio 1943 a Pre\u0161ov e fin da piccolo ha mostrato una profonda passione per la musica. Ha iniziato a studiare il violino all'et\u00e0 di dodici anni e in seguito ha aggiunto alle sue abilit\u00e0 la tromba, il trombone e la chitarra. Dopo il diploma di scuola superiore a Pre\u0161ov, ha studiato presso la Facolt\u00e0 di Ingegneria Civile dell'Universit\u00e0 Tecnica Slovacca di Bratislava e in seguito ha lavorato come redattore presso la Radio Cecoslovacca. Tra il 1975 e il 1976 ha completato gli studi post-laurea in giornalismo presso l'Universit\u00e0 Comenius.&nbsp;<\/p>\n\n\n\n<p>Il suo percorso musicale inizia nei primi anni Sessanta con gli Strings, seguiti da Istropilana, Blues Five, Gust\u00e1v Offerman Orchestra, Revival Jazz Band, T+R Band e Lipa Andr\u0161t Blues Band. Con i Blues Five ha vinto il premio Discovery of the Festival al 2\u00b0 Beat Festival di Praga nel 1968. Nel corso della sua carriera ha collaborato attivamente con pianisti, lo strumento che trova pi\u00f9 compatibile con la sua voce. I suoi partner musicali sono stati Ladislav Gerhard, Milan Svoboda, Gabriel Jon\u00e1\u0161, Emil Viklick\u00fd, Peter Breiner, Boris Urb\u00e1nek, Juraj Tat\u00e1r, Pavol Bodn\u00e1r e suo figlio Peter Lipa Jr.<\/p>\n\n\n\n<p>Nel 1978 ha fondato il suo gruppo Combo, che si \u00e8 evoluto nell'attuale Peter Lipa Band. Nel corso degli anni \u00e8 stato coinvolto in molte collaborazioni a breve e lungo termine, tra cui progetti attuali come Visegrad Blues Band, EU4 e Traditional Club. \u00c8 stato il primo artista in Slovacchia a introdurre la lingua slovacca nel jazz. Attinge al ritmo naturale della lingua e lo trasforma in fraseggio musicale. Il suo repertorio spazia dalle melodie tradizionali e dagli standard swing al jazz moderno.<\/p>\n\n\n\n<p>Nel 1990 \u00e8 stata fondata la Slovak Jazz Society, di cui Peter Lipa \u00e8 stato il presidente fondatore, carica che ricopre tuttora. Nel corso degli anni si \u00e8 esibito in tutti i continenti. Sebbene la maggior parte delle sue canzoni sia stata registrata e pubblicata, \u00e8 strano che a causa della censura comunista il suo album di debutto sia stato pubblicato solo nel suo 40\u00b0 anno di vita. Uno dei momenti pi\u00f9 indimenticabili della sua carriera musicale \u00e8 stato un duetto spontaneo con Bobby McFerrin, che lo invit\u00f2 sul palco alla fine del suo concerto a Bratislava nel 1986.<\/p>\n\n\n\n<p><strong>Fonte:<\/strong> Peter Lipa (Online: https:\/\/www.peterlipa.com\/en\/biography\/)<br><strong>Fonte foto<\/strong>Autore: Jind\u0159ich Nosek (NoJin) - Opera propria, CC BY-SA 4.0, https:\/\/commons.wikimedia.org\/w\/index.php?curid=115005958<\/p>","protected":false},"featured_media":4233,"template":"","meta":{"_acf_changed":true},"kategoria-vyznamnych-tvari":[244],"oblast-posobenia":[236],"class_list":["post-4174","vyznamna-tvar","type-vyznamna-tvar","status-publish","has-post-thumbnail","hentry","kategoria-vyznamnych-tvari-sucasna-osobnost","oblast-posobenia-hudba"],"acf":[],"yoast_head":"<!-- This site is optimized with the Yoast SEO Premium plugin v26.3 (Yoast SEO v26.8) - https:\/\/yoast.com\/product\/yoast-seo-premium-wordpress\/ -->\n<title>Peter Lipa - OOCR \u0160ari\u0161<\/title>\n<meta name=\"description\" content=\"Peter Lipa je spev\u00e1k, skladate\u013e, podnikate\u013e, organiz\u00e1tor hudobn\u00fdch podujat\u00ed, moder\u00e1tor, mana\u017e\u00e9r d\u017eezov\u00e9ho diania a dramaturg.\" \/>\n<meta name=\"robots\" content=\"index, follow, max-snippet:-1, max-image-preview:large, max-video-preview:-1\" \/>\n<link rel=\"canonical\" href=\"https:\/\/www.regionsaris.sk\/it\/vyznamna-tvar\/peter-lipa\/\" \/>\n<meta property=\"og:locale\" content=\"it_IT\" \/>\n<meta property=\"og:type\" content=\"article\" \/>\n<meta property=\"og:title\" content=\"Peter Lipa\" \/>\n<meta property=\"og:description\" content=\"Peter Lipa je spev\u00e1k, skladate\u013e, podnikate\u013e, organiz\u00e1tor hudobn\u00fdch podujat\u00ed, moder\u00e1tor, mana\u017e\u00e9r d\u017eezov\u00e9ho diania a dramaturg.\" \/>\n<meta property=\"og:url\" content=\"https:\/\/www.regionsaris.sk\/it\/vyznamna-tvar\/peter-lipa\/\" \/>\n<meta property=\"og:site_name\" content=\"OOCR \u0160ari\u0161\" \/>\n<meta property=\"article:modified_time\" content=\"2026-03-25T13:36:54+00:00\" \/>\n<meta property=\"og:image\" content=\"https:\/\/www.regionsaris.sk\/wp-content\/uploads\/2026\/03\/peter-lipa-vyznamne-tvare-regionu-oocrrs.png\" \/>\n\t<meta property=\"og:image:width\" content=\"500\" \/>\n\t<meta property=\"og:image:height\" content=\"500\" \/>\n\t<meta property=\"og:image:type\" content=\"image\/png\" \/>\n<meta name=\"twitter:card\" content=\"summary_large_image\" \/>\n<meta name=\"twitter:label1\" content=\"Tempo di lettura stimato\" \/>\n\t<meta name=\"twitter:data1\" content=\"2 minuti\" \/>\n<script type=\"application\/ld+json\" class=\"yoast-schema-graph\">{\"@context\":\"https:\/\/schema.org\",\"@graph\":[{\"@type\":\"WebPage\",\"@id\":\"https:\/\/www.regionsaris.sk\/vyznamna-tvar\/peter-lipa\/\",\"url\":\"https:\/\/www.regionsaris.sk\/vyznamna-tvar\/peter-lipa\/\",\"name\":\"Peter Lipa - OOCR \u0160ari\u0161\",\"isPartOf\":{\"@id\":\"https:\/\/www.regionsaris.sk\/#website\"},\"primaryImageOfPage\":{\"@id\":\"https:\/\/www.regionsaris.sk\/vyznamna-tvar\/peter-lipa\/#primaryimage\"},\"image\":{\"@id\":\"https:\/\/www.regionsaris.sk\/vyznamna-tvar\/peter-lipa\/#primaryimage\"},\"thumbnailUrl\":\"https:\/\/www.regionsaris.sk\/wp-content\/uploads\/2026\/03\/peter-lipa-vyznamne-tvare-regionu-oocrrs.png\",\"datePublished\":\"2026-03-23T07:13:44+00:00\",\"dateModified\":\"2026-03-25T13:36:54+00:00\",\"description\":\"Peter Lipa je spev\u00e1k, skladate\u013e, podnikate\u013e, organiz\u00e1tor hudobn\u00fdch podujat\u00ed, moder\u00e1tor, mana\u017e\u00e9r d\u017eezov\u00e9ho diania a dramaturg.\",\"breadcrumb\":{\"@id\":\"https:\/\/www.regionsaris.sk\/vyznamna-tvar\/peter-lipa\/#breadcrumb\"},\"inLanguage\":\"it-IT\",\"potentialAction\":[{\"@type\":\"ReadAction\",\"target\":[\"https:\/\/www.regionsaris.sk\/vyznamna-tvar\/peter-lipa\/\"]}]},{\"@type\":\"ImageObject\",\"inLanguage\":\"it-IT\",\"@id\":\"https:\/\/www.regionsaris.sk\/vyznamna-tvar\/peter-lipa\/#primaryimage\",\"url\":\"https:\/\/www.regionsaris.sk\/wp-content\/uploads\/2026\/03\/peter-lipa-vyznamne-tvare-regionu-oocrrs.png\",\"contentUrl\":\"https:\/\/www.regionsaris.sk\/wp-content\/uploads\/2026\/03\/peter-lipa-vyznamne-tvare-regionu-oocrrs.png\",\"width\":500,\"height\":500},{\"@type\":\"BreadcrumbList\",\"@id\":\"https:\/\/www.regionsaris.sk\/vyznamna-tvar\/peter-lipa\/#breadcrumb\",\"itemListElement\":[{\"@type\":\"ListItem\",\"position\":1,\"name\":\"Domov\",\"item\":\"https:\/\/www.regionsaris.sk\/\"},{\"@type\":\"ListItem\",\"position\":2,\"name\":\"V\u00fdznamn\u00e9 tv\u00e1re regi\u00f3nu\",\"item\":\"https:\/\/www.regionsaris.sk\/vyznamne-tvare-regionu\/\"},{\"@type\":\"ListItem\",\"position\":3,\"name\":\"Peter Lipa\"}]},{\"@type\":\"WebSite\",\"@id\":\"https:\/\/www.regionsaris.sk\/#website\",\"url\":\"https:\/\/www.regionsaris.sk\/\",\"name\":\"OOCR \u0160ari\u0161\",\"description\":\"\",\"potentialAction\":[{\"@type\":\"SearchAction\",\"target\":{\"@type\":\"EntryPoint\",\"urlTemplate\":\"https:\/\/www.regionsaris.sk\/?s={search_term_string}\"},\"query-input\":{\"@type\":\"PropertyValueSpecification\",\"valueRequired\":true,\"valueName\":\"search_term_string\"}}],\"inLanguage\":\"it-IT\"}]}<\/script>\n<!-- \/ Yoast SEO Premium plugin. -->","yoast_head_json":{"title":"Peter Lipa - OOCR \u0160ari\u0161","description":"Peter Lipa je spev\u00e1k, skladate\u013e, podnikate\u013e, organiz\u00e1tor hudobn\u00fdch podujat\u00ed, moder\u00e1tor, mana\u017e\u00e9r d\u017eezov\u00e9ho diania a dramaturg.","robots":{"index":"index","follow":"follow","max-snippet":"max-snippet:-1","max-image-preview":"max-image-preview:large","max-video-preview":"max-video-preview:-1"},"canonical":"https:\/\/www.regionsaris.sk\/it\/vyznamna-tvar\/peter-lipa\/","og_locale":"it_IT","og_type":"article","og_title":"Peter Lipa","og_description":"Peter Lipa je spev\u00e1k, skladate\u013e, podnikate\u013e, organiz\u00e1tor hudobn\u00fdch podujat\u00ed, moder\u00e1tor, mana\u017e\u00e9r d\u017eezov\u00e9ho diania a dramaturg.","og_url":"https:\/\/www.regionsaris.sk\/it\/vyznamna-tvar\/peter-lipa\/","og_site_name":"OOCR \u0160ari\u0161","article_modified_time":"2026-03-25T13:36:54+00:00","og_image":[{"width":500,"height":500,"url":"https:\/\/www.regionsaris.sk\/wp-content\/uploads\/2026\/03\/peter-lipa-vyznamne-tvare-regionu-oocrrs.png","type":"image\/png"}],"twitter_card":"summary_large_image","twitter_misc":{"Tempo di lettura stimato":"2 minuti"},"schema":{"@context":"https:\/\/schema.org","@graph":[{"@type":"WebPage","@id":"https:\/\/www.regionsaris.sk\/vyznamna-tvar\/peter-lipa\/","url":"https:\/\/www.regionsaris.sk\/vyznamna-tvar\/peter-lipa\/","name":"Peter Lipa - OOCR \u0160ari\u0161","isPartOf":{"@id":"https:\/\/www.regionsaris.sk\/#website"},"primaryImageOfPage":{"@id":"https:\/\/www.regionsaris.sk\/vyznamna-tvar\/peter-lipa\/#primaryimage"},"image":{"@id":"https:\/\/www.regionsaris.sk\/vyznamna-tvar\/peter-lipa\/#primaryimage"},"thumbnailUrl":"https:\/\/www.regionsaris.sk\/wp-content\/uploads\/2026\/03\/peter-lipa-vyznamne-tvare-regionu-oocrrs.png","datePublished":"2026-03-23T07:13:44+00:00","dateModified":"2026-03-25T13:36:54+00:00","description":"Peter Lipa je spev\u00e1k, skladate\u013e, podnikate\u013e, organiz\u00e1tor hudobn\u00fdch podujat\u00ed, moder\u00e1tor, mana\u017e\u00e9r d\u017eezov\u00e9ho diania a dramaturg.","breadcrumb":{"@id":"https:\/\/www.regionsaris.sk\/vyznamna-tvar\/peter-lipa\/#breadcrumb"},"inLanguage":"it-IT","potentialAction":[{"@type":"ReadAction","target":["https:\/\/www.regionsaris.sk\/vyznamna-tvar\/peter-lipa\/"]}]},{"@type":"ImageObject","inLanguage":"it-IT","@id":"https:\/\/www.regionsaris.sk\/vyznamna-tvar\/peter-lipa\/#primaryimage","url":"https:\/\/www.regionsaris.sk\/wp-content\/uploads\/2026\/03\/peter-lipa-vyznamne-tvare-regionu-oocrrs.png","contentUrl":"https:\/\/www.regionsaris.sk\/wp-content\/uploads\/2026\/03\/peter-lipa-vyznamne-tvare-regionu-oocrrs.png","width":500,"height":500},{"@type":"BreadcrumbList","@id":"https:\/\/www.regionsaris.sk\/vyznamna-tvar\/peter-lipa\/#breadcrumb","itemListElement":[{"@type":"ListItem","position":1,"name":"Domov","item":"https:\/\/www.regionsaris.sk\/"},{"@type":"ListItem","position":2,"name":"V\u00fdznamn\u00e9 tv\u00e1re regi\u00f3nu","item":"https:\/\/www.regionsaris.sk\/vyznamne-tvare-regionu\/"},{"@type":"ListItem","position":3,"name":"Peter Lipa"}]},{"@type":"WebSite","@id":"https:\/\/www.regionsaris.sk\/#website","url":"https:\/\/www.regionsaris.sk\/","name":"OOCR \u0160ari\u0161","description":"","potentialAction":[{"@type":"SearchAction","target":{"@type":"EntryPoint","urlTemplate":"https:\/\/www.regionsaris.sk\/?s={search_term_string}"},"query-input":{"@type":"PropertyValueSpecification","valueRequired":true,"valueName":"search_term_string"}}],"inLanguage":"it-IT"}]}},"_links":{"self":[{"href":"https:\/\/www.regionsaris.sk\/it\/wp-json\/wp\/v2\/vyznamna-tvar\/4174","targetHints":{"allow":["GET"]}}],"collection":[{"href":"https:\/\/www.regionsaris.sk\/it\/wp-json\/wp\/v2\/vyznamna-tvar"}],"about":[{"href":"https:\/\/www.regionsaris.sk\/it\/wp-json\/wp\/v2\/types\/vyznamna-tvar"}],"wp:featuredmedia":[{"embeddable":true,"href":"https:\/\/www.regionsaris.sk\/it\/wp-json\/wp\/v2\/media\/4233"}],"wp:attachment":[{"href":"https:\/\/www.regionsaris.sk\/it\/wp-json\/wp\/v2\/media?parent=4174"}],"wp:term":[{"taxonomy":"kategoria-vyznamnych-tvari","embeddable":true,"href":"https:\/\/www.regionsaris.sk\/it\/wp-json\/wp\/v2\/kategoria-vyznamnych-tvari?post=4174"},{"taxonomy":"oblast-posobenia","embeddable":true,"href":"https:\/\/www.regionsaris.sk\/it\/wp-json\/wp\/v2\/oblast-posobenia?post=4174"}],"curies":[{"name":"wp","href":"https:\/\/api.w.org\/{rel}","templated":true}]}}

<p>Peter Lipa è nato il 30 maggio 1943 a Prešov e fin da piccolo ha mostrato una profonda passione per la musica. Ha iniziato a studiare il violino all'età di dodici anni e in seguito ha aggiunto alle sue abilità la tromba, il trombone e la chitarra. Dopo il diploma di scuola superiore a Prešov, ha studiato presso la Facoltà di Ingegneria Civile dell'Università Tecnica Slovacca di Bratislava e in seguito ha lavorato come redattore presso la Radio Cecoslovacca. Tra il 1975 e il 1976 ha completato gli studi post-laurea in giornalismo presso l'Università Comenius.&nbsp;</p>



<p>Il suo percorso musicale inizia nei primi anni Sessanta con gli Strings, seguiti da Istropilana, Blues Five, Gustáv Offerman Orchestra, Revival Jazz Band, T+R Band e Lipa Andršt Blues Band. Con i Blues Five ha vinto il premio Discovery of the Festival al 2° Beat Festival di Praga nel 1968. Nel corso della sua carriera ha collaborato attivamente con pianisti, lo strumento che trova più compatibile con la sua voce. I suoi partner musicali sono stati Ladislav Gerhard, Milan Svoboda, Gabriel Jonáš, Emil Viklický, Peter Breiner, Boris Urbánek, Juraj Tatár, Pavol Bodnár e suo figlio Peter Lipa Jr.</p>



<p>Nel 1978 ha fondato il suo gruppo Combo, che si è evoluto nell'attuale Peter Lipa Band. Nel corso degli anni è stato coinvolto in molte collaborazioni a breve e lungo termine, tra cui progetti attuali come Visegrad Blues Band, EU4 e Traditional Club. È stato il primo artista in Slovacchia a introdurre la lingua slovacca nel jazz. Attinge al ritmo naturale della lingua e lo trasforma in fraseggio musicale. Il suo repertorio spazia dalle melodie tradizionali e dagli standard swing al jazz moderno.</p>



<p>Nel 1990 è stata fondata la Slovak Jazz Society, di cui Peter Lipa è stato il presidente fondatore, carica che ricopre tuttora. Nel corso degli anni si è esibito in tutti i continenti. Sebbene la maggior parte delle sue canzoni sia stata registrata e pubblicata, è strano che a causa della censura comunista il suo album di debutto sia stato pubblicato solo nel suo 40° anno di vita. Uno dei momenti più indimenticabili della sua carriera musicale è stato un duetto spontaneo con Bobby McFerrin, che lo invitò sul palco alla fine del suo concerto a Bratislava nel 1986.</p>



<p><strong>Fonte:</strong> Peter Lipa (Online: https://www.peterlipa.com/en/biography/)<br><strong>Fonte foto</strong>Autore: Jindřich Nosek (NoJin) - Opera propria, CC BY-SA 4.0, https://commons.wikimedia.org/w/index.php?curid=115005958</p>

<!-- This site is optimized with the Yoast SEO Premium plugin v26.3 (Yoast SEO v26.8) - https://yoast.com/product/yoast-seo-premium-wordpress/ -->
<title>Peter Lipa - OOCR Šariš</title>
<meta name="description" content="Peter Lipa je spevák, skladateľ, podnikateľ, organizátor hudobných podujatí, moderátor, manažér džezového diania a dramaturg." />
<meta name="robots" content="index, follow, max-snippet:-1, max-image-preview:large, max-video-preview:-1" />
<link rel="canonical" href="https://www.regionsaris.sk/it/vyznamna-tvar/peter-lipa/" />
<meta property="og:locale" content="it_IT" />
<meta property="og:type" content="article" />
<meta property="og:title" content="Peter Lipa" />
<meta property="og:description" content="Peter Lipa je spevák, skladateľ, podnikateľ, organizátor hudobných podujatí, moderátor, manažér džezového diania a dramaturg." />
<meta property="og:url" content="https://www.regionsaris.sk/it/vyznamna-tvar/peter-lipa/" />
<meta property="og:site_name" content="OOCR Šariš" />
<meta property="article:modified_time" content="2026-03-25T13:36:54+00:00" />
<meta property="og:image" content="https://www.regionsaris.sk/wp-content/uploads/2026/03/peter-lipa-vyznamne-tvare-regionu-oocrrs.png" />
	<meta property="og:image:width" content="500" />
	<meta property="og:image:height" content="500" />
	<meta property="og:image:type" content="image/png" />
<meta name="twitter:card" content="summary_large_image" />
<meta name="twitter:label1" content="Tempo di lettura stimato" />
	<meta name="twitter:data1" content="2 minuti" />
<script type="application/ld+json" class="yoast-schema-graph">{"@context":"https://schema.org","@graph":[{"@type":"WebPage","@id":"https://www.regionsaris.sk/vyznamna-tvar/peter-lipa/","url":"https://www.regionsaris.sk/vyznamna-tvar/peter-lipa/","name":"Peter Lipa - OOCR Šariš","isPartOf":{"@id":"https://www.regionsaris.sk/#website"},"primaryImageOfPage":{"@id":"https://www.regionsaris.sk/vyznamna-tvar/peter-lipa/#primaryimage"},"image":{"@id":"https://www.regionsaris.sk/vyznamna-tvar/peter-lipa/#primaryimage"},"thumbnailUrl":"https://www.regionsaris.sk/wp-content/uploads/2026/03/peter-lipa-vyznamne-tvare-regionu-oocrrs.png","datePublished":"2026-03-23T07:13:44+00:00","dateModified":"2026-03-25T13:36:54+00:00","description":"Peter Lipa je spevák, skladateľ, podnikateľ, organizátor hudobných podujatí, moderátor, manažér džezového diania a dramaturg.","breadcrumb":{"@id":"https://www.regionsaris.sk/vyznamna-tvar/peter-lipa/#breadcrumb"},"inLanguage":"it-IT","potentialAction":[{"@type":"ReadAction","target":["https://www.regionsaris.sk/vyznamna-tvar/peter-lipa/"]}]},{"@type":"ImageObject","inLanguage":"it-IT","@id":"https://www.regionsaris.sk/vyznamna-tvar/peter-lipa/#primaryimage","url":"https://www.regionsaris.sk/wp-content/uploads/2026/03/peter-lipa-vyznamne-tvare-regionu-oocrrs.png","contentUrl":"https://www.regionsaris.sk/wp-content/uploads/2026/03/peter-lipa-vyznamne-tvare-regionu-oocrrs.png","width":500,"height":500},{"@type":"BreadcrumbList","@id":"https://www.regionsaris.sk/vyznamna-tvar/peter-lipa/#breadcrumb","itemListElement":[{"@type":"ListItem","position":1,"name":"Domov","item":"https://www.regionsaris.sk/"},{"@type":"ListItem","position":2,"name":"Významné tváre regiónu","item":"https://www.regionsaris.sk/vyznamne-tvare-regionu/"},{"@type":"ListItem","position":3,"name":"Peter Lipa"}]},{"@type":"WebSite","@id":"https://www.regionsaris.sk/#website","url":"https://www.regionsaris.sk/","name":"OOCR Šariš","description":"","potentialAction":[{"@type":"SearchAction","target":{"@type":"EntryPoint","urlTemplate":"https://www.regionsaris.sk/?s={search_term_string}"},"query-input":{"@type":"PropertyValueSpecification","valueRequired":true,"valueName":"search_term_string"}}],"inLanguage":"it-IT"}]}</script>
<!-- / Yoast SEO Premium plugin. -->

Peter Lipa - OOCR Šariš

Peter Lipa je spevák, skladateľ, podnikateľ, organizátor hudobných podujatí, moderátor, manažér džezového diania a dramaturg.

OOCR Šariš

Významné tváre regiónu
