{"id":4162,"date":"2026-03-23T07:57:36","date_gmt":"2026-03-23T06:57:36","guid":{"rendered":"https:\/\/www.regionsaris.sk\/?post_type=vyznamna-tvar&#038;p=4162"},"modified":"2026-03-25T14:51:20","modified_gmt":"2026-03-25T13:51:20","slug":"juraj-kukura","status":"publish","type":"vyznamna-tvar","link":"https:\/\/www.regionsaris.sk\/it\/vyznamna-tvar\/juraj-kukura\/","title":{"rendered":"Juraj Kukura"},"content":{"rendered":"<p>Juraj Kukura \u00e8 nato il 15 marzo 1947 a Pre\u0161ov. Dopo essersi diplomato alla scuola per l'industria edile di Bratislava, ha studiato recitazione all'Accademia delle Arti dello Spettacolo di Bratislava. Ha iniziato nel Teatro Korze, poi nel New Stage, e dal 1976 al 1984 ha lavorato nel Teatro Drammatico del Teatro Nazionale Slovacco di Bratislava fino alla partenza per la Germania. All'inizio si \u00e8 esibito al Kammerspiele di Monaco, poi a Basilea, Bonn e dal 1985 allo Schauspielhaus di Amburgo, dove vive tuttora.&nbsp;<\/p>\n\n\n\n<p>Nel 2002 \u00e8 diventato direttore del Teatro Ar\u00e9na di Bratislava. \u00c8 sposato e ha un figlio. \u00c8 uno degli attori teatrali e televisivi pi\u00f9 popolari in Germania. Ha recitato in diversi episodi della serie Scena del crimine, nelle serie Via Mala, Hotel Raj Helicops, Kobra 11.&nbsp;<\/p>\n\n\n\n<p><strong>Premi:<\/strong><\/p>\n\n\n\n<p>- Per la sua interpretazione di Martin in The Goat o Who is Sylvia, ha ricevuto il premio Slabs 2004 come miglior attore.&nbsp;<\/p>\n\n\n\n<p>- Per il suo ruolo di protagonista nella produzione del Prague Drama Club de I fratelli Karamazov, ha vinto il prestigioso premio Divadeln\u00edch noviny per la migliore performance attoriale della stagione 2014\/2015, che viene assegnato indipendentemente dal genere.&nbsp;<\/p>\n\n\n\n<p>- Per la sua interpretazione di F\u00ebdor Karamazov \u00e8 stato nominato per il premio annuale Thalia dell'Associazione degli attori cechi e per il premio della critica teatrale 2015, assegnato dalla rinomata rivista ceca Sv\u011bt a divadlo (Mondo e teatro).&nbsp;<\/p>\n\n\n\n<p>- Nel 2017 ha ricevuto la medaglia al merito dal presidente ceco Milo\u0161 Zeman.&nbsp;<\/p>\n\n\n\n<p>- Nel 2025, il Presidente Peter Pellegrini gli ha conferito la Croce Pribina di Prima Classe, una decorazione statale per meriti straordinari per lo sviluppo culturale della Repubblica Slovacca.<\/p>\n\n\n\n<p><strong>Fonte:<\/strong> https:\/\/sk.wikipedia.org\/wiki\/Juraj_Kukura<br><strong>Fonte della foto:<\/strong> Autore: Pavol Fre\u0161o - flickr.com, CC BY 2.0, https:\/\/commons.wikimedia.org\/w\/index.php?curid=40943290<\/p>\n\n\n\n<p><\/p>","protected":false},"featured_media":4239,"template":"","meta":{"_acf_changed":true},"kategoria-vyznamnych-tvari":[244],"oblast-posobenia":[238,251],"class_list":["post-4162","vyznamna-tvar","type-vyznamna-tvar","status-publish","has-post-thumbnail","hentry","kategoria-vyznamnych-tvari-sucasna-osobnost","oblast-posobenia-divadlo","oblast-posobenia-film"],"acf":[],"yoast_head":"<!-- This site is optimized with the Yoast SEO Premium plugin v26.3 (Yoast SEO v26.8) - https:\/\/yoast.com\/product\/yoast-seo-premium-wordpress\/ -->\n<title>Juraj Kukura - OOCR \u0160ari\u0161<\/title>\n<meta name=\"robots\" content=\"index, follow, max-snippet:-1, max-image-preview:large, max-video-preview:-1\" \/>\n<link rel=\"canonical\" href=\"https:\/\/www.regionsaris.sk\/it\/vyznamna-tvar\/juraj-kukura\/\" \/>\n<meta property=\"og:locale\" content=\"it_IT\" \/>\n<meta property=\"og:type\" content=\"article\" \/>\n<meta property=\"og:title\" content=\"Juraj Kukura\" \/>\n<meta property=\"og:description\" content=\"Juraj Kukura sa narodil 15. marca 1947 v Pre\u0161ove. Po ukon\u010den\u00ed stavebnej priemyslovky v Bratislave...\" \/>\n<meta property=\"og:url\" content=\"https:\/\/www.regionsaris.sk\/it\/vyznamna-tvar\/juraj-kukura\/\" \/>\n<meta property=\"og:site_name\" content=\"OOCR \u0160ari\u0161\" \/>\n<meta property=\"article:modified_time\" content=\"2026-03-25T13:51:20+00:00\" \/>\n<meta property=\"og:image\" content=\"https:\/\/www.regionsaris.sk\/wp-content\/uploads\/2026\/03\/juraj-kukura-vyznamne-tvare-regionu-oocrrs.png\" \/>\n\t<meta property=\"og:image:width\" content=\"500\" \/>\n\t<meta property=\"og:image:height\" content=\"500\" \/>\n\t<meta property=\"og:image:type\" content=\"image\/png\" \/>\n<meta name=\"twitter:card\" content=\"summary_large_image\" \/>\n<meta name=\"twitter:label1\" content=\"Tempo di lettura stimato\" \/>\n\t<meta name=\"twitter:data1\" content=\"2 minuti\" \/>\n<script type=\"application\/ld+json\" class=\"yoast-schema-graph\">{\"@context\":\"https:\/\/schema.org\",\"@graph\":[{\"@type\":\"WebPage\",\"@id\":\"https:\/\/www.regionsaris.sk\/vyznamna-tvar\/juraj-kukura\/\",\"url\":\"https:\/\/www.regionsaris.sk\/vyznamna-tvar\/juraj-kukura\/\",\"name\":\"Juraj Kukura - OOCR \u0160ari\u0161\",\"isPartOf\":{\"@id\":\"https:\/\/www.regionsaris.sk\/#website\"},\"primaryImageOfPage\":{\"@id\":\"https:\/\/www.regionsaris.sk\/vyznamna-tvar\/juraj-kukura\/#primaryimage\"},\"image\":{\"@id\":\"https:\/\/www.regionsaris.sk\/vyznamna-tvar\/juraj-kukura\/#primaryimage\"},\"thumbnailUrl\":\"https:\/\/www.regionsaris.sk\/wp-content\/uploads\/2026\/03\/juraj-kukura-vyznamne-tvare-regionu-oocrrs.png\",\"datePublished\":\"2026-03-23T06:57:36+00:00\",\"dateModified\":\"2026-03-25T13:51:20+00:00\",\"breadcrumb\":{\"@id\":\"https:\/\/www.regionsaris.sk\/vyznamna-tvar\/juraj-kukura\/#breadcrumb\"},\"inLanguage\":\"it-IT\",\"potentialAction\":[{\"@type\":\"ReadAction\",\"target\":[\"https:\/\/www.regionsaris.sk\/vyznamna-tvar\/juraj-kukura\/\"]}]},{\"@type\":\"ImageObject\",\"inLanguage\":\"it-IT\",\"@id\":\"https:\/\/www.regionsaris.sk\/vyznamna-tvar\/juraj-kukura\/#primaryimage\",\"url\":\"https:\/\/www.regionsaris.sk\/wp-content\/uploads\/2026\/03\/juraj-kukura-vyznamne-tvare-regionu-oocrrs.png\",\"contentUrl\":\"https:\/\/www.regionsaris.sk\/wp-content\/uploads\/2026\/03\/juraj-kukura-vyznamne-tvare-regionu-oocrrs.png\",\"width\":500,\"height\":500},{\"@type\":\"BreadcrumbList\",\"@id\":\"https:\/\/www.regionsaris.sk\/vyznamna-tvar\/juraj-kukura\/#breadcrumb\",\"itemListElement\":[{\"@type\":\"ListItem\",\"position\":1,\"name\":\"Domov\",\"item\":\"https:\/\/www.regionsaris.sk\/\"},{\"@type\":\"ListItem\",\"position\":2,\"name\":\"V\u00fdznamn\u00e9 tv\u00e1re regi\u00f3nu\",\"item\":\"https:\/\/www.regionsaris.sk\/vyznamne-tvare-regionu\/\"},{\"@type\":\"ListItem\",\"position\":3,\"name\":\"Juraj Kukura\"}]},{\"@type\":\"WebSite\",\"@id\":\"https:\/\/www.regionsaris.sk\/#website\",\"url\":\"https:\/\/www.regionsaris.sk\/\",\"name\":\"OOCR \u0160ari\u0161\",\"description\":\"\",\"potentialAction\":[{\"@type\":\"SearchAction\",\"target\":{\"@type\":\"EntryPoint\",\"urlTemplate\":\"https:\/\/www.regionsaris.sk\/?s={search_term_string}\"},\"query-input\":{\"@type\":\"PropertyValueSpecification\",\"valueRequired\":true,\"valueName\":\"search_term_string\"}}],\"inLanguage\":\"it-IT\"}]}<\/script>\n<!-- \/ Yoast SEO Premium plugin. -->","yoast_head_json":{"title":"Juraj Kukura - OOCR \u0160ari\u0161","robots":{"index":"index","follow":"follow","max-snippet":"max-snippet:-1","max-image-preview":"max-image-preview:large","max-video-preview":"max-video-preview:-1"},"canonical":"https:\/\/www.regionsaris.sk\/it\/vyznamna-tvar\/juraj-kukura\/","og_locale":"it_IT","og_type":"article","og_title":"Juraj Kukura","og_description":"Juraj Kukura sa narodil 15. marca 1947 v Pre\u0161ove. Po ukon\u010den\u00ed stavebnej priemyslovky v Bratislave...","og_url":"https:\/\/www.regionsaris.sk\/it\/vyznamna-tvar\/juraj-kukura\/","og_site_name":"OOCR \u0160ari\u0161","article_modified_time":"2026-03-25T13:51:20+00:00","og_image":[{"width":500,"height":500,"url":"https:\/\/www.regionsaris.sk\/wp-content\/uploads\/2026\/03\/juraj-kukura-vyznamne-tvare-regionu-oocrrs.png","type":"image\/png"}],"twitter_card":"summary_large_image","twitter_misc":{"Tempo di lettura stimato":"2 minuti"},"schema":{"@context":"https:\/\/schema.org","@graph":[{"@type":"WebPage","@id":"https:\/\/www.regionsaris.sk\/vyznamna-tvar\/juraj-kukura\/","url":"https:\/\/www.regionsaris.sk\/vyznamna-tvar\/juraj-kukura\/","name":"Juraj Kukura - OOCR \u0160ari\u0161","isPartOf":{"@id":"https:\/\/www.regionsaris.sk\/#website"},"primaryImageOfPage":{"@id":"https:\/\/www.regionsaris.sk\/vyznamna-tvar\/juraj-kukura\/#primaryimage"},"image":{"@id":"https:\/\/www.regionsaris.sk\/vyznamna-tvar\/juraj-kukura\/#primaryimage"},"thumbnailUrl":"https:\/\/www.regionsaris.sk\/wp-content\/uploads\/2026\/03\/juraj-kukura-vyznamne-tvare-regionu-oocrrs.png","datePublished":"2026-03-23T06:57:36+00:00","dateModified":"2026-03-25T13:51:20+00:00","breadcrumb":{"@id":"https:\/\/www.regionsaris.sk\/vyznamna-tvar\/juraj-kukura\/#breadcrumb"},"inLanguage":"it-IT","potentialAction":[{"@type":"ReadAction","target":["https:\/\/www.regionsaris.sk\/vyznamna-tvar\/juraj-kukura\/"]}]},{"@type":"ImageObject","inLanguage":"it-IT","@id":"https:\/\/www.regionsaris.sk\/vyznamna-tvar\/juraj-kukura\/#primaryimage","url":"https:\/\/www.regionsaris.sk\/wp-content\/uploads\/2026\/03\/juraj-kukura-vyznamne-tvare-regionu-oocrrs.png","contentUrl":"https:\/\/www.regionsaris.sk\/wp-content\/uploads\/2026\/03\/juraj-kukura-vyznamne-tvare-regionu-oocrrs.png","width":500,"height":500},{"@type":"BreadcrumbList","@id":"https:\/\/www.regionsaris.sk\/vyznamna-tvar\/juraj-kukura\/#breadcrumb","itemListElement":[{"@type":"ListItem","position":1,"name":"Domov","item":"https:\/\/www.regionsaris.sk\/"},{"@type":"ListItem","position":2,"name":"V\u00fdznamn\u00e9 tv\u00e1re regi\u00f3nu","item":"https:\/\/www.regionsaris.sk\/vyznamne-tvare-regionu\/"},{"@type":"ListItem","position":3,"name":"Juraj Kukura"}]},{"@type":"WebSite","@id":"https:\/\/www.regionsaris.sk\/#website","url":"https:\/\/www.regionsaris.sk\/","name":"OOCR \u0160ari\u0161","description":"","potentialAction":[{"@type":"SearchAction","target":{"@type":"EntryPoint","urlTemplate":"https:\/\/www.regionsaris.sk\/?s={search_term_string}"},"query-input":{"@type":"PropertyValueSpecification","valueRequired":true,"valueName":"search_term_string"}}],"inLanguage":"it-IT"}]}},"_links":{"self":[{"href":"https:\/\/www.regionsaris.sk\/it\/wp-json\/wp\/v2\/vyznamna-tvar\/4162","targetHints":{"allow":["GET"]}}],"collection":[{"href":"https:\/\/www.regionsaris.sk\/it\/wp-json\/wp\/v2\/vyznamna-tvar"}],"about":[{"href":"https:\/\/www.regionsaris.sk\/it\/wp-json\/wp\/v2\/types\/vyznamna-tvar"}],"wp:featuredmedia":[{"embeddable":true,"href":"https:\/\/www.regionsaris.sk\/it\/wp-json\/wp\/v2\/media\/4239"}],"wp:attachment":[{"href":"https:\/\/www.regionsaris.sk\/it\/wp-json\/wp\/v2\/media?parent=4162"}],"wp:term":[{"taxonomy":"kategoria-vyznamnych-tvari","embeddable":true,"href":"https:\/\/www.regionsaris.sk\/it\/wp-json\/wp\/v2\/kategoria-vyznamnych-tvari?post=4162"},{"taxonomy":"oblast-posobenia","embeddable":true,"href":"https:\/\/www.regionsaris.sk\/it\/wp-json\/wp\/v2\/oblast-posobenia?post=4162"}],"curies":[{"name":"wp","href":"https:\/\/api.w.org\/{rel}","templated":true}]}}

<p>Juraj Kukura è nato il 15 marzo 1947 a Prešov. Dopo essersi diplomato alla scuola per l'industria edile di Bratislava, ha studiato recitazione all'Accademia delle Arti dello Spettacolo di Bratislava. Ha iniziato nel Teatro Korze, poi nel New Stage, e dal 1976 al 1984 ha lavorato nel Teatro Drammatico del Teatro Nazionale Slovacco di Bratislava fino alla partenza per la Germania. All'inizio si è esibito al Kammerspiele di Monaco, poi a Basilea, Bonn e dal 1985 allo Schauspielhaus di Amburgo, dove vive tuttora.&nbsp;</p>



<p>Nel 2002 è diventato direttore del Teatro Aréna di Bratislava. È sposato e ha un figlio. È uno degli attori teatrali e televisivi più popolari in Germania. Ha recitato in diversi episodi della serie Scena del crimine, nelle serie Via Mala, Hotel Raj Helicops, Kobra 11.&nbsp;</p>



<p><strong>Premi:</strong></p>



<p>- Per la sua interpretazione di Martin in The Goat o Who is Sylvia, ha ricevuto il premio Slabs 2004 come miglior attore.&nbsp;</p>



<p>- Per il suo ruolo di protagonista nella produzione del Prague Drama Club de I fratelli Karamazov, ha vinto il prestigioso premio Divadelních noviny per la migliore performance attoriale della stagione 2014/2015, che viene assegnato indipendentemente dal genere.&nbsp;</p>



<p>- Per la sua interpretazione di Fëdor Karamazov è stato nominato per il premio annuale Thalia dell'Associazione degli attori cechi e per il premio della critica teatrale 2015, assegnato dalla rinomata rivista ceca Svět a divadlo (Mondo e teatro).&nbsp;</p>



<p>- Nel 2017 ha ricevuto la medaglia al merito dal presidente ceco Miloš Zeman.&nbsp;</p>



<p>- Nel 2025, il Presidente Peter Pellegrini gli ha conferito la Croce Pribina di Prima Classe, una decorazione statale per meriti straordinari per lo sviluppo culturale della Repubblica Slovacca.</p>



<p><strong>Fonte:</strong> https://sk.wikipedia.org/wiki/Juraj_Kukura<br><strong>Fonte della foto:</strong> Autore: Pavol Frešo - flickr.com, CC BY 2.0, https://commons.wikimedia.org/w/index.php?curid=40943290</p>



<p></p>

<!-- This site is optimized with the Yoast SEO Premium plugin v26.3 (Yoast SEO v26.8) - https://yoast.com/product/yoast-seo-premium-wordpress/ -->
<title>Juraj Kukura - OOCR Šariš</title>
<meta name="robots" content="index, follow, max-snippet:-1, max-image-preview:large, max-video-preview:-1" />
<link rel="canonical" href="https://www.regionsaris.sk/it/vyznamna-tvar/juraj-kukura/" />
<meta property="og:locale" content="it_IT" />
<meta property="og:type" content="article" />
<meta property="og:title" content="Juraj Kukura" />
<meta property="og:description" content="Juraj Kukura sa narodil 15. marca 1947 v Prešove. Po ukončení stavebnej priemyslovky v Bratislave..." />
<meta property="og:url" content="https://www.regionsaris.sk/it/vyznamna-tvar/juraj-kukura/" />
<meta property="og:site_name" content="OOCR Šariš" />
<meta property="article:modified_time" content="2026-03-25T13:51:20+00:00" />
<meta property="og:image" content="https://www.regionsaris.sk/wp-content/uploads/2026/03/juraj-kukura-vyznamne-tvare-regionu-oocrrs.png" />
	<meta property="og:image:width" content="500" />
	<meta property="og:image:height" content="500" />
	<meta property="og:image:type" content="image/png" />
<meta name="twitter:card" content="summary_large_image" />
<meta name="twitter:label1" content="Tempo di lettura stimato" />
	<meta name="twitter:data1" content="2 minuti" />
<script type="application/ld+json" class="yoast-schema-graph">{"@context":"https://schema.org","@graph":[{"@type":"WebPage","@id":"https://www.regionsaris.sk/vyznamna-tvar/juraj-kukura/","url":"https://www.regionsaris.sk/vyznamna-tvar/juraj-kukura/","name":"Juraj Kukura - OOCR Šariš","isPartOf":{"@id":"https://www.regionsaris.sk/#website"},"primaryImageOfPage":{"@id":"https://www.regionsaris.sk/vyznamna-tvar/juraj-kukura/#primaryimage"},"image":{"@id":"https://www.regionsaris.sk/vyznamna-tvar/juraj-kukura/#primaryimage"},"thumbnailUrl":"https://www.regionsaris.sk/wp-content/uploads/2026/03/juraj-kukura-vyznamne-tvare-regionu-oocrrs.png","datePublished":"2026-03-23T06:57:36+00:00","dateModified":"2026-03-25T13:51:20+00:00","breadcrumb":{"@id":"https://www.regionsaris.sk/vyznamna-tvar/juraj-kukura/#breadcrumb"},"inLanguage":"it-IT","potentialAction":[{"@type":"ReadAction","target":["https://www.regionsaris.sk/vyznamna-tvar/juraj-kukura/"]}]},{"@type":"ImageObject","inLanguage":"it-IT","@id":"https://www.regionsaris.sk/vyznamna-tvar/juraj-kukura/#primaryimage","url":"https://www.regionsaris.sk/wp-content/uploads/2026/03/juraj-kukura-vyznamne-tvare-regionu-oocrrs.png","contentUrl":"https://www.regionsaris.sk/wp-content/uploads/2026/03/juraj-kukura-vyznamne-tvare-regionu-oocrrs.png","width":500,"height":500},{"@type":"BreadcrumbList","@id":"https://www.regionsaris.sk/vyznamna-tvar/juraj-kukura/#breadcrumb","itemListElement":[{"@type":"ListItem","position":1,"name":"Domov","item":"https://www.regionsaris.sk/"},{"@type":"ListItem","position":2,"name":"Významné tváre regiónu","item":"https://www.regionsaris.sk/vyznamne-tvare-regionu/"},{"@type":"ListItem","position":3,"name":"Juraj Kukura"}]},{"@type":"WebSite","@id":"https://www.regionsaris.sk/#website","url":"https://www.regionsaris.sk/","name":"OOCR Šariš","description":"","potentialAction":[{"@type":"SearchAction","target":{"@type":"EntryPoint","urlTemplate":"https://www.regionsaris.sk/?s={search_term_string}"},"query-input":{"@type":"PropertyValueSpecification","valueRequired":true,"valueName":"search_term_string"}}],"inLanguage":"it-IT"}]}</script>
<!-- / Yoast SEO Premium plugin. -->

Juraj Kukura - OOCR Šariš

Juraj Kukura sa narodil 15. marca 1947 v Prešove. Po ukončení stavebnej priemyslovky v Bratislave...

OOCR Šariš

Významné tváre regiónu
