{"id":4113,"date":"2026-03-22T11:35:25","date_gmt":"2026-03-22T10:35:25","guid":{"rendered":"https:\/\/www.regionsaris.sk\/?post_type=vyznamna-tvar&#038;p=4113"},"modified":"2026-04-01T10:19:40","modified_gmt":"2026-04-01T09:19:40","slug":"rudolf-dilong","status":"publish","type":"vyznamna-tvar","link":"https:\/\/www.regionsaris.sk\/it\/vyznamna-tvar\/rudolf-dilong\/","title":{"rendered":"Rudolf Dilong"},"content":{"rendered":"<p>\u00c8 nato il 1\u00b0 agosto 1905 a Trstena, Orava, dove si \u00e8 diplomato al ginnasio. Dopo la laurea divenne monaco dell'Ordine Francescano e lavor\u00f2 nei monasteri di Kremnica, Hlohovec, Malacky e \u017dilina. Ha studiato teologia cattolica ed \u00e8 diventato sacerdote. Successivamente, lavor\u00f2 come insegnante di religione nelle scuole secondarie di diverse citt\u00e0, compreso un collegio evangelico a Pre\u0161ov nella seconda met\u00e0 degli anni Trenta. Dopo lo scoppio della Seconda guerra mondiale, si offr\u00ec volontario come curatore sul fronte orientale.&nbsp;<\/p>\n\n\n\n<p>Tornato dal fronte nell'autunno del 1944, trascorse cinque mesi nel convento francescano di Ni\u017en\u00e1 \u0160ebastov\u00e1, vicino a Pre\u0161ov. Dopo la guerra emigr\u00f2, prima a Roma e da l\u00ec in Argentina, dove dal 1947 fu sacerdote degli emigrati slovacchi a Buenos Aires e cur\u00f2 la rivista Slovensk\u00e9 zvesti (Notizie slovacche). Dal 1965 visse in un monastero a Pittsburgh, negli Stati Uniti, dove fu redattore delle Lettere di San Francesco, ma anche funzionario del Congresso mondiale degli slovacchi. Nel 1969 visit\u00f2 la Slovacchia con l'intenzione di rimanere, ma alla fine torn\u00f2 negli Stati Uniti. Mor\u00ec a Pittsburgh il 7 aprile 1986.<\/p>\n\n\n\n<p>Dilong \u00e8 uno dei principali rappresentanti del modernismo cattolico slovacco, la cui opera comprende pi\u00f9 di cento raccolte di poesie. La sua vita e la sua opera sono state segnate dall'amore \u201eproibito\u201c per una donna di origine ebraica, Vali, durante il periodo dell'antisemitismo. Entr\u00f2 nella letteratura come cofondatore della rivista Postup. Nelle sue prime tre raccolte di poesie, Gente del futuro, Gloriosamente sui trampoli, Respira pigro! ha rappresentato il tema della natura e della vita contadina attraverso una visione rustica e tradizionale. Nelle raccolte Helena indossa un giglio e Il giovane sposo si possono individuare le influenze del poetismo ceco. Pi\u00f9 tardi, colpito dagli orrori della guerra, Dilong ricorse nelle sue raccolte ai temi dell'infanzia e della sua nativa Orava, che vedeva come una sicurezza in tempi di guerra.&nbsp;<\/p>\n\n\n\n<p>La sua opera era di carattere spirituale meditativo e il suo libro Io, San Francesco \u00e8 considerato il suo culmine. In esilio pubblic\u00f2 pi\u00f9 di 70 raccolte. Una selezione delle sue opere in esilio \u00e8 stata pubblicata dopo il 1989 con il titolo I, Rudolf Dilong, trovatore e testimonia la sua amara condizione di emarginato e separato dalla patria. Tra le sue opere pi\u00f9 recenti, l'incompiuta opera in prosa Ru\u017ea Dagmar.&nbsp;<\/p>\n\n\n\n<p>A Pre\u0161ov c'\u00e8 una strada che porta il suo nome.<\/p>\n\n\n\n<p><strong>Fonte: <\/strong>Biblioteca regionale P. O. Hviezdoslav a Pre\u0161ov; microprogetto.<br><strong>Fonte della foto: <\/strong>Autore Libreria Slovacca, Praga - The Pictures of Slovak Writers Serie, vol. 1 (The Pictures of Slovak Writers Series, Series 1), Lavoro libero, https:\/\/commons.wikimedia.org\/w\/index.php?curid=10679310<\/p>\n\n\n\n<p><\/p>","protected":false},"featured_media":4268,"template":"","meta":{"_acf_changed":true},"kategoria-vyznamnych-tvari":[230],"oblast-posobenia":[233,231],"class_list":["post-4113","vyznamna-tvar","type-vyznamna-tvar","status-publish","has-post-thumbnail","hentry","kategoria-vyznamnych-tvari-historicka-osobnost","oblast-posobenia-literatura","oblast-posobenia-teologia"],"acf":[],"yoast_head":"<!-- This site is optimized with the Yoast SEO Premium plugin v26.3 (Yoast SEO v26.8) - https:\/\/yoast.com\/product\/yoast-seo-premium-wordpress\/ -->\n<title>Rudolf Dilong - OOCR \u0160ari\u0161<\/title>\n<meta name=\"description\" content=\"Rudolf Dilong ur\u010dit\u00fd \u010das p\u00f4sobil v Pre\u0161ove, no pres\u0165ahoval sa do Ameriky. Bol popredn\u00fdm predstavite\u013eom katol\u00edckej moderny.\" \/>\n<meta name=\"robots\" content=\"index, follow, max-snippet:-1, max-image-preview:large, max-video-preview:-1\" \/>\n<link rel=\"canonical\" href=\"https:\/\/www.regionsaris.sk\/it\/vyznamna-tvar\/rudolf-dilong\/\" \/>\n<meta property=\"og:locale\" content=\"it_IT\" \/>\n<meta property=\"og:type\" content=\"article\" \/>\n<meta property=\"og:title\" content=\"Rudolf Dilong\" \/>\n<meta property=\"og:description\" content=\"Rudolf Dilong ur\u010dit\u00fd \u010das p\u00f4sobil v Pre\u0161ove, no pres\u0165ahoval sa do Ameriky. Bol popredn\u00fdm predstavite\u013eom katol\u00edckej moderny.\" \/>\n<meta property=\"og:url\" content=\"https:\/\/www.regionsaris.sk\/it\/vyznamna-tvar\/rudolf-dilong\/\" \/>\n<meta property=\"og:site_name\" content=\"OOCR \u0160ari\u0161\" \/>\n<meta property=\"article:modified_time\" content=\"2026-04-01T09:19:40+00:00\" \/>\n<meta property=\"og:image\" content=\"https:\/\/www.regionsaris.sk\/wp-content\/uploads\/2026\/03\/rudolf-dilong-vyznamne-tvare-regionu-oocrrs.jpg\" \/>\n\t<meta property=\"og:image:width\" content=\"500\" \/>\n\t<meta property=\"og:image:height\" content=\"500\" \/>\n\t<meta property=\"og:image:type\" content=\"image\/jpeg\" \/>\n<meta name=\"twitter:card\" content=\"summary_large_image\" \/>\n<meta name=\"twitter:label1\" content=\"Tempo di lettura stimato\" \/>\n\t<meta name=\"twitter:data1\" content=\"3 minuti\" \/>\n<script type=\"application\/ld+json\" class=\"yoast-schema-graph\">{\"@context\":\"https:\/\/schema.org\",\"@graph\":[{\"@type\":\"WebPage\",\"@id\":\"https:\/\/www.regionsaris.sk\/vyznamna-tvar\/rudolf-dilong\/\",\"url\":\"https:\/\/www.regionsaris.sk\/vyznamna-tvar\/rudolf-dilong\/\",\"name\":\"Rudolf Dilong - OOCR \u0160ari\u0161\",\"isPartOf\":{\"@id\":\"https:\/\/www.regionsaris.sk\/#website\"},\"primaryImageOfPage\":{\"@id\":\"https:\/\/www.regionsaris.sk\/vyznamna-tvar\/rudolf-dilong\/#primaryimage\"},\"image\":{\"@id\":\"https:\/\/www.regionsaris.sk\/vyznamna-tvar\/rudolf-dilong\/#primaryimage\"},\"thumbnailUrl\":\"https:\/\/www.regionsaris.sk\/wp-content\/uploads\/2026\/03\/rudolf-dilong-vyznamne-tvare-regionu-oocrrs.jpg\",\"datePublished\":\"2026-03-22T10:35:25+00:00\",\"dateModified\":\"2026-04-01T09:19:40+00:00\",\"description\":\"Rudolf Dilong ur\u010dit\u00fd \u010das p\u00f4sobil v Pre\u0161ove, no pres\u0165ahoval sa do Ameriky. Bol popredn\u00fdm predstavite\u013eom katol\u00edckej moderny.\",\"breadcrumb\":{\"@id\":\"https:\/\/www.regionsaris.sk\/vyznamna-tvar\/rudolf-dilong\/#breadcrumb\"},\"inLanguage\":\"it-IT\",\"potentialAction\":[{\"@type\":\"ReadAction\",\"target\":[\"https:\/\/www.regionsaris.sk\/vyznamna-tvar\/rudolf-dilong\/\"]}]},{\"@type\":\"ImageObject\",\"inLanguage\":\"it-IT\",\"@id\":\"https:\/\/www.regionsaris.sk\/vyznamna-tvar\/rudolf-dilong\/#primaryimage\",\"url\":\"https:\/\/www.regionsaris.sk\/wp-content\/uploads\/2026\/03\/rudolf-dilong-vyznamne-tvare-regionu-oocrrs.jpg\",\"contentUrl\":\"https:\/\/www.regionsaris.sk\/wp-content\/uploads\/2026\/03\/rudolf-dilong-vyznamne-tvare-regionu-oocrrs.jpg\",\"width\":500,\"height\":500},{\"@type\":\"BreadcrumbList\",\"@id\":\"https:\/\/www.regionsaris.sk\/vyznamna-tvar\/rudolf-dilong\/#breadcrumb\",\"itemListElement\":[{\"@type\":\"ListItem\",\"position\":1,\"name\":\"Domov\",\"item\":\"https:\/\/www.regionsaris.sk\/\"},{\"@type\":\"ListItem\",\"position\":2,\"name\":\"V\u00fdznamn\u00e9 tv\u00e1re regi\u00f3nu\",\"item\":\"https:\/\/www.regionsaris.sk\/vyznamne-tvare-regionu\/\"},{\"@type\":\"ListItem\",\"position\":3,\"name\":\"Rudolf Dilong\"}]},{\"@type\":\"WebSite\",\"@id\":\"https:\/\/www.regionsaris.sk\/#website\",\"url\":\"https:\/\/www.regionsaris.sk\/\",\"name\":\"OOCR \u0160ari\u0161\",\"description\":\"\",\"potentialAction\":[{\"@type\":\"SearchAction\",\"target\":{\"@type\":\"EntryPoint\",\"urlTemplate\":\"https:\/\/www.regionsaris.sk\/?s={search_term_string}\"},\"query-input\":{\"@type\":\"PropertyValueSpecification\",\"valueRequired\":true,\"valueName\":\"search_term_string\"}}],\"inLanguage\":\"it-IT\"}]}<\/script>\n<!-- \/ Yoast SEO Premium plugin. -->","yoast_head_json":{"title":"Rudolf Dilong - OOCR \u0160ari\u0161","description":"Rudolf Dilong ur\u010dit\u00fd \u010das p\u00f4sobil v Pre\u0161ove, no pres\u0165ahoval sa do Ameriky. Bol popredn\u00fdm predstavite\u013eom katol\u00edckej moderny.","robots":{"index":"index","follow":"follow","max-snippet":"max-snippet:-1","max-image-preview":"max-image-preview:large","max-video-preview":"max-video-preview:-1"},"canonical":"https:\/\/www.regionsaris.sk\/it\/vyznamna-tvar\/rudolf-dilong\/","og_locale":"it_IT","og_type":"article","og_title":"Rudolf Dilong","og_description":"Rudolf Dilong ur\u010dit\u00fd \u010das p\u00f4sobil v Pre\u0161ove, no pres\u0165ahoval sa do Ameriky. Bol popredn\u00fdm predstavite\u013eom katol\u00edckej moderny.","og_url":"https:\/\/www.regionsaris.sk\/it\/vyznamna-tvar\/rudolf-dilong\/","og_site_name":"OOCR \u0160ari\u0161","article_modified_time":"2026-04-01T09:19:40+00:00","og_image":[{"width":500,"height":500,"url":"https:\/\/www.regionsaris.sk\/wp-content\/uploads\/2026\/03\/rudolf-dilong-vyznamne-tvare-regionu-oocrrs.jpg","type":"image\/jpeg"}],"twitter_card":"summary_large_image","twitter_misc":{"Tempo di lettura stimato":"3 minuti"},"schema":{"@context":"https:\/\/schema.org","@graph":[{"@type":"WebPage","@id":"https:\/\/www.regionsaris.sk\/vyznamna-tvar\/rudolf-dilong\/","url":"https:\/\/www.regionsaris.sk\/vyznamna-tvar\/rudolf-dilong\/","name":"Rudolf Dilong - OOCR \u0160ari\u0161","isPartOf":{"@id":"https:\/\/www.regionsaris.sk\/#website"},"primaryImageOfPage":{"@id":"https:\/\/www.regionsaris.sk\/vyznamna-tvar\/rudolf-dilong\/#primaryimage"},"image":{"@id":"https:\/\/www.regionsaris.sk\/vyznamna-tvar\/rudolf-dilong\/#primaryimage"},"thumbnailUrl":"https:\/\/www.regionsaris.sk\/wp-content\/uploads\/2026\/03\/rudolf-dilong-vyznamne-tvare-regionu-oocrrs.jpg","datePublished":"2026-03-22T10:35:25+00:00","dateModified":"2026-04-01T09:19:40+00:00","description":"Rudolf Dilong ur\u010dit\u00fd \u010das p\u00f4sobil v Pre\u0161ove, no pres\u0165ahoval sa do Ameriky. Bol popredn\u00fdm predstavite\u013eom katol\u00edckej moderny.","breadcrumb":{"@id":"https:\/\/www.regionsaris.sk\/vyznamna-tvar\/rudolf-dilong\/#breadcrumb"},"inLanguage":"it-IT","potentialAction":[{"@type":"ReadAction","target":["https:\/\/www.regionsaris.sk\/vyznamna-tvar\/rudolf-dilong\/"]}]},{"@type":"ImageObject","inLanguage":"it-IT","@id":"https:\/\/www.regionsaris.sk\/vyznamna-tvar\/rudolf-dilong\/#primaryimage","url":"https:\/\/www.regionsaris.sk\/wp-content\/uploads\/2026\/03\/rudolf-dilong-vyznamne-tvare-regionu-oocrrs.jpg","contentUrl":"https:\/\/www.regionsaris.sk\/wp-content\/uploads\/2026\/03\/rudolf-dilong-vyznamne-tvare-regionu-oocrrs.jpg","width":500,"height":500},{"@type":"BreadcrumbList","@id":"https:\/\/www.regionsaris.sk\/vyznamna-tvar\/rudolf-dilong\/#breadcrumb","itemListElement":[{"@type":"ListItem","position":1,"name":"Domov","item":"https:\/\/www.regionsaris.sk\/"},{"@type":"ListItem","position":2,"name":"V\u00fdznamn\u00e9 tv\u00e1re regi\u00f3nu","item":"https:\/\/www.regionsaris.sk\/vyznamne-tvare-regionu\/"},{"@type":"ListItem","position":3,"name":"Rudolf Dilong"}]},{"@type":"WebSite","@id":"https:\/\/www.regionsaris.sk\/#website","url":"https:\/\/www.regionsaris.sk\/","name":"OOCR \u0160ari\u0161","description":"","potentialAction":[{"@type":"SearchAction","target":{"@type":"EntryPoint","urlTemplate":"https:\/\/www.regionsaris.sk\/?s={search_term_string}"},"query-input":{"@type":"PropertyValueSpecification","valueRequired":true,"valueName":"search_term_string"}}],"inLanguage":"it-IT"}]}},"_links":{"self":[{"href":"https:\/\/www.regionsaris.sk\/it\/wp-json\/wp\/v2\/vyznamna-tvar\/4113","targetHints":{"allow":["GET"]}}],"collection":[{"href":"https:\/\/www.regionsaris.sk\/it\/wp-json\/wp\/v2\/vyznamna-tvar"}],"about":[{"href":"https:\/\/www.regionsaris.sk\/it\/wp-json\/wp\/v2\/types\/vyznamna-tvar"}],"wp:featuredmedia":[{"embeddable":true,"href":"https:\/\/www.regionsaris.sk\/it\/wp-json\/wp\/v2\/media\/4268"}],"wp:attachment":[{"href":"https:\/\/www.regionsaris.sk\/it\/wp-json\/wp\/v2\/media?parent=4113"}],"wp:term":[{"taxonomy":"kategoria-vyznamnych-tvari","embeddable":true,"href":"https:\/\/www.regionsaris.sk\/it\/wp-json\/wp\/v2\/kategoria-vyznamnych-tvari?post=4113"},{"taxonomy":"oblast-posobenia","embeddable":true,"href":"https:\/\/www.regionsaris.sk\/it\/wp-json\/wp\/v2\/oblast-posobenia?post=4113"}],"curies":[{"name":"wp","href":"https:\/\/api.w.org\/{rel}","templated":true}]}}

<p>È nato il 1° agosto 1905 a Trstena, Orava, dove si è diplomato al ginnasio. Dopo la laurea divenne monaco dell'Ordine Francescano e lavorò nei monasteri di Kremnica, Hlohovec, Malacky e Žilina. Ha studiato teologia cattolica ed è diventato sacerdote. Successivamente, lavorò come insegnante di religione nelle scuole secondarie di diverse città, compreso un collegio evangelico a Prešov nella seconda metà degli anni Trenta. Dopo lo scoppio della Seconda guerra mondiale, si offrì volontario come curatore sul fronte orientale.&nbsp;</p>



<p>Tornato dal fronte nell'autunno del 1944, trascorse cinque mesi nel convento francescano di Nižná Šebastová, vicino a Prešov. Dopo la guerra emigrò, prima a Roma e da lì in Argentina, dove dal 1947 fu sacerdote degli emigrati slovacchi a Buenos Aires e curò la rivista Slovenské zvesti (Notizie slovacche). Dal 1965 visse in un monastero a Pittsburgh, negli Stati Uniti, dove fu redattore delle Lettere di San Francesco, ma anche funzionario del Congresso mondiale degli slovacchi. Nel 1969 visitò la Slovacchia con l'intenzione di rimanere, ma alla fine tornò negli Stati Uniti. Morì a Pittsburgh il 7 aprile 1986.</p>



<p>Dilong è uno dei principali rappresentanti del modernismo cattolico slovacco, la cui opera comprende più di cento raccolte di poesie. La sua vita e la sua opera sono state segnate dall'amore „proibito“ per una donna di origine ebraica, Vali, durante il periodo dell'antisemitismo. Entrò nella letteratura come cofondatore della rivista Postup. Nelle sue prime tre raccolte di poesie, Gente del futuro, Gloriosamente sui trampoli, Respira pigro! ha rappresentato il tema della natura e della vita contadina attraverso una visione rustica e tradizionale. Nelle raccolte Helena indossa un giglio e Il giovane sposo si possono individuare le influenze del poetismo ceco. Più tardi, colpito dagli orrori della guerra, Dilong ricorse nelle sue raccolte ai temi dell'infanzia e della sua nativa Orava, che vedeva come una sicurezza in tempi di guerra.&nbsp;</p>



<p>La sua opera era di carattere spirituale meditativo e il suo libro Io, San Francesco è considerato il suo culmine. In esilio pubblicò più di 70 raccolte. Una selezione delle sue opere in esilio è stata pubblicata dopo il 1989 con il titolo I, Rudolf Dilong, trovatore e testimonia la sua amara condizione di emarginato e separato dalla patria. Tra le sue opere più recenti, l'incompiuta opera in prosa Ruža Dagmar.&nbsp;</p>



<p>A Prešov c'è una strada che porta il suo nome.</p>



<p><strong>Fonte: </strong>Biblioteca regionale P. O. Hviezdoslav a Prešov; microprogetto.<br><strong>Fonte della foto: </strong>Autore Libreria Slovacca, Praga - The Pictures of Slovak Writers Serie, vol. 1 (The Pictures of Slovak Writers Series, Series 1), Lavoro libero, https://commons.wikimedia.org/w/index.php?curid=10679310</p>



<p></p>

<!-- This site is optimized with the Yoast SEO Premium plugin v26.3 (Yoast SEO v26.8) - https://yoast.com/product/yoast-seo-premium-wordpress/ -->
<title>Rudolf Dilong - OOCR Šariš</title>
<meta name="description" content="Rudolf Dilong určitý čas pôsobil v Prešove, no presťahoval sa do Ameriky. Bol popredným predstaviteľom katolíckej moderny." />
<meta name="robots" content="index, follow, max-snippet:-1, max-image-preview:large, max-video-preview:-1" />
<link rel="canonical" href="https://www.regionsaris.sk/it/vyznamna-tvar/rudolf-dilong/" />
<meta property="og:locale" content="it_IT" />
<meta property="og:type" content="article" />
<meta property="og:title" content="Rudolf Dilong" />
<meta property="og:description" content="Rudolf Dilong určitý čas pôsobil v Prešove, no presťahoval sa do Ameriky. Bol popredným predstaviteľom katolíckej moderny." />
<meta property="og:url" content="https://www.regionsaris.sk/it/vyznamna-tvar/rudolf-dilong/" />
<meta property="og:site_name" content="OOCR Šariš" />
<meta property="article:modified_time" content="2026-04-01T09:19:40+00:00" />
<meta property="og:image" content="https://www.regionsaris.sk/wp-content/uploads/2026/03/rudolf-dilong-vyznamne-tvare-regionu-oocrrs.jpg" />
	<meta property="og:image:width" content="500" />
	<meta property="og:image:height" content="500" />
	<meta property="og:image:type" content="image/jpeg" />
<meta name="twitter:card" content="summary_large_image" />
<meta name="twitter:label1" content="Tempo di lettura stimato" />
	<meta name="twitter:data1" content="3 minuti" />
<script type="application/ld+json" class="yoast-schema-graph">{"@context":"https://schema.org","@graph":[{"@type":"WebPage","@id":"https://www.regionsaris.sk/vyznamna-tvar/rudolf-dilong/","url":"https://www.regionsaris.sk/vyznamna-tvar/rudolf-dilong/","name":"Rudolf Dilong - OOCR Šariš","isPartOf":{"@id":"https://www.regionsaris.sk/#website"},"primaryImageOfPage":{"@id":"https://www.regionsaris.sk/vyznamna-tvar/rudolf-dilong/#primaryimage"},"image":{"@id":"https://www.regionsaris.sk/vyznamna-tvar/rudolf-dilong/#primaryimage"},"thumbnailUrl":"https://www.regionsaris.sk/wp-content/uploads/2026/03/rudolf-dilong-vyznamne-tvare-regionu-oocrrs.jpg","datePublished":"2026-03-22T10:35:25+00:00","dateModified":"2026-04-01T09:19:40+00:00","description":"Rudolf Dilong určitý čas pôsobil v Prešove, no presťahoval sa do Ameriky. Bol popredným predstaviteľom katolíckej moderny.","breadcrumb":{"@id":"https://www.regionsaris.sk/vyznamna-tvar/rudolf-dilong/#breadcrumb"},"inLanguage":"it-IT","potentialAction":[{"@type":"ReadAction","target":["https://www.regionsaris.sk/vyznamna-tvar/rudolf-dilong/"]}]},{"@type":"ImageObject","inLanguage":"it-IT","@id":"https://www.regionsaris.sk/vyznamna-tvar/rudolf-dilong/#primaryimage","url":"https://www.regionsaris.sk/wp-content/uploads/2026/03/rudolf-dilong-vyznamne-tvare-regionu-oocrrs.jpg","contentUrl":"https://www.regionsaris.sk/wp-content/uploads/2026/03/rudolf-dilong-vyznamne-tvare-regionu-oocrrs.jpg","width":500,"height":500},{"@type":"BreadcrumbList","@id":"https://www.regionsaris.sk/vyznamna-tvar/rudolf-dilong/#breadcrumb","itemListElement":[{"@type":"ListItem","position":1,"name":"Domov","item":"https://www.regionsaris.sk/"},{"@type":"ListItem","position":2,"name":"Významné tváre regiónu","item":"https://www.regionsaris.sk/vyznamne-tvare-regionu/"},{"@type":"ListItem","position":3,"name":"Rudolf Dilong"}]},{"@type":"WebSite","@id":"https://www.regionsaris.sk/#website","url":"https://www.regionsaris.sk/","name":"OOCR Šariš","description":"","potentialAction":[{"@type":"SearchAction","target":{"@type":"EntryPoint","urlTemplate":"https://www.regionsaris.sk/?s={search_term_string}"},"query-input":{"@type":"PropertyValueSpecification","valueRequired":true,"valueName":"search_term_string"}}],"inLanguage":"it-IT"}]}</script>
<!-- / Yoast SEO Premium plugin. -->

Rudolf Dilong - OOCR Šariš

Rudolf Dilong určitý čas pôsobil v Prešove, no presťahoval sa do Ameriky. Bol popredným predstaviteľom katolíckej moderny.

OOCR Šariš

Významné tváre regiónu
