{"id":4105,"date":"2026-03-22T11:05:40","date_gmt":"2026-03-22T10:05:40","guid":{"rendered":"https:\/\/www.regionsaris.sk\/?post_type=vyznamna-tvar&#038;p=4105"},"modified":"2026-04-01T10:41:16","modified_gmt":"2026-04-01T09:41:16","slug":"jan-jesensky","status":"publish","type":"vyznamna-tvar","link":"https:\/\/www.regionsaris.sk\/it\/vyznamna-tvar\/jan-jesensky\/","title":{"rendered":"J\u00e1n Jesensk\u00fd"},"content":{"rendered":"<p>\u00c8 nato il 30 dicembre 1874 a Martin. Dopo aver conseguito il diploma di scuola superiore a Ke\u017emarok, si \u00e8 laureato all'accademia di legge presso il Collegio evangelico di Pre\u0161ov (1893 - 1896). Consegu\u00ec il dottorato in legge a Cluj, in Romania, e super\u00f2 l'esame di abilitazione all'esercizio della professione forense nel 1905 a Budapest. Ha lavorato come avvocato a B\u00e1novce nad Bebravou.&nbsp;<\/p>\n\n\n\n<p>Dopo lo scoppio della Prima guerra mondiale fu sul fronte russo, dove si un\u00ec alle legioni cecoslovacche. Nel 1922 fu sindaco a Rimavsk\u00e1 Sobota e poi gran sindaco a Nitra. Dal 1929 fu consigliere di governo a Bratislava e poi vicepresidente dell'Ufficio regionale. Dal 1930 al 1939 fu vicepresidente dell'Associazione degli scrittori slovacchi e dal 1933 direttore della rivista Slovensk\u00e9 smery umeleck\u00e9 a kritick\u00e9 (Direzioni slovacche di arte e critica). Nel novembre 1945 fu il primo slovacco a ricevere il titolo di artista nazionale. Mor\u00ec il 27 dicembre 1945 a Bratislava.<\/p>\n\n\n\n<p>Inizi\u00f2 a dedicarsi all'attivit\u00e0 letteraria durante gli studi a Ke\u017emarok. Fu sia poeta che scrittore di prosa. Durante il suo soggiorno a Pre\u0161ov scrisse 60 poesie, tra cui Na shohu Torysy, Na rumoch \u0160ari\u0161a, Na Kapu\u0161ianskom hrade, e due esilaranti commedie, Baci di lotta e Opere di medicina. In seguito scrisse anche la novella Karol Ketzer. In poesia ha affrontato i temi delle emozioni amorose vissute personalmente e ha pubblicato diverse raccolte di versi.&nbsp;<\/p>\n\n\n\n<p>Come poeta di tipo intellettuale, ha risposto anche a questioni sociali nelle raccolte Our Hero, Black Days e On the Wickedness of the Day. Nella sua opera in prosa, inizi\u00f2 con storie satiriche e umoristiche di aneddoti dell'ambiente della piccola citt\u00e0, che pubblic\u00f2 con il titolo Small-Town Tales. Il culmine dell'opera in prosa di Jesensk\u00fd \u00e8 l'ampio romanzo I democratici, in cui mette a frutto l'esperienza di una vita di impegno pubblico nella sfera politico-amministrativa. Le sue opere sono state pubblicate in diverse lingue e alcune sono state oggetto di adattamenti cinematografici e televisivi. Ha anche tradotto poesie russe di Pu\u0161kin, Yesenin e Blok e scritto giornalismo letterario e culturale. Il suo lavoro lo ha reso un importante rappresentante della letteratura slovacca moderna.<\/p>\n\n\n\n<p>Il soggiorno di Jesensky a Pre\u0161ov \u00e8 ricordato da una targa commemorativa sul Collegio Evangelico e su una delle strade.<\/p>\n\n\n\n<p><strong>Fonte: <\/strong>Biblioteca regionale P. O. Hviezdoslav a Pre\u0161ov; microprogetto.<br><strong>Fonte della foto:<\/strong> Autore Libreria Slovacca, Praga - The Pictures of Slovak Writers Serie, vol. 1 (The Pictures of Slovak Writers Series, Series 1), Opere libere, https:\/\/commons.wikimedia.org\/w\/index.php?curid=10680412<\/p>\n\n\n\n<p><\/p>","protected":false},"featured_media":4271,"template":"","meta":{"_acf_changed":true},"kategoria-vyznamnych-tvari":[230],"oblast-posobenia":[233,250],"class_list":["post-4105","vyznamna-tvar","type-vyznamna-tvar","status-publish","has-post-thumbnail","hentry","kategoria-vyznamnych-tvari-historicka-osobnost","oblast-posobenia-literatura","oblast-posobenia-pravo"],"acf":[],"yoast_head":"<!-- This site is optimized with the Yoast SEO Premium plugin v26.3 (Yoast SEO v26.8) - https:\/\/yoast.com\/product\/yoast-seo-premium-wordpress\/ -->\n<title>J\u00e1n Jesensk\u00fd - OOCR \u0160ari\u0161<\/title>\n<meta name=\"description\" content=\"J\u00e1n Jesensk\u00fd bol v\u00fdznamn\u00fdm predstavite\u013eom liter\u00e1rnej tvorby. Z\u00e1rove\u0148 bol vy\u0161tudovan\u00fdm pr\u00e1vnikom a bol na fronte p\u00fao\u010das 1. svetovej vojny.\" \/>\n<meta name=\"robots\" content=\"index, follow, max-snippet:-1, max-image-preview:large, max-video-preview:-1\" \/>\n<link rel=\"canonical\" href=\"https:\/\/www.regionsaris.sk\/it\/vyznamna-tvar\/jan-jesensky\/\" \/>\n<meta property=\"og:locale\" content=\"it_IT\" \/>\n<meta property=\"og:type\" content=\"article\" \/>\n<meta property=\"og:title\" content=\"J\u00e1n Jesensk\u00fd\" \/>\n<meta property=\"og:description\" content=\"J\u00e1n Jesensk\u00fd bol v\u00fdznamn\u00fdm predstavite\u013eom liter\u00e1rnej tvorby. Z\u00e1rove\u0148 bol vy\u0161tudovan\u00fdm pr\u00e1vnikom a bol na fronte p\u00fao\u010das 1. svetovej vojny.\" \/>\n<meta property=\"og:url\" content=\"https:\/\/www.regionsaris.sk\/it\/vyznamna-tvar\/jan-jesensky\/\" \/>\n<meta property=\"og:site_name\" content=\"OOCR \u0160ari\u0161\" \/>\n<meta property=\"article:modified_time\" content=\"2026-04-01T09:41:16+00:00\" \/>\n<meta property=\"og:image\" content=\"https:\/\/www.regionsaris.sk\/wp-content\/uploads\/2026\/03\/jan-jesensky-vyznamne-tvare-regionu-oocrrs.jpg\" \/>\n\t<meta property=\"og:image:width\" content=\"500\" \/>\n\t<meta property=\"og:image:height\" content=\"500\" \/>\n\t<meta property=\"og:image:type\" content=\"image\/jpeg\" \/>\n<meta name=\"twitter:card\" content=\"summary_large_image\" \/>\n<meta name=\"twitter:label1\" content=\"Tempo di lettura stimato\" \/>\n\t<meta name=\"twitter:data1\" content=\"3 minuti\" \/>\n<script type=\"application\/ld+json\" class=\"yoast-schema-graph\">{\"@context\":\"https:\/\/schema.org\",\"@graph\":[{\"@type\":\"WebPage\",\"@id\":\"https:\/\/www.regionsaris.sk\/vyznamna-tvar\/jan-jesensky\/\",\"url\":\"https:\/\/www.regionsaris.sk\/vyznamna-tvar\/jan-jesensky\/\",\"name\":\"J\u00e1n Jesensk\u00fd - OOCR \u0160ari\u0161\",\"isPartOf\":{\"@id\":\"https:\/\/www.regionsaris.sk\/#website\"},\"primaryImageOfPage\":{\"@id\":\"https:\/\/www.regionsaris.sk\/vyznamna-tvar\/jan-jesensky\/#primaryimage\"},\"image\":{\"@id\":\"https:\/\/www.regionsaris.sk\/vyznamna-tvar\/jan-jesensky\/#primaryimage\"},\"thumbnailUrl\":\"https:\/\/www.regionsaris.sk\/wp-content\/uploads\/2026\/03\/jan-jesensky-vyznamne-tvare-regionu-oocrrs.jpg\",\"datePublished\":\"2026-03-22T10:05:40+00:00\",\"dateModified\":\"2026-04-01T09:41:16+00:00\",\"description\":\"J\u00e1n Jesensk\u00fd bol v\u00fdznamn\u00fdm predstavite\u013eom liter\u00e1rnej tvorby. Z\u00e1rove\u0148 bol vy\u0161tudovan\u00fdm pr\u00e1vnikom a bol na fronte p\u00fao\u010das 1. svetovej vojny.\",\"breadcrumb\":{\"@id\":\"https:\/\/www.regionsaris.sk\/vyznamna-tvar\/jan-jesensky\/#breadcrumb\"},\"inLanguage\":\"it-IT\",\"potentialAction\":[{\"@type\":\"ReadAction\",\"target\":[\"https:\/\/www.regionsaris.sk\/vyznamna-tvar\/jan-jesensky\/\"]}]},{\"@type\":\"ImageObject\",\"inLanguage\":\"it-IT\",\"@id\":\"https:\/\/www.regionsaris.sk\/vyznamna-tvar\/jan-jesensky\/#primaryimage\",\"url\":\"https:\/\/www.regionsaris.sk\/wp-content\/uploads\/2026\/03\/jan-jesensky-vyznamne-tvare-regionu-oocrrs.jpg\",\"contentUrl\":\"https:\/\/www.regionsaris.sk\/wp-content\/uploads\/2026\/03\/jan-jesensky-vyznamne-tvare-regionu-oocrrs.jpg\",\"width\":500,\"height\":500},{\"@type\":\"BreadcrumbList\",\"@id\":\"https:\/\/www.regionsaris.sk\/vyznamna-tvar\/jan-jesensky\/#breadcrumb\",\"itemListElement\":[{\"@type\":\"ListItem\",\"position\":1,\"name\":\"Domov\",\"item\":\"https:\/\/www.regionsaris.sk\/\"},{\"@type\":\"ListItem\",\"position\":2,\"name\":\"V\u00fdznamn\u00e9 tv\u00e1re regi\u00f3nu\",\"item\":\"https:\/\/www.regionsaris.sk\/vyznamne-tvare-regionu\/\"},{\"@type\":\"ListItem\",\"position\":3,\"name\":\"J\u00e1n Jesensk\u00fd\"}]},{\"@type\":\"WebSite\",\"@id\":\"https:\/\/www.regionsaris.sk\/#website\",\"url\":\"https:\/\/www.regionsaris.sk\/\",\"name\":\"OOCR \u0160ari\u0161\",\"description\":\"\",\"potentialAction\":[{\"@type\":\"SearchAction\",\"target\":{\"@type\":\"EntryPoint\",\"urlTemplate\":\"https:\/\/www.regionsaris.sk\/?s={search_term_string}\"},\"query-input\":{\"@type\":\"PropertyValueSpecification\",\"valueRequired\":true,\"valueName\":\"search_term_string\"}}],\"inLanguage\":\"it-IT\"}]}<\/script>\n<!-- \/ Yoast SEO Premium plugin. -->","yoast_head_json":{"title":"J\u00e1n Jesensk\u00fd - OOCR \u0160ari\u0161","description":"J\u00e1n Jesensk\u00fd bol v\u00fdznamn\u00fdm predstavite\u013eom liter\u00e1rnej tvorby. Z\u00e1rove\u0148 bol vy\u0161tudovan\u00fdm pr\u00e1vnikom a bol na fronte p\u00fao\u010das 1. svetovej vojny.","robots":{"index":"index","follow":"follow","max-snippet":"max-snippet:-1","max-image-preview":"max-image-preview:large","max-video-preview":"max-video-preview:-1"},"canonical":"https:\/\/www.regionsaris.sk\/it\/vyznamna-tvar\/jan-jesensky\/","og_locale":"it_IT","og_type":"article","og_title":"J\u00e1n Jesensk\u00fd","og_description":"J\u00e1n Jesensk\u00fd bol v\u00fdznamn\u00fdm predstavite\u013eom liter\u00e1rnej tvorby. Z\u00e1rove\u0148 bol vy\u0161tudovan\u00fdm pr\u00e1vnikom a bol na fronte p\u00fao\u010das 1. svetovej vojny.","og_url":"https:\/\/www.regionsaris.sk\/it\/vyznamna-tvar\/jan-jesensky\/","og_site_name":"OOCR \u0160ari\u0161","article_modified_time":"2026-04-01T09:41:16+00:00","og_image":[{"width":500,"height":500,"url":"https:\/\/www.regionsaris.sk\/wp-content\/uploads\/2026\/03\/jan-jesensky-vyznamne-tvare-regionu-oocrrs.jpg","type":"image\/jpeg"}],"twitter_card":"summary_large_image","twitter_misc":{"Tempo di lettura stimato":"3 minuti"},"schema":{"@context":"https:\/\/schema.org","@graph":[{"@type":"WebPage","@id":"https:\/\/www.regionsaris.sk\/vyznamna-tvar\/jan-jesensky\/","url":"https:\/\/www.regionsaris.sk\/vyznamna-tvar\/jan-jesensky\/","name":"J\u00e1n Jesensk\u00fd - OOCR \u0160ari\u0161","isPartOf":{"@id":"https:\/\/www.regionsaris.sk\/#website"},"primaryImageOfPage":{"@id":"https:\/\/www.regionsaris.sk\/vyznamna-tvar\/jan-jesensky\/#primaryimage"},"image":{"@id":"https:\/\/www.regionsaris.sk\/vyznamna-tvar\/jan-jesensky\/#primaryimage"},"thumbnailUrl":"https:\/\/www.regionsaris.sk\/wp-content\/uploads\/2026\/03\/jan-jesensky-vyznamne-tvare-regionu-oocrrs.jpg","datePublished":"2026-03-22T10:05:40+00:00","dateModified":"2026-04-01T09:41:16+00:00","description":"J\u00e1n Jesensk\u00fd bol v\u00fdznamn\u00fdm predstavite\u013eom liter\u00e1rnej tvorby. Z\u00e1rove\u0148 bol vy\u0161tudovan\u00fdm pr\u00e1vnikom a bol na fronte p\u00fao\u010das 1. svetovej vojny.","breadcrumb":{"@id":"https:\/\/www.regionsaris.sk\/vyznamna-tvar\/jan-jesensky\/#breadcrumb"},"inLanguage":"it-IT","potentialAction":[{"@type":"ReadAction","target":["https:\/\/www.regionsaris.sk\/vyznamna-tvar\/jan-jesensky\/"]}]},{"@type":"ImageObject","inLanguage":"it-IT","@id":"https:\/\/www.regionsaris.sk\/vyznamna-tvar\/jan-jesensky\/#primaryimage","url":"https:\/\/www.regionsaris.sk\/wp-content\/uploads\/2026\/03\/jan-jesensky-vyznamne-tvare-regionu-oocrrs.jpg","contentUrl":"https:\/\/www.regionsaris.sk\/wp-content\/uploads\/2026\/03\/jan-jesensky-vyznamne-tvare-regionu-oocrrs.jpg","width":500,"height":500},{"@type":"BreadcrumbList","@id":"https:\/\/www.regionsaris.sk\/vyznamna-tvar\/jan-jesensky\/#breadcrumb","itemListElement":[{"@type":"ListItem","position":1,"name":"Domov","item":"https:\/\/www.regionsaris.sk\/"},{"@type":"ListItem","position":2,"name":"V\u00fdznamn\u00e9 tv\u00e1re regi\u00f3nu","item":"https:\/\/www.regionsaris.sk\/vyznamne-tvare-regionu\/"},{"@type":"ListItem","position":3,"name":"J\u00e1n Jesensk\u00fd"}]},{"@type":"WebSite","@id":"https:\/\/www.regionsaris.sk\/#website","url":"https:\/\/www.regionsaris.sk\/","name":"OOCR \u0160ari\u0161","description":"","potentialAction":[{"@type":"SearchAction","target":{"@type":"EntryPoint","urlTemplate":"https:\/\/www.regionsaris.sk\/?s={search_term_string}"},"query-input":{"@type":"PropertyValueSpecification","valueRequired":true,"valueName":"search_term_string"}}],"inLanguage":"it-IT"}]}},"_links":{"self":[{"href":"https:\/\/www.regionsaris.sk\/it\/wp-json\/wp\/v2\/vyznamna-tvar\/4105","targetHints":{"allow":["GET"]}}],"collection":[{"href":"https:\/\/www.regionsaris.sk\/it\/wp-json\/wp\/v2\/vyznamna-tvar"}],"about":[{"href":"https:\/\/www.regionsaris.sk\/it\/wp-json\/wp\/v2\/types\/vyznamna-tvar"}],"wp:featuredmedia":[{"embeddable":true,"href":"https:\/\/www.regionsaris.sk\/it\/wp-json\/wp\/v2\/media\/4271"}],"wp:attachment":[{"href":"https:\/\/www.regionsaris.sk\/it\/wp-json\/wp\/v2\/media?parent=4105"}],"wp:term":[{"taxonomy":"kategoria-vyznamnych-tvari","embeddable":true,"href":"https:\/\/www.regionsaris.sk\/it\/wp-json\/wp\/v2\/kategoria-vyznamnych-tvari?post=4105"},{"taxonomy":"oblast-posobenia","embeddable":true,"href":"https:\/\/www.regionsaris.sk\/it\/wp-json\/wp\/v2\/oblast-posobenia?post=4105"}],"curies":[{"name":"wp","href":"https:\/\/api.w.org\/{rel}","templated":true}]}}

Ján Jesenský

<p>È nato il 30 dicembre 1874 a Martin. Dopo aver conseguito il diploma di scuola superiore a Kežmarok, si è laureato all'accademia di legge presso il Collegio evangelico di Prešov (1893 - 1896). Conseguì il dottorato in legge a Cluj, in Romania, e superò l'esame di abilitazione all'esercizio della professione forense nel 1905 a Budapest. Ha lavorato come avvocato a Bánovce nad Bebravou.&nbsp;</p>



<p>Dopo lo scoppio della Prima guerra mondiale fu sul fronte russo, dove si unì alle legioni cecoslovacche. Nel 1922 fu sindaco a Rimavská Sobota e poi gran sindaco a Nitra. Dal 1929 fu consigliere di governo a Bratislava e poi vicepresidente dell'Ufficio regionale. Dal 1930 al 1939 fu vicepresidente dell'Associazione degli scrittori slovacchi e dal 1933 direttore della rivista Slovenské smery umelecké a kritické (Direzioni slovacche di arte e critica). Nel novembre 1945 fu il primo slovacco a ricevere il titolo di artista nazionale. Morì il 27 dicembre 1945 a Bratislava.</p>



<p>Iniziò a dedicarsi all'attività letteraria durante gli studi a Kežmarok. Fu sia poeta che scrittore di prosa. Durante il suo soggiorno a Prešov scrisse 60 poesie, tra cui Na shohu Torysy, Na rumoch Šariša, Na Kapušianskom hrade, e due esilaranti commedie, Baci di lotta e Opere di medicina. In seguito scrisse anche la novella Karol Ketzer. In poesia ha affrontato i temi delle emozioni amorose vissute personalmente e ha pubblicato diverse raccolte di versi.&nbsp;</p>



<p>Come poeta di tipo intellettuale, ha risposto anche a questioni sociali nelle raccolte Our Hero, Black Days e On the Wickedness of the Day. Nella sua opera in prosa, iniziò con storie satiriche e umoristiche di aneddoti dell'ambiente della piccola città, che pubblicò con il titolo Small-Town Tales. Il culmine dell'opera in prosa di Jesenský è l'ampio romanzo I democratici, in cui mette a frutto l'esperienza di una vita di impegno pubblico nella sfera politico-amministrativa. Le sue opere sono state pubblicate in diverse lingue e alcune sono state oggetto di adattamenti cinematografici e televisivi. Ha anche tradotto poesie russe di Puškin, Yesenin e Blok e scritto giornalismo letterario e culturale. Il suo lavoro lo ha reso un importante rappresentante della letteratura slovacca moderna.</p>



<p>Il soggiorno di Jesensky a Prešov è ricordato da una targa commemorativa sul Collegio Evangelico e su una delle strade.</p>



<p><strong>Fonte: </strong>Biblioteca regionale P. O. Hviezdoslav a Prešov; microprogetto.<br><strong>Fonte della foto:</strong> Autore Libreria Slovacca, Praga - The Pictures of Slovak Writers Serie, vol. 1 (The Pictures of Slovak Writers Series, Series 1), Opere libere, https://commons.wikimedia.org/w/index.php?curid=10680412</p>



<p></p>

<!-- This site is optimized with the Yoast SEO Premium plugin v26.3 (Yoast SEO v26.8) - https://yoast.com/product/yoast-seo-premium-wordpress/ -->
<title>Ján Jesenský - OOCR Šariš</title>
<meta name="description" content="Ján Jesenský bol významným predstaviteľom literárnej tvorby. Zároveň bol vyštudovaným právnikom a bol na fronte púočas 1. svetovej vojny." />
<meta name="robots" content="index, follow, max-snippet:-1, max-image-preview:large, max-video-preview:-1" />
<link rel="canonical" href="https://www.regionsaris.sk/it/vyznamna-tvar/jan-jesensky/" />
<meta property="og:locale" content="it_IT" />
<meta property="og:type" content="article" />
<meta property="og:title" content="Ján Jesenský" />
<meta property="og:description" content="Ján Jesenský bol významným predstaviteľom literárnej tvorby. Zároveň bol vyštudovaným právnikom a bol na fronte púočas 1. svetovej vojny." />
<meta property="og:url" content="https://www.regionsaris.sk/it/vyznamna-tvar/jan-jesensky/" />
<meta property="og:site_name" content="OOCR Šariš" />
<meta property="article:modified_time" content="2026-04-01T09:41:16+00:00" />
<meta property="og:image" content="https://www.regionsaris.sk/wp-content/uploads/2026/03/jan-jesensky-vyznamne-tvare-regionu-oocrrs.jpg" />
	<meta property="og:image:width" content="500" />
	<meta property="og:image:height" content="500" />
	<meta property="og:image:type" content="image/jpeg" />
<meta name="twitter:card" content="summary_large_image" />
<meta name="twitter:label1" content="Tempo di lettura stimato" />
	<meta name="twitter:data1" content="3 minuti" />
<script type="application/ld+json" class="yoast-schema-graph">{"@context":"https://schema.org","@graph":[{"@type":"WebPage","@id":"https://www.regionsaris.sk/vyznamna-tvar/jan-jesensky/","url":"https://www.regionsaris.sk/vyznamna-tvar/jan-jesensky/","name":"Ján Jesenský - OOCR Šariš","isPartOf":{"@id":"https://www.regionsaris.sk/#website"},"primaryImageOfPage":{"@id":"https://www.regionsaris.sk/vyznamna-tvar/jan-jesensky/#primaryimage"},"image":{"@id":"https://www.regionsaris.sk/vyznamna-tvar/jan-jesensky/#primaryimage"},"thumbnailUrl":"https://www.regionsaris.sk/wp-content/uploads/2026/03/jan-jesensky-vyznamne-tvare-regionu-oocrrs.jpg","datePublished":"2026-03-22T10:05:40+00:00","dateModified":"2026-04-01T09:41:16+00:00","description":"Ján Jesenský bol významným predstaviteľom literárnej tvorby. Zároveň bol vyštudovaným právnikom a bol na fronte púočas 1. svetovej vojny.","breadcrumb":{"@id":"https://www.regionsaris.sk/vyznamna-tvar/jan-jesensky/#breadcrumb"},"inLanguage":"it-IT","potentialAction":[{"@type":"ReadAction","target":["https://www.regionsaris.sk/vyznamna-tvar/jan-jesensky/"]}]},{"@type":"ImageObject","inLanguage":"it-IT","@id":"https://www.regionsaris.sk/vyznamna-tvar/jan-jesensky/#primaryimage","url":"https://www.regionsaris.sk/wp-content/uploads/2026/03/jan-jesensky-vyznamne-tvare-regionu-oocrrs.jpg","contentUrl":"https://www.regionsaris.sk/wp-content/uploads/2026/03/jan-jesensky-vyznamne-tvare-regionu-oocrrs.jpg","width":500,"height":500},{"@type":"BreadcrumbList","@id":"https://www.regionsaris.sk/vyznamna-tvar/jan-jesensky/#breadcrumb","itemListElement":[{"@type":"ListItem","position":1,"name":"Domov","item":"https://www.regionsaris.sk/"},{"@type":"ListItem","position":2,"name":"Významné tváre regiónu","item":"https://www.regionsaris.sk/vyznamne-tvare-regionu/"},{"@type":"ListItem","position":3,"name":"Ján Jesenský"}]},{"@type":"WebSite","@id":"https://www.regionsaris.sk/#website","url":"https://www.regionsaris.sk/","name":"OOCR Šariš","description":"","potentialAction":[{"@type":"SearchAction","target":{"@type":"EntryPoint","urlTemplate":"https://www.regionsaris.sk/?s={search_term_string}"},"query-input":{"@type":"PropertyValueSpecification","valueRequired":true,"valueName":"search_term_string"}}],"inLanguage":"it-IT"}]}</script>
<!-- / Yoast SEO Premium plugin. -->

Ján Jesenský - OOCR Šariš

Ján Jesenský bol významným predstaviteľom literárnej tvorby. Zároveň bol vyštudovaným právnikom a bol na fronte púočas 1. svetovej vojny.

OOCR Šariš

Významné tváre regiónu
