{"id":4099,"date":"2026-03-21T20:36:52","date_gmt":"2026-03-21T19:36:52","guid":{"rendered":"https:\/\/www.regionsaris.sk\/?post_type=vyznamna-tvar&#038;p=4099"},"modified":"2026-04-01T10:46:53","modified_gmt":"2026-04-01T09:46:53","slug":"oskar-berger","status":"publish","type":"vyznamna-tvar","link":"https:\/\/www.regionsaris.sk\/it\/vyznamna-tvar\/oskar-berger\/","title":{"rendered":"Oskar Berger"},"content":{"rendered":"<p>Nacque il 12 maggio 1901 nella famiglia ebrea del proprietario dell'hotel Berger di Pre\u0161ov. Svilupp\u00f2 il suo talento artistico durante gli studi a Praga, Parigi e Berlino, dove fu assunto da uno dei maggiori quotidiani. Come giornalista, assistette al processo di Hitler a Monaco nel 1923, dopo il fallito tentativo di putsch. Dopo l'ascesa al potere di Hitler, dovette fuggire dalla Germania. Soggiorn\u00f2 brevemente a Budapest, Parigi e Ginevra, dove partecip\u00f2 alle riunioni della Societ\u00e0 delle Nazioni.&nbsp;<\/p>\n\n\n\n<p>Nel 1935 si stabilisce a Londra e inizia a lavorare per il Daily Telegraph. Dopo la seconda guerra mondiale si trasferisce a New York, negli Stati Uniti, e pubblica su prestigiosi giornali e riviste come il New York Times, il New York Herald Tribune, la rivista Life e Le Figaro. Negli anni Cinquanta, Berger partecip\u00f2 alle assemblee delle Nazioni Unite e disegn\u00f2 quasi tutti i leader pi\u00f9 importanti che vi si presentavano. Ritrasse monarchi, personaggi famosi e star del cinema nello stesso modo idiosincratico.&nbsp;<\/p>\n\n\n\n<p>Ha creato le caricature di Winston Churchill, John F. Kennedy, Richard Nixon, Dwight Eisenhower, Vyacheslav Mikhailov Molotov, Albert Einstein, Giovanni Paolo II, Thomas S. Elliot, Laurence Olivier, Greta Garbo, Charlie Chaplin, Vivien Leigh e molti altri. Li ha immortalati tutti con eleganti tratti di matita, con un occhio attento all'unicit\u00e0 della persona e ai dettagli caratteristici. Accanto alle sue vignette, \u00e8 stato anche un disegnatore di barzellette politiche.&nbsp;<\/p>\n\n\n\n<p>Il suo prolifico lavoro ha prodotto diversi libri come Facce famose - Dall'album di schizzi del vignettista (1950), Le mie vittime - Come fare un cartone animato (1952), Presidenti - Da Washington a oggi (1968). Le opere di Berger sono esposte in modo permanente alla National Portrait Gallery di Washington. Berger \u00e8 morto il 15 maggio 1997 a New York.<\/p>\n\n\n\n<p><strong>Fonte: <\/strong>Biblioteca regionale P. O. Hviezdoslav a Pre\u0161ov; microprogetto.<br><strong>Fonte della foto: <\/strong>Di un fotografo sconosciuto - Pubblicazione originale: sconosciuta la data, il luogo o la modalit\u00e0 di prima pubblicazioneFonte immediata: https:\/\/spartacus-educational.com\/ARTberger.htm, Fair use, https:\/\/en.wikipedia.org\/w\/index.php?curid=76151688<\/p>\n\n\n\n<p><\/p>","protected":false},"featured_media":4272,"template":"","meta":{"_acf_changed":true},"kategoria-vyznamnych-tvari":[230],"oblast-posobenia":[241,235],"class_list":["post-4099","vyznamna-tvar","type-vyznamna-tvar","status-publish","has-post-thumbnail","hentry","kategoria-vyznamnych-tvari-historicka-osobnost","oblast-posobenia-publicistika","oblast-posobenia-umenie"],"acf":[],"yoast_head":"<!-- This site is optimized with the Yoast SEO Premium plugin v26.3 (Yoast SEO v26.8) - https:\/\/yoast.com\/product\/yoast-seo-premium-wordpress\/ -->\n<title>Oskar Berger - OOCR \u0160ari\u0161<\/title>\n<meta name=\"description\" content=\"Umelec svetovej \u00farovne - to je Oskar Berger, ktor\u00fd svojho \u010dasu karikuroval v\u0161etky zn\u00e1me osobnosti svetov\u00e9ho aj dom\u00e1ceho diania.\" \/>\n<meta name=\"robots\" content=\"index, follow, max-snippet:-1, max-image-preview:large, max-video-preview:-1\" \/>\n<link rel=\"canonical\" href=\"https:\/\/www.regionsaris.sk\/it\/vyznamna-tvar\/oskar-berger\/\" \/>\n<meta property=\"og:locale\" content=\"it_IT\" \/>\n<meta property=\"og:type\" content=\"article\" \/>\n<meta property=\"og:title\" content=\"Oskar Berger\" \/>\n<meta property=\"og:description\" content=\"Umelec svetovej \u00farovne - to je Oskar Berger, ktor\u00fd svojho \u010dasu karikuroval v\u0161etky zn\u00e1me osobnosti svetov\u00e9ho aj dom\u00e1ceho diania.\" \/>\n<meta property=\"og:url\" content=\"https:\/\/www.regionsaris.sk\/it\/vyznamna-tvar\/oskar-berger\/\" \/>\n<meta property=\"og:site_name\" content=\"OOCR \u0160ari\u0161\" \/>\n<meta property=\"article:modified_time\" content=\"2026-04-01T09:46:53+00:00\" \/>\n<meta property=\"og:image\" content=\"https:\/\/www.regionsaris.sk\/wp-content\/uploads\/2026\/03\/oskar-berger-vyznamne-tvare-regionu-oocrrs.jpg\" \/>\n\t<meta property=\"og:image:width\" content=\"500\" \/>\n\t<meta property=\"og:image:height\" content=\"500\" \/>\n\t<meta property=\"og:image:type\" content=\"image\/jpeg\" \/>\n<meta name=\"twitter:card\" content=\"summary_large_image\" \/>\n<meta name=\"twitter:label1\" content=\"Tempo di lettura stimato\" \/>\n\t<meta name=\"twitter:data1\" content=\"2 minuti\" \/>\n<script type=\"application\/ld+json\" class=\"yoast-schema-graph\">{\"@context\":\"https:\/\/schema.org\",\"@graph\":[{\"@type\":\"WebPage\",\"@id\":\"https:\/\/www.regionsaris.sk\/vyznamna-tvar\/oskar-berger\/\",\"url\":\"https:\/\/www.regionsaris.sk\/vyznamna-tvar\/oskar-berger\/\",\"name\":\"Oskar Berger - OOCR \u0160ari\u0161\",\"isPartOf\":{\"@id\":\"https:\/\/www.regionsaris.sk\/#website\"},\"primaryImageOfPage\":{\"@id\":\"https:\/\/www.regionsaris.sk\/vyznamna-tvar\/oskar-berger\/#primaryimage\"},\"image\":{\"@id\":\"https:\/\/www.regionsaris.sk\/vyznamna-tvar\/oskar-berger\/#primaryimage\"},\"thumbnailUrl\":\"https:\/\/www.regionsaris.sk\/wp-content\/uploads\/2026\/03\/oskar-berger-vyznamne-tvare-regionu-oocrrs.jpg\",\"datePublished\":\"2026-03-21T19:36:52+00:00\",\"dateModified\":\"2026-04-01T09:46:53+00:00\",\"description\":\"Umelec svetovej \u00farovne - to je Oskar Berger, ktor\u00fd svojho \u010dasu karikuroval v\u0161etky zn\u00e1me osobnosti svetov\u00e9ho aj dom\u00e1ceho diania.\",\"breadcrumb\":{\"@id\":\"https:\/\/www.regionsaris.sk\/vyznamna-tvar\/oskar-berger\/#breadcrumb\"},\"inLanguage\":\"it-IT\",\"potentialAction\":[{\"@type\":\"ReadAction\",\"target\":[\"https:\/\/www.regionsaris.sk\/vyznamna-tvar\/oskar-berger\/\"]}]},{\"@type\":\"ImageObject\",\"inLanguage\":\"it-IT\",\"@id\":\"https:\/\/www.regionsaris.sk\/vyznamna-tvar\/oskar-berger\/#primaryimage\",\"url\":\"https:\/\/www.regionsaris.sk\/wp-content\/uploads\/2026\/03\/oskar-berger-vyznamne-tvare-regionu-oocrrs.jpg\",\"contentUrl\":\"https:\/\/www.regionsaris.sk\/wp-content\/uploads\/2026\/03\/oskar-berger-vyznamne-tvare-regionu-oocrrs.jpg\",\"width\":500,\"height\":500},{\"@type\":\"BreadcrumbList\",\"@id\":\"https:\/\/www.regionsaris.sk\/vyznamna-tvar\/oskar-berger\/#breadcrumb\",\"itemListElement\":[{\"@type\":\"ListItem\",\"position\":1,\"name\":\"Domov\",\"item\":\"https:\/\/www.regionsaris.sk\/\"},{\"@type\":\"ListItem\",\"position\":2,\"name\":\"V\u00fdznamn\u00e9 tv\u00e1re regi\u00f3nu\",\"item\":\"https:\/\/www.regionsaris.sk\/vyznamne-tvare-regionu\/\"},{\"@type\":\"ListItem\",\"position\":3,\"name\":\"Oskar Berger\"}]},{\"@type\":\"WebSite\",\"@id\":\"https:\/\/www.regionsaris.sk\/#website\",\"url\":\"https:\/\/www.regionsaris.sk\/\",\"name\":\"OOCR \u0160ari\u0161\",\"description\":\"\",\"potentialAction\":[{\"@type\":\"SearchAction\",\"target\":{\"@type\":\"EntryPoint\",\"urlTemplate\":\"https:\/\/www.regionsaris.sk\/?s={search_term_string}\"},\"query-input\":{\"@type\":\"PropertyValueSpecification\",\"valueRequired\":true,\"valueName\":\"search_term_string\"}}],\"inLanguage\":\"it-IT\"}]}<\/script>\n<!-- \/ Yoast SEO Premium plugin. -->","yoast_head_json":{"title":"Oskar Berger - OOCR \u0160ari\u0161","description":"Umelec svetovej \u00farovne - to je Oskar Berger, ktor\u00fd svojho \u010dasu karikuroval v\u0161etky zn\u00e1me osobnosti svetov\u00e9ho aj dom\u00e1ceho diania.","robots":{"index":"index","follow":"follow","max-snippet":"max-snippet:-1","max-image-preview":"max-image-preview:large","max-video-preview":"max-video-preview:-1"},"canonical":"https:\/\/www.regionsaris.sk\/it\/vyznamna-tvar\/oskar-berger\/","og_locale":"it_IT","og_type":"article","og_title":"Oskar Berger","og_description":"Umelec svetovej \u00farovne - to je Oskar Berger, ktor\u00fd svojho \u010dasu karikuroval v\u0161etky zn\u00e1me osobnosti svetov\u00e9ho aj dom\u00e1ceho diania.","og_url":"https:\/\/www.regionsaris.sk\/it\/vyznamna-tvar\/oskar-berger\/","og_site_name":"OOCR \u0160ari\u0161","article_modified_time":"2026-04-01T09:46:53+00:00","og_image":[{"width":500,"height":500,"url":"https:\/\/www.regionsaris.sk\/wp-content\/uploads\/2026\/03\/oskar-berger-vyznamne-tvare-regionu-oocrrs.jpg","type":"image\/jpeg"}],"twitter_card":"summary_large_image","twitter_misc":{"Tempo di lettura stimato":"2 minuti"},"schema":{"@context":"https:\/\/schema.org","@graph":[{"@type":"WebPage","@id":"https:\/\/www.regionsaris.sk\/vyznamna-tvar\/oskar-berger\/","url":"https:\/\/www.regionsaris.sk\/vyznamna-tvar\/oskar-berger\/","name":"Oskar Berger - OOCR \u0160ari\u0161","isPartOf":{"@id":"https:\/\/www.regionsaris.sk\/#website"},"primaryImageOfPage":{"@id":"https:\/\/www.regionsaris.sk\/vyznamna-tvar\/oskar-berger\/#primaryimage"},"image":{"@id":"https:\/\/www.regionsaris.sk\/vyznamna-tvar\/oskar-berger\/#primaryimage"},"thumbnailUrl":"https:\/\/www.regionsaris.sk\/wp-content\/uploads\/2026\/03\/oskar-berger-vyznamne-tvare-regionu-oocrrs.jpg","datePublished":"2026-03-21T19:36:52+00:00","dateModified":"2026-04-01T09:46:53+00:00","description":"Umelec svetovej \u00farovne - to je Oskar Berger, ktor\u00fd svojho \u010dasu karikuroval v\u0161etky zn\u00e1me osobnosti svetov\u00e9ho aj dom\u00e1ceho diania.","breadcrumb":{"@id":"https:\/\/www.regionsaris.sk\/vyznamna-tvar\/oskar-berger\/#breadcrumb"},"inLanguage":"it-IT","potentialAction":[{"@type":"ReadAction","target":["https:\/\/www.regionsaris.sk\/vyznamna-tvar\/oskar-berger\/"]}]},{"@type":"ImageObject","inLanguage":"it-IT","@id":"https:\/\/www.regionsaris.sk\/vyznamna-tvar\/oskar-berger\/#primaryimage","url":"https:\/\/www.regionsaris.sk\/wp-content\/uploads\/2026\/03\/oskar-berger-vyznamne-tvare-regionu-oocrrs.jpg","contentUrl":"https:\/\/www.regionsaris.sk\/wp-content\/uploads\/2026\/03\/oskar-berger-vyznamne-tvare-regionu-oocrrs.jpg","width":500,"height":500},{"@type":"BreadcrumbList","@id":"https:\/\/www.regionsaris.sk\/vyznamna-tvar\/oskar-berger\/#breadcrumb","itemListElement":[{"@type":"ListItem","position":1,"name":"Domov","item":"https:\/\/www.regionsaris.sk\/"},{"@type":"ListItem","position":2,"name":"V\u00fdznamn\u00e9 tv\u00e1re regi\u00f3nu","item":"https:\/\/www.regionsaris.sk\/vyznamne-tvare-regionu\/"},{"@type":"ListItem","position":3,"name":"Oskar Berger"}]},{"@type":"WebSite","@id":"https:\/\/www.regionsaris.sk\/#website","url":"https:\/\/www.regionsaris.sk\/","name":"OOCR \u0160ari\u0161","description":"","potentialAction":[{"@type":"SearchAction","target":{"@type":"EntryPoint","urlTemplate":"https:\/\/www.regionsaris.sk\/?s={search_term_string}"},"query-input":{"@type":"PropertyValueSpecification","valueRequired":true,"valueName":"search_term_string"}}],"inLanguage":"it-IT"}]}},"_links":{"self":[{"href":"https:\/\/www.regionsaris.sk\/it\/wp-json\/wp\/v2\/vyznamna-tvar\/4099","targetHints":{"allow":["GET"]}}],"collection":[{"href":"https:\/\/www.regionsaris.sk\/it\/wp-json\/wp\/v2\/vyznamna-tvar"}],"about":[{"href":"https:\/\/www.regionsaris.sk\/it\/wp-json\/wp\/v2\/types\/vyznamna-tvar"}],"wp:featuredmedia":[{"embeddable":true,"href":"https:\/\/www.regionsaris.sk\/it\/wp-json\/wp\/v2\/media\/4272"}],"wp:attachment":[{"href":"https:\/\/www.regionsaris.sk\/it\/wp-json\/wp\/v2\/media?parent=4099"}],"wp:term":[{"taxonomy":"kategoria-vyznamnych-tvari","embeddable":true,"href":"https:\/\/www.regionsaris.sk\/it\/wp-json\/wp\/v2\/kategoria-vyznamnych-tvari?post=4099"},{"taxonomy":"oblast-posobenia","embeddable":true,"href":"https:\/\/www.regionsaris.sk\/it\/wp-json\/wp\/v2\/oblast-posobenia?post=4099"}],"curies":[{"name":"wp","href":"https:\/\/api.w.org\/{rel}","templated":true}]}}

<p>Nacque il 12 maggio 1901 nella famiglia ebrea del proprietario dell'hotel Berger di Prešov. Sviluppò il suo talento artistico durante gli studi a Praga, Parigi e Berlino, dove fu assunto da uno dei maggiori quotidiani. Come giornalista, assistette al processo di Hitler a Monaco nel 1923, dopo il fallito tentativo di putsch. Dopo l'ascesa al potere di Hitler, dovette fuggire dalla Germania. Soggiornò brevemente a Budapest, Parigi e Ginevra, dove partecipò alle riunioni della Società delle Nazioni.&nbsp;</p>



<p>Nel 1935 si stabilisce a Londra e inizia a lavorare per il Daily Telegraph. Dopo la seconda guerra mondiale si trasferisce a New York, negli Stati Uniti, e pubblica su prestigiosi giornali e riviste come il New York Times, il New York Herald Tribune, la rivista Life e Le Figaro. Negli anni Cinquanta, Berger partecipò alle assemblee delle Nazioni Unite e disegnò quasi tutti i leader più importanti che vi si presentavano. Ritrasse monarchi, personaggi famosi e star del cinema nello stesso modo idiosincratico.&nbsp;</p>



<p>Ha creato le caricature di Winston Churchill, John F. Kennedy, Richard Nixon, Dwight Eisenhower, Vyacheslav Mikhailov Molotov, Albert Einstein, Giovanni Paolo II, Thomas S. Elliot, Laurence Olivier, Greta Garbo, Charlie Chaplin, Vivien Leigh e molti altri. Li ha immortalati tutti con eleganti tratti di matita, con un occhio attento all'unicità della persona e ai dettagli caratteristici. Accanto alle sue vignette, è stato anche un disegnatore di barzellette politiche.&nbsp;</p>



<p>Il suo prolifico lavoro ha prodotto diversi libri come Facce famose - Dall'album di schizzi del vignettista (1950), Le mie vittime - Come fare un cartone animato (1952), Presidenti - Da Washington a oggi (1968). Le opere di Berger sono esposte in modo permanente alla National Portrait Gallery di Washington. Berger è morto il 15 maggio 1997 a New York.</p>



<p><strong>Fonte: </strong>Biblioteca regionale P. O. Hviezdoslav a Prešov; microprogetto.<br><strong>Fonte della foto: </strong>Di un fotografo sconosciuto - Pubblicazione originale: sconosciuta la data, il luogo o la modalità di prima pubblicazioneFonte immediata: https://spartacus-educational.com/ARTberger.htm, Fair use, https://en.wikipedia.org/w/index.php?curid=76151688</p>



<p></p>

<!-- This site is optimized with the Yoast SEO Premium plugin v26.3 (Yoast SEO v26.8) - https://yoast.com/product/yoast-seo-premium-wordpress/ -->
<title>Oskar Berger - OOCR Šariš</title>
<meta name="description" content="Umelec svetovej úrovne - to je Oskar Berger, ktorý svojho času karikuroval všetky známe osobnosti svetového aj domáceho diania." />
<meta name="robots" content="index, follow, max-snippet:-1, max-image-preview:large, max-video-preview:-1" />
<link rel="canonical" href="https://www.regionsaris.sk/it/vyznamna-tvar/oskar-berger/" />
<meta property="og:locale" content="it_IT" />
<meta property="og:type" content="article" />
<meta property="og:title" content="Oskar Berger" />
<meta property="og:description" content="Umelec svetovej úrovne - to je Oskar Berger, ktorý svojho času karikuroval všetky známe osobnosti svetového aj domáceho diania." />
<meta property="og:url" content="https://www.regionsaris.sk/it/vyznamna-tvar/oskar-berger/" />
<meta property="og:site_name" content="OOCR Šariš" />
<meta property="article:modified_time" content="2026-04-01T09:46:53+00:00" />
<meta property="og:image" content="https://www.regionsaris.sk/wp-content/uploads/2026/03/oskar-berger-vyznamne-tvare-regionu-oocrrs.jpg" />
	<meta property="og:image:width" content="500" />
	<meta property="og:image:height" content="500" />
	<meta property="og:image:type" content="image/jpeg" />
<meta name="twitter:card" content="summary_large_image" />
<meta name="twitter:label1" content="Tempo di lettura stimato" />
	<meta name="twitter:data1" content="2 minuti" />
<script type="application/ld+json" class="yoast-schema-graph">{"@context":"https://schema.org","@graph":[{"@type":"WebPage","@id":"https://www.regionsaris.sk/vyznamna-tvar/oskar-berger/","url":"https://www.regionsaris.sk/vyznamna-tvar/oskar-berger/","name":"Oskar Berger - OOCR Šariš","isPartOf":{"@id":"https://www.regionsaris.sk/#website"},"primaryImageOfPage":{"@id":"https://www.regionsaris.sk/vyznamna-tvar/oskar-berger/#primaryimage"},"image":{"@id":"https://www.regionsaris.sk/vyznamna-tvar/oskar-berger/#primaryimage"},"thumbnailUrl":"https://www.regionsaris.sk/wp-content/uploads/2026/03/oskar-berger-vyznamne-tvare-regionu-oocrrs.jpg","datePublished":"2026-03-21T19:36:52+00:00","dateModified":"2026-04-01T09:46:53+00:00","description":"Umelec svetovej úrovne - to je Oskar Berger, ktorý svojho času karikuroval všetky známe osobnosti svetového aj domáceho diania.","breadcrumb":{"@id":"https://www.regionsaris.sk/vyznamna-tvar/oskar-berger/#breadcrumb"},"inLanguage":"it-IT","potentialAction":[{"@type":"ReadAction","target":["https://www.regionsaris.sk/vyznamna-tvar/oskar-berger/"]}]},{"@type":"ImageObject","inLanguage":"it-IT","@id":"https://www.regionsaris.sk/vyznamna-tvar/oskar-berger/#primaryimage","url":"https://www.regionsaris.sk/wp-content/uploads/2026/03/oskar-berger-vyznamne-tvare-regionu-oocrrs.jpg","contentUrl":"https://www.regionsaris.sk/wp-content/uploads/2026/03/oskar-berger-vyznamne-tvare-regionu-oocrrs.jpg","width":500,"height":500},{"@type":"BreadcrumbList","@id":"https://www.regionsaris.sk/vyznamna-tvar/oskar-berger/#breadcrumb","itemListElement":[{"@type":"ListItem","position":1,"name":"Domov","item":"https://www.regionsaris.sk/"},{"@type":"ListItem","position":2,"name":"Významné tváre regiónu","item":"https://www.regionsaris.sk/vyznamne-tvare-regionu/"},{"@type":"ListItem","position":3,"name":"Oskar Berger"}]},{"@type":"WebSite","@id":"https://www.regionsaris.sk/#website","url":"https://www.regionsaris.sk/","name":"OOCR Šariš","description":"","potentialAction":[{"@type":"SearchAction","target":{"@type":"EntryPoint","urlTemplate":"https://www.regionsaris.sk/?s={search_term_string}"},"query-input":{"@type":"PropertyValueSpecification","valueRequired":true,"valueName":"search_term_string"}}],"inLanguage":"it-IT"}]}</script>
<!-- / Yoast SEO Premium plugin. -->

Oskar Berger - OOCR Šariš

Umelec svetovej úrovne - to je Oskar Berger, ktorý svojho času karikuroval všetky známe osobnosti svetového aj domáceho diania.

OOCR Šariš

Významné tváre regiónu
