{"id":4080,"date":"2026-03-20T11:29:03","date_gmt":"2026-03-20T10:29:03","guid":{"rendered":"https:\/\/www.regionsaris.sk\/?post_type=vyznamna-tvar&#038;p=4080"},"modified":"2026-04-01T10:54:43","modified_gmt":"2026-04-01T09:54:43","slug":"jozef-gaganec","status":"publish","type":"vyznamna-tvar","link":"https:\/\/www.regionsaris.sk\/it\/vyznamna-tvar\/jozef-gaganec\/","title":{"rendered":"Jozef Gaganec"},"content":{"rendered":"<p>Jozef Gaganec nacque il 25 marzo 1793 nel villaggio di Vy\u0161n\u00fd Tvaro\u017eec (l'attuale distretto di Bardejov) come secondo di dieci figli nella famiglia di un cantore della chiesa. Si diplom\u00f2 alle scuole elementari di Bardejov, da dove prosegu\u00ec gli studi presso i ginnasi di \u00dajhely e Levo\u010da. Ha iniziato gli studi superiori presso l'accademia di Velka Varadin, dove ha studiato filosofia, e ha completato gli studi di teologia a Trnava. Oltre al ruteno, conosceva anche il latino, l'ungherese e il tedesco.&nbsp;<\/p>\n\n\n\n<p>Fu ordinato sacerdote a Velky Varadin l'8 marzo 1817. Inizi\u00f2 come sacerdote nell'allora villaggio di Rusk\u00e9 Pek\u013eany, poi fu parroco a Vislav e Hej\u0151kereszt\u00far e igumeno della contea di Bor\u0161od. Prima dell'ordinazione spos\u00f2 Anna Kovalicka. Nel 1837 Jozef Gaganec divenne segretario dell'eparca di Pre\u0161ov, Gregor Tarkovi\u010d. Nel 1835, dopo la morte di Tarkovi\u010d, divenne vicario capitolare dell'eparchia greco-cattolica di Presov. Nello stesso anno rimase vedovo e fu presto nominato canonico e membro del concistoro episcopale.<\/p>\n\n\n\n<p>L'imperatore Ferdinando I nomin\u00f2 Giuseppe Gaganec vescovo e il 25 giugno 1843 fu consacrato vescovo nella cappella imperiale di Vienna alla presenza della corte imperiale. Fu consacrato dal vescovo Basil Popovich di Mukachevo.&nbsp;<\/p>\n\n\n\n<p>Durante il suo mandato di eparca di Presov, nell'eparchia furono costruite 36 nuove chiese e molte furono ricostruite e restaurate. Durante questo periodo ordin\u00f2 237 sacerdoti (190 per la diocesi di Pre\u0161ov, 12 per l'Ordine di San Basilio e 35 per le eparchie vicine). Ai suoi sacerdoti si rivolgeva spesso e con molta forza con ammonimenti e richieste di conservare e approfondire fedelmente la conoscenza del rito orientale.<\/p>\n\n\n\n<p>Fu membro della Matrice slovacca. Nel 1862, su iniziativa di Alexander Duchovi\u010d, fond\u00f2 la Societ\u00e0 di San Giovanni Battista, finalizzata alla cura degli orfani e degli studenti poveri. L'imperatore gli confer\u00ec l'Ordine di Francesco Giuseppe. Nel 1868, Papa Pio IX lo nomin\u00f2 assistente al soglio pontificio. Mor\u00ec il 22 dicembre 1875.<\/p>\n\n\n\n<p><strong>Fonte: <\/strong>https:\/\/sk.wikipedia.org\/wiki\/Jozef_Gaganec<br><strong>Fonte della foto:<\/strong> Autore sconosciuto - Erzeparchie Prestov - www.grkatpo.sk\/historia_biskupi, Lavoro libero, https:\/\/commons.wikimedia.org\/w\/index.php?curid=8551718<\/p>\n\n\n\n<p><\/p>","protected":false},"featured_media":4275,"template":"","meta":{"_acf_changed":true},"kategoria-vyznamnych-tvari":[230],"oblast-posobenia":[231],"class_list":["post-4080","vyznamna-tvar","type-vyznamna-tvar","status-publish","has-post-thumbnail","hentry","kategoria-vyznamnych-tvari-historicka-osobnost","oblast-posobenia-teologia"],"acf":[],"yoast_head":"<!-- This site is optimized with the Yoast SEO Premium plugin v26.3 (Yoast SEO v26.8) - https:\/\/yoast.com\/product\/yoast-seo-premium-wordpress\/ -->\n<title>Jozef Gaganec - OOCR \u0160ari\u0161<\/title>\n<meta name=\"description\" content=\"Jozef Gaganec bol v\u00fdznamn\u00fdm k\u02c7\u0148azom, predstavite\u013eom rus\u00ednskej kult\u00fary, biskupom a \u010dlenom Matice slovenskej.\" \/>\n<meta name=\"robots\" content=\"index, follow, max-snippet:-1, max-image-preview:large, max-video-preview:-1\" \/>\n<link rel=\"canonical\" href=\"https:\/\/www.regionsaris.sk\/it\/vyznamna-tvar\/jozef-gaganec\/\" \/>\n<meta property=\"og:locale\" content=\"it_IT\" \/>\n<meta property=\"og:type\" content=\"article\" \/>\n<meta property=\"og:title\" content=\"Jozef Gaganec\" \/>\n<meta property=\"og:description\" content=\"Jozef Gaganec bol v\u00fdznamn\u00fdm k\u02c7\u0148azom, predstavite\u013eom rus\u00ednskej kult\u00fary, biskupom a \u010dlenom Matice slovenskej.\" \/>\n<meta property=\"og:url\" content=\"https:\/\/www.regionsaris.sk\/it\/vyznamna-tvar\/jozef-gaganec\/\" \/>\n<meta property=\"og:site_name\" content=\"OOCR \u0160ari\u0161\" \/>\n<meta property=\"article:modified_time\" content=\"2026-04-01T09:54:43+00:00\" \/>\n<meta property=\"og:image\" content=\"https:\/\/www.regionsaris.sk\/wp-content\/uploads\/2026\/03\/jozef-gaganec-vyznamne-tvare-regionu-oocrrs.jpg\" \/>\n\t<meta property=\"og:image:width\" content=\"500\" \/>\n\t<meta property=\"og:image:height\" content=\"500\" \/>\n\t<meta property=\"og:image:type\" content=\"image\/jpeg\" \/>\n<meta name=\"twitter:card\" content=\"summary_large_image\" \/>\n<meta name=\"twitter:label1\" content=\"Tempo di lettura stimato\" \/>\n\t<meta name=\"twitter:data1\" content=\"2 minuti\" \/>\n<script type=\"application\/ld+json\" class=\"yoast-schema-graph\">{\"@context\":\"https:\/\/schema.org\",\"@graph\":[{\"@type\":\"WebPage\",\"@id\":\"https:\/\/www.regionsaris.sk\/vyznamna-tvar\/jozef-gaganec\/\",\"url\":\"https:\/\/www.regionsaris.sk\/vyznamna-tvar\/jozef-gaganec\/\",\"name\":\"Jozef Gaganec - OOCR \u0160ari\u0161\",\"isPartOf\":{\"@id\":\"https:\/\/www.regionsaris.sk\/#website\"},\"primaryImageOfPage\":{\"@id\":\"https:\/\/www.regionsaris.sk\/vyznamna-tvar\/jozef-gaganec\/#primaryimage\"},\"image\":{\"@id\":\"https:\/\/www.regionsaris.sk\/vyznamna-tvar\/jozef-gaganec\/#primaryimage\"},\"thumbnailUrl\":\"https:\/\/www.regionsaris.sk\/wp-content\/uploads\/2026\/03\/jozef-gaganec-vyznamne-tvare-regionu-oocrrs.jpg\",\"datePublished\":\"2026-03-20T10:29:03+00:00\",\"dateModified\":\"2026-04-01T09:54:43+00:00\",\"description\":\"Jozef Gaganec bol v\u00fdznamn\u00fdm k\u02c7\u0148azom, predstavite\u013eom rus\u00ednskej kult\u00fary, biskupom a \u010dlenom Matice slovenskej.\",\"breadcrumb\":{\"@id\":\"https:\/\/www.regionsaris.sk\/vyznamna-tvar\/jozef-gaganec\/#breadcrumb\"},\"inLanguage\":\"it-IT\",\"potentialAction\":[{\"@type\":\"ReadAction\",\"target\":[\"https:\/\/www.regionsaris.sk\/vyznamna-tvar\/jozef-gaganec\/\"]}]},{\"@type\":\"ImageObject\",\"inLanguage\":\"it-IT\",\"@id\":\"https:\/\/www.regionsaris.sk\/vyznamna-tvar\/jozef-gaganec\/#primaryimage\",\"url\":\"https:\/\/www.regionsaris.sk\/wp-content\/uploads\/2026\/03\/jozef-gaganec-vyznamne-tvare-regionu-oocrrs.jpg\",\"contentUrl\":\"https:\/\/www.regionsaris.sk\/wp-content\/uploads\/2026\/03\/jozef-gaganec-vyznamne-tvare-regionu-oocrrs.jpg\",\"width\":500,\"height\":500},{\"@type\":\"BreadcrumbList\",\"@id\":\"https:\/\/www.regionsaris.sk\/vyznamna-tvar\/jozef-gaganec\/#breadcrumb\",\"itemListElement\":[{\"@type\":\"ListItem\",\"position\":1,\"name\":\"Domov\",\"item\":\"https:\/\/www.regionsaris.sk\/\"},{\"@type\":\"ListItem\",\"position\":2,\"name\":\"V\u00fdznamn\u00e9 tv\u00e1re regi\u00f3nu\",\"item\":\"https:\/\/www.regionsaris.sk\/vyznamne-tvare-regionu\/\"},{\"@type\":\"ListItem\",\"position\":3,\"name\":\"Jozef Gaganec\"}]},{\"@type\":\"WebSite\",\"@id\":\"https:\/\/www.regionsaris.sk\/#website\",\"url\":\"https:\/\/www.regionsaris.sk\/\",\"name\":\"OOCR \u0160ari\u0161\",\"description\":\"\",\"potentialAction\":[{\"@type\":\"SearchAction\",\"target\":{\"@type\":\"EntryPoint\",\"urlTemplate\":\"https:\/\/www.regionsaris.sk\/?s={search_term_string}\"},\"query-input\":{\"@type\":\"PropertyValueSpecification\",\"valueRequired\":true,\"valueName\":\"search_term_string\"}}],\"inLanguage\":\"it-IT\"}]}<\/script>\n<!-- \/ Yoast SEO Premium plugin. -->","yoast_head_json":{"title":"Jozef Gaganec - OOCR \u0160ari\u0161","description":"Jozef Gaganec bol v\u00fdznamn\u00fdm k\u02c7\u0148azom, predstavite\u013eom rus\u00ednskej kult\u00fary, biskupom a \u010dlenom Matice slovenskej.","robots":{"index":"index","follow":"follow","max-snippet":"max-snippet:-1","max-image-preview":"max-image-preview:large","max-video-preview":"max-video-preview:-1"},"canonical":"https:\/\/www.regionsaris.sk\/it\/vyznamna-tvar\/jozef-gaganec\/","og_locale":"it_IT","og_type":"article","og_title":"Jozef Gaganec","og_description":"Jozef Gaganec bol v\u00fdznamn\u00fdm k\u02c7\u0148azom, predstavite\u013eom rus\u00ednskej kult\u00fary, biskupom a \u010dlenom Matice slovenskej.","og_url":"https:\/\/www.regionsaris.sk\/it\/vyznamna-tvar\/jozef-gaganec\/","og_site_name":"OOCR \u0160ari\u0161","article_modified_time":"2026-04-01T09:54:43+00:00","og_image":[{"width":500,"height":500,"url":"https:\/\/www.regionsaris.sk\/wp-content\/uploads\/2026\/03\/jozef-gaganec-vyznamne-tvare-regionu-oocrrs.jpg","type":"image\/jpeg"}],"twitter_card":"summary_large_image","twitter_misc":{"Tempo di lettura stimato":"2 minuti"},"schema":{"@context":"https:\/\/schema.org","@graph":[{"@type":"WebPage","@id":"https:\/\/www.regionsaris.sk\/vyznamna-tvar\/jozef-gaganec\/","url":"https:\/\/www.regionsaris.sk\/vyznamna-tvar\/jozef-gaganec\/","name":"Jozef Gaganec - OOCR \u0160ari\u0161","isPartOf":{"@id":"https:\/\/www.regionsaris.sk\/#website"},"primaryImageOfPage":{"@id":"https:\/\/www.regionsaris.sk\/vyznamna-tvar\/jozef-gaganec\/#primaryimage"},"image":{"@id":"https:\/\/www.regionsaris.sk\/vyznamna-tvar\/jozef-gaganec\/#primaryimage"},"thumbnailUrl":"https:\/\/www.regionsaris.sk\/wp-content\/uploads\/2026\/03\/jozef-gaganec-vyznamne-tvare-regionu-oocrrs.jpg","datePublished":"2026-03-20T10:29:03+00:00","dateModified":"2026-04-01T09:54:43+00:00","description":"Jozef Gaganec bol v\u00fdznamn\u00fdm k\u02c7\u0148azom, predstavite\u013eom rus\u00ednskej kult\u00fary, biskupom a \u010dlenom Matice slovenskej.","breadcrumb":{"@id":"https:\/\/www.regionsaris.sk\/vyznamna-tvar\/jozef-gaganec\/#breadcrumb"},"inLanguage":"it-IT","potentialAction":[{"@type":"ReadAction","target":["https:\/\/www.regionsaris.sk\/vyznamna-tvar\/jozef-gaganec\/"]}]},{"@type":"ImageObject","inLanguage":"it-IT","@id":"https:\/\/www.regionsaris.sk\/vyznamna-tvar\/jozef-gaganec\/#primaryimage","url":"https:\/\/www.regionsaris.sk\/wp-content\/uploads\/2026\/03\/jozef-gaganec-vyznamne-tvare-regionu-oocrrs.jpg","contentUrl":"https:\/\/www.regionsaris.sk\/wp-content\/uploads\/2026\/03\/jozef-gaganec-vyznamne-tvare-regionu-oocrrs.jpg","width":500,"height":500},{"@type":"BreadcrumbList","@id":"https:\/\/www.regionsaris.sk\/vyznamna-tvar\/jozef-gaganec\/#breadcrumb","itemListElement":[{"@type":"ListItem","position":1,"name":"Domov","item":"https:\/\/www.regionsaris.sk\/"},{"@type":"ListItem","position":2,"name":"V\u00fdznamn\u00e9 tv\u00e1re regi\u00f3nu","item":"https:\/\/www.regionsaris.sk\/vyznamne-tvare-regionu\/"},{"@type":"ListItem","position":3,"name":"Jozef Gaganec"}]},{"@type":"WebSite","@id":"https:\/\/www.regionsaris.sk\/#website","url":"https:\/\/www.regionsaris.sk\/","name":"OOCR \u0160ari\u0161","description":"","potentialAction":[{"@type":"SearchAction","target":{"@type":"EntryPoint","urlTemplate":"https:\/\/www.regionsaris.sk\/?s={search_term_string}"},"query-input":{"@type":"PropertyValueSpecification","valueRequired":true,"valueName":"search_term_string"}}],"inLanguage":"it-IT"}]}},"_links":{"self":[{"href":"https:\/\/www.regionsaris.sk\/it\/wp-json\/wp\/v2\/vyznamna-tvar\/4080","targetHints":{"allow":["GET"]}}],"collection":[{"href":"https:\/\/www.regionsaris.sk\/it\/wp-json\/wp\/v2\/vyznamna-tvar"}],"about":[{"href":"https:\/\/www.regionsaris.sk\/it\/wp-json\/wp\/v2\/types\/vyznamna-tvar"}],"wp:featuredmedia":[{"embeddable":true,"href":"https:\/\/www.regionsaris.sk\/it\/wp-json\/wp\/v2\/media\/4275"}],"wp:attachment":[{"href":"https:\/\/www.regionsaris.sk\/it\/wp-json\/wp\/v2\/media?parent=4080"}],"wp:term":[{"taxonomy":"kategoria-vyznamnych-tvari","embeddable":true,"href":"https:\/\/www.regionsaris.sk\/it\/wp-json\/wp\/v2\/kategoria-vyznamnych-tvari?post=4080"},{"taxonomy":"oblast-posobenia","embeddable":true,"href":"https:\/\/www.regionsaris.sk\/it\/wp-json\/wp\/v2\/oblast-posobenia?post=4080"}],"curies":[{"name":"wp","href":"https:\/\/api.w.org\/{rel}","templated":true}]}}

<p>Jozef Gaganec nacque il 25 marzo 1793 nel villaggio di Vyšný Tvarožec (l'attuale distretto di Bardejov) come secondo di dieci figli nella famiglia di un cantore della chiesa. Si diplomò alle scuole elementari di Bardejov, da dove proseguì gli studi presso i ginnasi di Újhely e Levoča. Ha iniziato gli studi superiori presso l'accademia di Velka Varadin, dove ha studiato filosofia, e ha completato gli studi di teologia a Trnava. Oltre al ruteno, conosceva anche il latino, l'ungherese e il tedesco.&nbsp;</p>



<p>Fu ordinato sacerdote a Velky Varadin l'8 marzo 1817. Iniziò come sacerdote nell'allora villaggio di Ruské Pekľany, poi fu parroco a Vislav e Hejőkeresztúr e igumeno della contea di Boršod. Prima dell'ordinazione sposò Anna Kovalicka. Nel 1837 Jozef Gaganec divenne segretario dell'eparca di Prešov, Gregor Tarkovič. Nel 1835, dopo la morte di Tarkovič, divenne vicario capitolare dell'eparchia greco-cattolica di Presov. Nello stesso anno rimase vedovo e fu presto nominato canonico e membro del concistoro episcopale.</p>



<p>L'imperatore Ferdinando I nominò Giuseppe Gaganec vescovo e il 25 giugno 1843 fu consacrato vescovo nella cappella imperiale di Vienna alla presenza della corte imperiale. Fu consacrato dal vescovo Basil Popovich di Mukachevo.&nbsp;</p>



<p>Durante il suo mandato di eparca di Presov, nell'eparchia furono costruite 36 nuove chiese e molte furono ricostruite e restaurate. Durante questo periodo ordinò 237 sacerdoti (190 per la diocesi di Prešov, 12 per l'Ordine di San Basilio e 35 per le eparchie vicine). Ai suoi sacerdoti si rivolgeva spesso e con molta forza con ammonimenti e richieste di conservare e approfondire fedelmente la conoscenza del rito orientale.</p>



<p>Fu membro della Matrice slovacca. Nel 1862, su iniziativa di Alexander Duchovič, fondò la Società di San Giovanni Battista, finalizzata alla cura degli orfani e degli studenti poveri. L'imperatore gli conferì l'Ordine di Francesco Giuseppe. Nel 1868, Papa Pio IX lo nominò assistente al soglio pontificio. Morì il 22 dicembre 1875.</p>



<p><strong>Fonte: </strong>https://sk.wikipedia.org/wiki/Jozef_Gaganec<br><strong>Fonte della foto:</strong> Autore sconosciuto - Erzeparchie Prestov - www.grkatpo.sk/historia_biskupi, Lavoro libero, https://commons.wikimedia.org/w/index.php?curid=8551718</p>



<p></p>

<!-- This site is optimized with the Yoast SEO Premium plugin v26.3 (Yoast SEO v26.8) - https://yoast.com/product/yoast-seo-premium-wordpress/ -->
<title>Jozef Gaganec - OOCR Šariš</title>
<meta name="description" content="Jozef Gaganec bol významným kˇňazom, predstaviteľom rusínskej kultúry, biskupom a členom Matice slovenskej." />
<meta name="robots" content="index, follow, max-snippet:-1, max-image-preview:large, max-video-preview:-1" />
<link rel="canonical" href="https://www.regionsaris.sk/it/vyznamna-tvar/jozef-gaganec/" />
<meta property="og:locale" content="it_IT" />
<meta property="og:type" content="article" />
<meta property="og:title" content="Jozef Gaganec" />
<meta property="og:description" content="Jozef Gaganec bol významným kˇňazom, predstaviteľom rusínskej kultúry, biskupom a členom Matice slovenskej." />
<meta property="og:url" content="https://www.regionsaris.sk/it/vyznamna-tvar/jozef-gaganec/" />
<meta property="og:site_name" content="OOCR Šariš" />
<meta property="article:modified_time" content="2026-04-01T09:54:43+00:00" />
<meta property="og:image" content="https://www.regionsaris.sk/wp-content/uploads/2026/03/jozef-gaganec-vyznamne-tvare-regionu-oocrrs.jpg" />
	<meta property="og:image:width" content="500" />
	<meta property="og:image:height" content="500" />
	<meta property="og:image:type" content="image/jpeg" />
<meta name="twitter:card" content="summary_large_image" />
<meta name="twitter:label1" content="Tempo di lettura stimato" />
	<meta name="twitter:data1" content="2 minuti" />
<script type="application/ld+json" class="yoast-schema-graph">{"@context":"https://schema.org","@graph":[{"@type":"WebPage","@id":"https://www.regionsaris.sk/vyznamna-tvar/jozef-gaganec/","url":"https://www.regionsaris.sk/vyznamna-tvar/jozef-gaganec/","name":"Jozef Gaganec - OOCR Šariš","isPartOf":{"@id":"https://www.regionsaris.sk/#website"},"primaryImageOfPage":{"@id":"https://www.regionsaris.sk/vyznamna-tvar/jozef-gaganec/#primaryimage"},"image":{"@id":"https://www.regionsaris.sk/vyznamna-tvar/jozef-gaganec/#primaryimage"},"thumbnailUrl":"https://www.regionsaris.sk/wp-content/uploads/2026/03/jozef-gaganec-vyznamne-tvare-regionu-oocrrs.jpg","datePublished":"2026-03-20T10:29:03+00:00","dateModified":"2026-04-01T09:54:43+00:00","description":"Jozef Gaganec bol významným kˇňazom, predstaviteľom rusínskej kultúry, biskupom a členom Matice slovenskej.","breadcrumb":{"@id":"https://www.regionsaris.sk/vyznamna-tvar/jozef-gaganec/#breadcrumb"},"inLanguage":"it-IT","potentialAction":[{"@type":"ReadAction","target":["https://www.regionsaris.sk/vyznamna-tvar/jozef-gaganec/"]}]},{"@type":"ImageObject","inLanguage":"it-IT","@id":"https://www.regionsaris.sk/vyznamna-tvar/jozef-gaganec/#primaryimage","url":"https://www.regionsaris.sk/wp-content/uploads/2026/03/jozef-gaganec-vyznamne-tvare-regionu-oocrrs.jpg","contentUrl":"https://www.regionsaris.sk/wp-content/uploads/2026/03/jozef-gaganec-vyznamne-tvare-regionu-oocrrs.jpg","width":500,"height":500},{"@type":"BreadcrumbList","@id":"https://www.regionsaris.sk/vyznamna-tvar/jozef-gaganec/#breadcrumb","itemListElement":[{"@type":"ListItem","position":1,"name":"Domov","item":"https://www.regionsaris.sk/"},{"@type":"ListItem","position":2,"name":"Významné tváre regiónu","item":"https://www.regionsaris.sk/vyznamne-tvare-regionu/"},{"@type":"ListItem","position":3,"name":"Jozef Gaganec"}]},{"@type":"WebSite","@id":"https://www.regionsaris.sk/#website","url":"https://www.regionsaris.sk/","name":"OOCR Šariš","description":"","potentialAction":[{"@type":"SearchAction","target":{"@type":"EntryPoint","urlTemplate":"https://www.regionsaris.sk/?s={search_term_string}"},"query-input":{"@type":"PropertyValueSpecification","valueRequired":true,"valueName":"search_term_string"}}],"inLanguage":"it-IT"}]}</script>
<!-- / Yoast SEO Premium plugin. -->

Jozef Gaganec - OOCR Šariš

Jozef Gaganec bol významným kˇňazom, predstaviteľom rusínskej kultúry, biskupom a členom Matice slovenskej.

OOCR Šariš

Významné tváre regiónu
