{"id":3049,"date":"2026-01-07T19:24:32","date_gmt":"2026-01-07T18:24:32","guid":{"rendered":"https:\/\/www.regionsaris.sk\/?post_type=prirodne-krasy&#038;p=3049"},"modified":"2026-02-05T14:34:07","modified_gmt":"2026-02-05T13:34:07","slug":"kendicky-kriz","status":"publish","type":"prirodne-krasy","link":"https:\/\/www.regionsaris.sk\/it\/prirodne-krasy\/kendicky-kriz\/","title":{"rendered":"Kendice Cross"},"content":{"rendered":"<p class=\"kvgmc6g5 cxmmr5t8 oygrvhab hcukyx3x c1et5uql ii04i59q\">Scoprite i luoghi preferiti dalla gente del posto da <strong>Kendice - distretto di Kendice<\/strong>. Il percorso inizia e termina alla stazione ferroviaria di Kendice. L'intero percorso misura circa 8 km. \u00c8 ben segnalato con il cartello NCH. Questo percorso \u00e8 facile, accessibile a tutti gli amanti della natura e alle famiglie con bambini. Poich\u00e9 il percorso attraversa un terreno forestale, si consiglia di portare con s\u00e9 un portatore per i bambini pi\u00f9 piccoli.<\/p>\n<p dir=\"auto\">Durante la passeggiata, fermatevi ai 6 pannelli informativi. Ognuno di essi offre conoscenze diverse. Potrete conoscere la storia della stazione ferroviaria di Kendice, la storia del villaggio di Kendice o la comunit\u00e0 naturale del distretto di Kendice.<\/p>\n<p dir=\"auto\">Il percorso naturalistico \u00e8 accompagnato anche da un sentiero trasversale. In cima al sentiero si trova <strong>Kendice Cross<\/strong>. Fu consacrata il 5 giugno 1933 dai frati francescani che all'epoca amministravano la parrocchia di Kendice. Nel 1991, il sacerdote P. J\u00e1n Sedl\u00e1k, che amministrava la parrocchia di Kendice, organizz\u00f2 un cosiddetto pellegrinaggio a questa croce. \u00c8 diventato una tradizione e viene organizzato ogni anno a settembre, in occasione della festa dell'Esaltazione della Santa Croce.<\/p>\n<p dir=\"auto\">Questo luogo di pellegrinaggio con croce \u00e8 ben curato, dove sarete accolti da un rifugio con panche, caminetti e, verso ovest, dal margine del bosco, una bella vista sulla \u0160ari\u0161sk\u00e1 vrchovina e sulla \u010cierna hora.<\/p>\n<p dir=\"auto\">L'accesso al sito \u00e8 possibile dal villaggio di Kendice o da Haniska.<\/p>\n\n<div class=\"cxmmr5t8 oygrvhab hcukyx3x c1et5uql o9v6fnle ii04i59q\">\n<p dir=\"auto\"><\/p>\n\n<\/div>","protected":false},"featured_media":2413,"template":"","meta":{"_acf_changed":false},"kategoria-poi":[102,174,107],"lokalita":[28],"sezona-poi":[12],"trvanie-vyletu":[180],"class_list":["post-3049","prirodne-krasy","type-prirodne-krasy","status-publish","has-post-thumbnail","hentry","kategoria-poi-prirodne-krasy","kategoria-poi-prirodne-zaujimavosti","kategoria-poi-turistika","lokalita-presov-a-okolie","sezona-poi-celorocne","trvanie-vyletu-poldenne-vylety"],"acf":[],"yoast_head":"<!-- This site is optimized with the Yoast SEO Premium plugin v26.3 (Yoast SEO v26.8) - https:\/\/yoast.com\/product\/yoast-seo-premium-wordpress\/ -->\n<title>Kendick\u00fd kr\u00ed\u017e - OOCR \u0160ari\u0161<\/title>\n<meta name=\"robots\" content=\"index, follow, max-snippet:-1, max-image-preview:large, max-video-preview:-1\" \/>\n<link rel=\"canonical\" href=\"https:\/\/www.regionsaris.sk\/it\/prirodne-krasy\/kendicky-kriz\/\" \/>\n<meta property=\"og:locale\" content=\"it_IT\" \/>\n<meta property=\"og:type\" content=\"article\" \/>\n<meta property=\"og:title\" content=\"Kendick\u00fd kr\u00ed\u017e\" \/>\n<meta property=\"og:description\" content=\"Spoznajte ob\u013e\u00faben\u00fa lokalitu miestnych obyvate\u013eov z Kend\u00edc - Kendick\u00fd chot\u00e1r. N\u00e1u\u010dn\u00fd chodn\u00edk sa za\u010d\u00edna a...\" \/>\n<meta property=\"og:url\" content=\"https:\/\/www.regionsaris.sk\/it\/prirodne-krasy\/kendicky-kriz\/\" \/>\n<meta property=\"og:site_name\" content=\"OOCR \u0160ari\u0161\" \/>\n<meta property=\"article:modified_time\" content=\"2026-02-05T13:34:07+00:00\" \/>\n<meta property=\"og:image\" content=\"https:\/\/www.regionsaris.sk\/wp-content\/uploads\/2026\/01\/kendicky_kriz_4-scaled-1.jpg\" \/>\n\t<meta property=\"og:image:width\" content=\"2560\" \/>\n\t<meta property=\"og:image:height\" content=\"1707\" \/>\n\t<meta property=\"og:image:type\" content=\"image\/jpeg\" \/>\n<meta name=\"twitter:card\" content=\"summary_large_image\" \/>\n<meta name=\"twitter:label1\" content=\"Tempo di lettura stimato\" \/>\n\t<meta name=\"twitter:data1\" content=\"1 minuto\" \/>\n<script type=\"application\/ld+json\" class=\"yoast-schema-graph\">{\"@context\":\"https:\/\/schema.org\",\"@graph\":[{\"@type\":\"WebPage\",\"@id\":\"https:\/\/www.regionsaris.sk\/prirodne-krasy\/kendicky-kriz\/\",\"url\":\"https:\/\/www.regionsaris.sk\/prirodne-krasy\/kendicky-kriz\/\",\"name\":\"Kendick\u00fd kr\u00ed\u017e - OOCR \u0160ari\u0161\",\"isPartOf\":{\"@id\":\"https:\/\/www.regionsaris.sk\/#website\"},\"primaryImageOfPage\":{\"@id\":\"https:\/\/www.regionsaris.sk\/prirodne-krasy\/kendicky-kriz\/#primaryimage\"},\"image\":{\"@id\":\"https:\/\/www.regionsaris.sk\/prirodne-krasy\/kendicky-kriz\/#primaryimage\"},\"thumbnailUrl\":\"https:\/\/www.regionsaris.sk\/wp-content\/uploads\/2026\/01\/kendicky_kriz_4-scaled-1.jpg\",\"datePublished\":\"2026-01-07T18:24:32+00:00\",\"dateModified\":\"2026-02-05T13:34:07+00:00\",\"breadcrumb\":{\"@id\":\"https:\/\/www.regionsaris.sk\/prirodne-krasy\/kendicky-kriz\/#breadcrumb\"},\"inLanguage\":\"it-IT\",\"potentialAction\":[{\"@type\":\"ReadAction\",\"target\":[\"https:\/\/www.regionsaris.sk\/prirodne-krasy\/kendicky-kriz\/\"]}]},{\"@type\":\"ImageObject\",\"inLanguage\":\"it-IT\",\"@id\":\"https:\/\/www.regionsaris.sk\/prirodne-krasy\/kendicky-kriz\/#primaryimage\",\"url\":\"https:\/\/www.regionsaris.sk\/wp-content\/uploads\/2026\/01\/kendicky_kriz_4-scaled-1.jpg\",\"contentUrl\":\"https:\/\/www.regionsaris.sk\/wp-content\/uploads\/2026\/01\/kendicky_kriz_4-scaled-1.jpg\",\"width\":2560,\"height\":1707},{\"@type\":\"BreadcrumbList\",\"@id\":\"https:\/\/www.regionsaris.sk\/prirodne-krasy\/kendicky-kriz\/#breadcrumb\",\"itemListElement\":[{\"@type\":\"ListItem\",\"position\":1,\"name\":\"Domov\",\"item\":\"https:\/\/www.regionsaris.sk\/\"},{\"@type\":\"ListItem\",\"position\":2,\"name\":\"Pr\u00edrodn\u00e9 kr\u00e1sy v regi\u00f3ne\",\"item\":\"https:\/\/www.regionsaris.sk\/prirodne-krasy-v-regione\/\"},{\"@type\":\"ListItem\",\"position\":3,\"name\":\"Kendick\u00fd kr\u00ed\u017e\"}]},{\"@type\":\"WebSite\",\"@id\":\"https:\/\/www.regionsaris.sk\/#website\",\"url\":\"https:\/\/www.regionsaris.sk\/\",\"name\":\"OOCR \u0160ari\u0161\",\"description\":\"\",\"potentialAction\":[{\"@type\":\"SearchAction\",\"target\":{\"@type\":\"EntryPoint\",\"urlTemplate\":\"https:\/\/www.regionsaris.sk\/?s={search_term_string}\"},\"query-input\":{\"@type\":\"PropertyValueSpecification\",\"valueRequired\":true,\"valueName\":\"search_term_string\"}}],\"inLanguage\":\"it-IT\"}]}<\/script>\n<!-- \/ Yoast SEO Premium plugin. -->","yoast_head_json":{"title":"Kendick\u00fd kr\u00ed\u017e - OOCR \u0160ari\u0161","robots":{"index":"index","follow":"follow","max-snippet":"max-snippet:-1","max-image-preview":"max-image-preview:large","max-video-preview":"max-video-preview:-1"},"canonical":"https:\/\/www.regionsaris.sk\/it\/prirodne-krasy\/kendicky-kriz\/","og_locale":"it_IT","og_type":"article","og_title":"Kendick\u00fd kr\u00ed\u017e","og_description":"Spoznajte ob\u013e\u00faben\u00fa lokalitu miestnych obyvate\u013eov z Kend\u00edc - Kendick\u00fd chot\u00e1r. N\u00e1u\u010dn\u00fd chodn\u00edk sa za\u010d\u00edna a...","og_url":"https:\/\/www.regionsaris.sk\/it\/prirodne-krasy\/kendicky-kriz\/","og_site_name":"OOCR \u0160ari\u0161","article_modified_time":"2026-02-05T13:34:07+00:00","og_image":[{"width":2560,"height":1707,"url":"https:\/\/www.regionsaris.sk\/wp-content\/uploads\/2026\/01\/kendicky_kriz_4-scaled-1.jpg","type":"image\/jpeg"}],"twitter_card":"summary_large_image","twitter_misc":{"Tempo di lettura stimato":"1 minuto"},"schema":{"@context":"https:\/\/schema.org","@graph":[{"@type":"WebPage","@id":"https:\/\/www.regionsaris.sk\/prirodne-krasy\/kendicky-kriz\/","url":"https:\/\/www.regionsaris.sk\/prirodne-krasy\/kendicky-kriz\/","name":"Kendick\u00fd kr\u00ed\u017e - OOCR \u0160ari\u0161","isPartOf":{"@id":"https:\/\/www.regionsaris.sk\/#website"},"primaryImageOfPage":{"@id":"https:\/\/www.regionsaris.sk\/prirodne-krasy\/kendicky-kriz\/#primaryimage"},"image":{"@id":"https:\/\/www.regionsaris.sk\/prirodne-krasy\/kendicky-kriz\/#primaryimage"},"thumbnailUrl":"https:\/\/www.regionsaris.sk\/wp-content\/uploads\/2026\/01\/kendicky_kriz_4-scaled-1.jpg","datePublished":"2026-01-07T18:24:32+00:00","dateModified":"2026-02-05T13:34:07+00:00","breadcrumb":{"@id":"https:\/\/www.regionsaris.sk\/prirodne-krasy\/kendicky-kriz\/#breadcrumb"},"inLanguage":"it-IT","potentialAction":[{"@type":"ReadAction","target":["https:\/\/www.regionsaris.sk\/prirodne-krasy\/kendicky-kriz\/"]}]},{"@type":"ImageObject","inLanguage":"it-IT","@id":"https:\/\/www.regionsaris.sk\/prirodne-krasy\/kendicky-kriz\/#primaryimage","url":"https:\/\/www.regionsaris.sk\/wp-content\/uploads\/2026\/01\/kendicky_kriz_4-scaled-1.jpg","contentUrl":"https:\/\/www.regionsaris.sk\/wp-content\/uploads\/2026\/01\/kendicky_kriz_4-scaled-1.jpg","width":2560,"height":1707},{"@type":"BreadcrumbList","@id":"https:\/\/www.regionsaris.sk\/prirodne-krasy\/kendicky-kriz\/#breadcrumb","itemListElement":[{"@type":"ListItem","position":1,"name":"Domov","item":"https:\/\/www.regionsaris.sk\/"},{"@type":"ListItem","position":2,"name":"Pr\u00edrodn\u00e9 kr\u00e1sy v regi\u00f3ne","item":"https:\/\/www.regionsaris.sk\/prirodne-krasy-v-regione\/"},{"@type":"ListItem","position":3,"name":"Kendick\u00fd kr\u00ed\u017e"}]},{"@type":"WebSite","@id":"https:\/\/www.regionsaris.sk\/#website","url":"https:\/\/www.regionsaris.sk\/","name":"OOCR \u0160ari\u0161","description":"","potentialAction":[{"@type":"SearchAction","target":{"@type":"EntryPoint","urlTemplate":"https:\/\/www.regionsaris.sk\/?s={search_term_string}"},"query-input":{"@type":"PropertyValueSpecification","valueRequired":true,"valueName":"search_term_string"}}],"inLanguage":"it-IT"}]}},"_links":{"self":[{"href":"https:\/\/www.regionsaris.sk\/it\/wp-json\/wp\/v2\/prirodne-krasy\/3049","targetHints":{"allow":["GET"]}}],"collection":[{"href":"https:\/\/www.regionsaris.sk\/it\/wp-json\/wp\/v2\/prirodne-krasy"}],"about":[{"href":"https:\/\/www.regionsaris.sk\/it\/wp-json\/wp\/v2\/types\/prirodne-krasy"}],"wp:featuredmedia":[{"embeddable":true,"href":"https:\/\/www.regionsaris.sk\/it\/wp-json\/wp\/v2\/media\/2413"}],"wp:attachment":[{"href":"https:\/\/www.regionsaris.sk\/it\/wp-json\/wp\/v2\/media?parent=3049"}],"wp:term":[{"taxonomy":"kategoria-poi","embeddable":true,"href":"https:\/\/www.regionsaris.sk\/it\/wp-json\/wp\/v2\/kategoria-poi?post=3049"},{"taxonomy":"lokalita","embeddable":true,"href":"https:\/\/www.regionsaris.sk\/it\/wp-json\/wp\/v2\/lokalita?post=3049"},{"taxonomy":"sezona-poi","embeddable":true,"href":"https:\/\/www.regionsaris.sk\/it\/wp-json\/wp\/v2\/sezona-poi?post=3049"},{"taxonomy":"trvanie-vyletu","embeddable":true,"href":"https:\/\/www.regionsaris.sk\/it\/wp-json\/wp\/v2\/trvanie-vyletu?post=3049"}],"curies":[{"name":"wp","href":"https:\/\/api.w.org\/{rel}","templated":true}]}}

<p class="kvgmc6g5 cxmmr5t8 oygrvhab hcukyx3x c1et5uql ii04i59q">Scoprite i luoghi preferiti dalla gente del posto da <strong>Kendice - distretto di Kendice</strong>. Il percorso inizia e termina alla stazione ferroviaria di Kendice. L'intero percorso misura circa 8 km. È ben segnalato con il cartello NCH. Questo percorso è facile, accessibile a tutti gli amanti della natura e alle famiglie con bambini. Poiché il percorso attraversa un terreno forestale, si consiglia di portare con sé un portatore per i bambini più piccoli.</p>
<p dir="auto">Durante la passeggiata, fermatevi ai 6 pannelli informativi. Ognuno di essi offre conoscenze diverse. Potrete conoscere la storia della stazione ferroviaria di Kendice, la storia del villaggio di Kendice o la comunità naturale del distretto di Kendice.</p>
<p dir="auto">Il percorso naturalistico è accompagnato anche da un sentiero trasversale. In cima al sentiero si trova <strong>Kendice Cross</strong>. Fu consacrata il 5 giugno 1933 dai frati francescani che all'epoca amministravano la parrocchia di Kendice. Nel 1991, il sacerdote P. Ján Sedlák, che amministrava la parrocchia di Kendice, organizzò un cosiddetto pellegrinaggio a questa croce. È diventato una tradizione e viene organizzato ogni anno a settembre, in occasione della festa dell'Esaltazione della Santa Croce.</p>
<p dir="auto">Questo luogo di pellegrinaggio con croce è ben curato, dove sarete accolti da un rifugio con panche, caminetti e, verso ovest, dal margine del bosco, una bella vista sulla Šarišská vrchovina e sulla Čierna hora.</p>
<p dir="auto">L'accesso al sito è possibile dal villaggio di Kendice o da Haniska.</p>

<div class="cxmmr5t8 oygrvhab hcukyx3x c1et5uql o9v6fnle ii04i59q">
<p dir="auto"></p>

</div>

<!-- This site is optimized with the Yoast SEO Premium plugin v26.3 (Yoast SEO v26.8) - https://yoast.com/product/yoast-seo-premium-wordpress/ -->
<title>Kendický kríž - OOCR Šariš</title>
<meta name="robots" content="index, follow, max-snippet:-1, max-image-preview:large, max-video-preview:-1" />
<link rel="canonical" href="https://www.regionsaris.sk/it/prirodne-krasy/kendicky-kriz/" />
<meta property="og:locale" content="it_IT" />
<meta property="og:type" content="article" />
<meta property="og:title" content="Kendický kríž" />
<meta property="og:description" content="Spoznajte obľúbenú lokalitu miestnych obyvateľov z Kendíc - Kendický chotár. Náučný chodník sa začína a..." />
<meta property="og:url" content="https://www.regionsaris.sk/it/prirodne-krasy/kendicky-kriz/" />
<meta property="og:site_name" content="OOCR Šariš" />
<meta property="article:modified_time" content="2026-02-05T13:34:07+00:00" />
<meta property="og:image" content="https://www.regionsaris.sk/wp-content/uploads/2026/01/kendicky_kriz_4-scaled-1.jpg" />
	<meta property="og:image:width" content="2560" />
	<meta property="og:image:height" content="1707" />
	<meta property="og:image:type" content="image/jpeg" />
<meta name="twitter:card" content="summary_large_image" />
<meta name="twitter:label1" content="Tempo di lettura stimato" />
	<meta name="twitter:data1" content="1 minuto" />
<script type="application/ld+json" class="yoast-schema-graph">{"@context":"https://schema.org","@graph":[{"@type":"WebPage","@id":"https://www.regionsaris.sk/prirodne-krasy/kendicky-kriz/","url":"https://www.regionsaris.sk/prirodne-krasy/kendicky-kriz/","name":"Kendický kríž - OOCR Šariš","isPartOf":{"@id":"https://www.regionsaris.sk/#website"},"primaryImageOfPage":{"@id":"https://www.regionsaris.sk/prirodne-krasy/kendicky-kriz/#primaryimage"},"image":{"@id":"https://www.regionsaris.sk/prirodne-krasy/kendicky-kriz/#primaryimage"},"thumbnailUrl":"https://www.regionsaris.sk/wp-content/uploads/2026/01/kendicky_kriz_4-scaled-1.jpg","datePublished":"2026-01-07T18:24:32+00:00","dateModified":"2026-02-05T13:34:07+00:00","breadcrumb":{"@id":"https://www.regionsaris.sk/prirodne-krasy/kendicky-kriz/#breadcrumb"},"inLanguage":"it-IT","potentialAction":[{"@type":"ReadAction","target":["https://www.regionsaris.sk/prirodne-krasy/kendicky-kriz/"]}]},{"@type":"ImageObject","inLanguage":"it-IT","@id":"https://www.regionsaris.sk/prirodne-krasy/kendicky-kriz/#primaryimage","url":"https://www.regionsaris.sk/wp-content/uploads/2026/01/kendicky_kriz_4-scaled-1.jpg","contentUrl":"https://www.regionsaris.sk/wp-content/uploads/2026/01/kendicky_kriz_4-scaled-1.jpg","width":2560,"height":1707},{"@type":"BreadcrumbList","@id":"https://www.regionsaris.sk/prirodne-krasy/kendicky-kriz/#breadcrumb","itemListElement":[{"@type":"ListItem","position":1,"name":"Domov","item":"https://www.regionsaris.sk/"},{"@type":"ListItem","position":2,"name":"Prírodné krásy v regióne","item":"https://www.regionsaris.sk/prirodne-krasy-v-regione/"},{"@type":"ListItem","position":3,"name":"Kendický kríž"}]},{"@type":"WebSite","@id":"https://www.regionsaris.sk/#website","url":"https://www.regionsaris.sk/","name":"OOCR Šariš","description":"","potentialAction":[{"@type":"SearchAction","target":{"@type":"EntryPoint","urlTemplate":"https://www.regionsaris.sk/?s={search_term_string}"},"query-input":{"@type":"PropertyValueSpecification","valueRequired":true,"valueName":"search_term_string"}}],"inLanguage":"it-IT"}]}</script>
<!-- / Yoast SEO Premium plugin. -->

Kendický kríž - OOCR Šariš

Kendický kríž

Spoznajte obľúbenú lokalitu miestnych obyvateľov z Kendíc - Kendický chotár. Náučný chodník sa začína a...

OOCR Šariš

Prírodné krásy v regióne
