{"id":2895,"date":"2026-01-07T19:24:49","date_gmt":"2026-01-07T18:24:49","guid":{"rendered":"https:\/\/www.regionsaris.sk\/?post_type=prirodne-krasy&#038;p=2895"},"modified":"2026-02-05T14:22:51","modified_gmt":"2026-02-05T13:22:51","slug":"vyhliadkova-veza-dukliansky-priesmyk","status":"publish","type":"prirodne-krasy","link":"https:\/\/www.regionsaris.sk\/it\/prirodne-krasy\/vyhliadkova-veza-dukliansky-priesmyk\/","title":{"rendered":"Torre di osservazione Dukliansky priesmyk 502 m sul livello del mare."},"content":{"rendered":"<p>Nella zona del passo di Dukla, al confine tra Slovacchia e Polonia, si trova una torre di osservazione da cui si pu\u00f2 vedere un'ampia zona del territorio slovacco e polacco, teatro dei combattimenti durante l'operazione Carpatho-Dukla. La torre \u00e8 stata aperta al pubblico nel 1974, in occasione del 30\u00b0 anniversario dei combattimenti per Dukla. Alta 49 metri, \u00e8 stata costruita sul sito della torre di osservazione originale in legno del 1959, vicino al posto di osservazione temporaneo del comandante del 1\u00b0 Corpo d'armata cecoslovacco. L'interno della torre \u00e8 adeguatamente completato da opere d'arte. A. Ra\u010dek, scultore <em>Benvenuti ai Liberatori<\/em>, composizione figurata <em>Lotta comune<\/em> akad. scultore J. Kore\u0148 e scultura <em>Sono addolorato\u00a0<\/em>akad. scultore J. Kulich. L'esterno della torre \u00e8 completato da <em>Filiale di Linden<\/em> - un simbolo della mutualit\u00e0 slava dell'accademia. scultore F. Pato\u010dka.<\/p>","protected":false},"featured_media":2353,"template":"","meta":{"_acf_changed":false},"kategoria-poi":[102,107],"lokalita":[115],"sezona-poi":[13,15,14],"trvanie-vyletu":[114,194],"class_list":["post-2895","prirodne-krasy","type-prirodne-krasy","status-publish","has-post-thumbnail","hentry","kategoria-poi-prirodne-krasy","kategoria-poi-turistika","lokalita-svidnik-a-okolie","sezona-poi-jar","sezona-poi-jesen","sezona-poi-leto","trvanie-vyletu-celodenne-vylety","trvanie-vyletu-skolske-vylety"],"acf":[],"yoast_head":"<!-- This site is optimized with the Yoast SEO Premium plugin v26.3 (Yoast SEO v26.8) - https:\/\/yoast.com\/product\/yoast-seo-premium-wordpress\/ -->\n<title>Vyhliadkov\u00e1 ve\u017ea Dukliansky priesmyk 502 m n. m. - OOCR \u0160ari\u0161<\/title>\n<meta name=\"robots\" content=\"index, follow, max-snippet:-1, max-image-preview:large, max-video-preview:-1\" \/>\n<link rel=\"canonical\" href=\"https:\/\/www.regionsaris.sk\/it\/prirodne-krasy\/vyhliadkova-veza-dukliansky-priesmyk\/\" \/>\n<meta property=\"og:locale\" content=\"it_IT\" \/>\n<meta property=\"og:type\" content=\"article\" \/>\n<meta property=\"og:title\" content=\"Vyhliadkov\u00e1 ve\u017ea Dukliansky priesmyk 502 m n. m.\" \/>\n<meta property=\"og:description\" content=\"V priestore Duklianskeho priesmyku na slovensko-po\u013esk\u00fdch hraniciach sa nach\u00e1dza vyhliadkov\u00e1 ve\u017ea, z ktorej m\u00f4\u017ee n\u00e1v\u0161tevn\u00edk...\" \/>\n<meta property=\"og:url\" content=\"https:\/\/www.regionsaris.sk\/it\/prirodne-krasy\/vyhliadkova-veza-dukliansky-priesmyk\/\" \/>\n<meta property=\"og:site_name\" content=\"OOCR \u0160ari\u0161\" \/>\n<meta property=\"article:modified_time\" content=\"2026-02-05T13:22:51+00:00\" \/>\n<meta property=\"og:image\" content=\"https:\/\/www.regionsaris.sk\/wp-content\/uploads\/2026\/01\/dukla142-thumb.jpg\" \/>\n\t<meta property=\"og:image:width\" content=\"600\" \/>\n\t<meta property=\"og:image:height\" content=\"400\" \/>\n\t<meta property=\"og:image:type\" content=\"image\/jpeg\" \/>\n<meta name=\"twitter:card\" content=\"summary_large_image\" \/>\n<meta name=\"twitter:label1\" content=\"Tempo di lettura stimato\" \/>\n\t<meta name=\"twitter:data1\" content=\"1 minuto\" \/>\n<script type=\"application\/ld+json\" class=\"yoast-schema-graph\">{\"@context\":\"https:\/\/schema.org\",\"@graph\":[{\"@type\":\"WebPage\",\"@id\":\"https:\/\/www.regionsaris.sk\/prirodne-krasy\/vyhliadkova-veza-dukliansky-priesmyk\/\",\"url\":\"https:\/\/www.regionsaris.sk\/prirodne-krasy\/vyhliadkova-veza-dukliansky-priesmyk\/\",\"name\":\"Vyhliadkov\u00e1 ve\u017ea Dukliansky priesmyk 502 m n. m. - OOCR \u0160ari\u0161\",\"isPartOf\":{\"@id\":\"https:\/\/www.regionsaris.sk\/#website\"},\"primaryImageOfPage\":{\"@id\":\"https:\/\/www.regionsaris.sk\/prirodne-krasy\/vyhliadkova-veza-dukliansky-priesmyk\/#primaryimage\"},\"image\":{\"@id\":\"https:\/\/www.regionsaris.sk\/prirodne-krasy\/vyhliadkova-veza-dukliansky-priesmyk\/#primaryimage\"},\"thumbnailUrl\":\"https:\/\/www.regionsaris.sk\/wp-content\/uploads\/2026\/01\/dukla142-thumb.jpg\",\"datePublished\":\"2026-01-07T18:24:49+00:00\",\"dateModified\":\"2026-02-05T13:22:51+00:00\",\"breadcrumb\":{\"@id\":\"https:\/\/www.regionsaris.sk\/prirodne-krasy\/vyhliadkova-veza-dukliansky-priesmyk\/#breadcrumb\"},\"inLanguage\":\"it-IT\",\"potentialAction\":[{\"@type\":\"ReadAction\",\"target\":[\"https:\/\/www.regionsaris.sk\/prirodne-krasy\/vyhliadkova-veza-dukliansky-priesmyk\/\"]}]},{\"@type\":\"ImageObject\",\"inLanguage\":\"it-IT\",\"@id\":\"https:\/\/www.regionsaris.sk\/prirodne-krasy\/vyhliadkova-veza-dukliansky-priesmyk\/#primaryimage\",\"url\":\"https:\/\/www.regionsaris.sk\/wp-content\/uploads\/2026\/01\/dukla142-thumb.jpg\",\"contentUrl\":\"https:\/\/www.regionsaris.sk\/wp-content\/uploads\/2026\/01\/dukla142-thumb.jpg\",\"width\":600,\"height\":400},{\"@type\":\"BreadcrumbList\",\"@id\":\"https:\/\/www.regionsaris.sk\/prirodne-krasy\/vyhliadkova-veza-dukliansky-priesmyk\/#breadcrumb\",\"itemListElement\":[{\"@type\":\"ListItem\",\"position\":1,\"name\":\"Domov\",\"item\":\"https:\/\/www.regionsaris.sk\/\"},{\"@type\":\"ListItem\",\"position\":2,\"name\":\"Pr\u00edrodn\u00e9 kr\u00e1sy v regi\u00f3ne\",\"item\":\"https:\/\/www.regionsaris.sk\/prirodne-krasy-v-regione\/\"},{\"@type\":\"ListItem\",\"position\":3,\"name\":\"Vyhliadkov\u00e1 ve\u017ea Dukliansky priesmyk 502 m n. m.\"}]},{\"@type\":\"WebSite\",\"@id\":\"https:\/\/www.regionsaris.sk\/#website\",\"url\":\"https:\/\/www.regionsaris.sk\/\",\"name\":\"OOCR \u0160ari\u0161\",\"description\":\"\",\"potentialAction\":[{\"@type\":\"SearchAction\",\"target\":{\"@type\":\"EntryPoint\",\"urlTemplate\":\"https:\/\/www.regionsaris.sk\/?s={search_term_string}\"},\"query-input\":{\"@type\":\"PropertyValueSpecification\",\"valueRequired\":true,\"valueName\":\"search_term_string\"}}],\"inLanguage\":\"it-IT\"}]}<\/script>\n<!-- \/ Yoast SEO Premium plugin. -->","yoast_head_json":{"title":"Vyhliadkov\u00e1 ve\u017ea Dukliansky priesmyk 502 m n. m. - OOCR \u0160ari\u0161","robots":{"index":"index","follow":"follow","max-snippet":"max-snippet:-1","max-image-preview":"max-image-preview:large","max-video-preview":"max-video-preview:-1"},"canonical":"https:\/\/www.regionsaris.sk\/it\/prirodne-krasy\/vyhliadkova-veza-dukliansky-priesmyk\/","og_locale":"it_IT","og_type":"article","og_title":"Vyhliadkov\u00e1 ve\u017ea Dukliansky priesmyk 502 m n. m.","og_description":"V priestore Duklianskeho priesmyku na slovensko-po\u013esk\u00fdch hraniciach sa nach\u00e1dza vyhliadkov\u00e1 ve\u017ea, z ktorej m\u00f4\u017ee n\u00e1v\u0161tevn\u00edk...","og_url":"https:\/\/www.regionsaris.sk\/it\/prirodne-krasy\/vyhliadkova-veza-dukliansky-priesmyk\/","og_site_name":"OOCR \u0160ari\u0161","article_modified_time":"2026-02-05T13:22:51+00:00","og_image":[{"width":600,"height":400,"url":"https:\/\/www.regionsaris.sk\/wp-content\/uploads\/2026\/01\/dukla142-thumb.jpg","type":"image\/jpeg"}],"twitter_card":"summary_large_image","twitter_misc":{"Tempo di lettura stimato":"1 minuto"},"schema":{"@context":"https:\/\/schema.org","@graph":[{"@type":"WebPage","@id":"https:\/\/www.regionsaris.sk\/prirodne-krasy\/vyhliadkova-veza-dukliansky-priesmyk\/","url":"https:\/\/www.regionsaris.sk\/prirodne-krasy\/vyhliadkova-veza-dukliansky-priesmyk\/","name":"Vyhliadkov\u00e1 ve\u017ea Dukliansky priesmyk 502 m n. m. - OOCR \u0160ari\u0161","isPartOf":{"@id":"https:\/\/www.regionsaris.sk\/#website"},"primaryImageOfPage":{"@id":"https:\/\/www.regionsaris.sk\/prirodne-krasy\/vyhliadkova-veza-dukliansky-priesmyk\/#primaryimage"},"image":{"@id":"https:\/\/www.regionsaris.sk\/prirodne-krasy\/vyhliadkova-veza-dukliansky-priesmyk\/#primaryimage"},"thumbnailUrl":"https:\/\/www.regionsaris.sk\/wp-content\/uploads\/2026\/01\/dukla142-thumb.jpg","datePublished":"2026-01-07T18:24:49+00:00","dateModified":"2026-02-05T13:22:51+00:00","breadcrumb":{"@id":"https:\/\/www.regionsaris.sk\/prirodne-krasy\/vyhliadkova-veza-dukliansky-priesmyk\/#breadcrumb"},"inLanguage":"it-IT","potentialAction":[{"@type":"ReadAction","target":["https:\/\/www.regionsaris.sk\/prirodne-krasy\/vyhliadkova-veza-dukliansky-priesmyk\/"]}]},{"@type":"ImageObject","inLanguage":"it-IT","@id":"https:\/\/www.regionsaris.sk\/prirodne-krasy\/vyhliadkova-veza-dukliansky-priesmyk\/#primaryimage","url":"https:\/\/www.regionsaris.sk\/wp-content\/uploads\/2026\/01\/dukla142-thumb.jpg","contentUrl":"https:\/\/www.regionsaris.sk\/wp-content\/uploads\/2026\/01\/dukla142-thumb.jpg","width":600,"height":400},{"@type":"BreadcrumbList","@id":"https:\/\/www.regionsaris.sk\/prirodne-krasy\/vyhliadkova-veza-dukliansky-priesmyk\/#breadcrumb","itemListElement":[{"@type":"ListItem","position":1,"name":"Domov","item":"https:\/\/www.regionsaris.sk\/"},{"@type":"ListItem","position":2,"name":"Pr\u00edrodn\u00e9 kr\u00e1sy v regi\u00f3ne","item":"https:\/\/www.regionsaris.sk\/prirodne-krasy-v-regione\/"},{"@type":"ListItem","position":3,"name":"Vyhliadkov\u00e1 ve\u017ea Dukliansky priesmyk 502 m n. m."}]},{"@type":"WebSite","@id":"https:\/\/www.regionsaris.sk\/#website","url":"https:\/\/www.regionsaris.sk\/","name":"OOCR \u0160ari\u0161","description":"","potentialAction":[{"@type":"SearchAction","target":{"@type":"EntryPoint","urlTemplate":"https:\/\/www.regionsaris.sk\/?s={search_term_string}"},"query-input":{"@type":"PropertyValueSpecification","valueRequired":true,"valueName":"search_term_string"}}],"inLanguage":"it-IT"}]}},"_links":{"self":[{"href":"https:\/\/www.regionsaris.sk\/it\/wp-json\/wp\/v2\/prirodne-krasy\/2895","targetHints":{"allow":["GET"]}}],"collection":[{"href":"https:\/\/www.regionsaris.sk\/it\/wp-json\/wp\/v2\/prirodne-krasy"}],"about":[{"href":"https:\/\/www.regionsaris.sk\/it\/wp-json\/wp\/v2\/types\/prirodne-krasy"}],"wp:featuredmedia":[{"embeddable":true,"href":"https:\/\/www.regionsaris.sk\/it\/wp-json\/wp\/v2\/media\/2353"}],"wp:attachment":[{"href":"https:\/\/www.regionsaris.sk\/it\/wp-json\/wp\/v2\/media?parent=2895"}],"wp:term":[{"taxonomy":"kategoria-poi","embeddable":true,"href":"https:\/\/www.regionsaris.sk\/it\/wp-json\/wp\/v2\/kategoria-poi?post=2895"},{"taxonomy":"lokalita","embeddable":true,"href":"https:\/\/www.regionsaris.sk\/it\/wp-json\/wp\/v2\/lokalita?post=2895"},{"taxonomy":"sezona-poi","embeddable":true,"href":"https:\/\/www.regionsaris.sk\/it\/wp-json\/wp\/v2\/sezona-poi?post=2895"},{"taxonomy":"trvanie-vyletu","embeddable":true,"href":"https:\/\/www.regionsaris.sk\/it\/wp-json\/wp\/v2\/trvanie-vyletu?post=2895"}],"curies":[{"name":"wp","href":"https:\/\/api.w.org\/{rel}","templated":true}]}}

<p>Nella zona del passo di Dukla, al confine tra Slovacchia e Polonia, si trova una torre di osservazione da cui si può vedere un'ampia zona del territorio slovacco e polacco, teatro dei combattimenti durante l'operazione Carpatho-Dukla. La torre è stata aperta al pubblico nel 1974, in occasione del 30° anniversario dei combattimenti per Dukla. Alta 49 metri, è stata costruita sul sito della torre di osservazione originale in legno del 1959, vicino al posto di osservazione temporaneo del comandante del 1° Corpo d'armata cecoslovacco. L'interno della torre è adeguatamente completato da opere d'arte. A. Raček, scultore <em>Benvenuti ai Liberatori</em>, composizione figurata <em>Lotta comune</em> akad. scultore J. Koreň e scultura <em>Sono addolorato </em>akad. scultore J. Kulich. L'esterno della torre è completato da <em>Filiale di Linden</em> - un simbolo della mutualità slava dell'accademia. scultore F. Patočka.</p>

<!-- This site is optimized with the Yoast SEO Premium plugin v26.3 (Yoast SEO v26.8) - https://yoast.com/product/yoast-seo-premium-wordpress/ -->
<title>Vyhliadková veža Dukliansky priesmyk 502 m n. m. - OOCR Šariš</title>
<meta name="robots" content="index, follow, max-snippet:-1, max-image-preview:large, max-video-preview:-1" />
<link rel="canonical" href="https://www.regionsaris.sk/it/prirodne-krasy/vyhliadkova-veza-dukliansky-priesmyk/" />
<meta property="og:locale" content="it_IT" />
<meta property="og:type" content="article" />
<meta property="og:title" content="Vyhliadková veža Dukliansky priesmyk 502 m n. m." />
<meta property="og:description" content="V priestore Duklianskeho priesmyku na slovensko-poľských hraniciach sa nachádza vyhliadková veža, z ktorej môže návštevník..." />
<meta property="og:url" content="https://www.regionsaris.sk/it/prirodne-krasy/vyhliadkova-veza-dukliansky-priesmyk/" />
<meta property="og:site_name" content="OOCR Šariš" />
<meta property="article:modified_time" content="2026-02-05T13:22:51+00:00" />
<meta property="og:image" content="https://www.regionsaris.sk/wp-content/uploads/2026/01/dukla142-thumb.jpg" />
	<meta property="og:image:width" content="600" />
	<meta property="og:image:height" content="400" />
	<meta property="og:image:type" content="image/jpeg" />
<meta name="twitter:card" content="summary_large_image" />
<meta name="twitter:label1" content="Tempo di lettura stimato" />
	<meta name="twitter:data1" content="1 minuto" />
<script type="application/ld+json" class="yoast-schema-graph">{"@context":"https://schema.org","@graph":[{"@type":"WebPage","@id":"https://www.regionsaris.sk/prirodne-krasy/vyhliadkova-veza-dukliansky-priesmyk/","url":"https://www.regionsaris.sk/prirodne-krasy/vyhliadkova-veza-dukliansky-priesmyk/","name":"Vyhliadková veža Dukliansky priesmyk 502 m n. m. - OOCR Šariš","isPartOf":{"@id":"https://www.regionsaris.sk/#website"},"primaryImageOfPage":{"@id":"https://www.regionsaris.sk/prirodne-krasy/vyhliadkova-veza-dukliansky-priesmyk/#primaryimage"},"image":{"@id":"https://www.regionsaris.sk/prirodne-krasy/vyhliadkova-veza-dukliansky-priesmyk/#primaryimage"},"thumbnailUrl":"https://www.regionsaris.sk/wp-content/uploads/2026/01/dukla142-thumb.jpg","datePublished":"2026-01-07T18:24:49+00:00","dateModified":"2026-02-05T13:22:51+00:00","breadcrumb":{"@id":"https://www.regionsaris.sk/prirodne-krasy/vyhliadkova-veza-dukliansky-priesmyk/#breadcrumb"},"inLanguage":"it-IT","potentialAction":[{"@type":"ReadAction","target":["https://www.regionsaris.sk/prirodne-krasy/vyhliadkova-veza-dukliansky-priesmyk/"]}]},{"@type":"ImageObject","inLanguage":"it-IT","@id":"https://www.regionsaris.sk/prirodne-krasy/vyhliadkova-veza-dukliansky-priesmyk/#primaryimage","url":"https://www.regionsaris.sk/wp-content/uploads/2026/01/dukla142-thumb.jpg","contentUrl":"https://www.regionsaris.sk/wp-content/uploads/2026/01/dukla142-thumb.jpg","width":600,"height":400},{"@type":"BreadcrumbList","@id":"https://www.regionsaris.sk/prirodne-krasy/vyhliadkova-veza-dukliansky-priesmyk/#breadcrumb","itemListElement":[{"@type":"ListItem","position":1,"name":"Domov","item":"https://www.regionsaris.sk/"},{"@type":"ListItem","position":2,"name":"Prírodné krásy v regióne","item":"https://www.regionsaris.sk/prirodne-krasy-v-regione/"},{"@type":"ListItem","position":3,"name":"Vyhliadková veža Dukliansky priesmyk 502 m n. m."}]},{"@type":"WebSite","@id":"https://www.regionsaris.sk/#website","url":"https://www.regionsaris.sk/","name":"OOCR Šariš","description":"","potentialAction":[{"@type":"SearchAction","target":{"@type":"EntryPoint","urlTemplate":"https://www.regionsaris.sk/?s={search_term_string}"},"query-input":{"@type":"PropertyValueSpecification","valueRequired":true,"valueName":"search_term_string"}}],"inLanguage":"it-IT"}]}</script>
<!-- / Yoast SEO Premium plugin. -->

Vyhliadková veža Dukliansky priesmyk 502 m n. m. - OOCR Šariš

Vyhliadková veža Dukliansky priesmyk 502 m n. m.

V priestore Duklianskeho priesmyku na slovensko-poľských hraniciach sa nachádza vyhliadková veža, z ktorej môže návštevník...

OOCR Šariš

Prírodné krásy v regióne
