{"id":2877,"date":"2026-01-07T19:24:50","date_gmt":"2026-01-07T18:24:50","guid":{"rendered":"https:\/\/www.regionsaris.sk\/?post_type=prirodne-krasy&#038;p=2877"},"modified":"2026-02-05T14:21:54","modified_gmt":"2026-02-05T13:21:54","slug":"presov-za-kalvariou-cemjata-mineralny-pramen","status":"publish","type":"prirodne-krasy","link":"https:\/\/www.regionsaris.sk\/it\/prirodne-krasy\/presov-za-kalvariou-cemjata-mineralny-pramen\/","title":{"rendered":"Pre\u0161ov, Za Kalv\u00e1riou - Cemjata, sorgente minerale"},"content":{"rendered":"<p>Una facile escursione alla sorgente minerale nella vicina Cemjata inizia dietro il Calvario di Pre\u0161ov. Cemjata \u00e8 un'antica area ricreativa suburbana di Pre\u0161ov, dove nel XIX secolo furono costruiti i bagni cittadini attorno alla sorgente di acqua ferrosa. Il facile sentiero \u00e8 lungo meno di sei chilometri e attraversa la foresta e le colline appartenenti alla \u0160ari\u0161sk\u00e1 vrchovina (altopiano di \u0160ari\u0161). Pu\u00f2 essere facilmente completato in due ore, il che sar\u00e0 particolarmente gradito alle famiglie con bambini. Luoghi di sosta con panchine, caminetti e un pozzo offrono spazio per un piacevole riposo. Anche la stessa Cemjata \u00e8 un luogo molto gratificante, dove si trovano vari gazebo, un piccolo lago e una sorgente minerale con minerali di calcio-magnesio. Cemjata \u00e8 anche un crocevia turistico da cui partono i percorsi per altre destinazioni turistiche, come la Pietra del Diavolo - un blocco unico di quarzo venato del periodo terziario - nella valle sotto \u0160\u010derbova hora o il monumento alla Rivolta dei contadini del 1831 sulla collina Fur\u010da.<\/p>\n\n\n\n<p>Foto: mtbike<\/p>","protected":false},"featured_media":2349,"template":"","meta":{"_acf_changed":false},"kategoria-poi":[102,107],"lokalita":[28],"sezona-poi":[12],"trvanie-vyletu":[180],"class_list":["post-2877","prirodne-krasy","type-prirodne-krasy","status-publish","has-post-thumbnail","hentry","kategoria-poi-prirodne-krasy","kategoria-poi-turistika","lokalita-presov-a-okolie","sezona-poi-celorocne","trvanie-vyletu-poldenne-vylety"],"acf":[],"yoast_head":"<!-- This site is optimized with the Yoast SEO Premium plugin v26.3 (Yoast SEO v26.8) - https:\/\/yoast.com\/product\/yoast-seo-premium-wordpress\/ -->\n<title>Pre\u0161ov, Za Kalv\u00e1riou \u2013 Cemjata, miner\u00e1lny prame\u0148 - OOCR \u0160ari\u0161<\/title>\n<meta name=\"robots\" content=\"index, follow, max-snippet:-1, max-image-preview:large, max-video-preview:-1\" \/>\n<link rel=\"canonical\" href=\"https:\/\/www.regionsaris.sk\/it\/prirodne-krasy\/presov-za-kalvariou-cemjata-mineralny-pramen\/\" \/>\n<meta property=\"og:locale\" content=\"it_IT\" \/>\n<meta property=\"og:type\" content=\"article\" \/>\n<meta property=\"og:title\" content=\"Pre\u0161ov, Za Kalv\u00e1riou \u2013 Cemjata, miner\u00e1lny prame\u0148\" \/>\n<meta property=\"og:description\" content=\"Nen\u00e1ro\u010dn\u00e1 t\u00fara k miner\u00e1lnemu prame\u0148u v ne\u010falekej Cemjate za\u010d\u00edna za pre\u0161ovskou Kalv\u00e1riou. Cemjata je star\u00e1...\" \/>\n<meta property=\"og:url\" content=\"https:\/\/www.regionsaris.sk\/it\/prirodne-krasy\/presov-za-kalvariou-cemjata-mineralny-pramen\/\" \/>\n<meta property=\"og:site_name\" content=\"OOCR \u0160ari\u0161\" \/>\n<meta property=\"article:modified_time\" content=\"2026-02-05T13:21:54+00:00\" \/>\n<meta property=\"og:image\" content=\"https:\/\/www.regionsaris.sk\/wp-content\/uploads\/2026\/01\/cemjata228-thumb.jpg\" \/>\n\t<meta property=\"og:image:width\" content=\"600\" \/>\n\t<meta property=\"og:image:height\" content=\"400\" \/>\n\t<meta property=\"og:image:type\" content=\"image\/jpeg\" \/>\n<meta name=\"twitter:card\" content=\"summary_large_image\" \/>\n<meta name=\"twitter:label1\" content=\"Tempo di lettura stimato\" \/>\n\t<meta name=\"twitter:data1\" content=\"1 minuto\" \/>\n<script type=\"application\/ld+json\" class=\"yoast-schema-graph\">{\"@context\":\"https:\/\/schema.org\",\"@graph\":[{\"@type\":\"WebPage\",\"@id\":\"https:\/\/www.regionsaris.sk\/prirodne-krasy\/presov-za-kalvariou-cemjata-mineralny-pramen\/\",\"url\":\"https:\/\/www.regionsaris.sk\/prirodne-krasy\/presov-za-kalvariou-cemjata-mineralny-pramen\/\",\"name\":\"Pre\u0161ov, Za Kalv\u00e1riou \u2013 Cemjata, miner\u00e1lny prame\u0148 - OOCR \u0160ari\u0161\",\"isPartOf\":{\"@id\":\"https:\/\/www.regionsaris.sk\/#website\"},\"primaryImageOfPage\":{\"@id\":\"https:\/\/www.regionsaris.sk\/prirodne-krasy\/presov-za-kalvariou-cemjata-mineralny-pramen\/#primaryimage\"},\"image\":{\"@id\":\"https:\/\/www.regionsaris.sk\/prirodne-krasy\/presov-za-kalvariou-cemjata-mineralny-pramen\/#primaryimage\"},\"thumbnailUrl\":\"https:\/\/www.regionsaris.sk\/wp-content\/uploads\/2026\/01\/cemjata228-thumb.jpg\",\"datePublished\":\"2026-01-07T18:24:50+00:00\",\"dateModified\":\"2026-02-05T13:21:54+00:00\",\"breadcrumb\":{\"@id\":\"https:\/\/www.regionsaris.sk\/prirodne-krasy\/presov-za-kalvariou-cemjata-mineralny-pramen\/#breadcrumb\"},\"inLanguage\":\"it-IT\",\"potentialAction\":[{\"@type\":\"ReadAction\",\"target\":[\"https:\/\/www.regionsaris.sk\/prirodne-krasy\/presov-za-kalvariou-cemjata-mineralny-pramen\/\"]}]},{\"@type\":\"ImageObject\",\"inLanguage\":\"it-IT\",\"@id\":\"https:\/\/www.regionsaris.sk\/prirodne-krasy\/presov-za-kalvariou-cemjata-mineralny-pramen\/#primaryimage\",\"url\":\"https:\/\/www.regionsaris.sk\/wp-content\/uploads\/2026\/01\/cemjata228-thumb.jpg\",\"contentUrl\":\"https:\/\/www.regionsaris.sk\/wp-content\/uploads\/2026\/01\/cemjata228-thumb.jpg\",\"width\":600,\"height\":400},{\"@type\":\"BreadcrumbList\",\"@id\":\"https:\/\/www.regionsaris.sk\/prirodne-krasy\/presov-za-kalvariou-cemjata-mineralny-pramen\/#breadcrumb\",\"itemListElement\":[{\"@type\":\"ListItem\",\"position\":1,\"name\":\"Domov\",\"item\":\"https:\/\/www.regionsaris.sk\/\"},{\"@type\":\"ListItem\",\"position\":2,\"name\":\"Pr\u00edrodn\u00e9 kr\u00e1sy v regi\u00f3ne\",\"item\":\"https:\/\/www.regionsaris.sk\/prirodne-krasy-v-regione\/\"},{\"@type\":\"ListItem\",\"position\":3,\"name\":\"Pre\u0161ov, Za Kalv\u00e1riou \u2013 Cemjata, miner\u00e1lny prame\u0148\"}]},{\"@type\":\"WebSite\",\"@id\":\"https:\/\/www.regionsaris.sk\/#website\",\"url\":\"https:\/\/www.regionsaris.sk\/\",\"name\":\"OOCR \u0160ari\u0161\",\"description\":\"\",\"potentialAction\":[{\"@type\":\"SearchAction\",\"target\":{\"@type\":\"EntryPoint\",\"urlTemplate\":\"https:\/\/www.regionsaris.sk\/?s={search_term_string}\"},\"query-input\":{\"@type\":\"PropertyValueSpecification\",\"valueRequired\":true,\"valueName\":\"search_term_string\"}}],\"inLanguage\":\"it-IT\"}]}<\/script>\n<!-- \/ Yoast SEO Premium plugin. -->","yoast_head_json":{"title":"Pre\u0161ov, Za Kalv\u00e1riou \u2013 Cemjata, miner\u00e1lny prame\u0148 - OOCR \u0160ari\u0161","robots":{"index":"index","follow":"follow","max-snippet":"max-snippet:-1","max-image-preview":"max-image-preview:large","max-video-preview":"max-video-preview:-1"},"canonical":"https:\/\/www.regionsaris.sk\/it\/prirodne-krasy\/presov-za-kalvariou-cemjata-mineralny-pramen\/","og_locale":"it_IT","og_type":"article","og_title":"Pre\u0161ov, Za Kalv\u00e1riou \u2013 Cemjata, miner\u00e1lny prame\u0148","og_description":"Nen\u00e1ro\u010dn\u00e1 t\u00fara k miner\u00e1lnemu prame\u0148u v ne\u010falekej Cemjate za\u010d\u00edna za pre\u0161ovskou Kalv\u00e1riou. Cemjata je star\u00e1...","og_url":"https:\/\/www.regionsaris.sk\/it\/prirodne-krasy\/presov-za-kalvariou-cemjata-mineralny-pramen\/","og_site_name":"OOCR \u0160ari\u0161","article_modified_time":"2026-02-05T13:21:54+00:00","og_image":[{"width":600,"height":400,"url":"https:\/\/www.regionsaris.sk\/wp-content\/uploads\/2026\/01\/cemjata228-thumb.jpg","type":"image\/jpeg"}],"twitter_card":"summary_large_image","twitter_misc":{"Tempo di lettura stimato":"1 minuto"},"schema":{"@context":"https:\/\/schema.org","@graph":[{"@type":"WebPage","@id":"https:\/\/www.regionsaris.sk\/prirodne-krasy\/presov-za-kalvariou-cemjata-mineralny-pramen\/","url":"https:\/\/www.regionsaris.sk\/prirodne-krasy\/presov-za-kalvariou-cemjata-mineralny-pramen\/","name":"Pre\u0161ov, Za Kalv\u00e1riou \u2013 Cemjata, miner\u00e1lny prame\u0148 - OOCR \u0160ari\u0161","isPartOf":{"@id":"https:\/\/www.regionsaris.sk\/#website"},"primaryImageOfPage":{"@id":"https:\/\/www.regionsaris.sk\/prirodne-krasy\/presov-za-kalvariou-cemjata-mineralny-pramen\/#primaryimage"},"image":{"@id":"https:\/\/www.regionsaris.sk\/prirodne-krasy\/presov-za-kalvariou-cemjata-mineralny-pramen\/#primaryimage"},"thumbnailUrl":"https:\/\/www.regionsaris.sk\/wp-content\/uploads\/2026\/01\/cemjata228-thumb.jpg","datePublished":"2026-01-07T18:24:50+00:00","dateModified":"2026-02-05T13:21:54+00:00","breadcrumb":{"@id":"https:\/\/www.regionsaris.sk\/prirodne-krasy\/presov-za-kalvariou-cemjata-mineralny-pramen\/#breadcrumb"},"inLanguage":"it-IT","potentialAction":[{"@type":"ReadAction","target":["https:\/\/www.regionsaris.sk\/prirodne-krasy\/presov-za-kalvariou-cemjata-mineralny-pramen\/"]}]},{"@type":"ImageObject","inLanguage":"it-IT","@id":"https:\/\/www.regionsaris.sk\/prirodne-krasy\/presov-za-kalvariou-cemjata-mineralny-pramen\/#primaryimage","url":"https:\/\/www.regionsaris.sk\/wp-content\/uploads\/2026\/01\/cemjata228-thumb.jpg","contentUrl":"https:\/\/www.regionsaris.sk\/wp-content\/uploads\/2026\/01\/cemjata228-thumb.jpg","width":600,"height":400},{"@type":"BreadcrumbList","@id":"https:\/\/www.regionsaris.sk\/prirodne-krasy\/presov-za-kalvariou-cemjata-mineralny-pramen\/#breadcrumb","itemListElement":[{"@type":"ListItem","position":1,"name":"Domov","item":"https:\/\/www.regionsaris.sk\/"},{"@type":"ListItem","position":2,"name":"Pr\u00edrodn\u00e9 kr\u00e1sy v regi\u00f3ne","item":"https:\/\/www.regionsaris.sk\/prirodne-krasy-v-regione\/"},{"@type":"ListItem","position":3,"name":"Pre\u0161ov, Za Kalv\u00e1riou \u2013 Cemjata, miner\u00e1lny prame\u0148"}]},{"@type":"WebSite","@id":"https:\/\/www.regionsaris.sk\/#website","url":"https:\/\/www.regionsaris.sk\/","name":"OOCR \u0160ari\u0161","description":"","potentialAction":[{"@type":"SearchAction","target":{"@type":"EntryPoint","urlTemplate":"https:\/\/www.regionsaris.sk\/?s={search_term_string}"},"query-input":{"@type":"PropertyValueSpecification","valueRequired":true,"valueName":"search_term_string"}}],"inLanguage":"it-IT"}]}},"_links":{"self":[{"href":"https:\/\/www.regionsaris.sk\/it\/wp-json\/wp\/v2\/prirodne-krasy\/2877","targetHints":{"allow":["GET"]}}],"collection":[{"href":"https:\/\/www.regionsaris.sk\/it\/wp-json\/wp\/v2\/prirodne-krasy"}],"about":[{"href":"https:\/\/www.regionsaris.sk\/it\/wp-json\/wp\/v2\/types\/prirodne-krasy"}],"wp:featuredmedia":[{"embeddable":true,"href":"https:\/\/www.regionsaris.sk\/it\/wp-json\/wp\/v2\/media\/2349"}],"wp:attachment":[{"href":"https:\/\/www.regionsaris.sk\/it\/wp-json\/wp\/v2\/media?parent=2877"}],"wp:term":[{"taxonomy":"kategoria-poi","embeddable":true,"href":"https:\/\/www.regionsaris.sk\/it\/wp-json\/wp\/v2\/kategoria-poi?post=2877"},{"taxonomy":"lokalita","embeddable":true,"href":"https:\/\/www.regionsaris.sk\/it\/wp-json\/wp\/v2\/lokalita?post=2877"},{"taxonomy":"sezona-poi","embeddable":true,"href":"https:\/\/www.regionsaris.sk\/it\/wp-json\/wp\/v2\/sezona-poi?post=2877"},{"taxonomy":"trvanie-vyletu","embeddable":true,"href":"https:\/\/www.regionsaris.sk\/it\/wp-json\/wp\/v2\/trvanie-vyletu?post=2877"}],"curies":[{"name":"wp","href":"https:\/\/api.w.org\/{rel}","templated":true}]}}

Prešov, Za Kalváriou - Cemjata, sorgente minerale

<p>Una facile escursione alla sorgente minerale nella vicina Cemjata inizia dietro il Calvario di Prešov. Cemjata è un'antica area ricreativa suburbana di Prešov, dove nel XIX secolo furono costruiti i bagni cittadini attorno alla sorgente di acqua ferrosa. Il facile sentiero è lungo meno di sei chilometri e attraversa la foresta e le colline appartenenti alla Šarišská vrchovina (altopiano di Šariš). Può essere facilmente completato in due ore, il che sarà particolarmente gradito alle famiglie con bambini. Luoghi di sosta con panchine, caminetti e un pozzo offrono spazio per un piacevole riposo. Anche la stessa Cemjata è un luogo molto gratificante, dove si trovano vari gazebo, un piccolo lago e una sorgente minerale con minerali di calcio-magnesio. Cemjata è anche un crocevia turistico da cui partono i percorsi per altre destinazioni turistiche, come la Pietra del Diavolo - un blocco unico di quarzo venato del periodo terziario - nella valle sotto Ščerbova hora o il monumento alla Rivolta dei contadini del 1831 sulla collina Furča.</p>



<p>Foto: mtbike</p>

<!-- This site is optimized with the Yoast SEO Premium plugin v26.3 (Yoast SEO v26.8) - https://yoast.com/product/yoast-seo-premium-wordpress/ -->
<title>Prešov, Za Kalváriou – Cemjata, minerálny prameň - OOCR Šariš</title>
<meta name="robots" content="index, follow, max-snippet:-1, max-image-preview:large, max-video-preview:-1" />
<link rel="canonical" href="https://www.regionsaris.sk/it/prirodne-krasy/presov-za-kalvariou-cemjata-mineralny-pramen/" />
<meta property="og:locale" content="it_IT" />
<meta property="og:type" content="article" />
<meta property="og:title" content="Prešov, Za Kalváriou – Cemjata, minerálny prameň" />
<meta property="og:description" content="Nenáročná túra k minerálnemu prameňu v neďalekej Cemjate začína za prešovskou Kalváriou. Cemjata je stará..." />
<meta property="og:url" content="https://www.regionsaris.sk/it/prirodne-krasy/presov-za-kalvariou-cemjata-mineralny-pramen/" />
<meta property="og:site_name" content="OOCR Šariš" />
<meta property="article:modified_time" content="2026-02-05T13:21:54+00:00" />
<meta property="og:image" content="https://www.regionsaris.sk/wp-content/uploads/2026/01/cemjata228-thumb.jpg" />
	<meta property="og:image:width" content="600" />
	<meta property="og:image:height" content="400" />
	<meta property="og:image:type" content="image/jpeg" />
<meta name="twitter:card" content="summary_large_image" />
<meta name="twitter:label1" content="Tempo di lettura stimato" />
	<meta name="twitter:data1" content="1 minuto" />
<script type="application/ld+json" class="yoast-schema-graph">{"@context":"https://schema.org","@graph":[{"@type":"WebPage","@id":"https://www.regionsaris.sk/prirodne-krasy/presov-za-kalvariou-cemjata-mineralny-pramen/","url":"https://www.regionsaris.sk/prirodne-krasy/presov-za-kalvariou-cemjata-mineralny-pramen/","name":"Prešov, Za Kalváriou – Cemjata, minerálny prameň - OOCR Šariš","isPartOf":{"@id":"https://www.regionsaris.sk/#website"},"primaryImageOfPage":{"@id":"https://www.regionsaris.sk/prirodne-krasy/presov-za-kalvariou-cemjata-mineralny-pramen/#primaryimage"},"image":{"@id":"https://www.regionsaris.sk/prirodne-krasy/presov-za-kalvariou-cemjata-mineralny-pramen/#primaryimage"},"thumbnailUrl":"https://www.regionsaris.sk/wp-content/uploads/2026/01/cemjata228-thumb.jpg","datePublished":"2026-01-07T18:24:50+00:00","dateModified":"2026-02-05T13:21:54+00:00","breadcrumb":{"@id":"https://www.regionsaris.sk/prirodne-krasy/presov-za-kalvariou-cemjata-mineralny-pramen/#breadcrumb"},"inLanguage":"it-IT","potentialAction":[{"@type":"ReadAction","target":["https://www.regionsaris.sk/prirodne-krasy/presov-za-kalvariou-cemjata-mineralny-pramen/"]}]},{"@type":"ImageObject","inLanguage":"it-IT","@id":"https://www.regionsaris.sk/prirodne-krasy/presov-za-kalvariou-cemjata-mineralny-pramen/#primaryimage","url":"https://www.regionsaris.sk/wp-content/uploads/2026/01/cemjata228-thumb.jpg","contentUrl":"https://www.regionsaris.sk/wp-content/uploads/2026/01/cemjata228-thumb.jpg","width":600,"height":400},{"@type":"BreadcrumbList","@id":"https://www.regionsaris.sk/prirodne-krasy/presov-za-kalvariou-cemjata-mineralny-pramen/#breadcrumb","itemListElement":[{"@type":"ListItem","position":1,"name":"Domov","item":"https://www.regionsaris.sk/"},{"@type":"ListItem","position":2,"name":"Prírodné krásy v regióne","item":"https://www.regionsaris.sk/prirodne-krasy-v-regione/"},{"@type":"ListItem","position":3,"name":"Prešov, Za Kalváriou – Cemjata, minerálny prameň"}]},{"@type":"WebSite","@id":"https://www.regionsaris.sk/#website","url":"https://www.regionsaris.sk/","name":"OOCR Šariš","description":"","potentialAction":[{"@type":"SearchAction","target":{"@type":"EntryPoint","urlTemplate":"https://www.regionsaris.sk/?s={search_term_string}"},"query-input":{"@type":"PropertyValueSpecification","valueRequired":true,"valueName":"search_term_string"}}],"inLanguage":"it-IT"}]}</script>
<!-- / Yoast SEO Premium plugin. -->

Prešov, Za Kalváriou – Cemjata, minerálny prameň - OOCR Šariš

Prešov, Za Kalváriou – Cemjata, minerálny prameň

Nenáročná túra k minerálnemu prameňu v neďalekej Cemjate začína za prešovskou Kalváriou. Cemjata je stará...

OOCR Šariš

Prírodné krásy v regióne
