{"id":2838,"date":"2026-01-07T19:24:54","date_gmt":"2026-01-07T18:24:54","guid":{"rendered":"https:\/\/www.regionsaris.sk\/?post_type=prirodne-krasy&#038;p=2838"},"modified":"2026-02-05T14:15:50","modified_gmt":"2026-02-05T13:15:50","slug":"panska-zahrada-park-hertnik","status":"publish","type":"prirodne-krasy","link":"https:\/\/www.regionsaris.sk\/it\/prirodne-krasy\/panska-zahrada-park-hertnik\/","title":{"rendered":"Giardino degli uomini - Parco Hertn\u00edk"},"content":{"rendered":"<p>Nel parco, adiacente al maniero di Hertn\u00edk e alla chiesa, si trova la statua di Sant'Antonio da Padova (nata nel 1760). Questa grande opera rococ\u00f2 in pietra arenaria, realizzata da uno scultore sconosciuto nella seconda met\u00e0 del XVIII secolo, sarebbe stata commissionata da una delle famiglie Forg\u00e1\u010d del luogo come ricordo del figlio Anton. La statua, compreso il piedistallo, raggiunge un'altezza di quasi 4 metri. Un tempo si trovava di fronte alla casa padronale ed era circondata da quattro tigli. Nel 1906 l'area intorno alla statua fu piantata con abeti. Nel 1934 la statua fu ristrutturata e nel 1993 l'originale fu sostituito da una copia ricostruita dall'Accademia. Lo scultore Martin Kutn\u00fd, originario di Barto\u0161ovce. Nel 1906, l'intera tenuta di Hertnice e la casa padronale furono vendute alla societ\u00e0 \"Magyar F\u00f4ld\", che in seguito vendette i boschi di Hertnice a uomini d'affari ebrei. Questi assunsero 150 lavoratori stranieri che vivevano nella foresta in capanne. Costruirono una moderna segheria vicino alla stazione ferroviaria di \"Stavenec\", che lavorava gli alberi abbattuti. Allo stesso tempo, i campi degli uomini nello shtetl di Hertn\u00edk furono gradualmente acquistati dagli abitanti di Hertn\u00edk. Nel 1910 i boschi e la casa padronale divennero propriet\u00e0 dello Stato ungherese.<\/p>","protected":false},"featured_media":2331,"template":"","meta":{"_acf_changed":false},"kategoria-poi":[102,174,107],"lokalita":[178],"sezona-poi":[13,15,14,16],"trvanie-vyletu":[180],"class_list":["post-2838","prirodne-krasy","type-prirodne-krasy","status-publish","has-post-thumbnail","hentry","kategoria-poi-prirodne-krasy","kategoria-poi-prirodne-zaujimavosti","kategoria-poi-turistika","lokalita-bardejov-a-okolie","sezona-poi-jar","sezona-poi-jesen","sezona-poi-leto","sezona-poi-zima","trvanie-vyletu-poldenne-vylety"],"acf":[],"yoast_head":"<!-- This site is optimized with the Yoast SEO Premium plugin v26.3 (Yoast SEO v26.8) - https:\/\/yoast.com\/product\/yoast-seo-premium-wordpress\/ -->\n<title>P\u00e1nsk\u00e1 z\u00e1hrada - park Hertn\u00edk - OOCR \u0160ari\u0161<\/title>\n<meta name=\"robots\" content=\"index, follow, max-snippet:-1, max-image-preview:large, max-video-preview:-1\" \/>\n<link rel=\"canonical\" href=\"https:\/\/www.regionsaris.sk\/it\/prirodne-krasy\/panska-zahrada-park-hertnik\/\" \/>\n<meta property=\"og:locale\" content=\"it_IT\" \/>\n<meta property=\"og:type\" content=\"article\" \/>\n<meta property=\"og:title\" content=\"P\u00e1nsk\u00e1 z\u00e1hrada - park Hertn\u00edk\" \/>\n<meta property=\"og:description\" content=\"V parku, ktor\u00fd sused\u00ed s ka\u0161tie\u013eom Hertn\u00edk i kostolom, sa nach\u00e1dza socha sv. Antona Padu\u00e1nskeho...\" \/>\n<meta property=\"og:url\" content=\"https:\/\/www.regionsaris.sk\/it\/prirodne-krasy\/panska-zahrada-park-hertnik\/\" \/>\n<meta property=\"og:site_name\" content=\"OOCR \u0160ari\u0161\" \/>\n<meta property=\"article:modified_time\" content=\"2026-02-05T13:15:50+00:00\" \/>\n<meta property=\"og:image\" content=\"https:\/\/www.regionsaris.sk\/wp-content\/uploads\/2026\/01\/hert289-thumb.jpg\" \/>\n\t<meta property=\"og:image:width\" content=\"600\" \/>\n\t<meta property=\"og:image:height\" content=\"400\" \/>\n\t<meta property=\"og:image:type\" content=\"image\/jpeg\" \/>\n<meta name=\"twitter:card\" content=\"summary_large_image\" \/>\n<meta name=\"twitter:label1\" content=\"Tempo di lettura stimato\" \/>\n\t<meta name=\"twitter:data1\" content=\"1 minuto\" \/>\n<script type=\"application\/ld+json\" class=\"yoast-schema-graph\">{\"@context\":\"https:\/\/schema.org\",\"@graph\":[{\"@type\":\"WebPage\",\"@id\":\"https:\/\/www.regionsaris.sk\/prirodne-krasy\/panska-zahrada-park-hertnik\/\",\"url\":\"https:\/\/www.regionsaris.sk\/prirodne-krasy\/panska-zahrada-park-hertnik\/\",\"name\":\"P\u00e1nsk\u00e1 z\u00e1hrada - park Hertn\u00edk - OOCR \u0160ari\u0161\",\"isPartOf\":{\"@id\":\"https:\/\/www.regionsaris.sk\/#website\"},\"primaryImageOfPage\":{\"@id\":\"https:\/\/www.regionsaris.sk\/prirodne-krasy\/panska-zahrada-park-hertnik\/#primaryimage\"},\"image\":{\"@id\":\"https:\/\/www.regionsaris.sk\/prirodne-krasy\/panska-zahrada-park-hertnik\/#primaryimage\"},\"thumbnailUrl\":\"https:\/\/www.regionsaris.sk\/wp-content\/uploads\/2026\/01\/hert289-thumb.jpg\",\"datePublished\":\"2026-01-07T18:24:54+00:00\",\"dateModified\":\"2026-02-05T13:15:50+00:00\",\"breadcrumb\":{\"@id\":\"https:\/\/www.regionsaris.sk\/prirodne-krasy\/panska-zahrada-park-hertnik\/#breadcrumb\"},\"inLanguage\":\"it-IT\",\"potentialAction\":[{\"@type\":\"ReadAction\",\"target\":[\"https:\/\/www.regionsaris.sk\/prirodne-krasy\/panska-zahrada-park-hertnik\/\"]}]},{\"@type\":\"ImageObject\",\"inLanguage\":\"it-IT\",\"@id\":\"https:\/\/www.regionsaris.sk\/prirodne-krasy\/panska-zahrada-park-hertnik\/#primaryimage\",\"url\":\"https:\/\/www.regionsaris.sk\/wp-content\/uploads\/2026\/01\/hert289-thumb.jpg\",\"contentUrl\":\"https:\/\/www.regionsaris.sk\/wp-content\/uploads\/2026\/01\/hert289-thumb.jpg\",\"width\":600,\"height\":400},{\"@type\":\"BreadcrumbList\",\"@id\":\"https:\/\/www.regionsaris.sk\/prirodne-krasy\/panska-zahrada-park-hertnik\/#breadcrumb\",\"itemListElement\":[{\"@type\":\"ListItem\",\"position\":1,\"name\":\"Domov\",\"item\":\"https:\/\/www.regionsaris.sk\/\"},{\"@type\":\"ListItem\",\"position\":2,\"name\":\"Pr\u00edrodn\u00e9 kr\u00e1sy v regi\u00f3ne\",\"item\":\"https:\/\/www.regionsaris.sk\/prirodne-krasy-v-regione\/\"},{\"@type\":\"ListItem\",\"position\":3,\"name\":\"P\u00e1nsk\u00e1 z\u00e1hrada - park Hertn\u00edk\"}]},{\"@type\":\"WebSite\",\"@id\":\"https:\/\/www.regionsaris.sk\/#website\",\"url\":\"https:\/\/www.regionsaris.sk\/\",\"name\":\"OOCR \u0160ari\u0161\",\"description\":\"\",\"potentialAction\":[{\"@type\":\"SearchAction\",\"target\":{\"@type\":\"EntryPoint\",\"urlTemplate\":\"https:\/\/www.regionsaris.sk\/?s={search_term_string}\"},\"query-input\":{\"@type\":\"PropertyValueSpecification\",\"valueRequired\":true,\"valueName\":\"search_term_string\"}}],\"inLanguage\":\"it-IT\"}]}<\/script>\n<!-- \/ Yoast SEO Premium plugin. -->","yoast_head_json":{"title":"P\u00e1nsk\u00e1 z\u00e1hrada - park Hertn\u00edk - OOCR \u0160ari\u0161","robots":{"index":"index","follow":"follow","max-snippet":"max-snippet:-1","max-image-preview":"max-image-preview:large","max-video-preview":"max-video-preview:-1"},"canonical":"https:\/\/www.regionsaris.sk\/it\/prirodne-krasy\/panska-zahrada-park-hertnik\/","og_locale":"it_IT","og_type":"article","og_title":"P\u00e1nsk\u00e1 z\u00e1hrada - park Hertn\u00edk","og_description":"V parku, ktor\u00fd sused\u00ed s ka\u0161tie\u013eom Hertn\u00edk i kostolom, sa nach\u00e1dza socha sv. Antona Padu\u00e1nskeho...","og_url":"https:\/\/www.regionsaris.sk\/it\/prirodne-krasy\/panska-zahrada-park-hertnik\/","og_site_name":"OOCR \u0160ari\u0161","article_modified_time":"2026-02-05T13:15:50+00:00","og_image":[{"width":600,"height":400,"url":"https:\/\/www.regionsaris.sk\/wp-content\/uploads\/2026\/01\/hert289-thumb.jpg","type":"image\/jpeg"}],"twitter_card":"summary_large_image","twitter_misc":{"Tempo di lettura stimato":"1 minuto"},"schema":{"@context":"https:\/\/schema.org","@graph":[{"@type":"WebPage","@id":"https:\/\/www.regionsaris.sk\/prirodne-krasy\/panska-zahrada-park-hertnik\/","url":"https:\/\/www.regionsaris.sk\/prirodne-krasy\/panska-zahrada-park-hertnik\/","name":"P\u00e1nsk\u00e1 z\u00e1hrada - park Hertn\u00edk - OOCR \u0160ari\u0161","isPartOf":{"@id":"https:\/\/www.regionsaris.sk\/#website"},"primaryImageOfPage":{"@id":"https:\/\/www.regionsaris.sk\/prirodne-krasy\/panska-zahrada-park-hertnik\/#primaryimage"},"image":{"@id":"https:\/\/www.regionsaris.sk\/prirodne-krasy\/panska-zahrada-park-hertnik\/#primaryimage"},"thumbnailUrl":"https:\/\/www.regionsaris.sk\/wp-content\/uploads\/2026\/01\/hert289-thumb.jpg","datePublished":"2026-01-07T18:24:54+00:00","dateModified":"2026-02-05T13:15:50+00:00","breadcrumb":{"@id":"https:\/\/www.regionsaris.sk\/prirodne-krasy\/panska-zahrada-park-hertnik\/#breadcrumb"},"inLanguage":"it-IT","potentialAction":[{"@type":"ReadAction","target":["https:\/\/www.regionsaris.sk\/prirodne-krasy\/panska-zahrada-park-hertnik\/"]}]},{"@type":"ImageObject","inLanguage":"it-IT","@id":"https:\/\/www.regionsaris.sk\/prirodne-krasy\/panska-zahrada-park-hertnik\/#primaryimage","url":"https:\/\/www.regionsaris.sk\/wp-content\/uploads\/2026\/01\/hert289-thumb.jpg","contentUrl":"https:\/\/www.regionsaris.sk\/wp-content\/uploads\/2026\/01\/hert289-thumb.jpg","width":600,"height":400},{"@type":"BreadcrumbList","@id":"https:\/\/www.regionsaris.sk\/prirodne-krasy\/panska-zahrada-park-hertnik\/#breadcrumb","itemListElement":[{"@type":"ListItem","position":1,"name":"Domov","item":"https:\/\/www.regionsaris.sk\/"},{"@type":"ListItem","position":2,"name":"Pr\u00edrodn\u00e9 kr\u00e1sy v regi\u00f3ne","item":"https:\/\/www.regionsaris.sk\/prirodne-krasy-v-regione\/"},{"@type":"ListItem","position":3,"name":"P\u00e1nsk\u00e1 z\u00e1hrada - park Hertn\u00edk"}]},{"@type":"WebSite","@id":"https:\/\/www.regionsaris.sk\/#website","url":"https:\/\/www.regionsaris.sk\/","name":"OOCR \u0160ari\u0161","description":"","potentialAction":[{"@type":"SearchAction","target":{"@type":"EntryPoint","urlTemplate":"https:\/\/www.regionsaris.sk\/?s={search_term_string}"},"query-input":{"@type":"PropertyValueSpecification","valueRequired":true,"valueName":"search_term_string"}}],"inLanguage":"it-IT"}]}},"_links":{"self":[{"href":"https:\/\/www.regionsaris.sk\/it\/wp-json\/wp\/v2\/prirodne-krasy\/2838","targetHints":{"allow":["GET"]}}],"collection":[{"href":"https:\/\/www.regionsaris.sk\/it\/wp-json\/wp\/v2\/prirodne-krasy"}],"about":[{"href":"https:\/\/www.regionsaris.sk\/it\/wp-json\/wp\/v2\/types\/prirodne-krasy"}],"wp:featuredmedia":[{"embeddable":true,"href":"https:\/\/www.regionsaris.sk\/it\/wp-json\/wp\/v2\/media\/2331"}],"wp:attachment":[{"href":"https:\/\/www.regionsaris.sk\/it\/wp-json\/wp\/v2\/media?parent=2838"}],"wp:term":[{"taxonomy":"kategoria-poi","embeddable":true,"href":"https:\/\/www.regionsaris.sk\/it\/wp-json\/wp\/v2\/kategoria-poi?post=2838"},{"taxonomy":"lokalita","embeddable":true,"href":"https:\/\/www.regionsaris.sk\/it\/wp-json\/wp\/v2\/lokalita?post=2838"},{"taxonomy":"sezona-poi","embeddable":true,"href":"https:\/\/www.regionsaris.sk\/it\/wp-json\/wp\/v2\/sezona-poi?post=2838"},{"taxonomy":"trvanie-vyletu","embeddable":true,"href":"https:\/\/www.regionsaris.sk\/it\/wp-json\/wp\/v2\/trvanie-vyletu?post=2838"}],"curies":[{"name":"wp","href":"https:\/\/api.w.org\/{rel}","templated":true}]}}

Giardino degli uomini - Parco Hertník

<p>Nel parco, adiacente al maniero di Hertník e alla chiesa, si trova la statua di Sant'Antonio da Padova (nata nel 1760). Questa grande opera rococò in pietra arenaria, realizzata da uno scultore sconosciuto nella seconda metà del XVIII secolo, sarebbe stata commissionata da una delle famiglie Forgáč del luogo come ricordo del figlio Anton. La statua, compreso il piedistallo, raggiunge un'altezza di quasi 4 metri. Un tempo si trovava di fronte alla casa padronale ed era circondata da quattro tigli. Nel 1906 l'area intorno alla statua fu piantata con abeti. Nel 1934 la statua fu ristrutturata e nel 1993 l'originale fu sostituito da una copia ricostruita dall'Accademia. Lo scultore Martin Kutný, originario di Bartošovce. Nel 1906, l'intera tenuta di Hertnice e la casa padronale furono vendute alla società "Magyar Fôld", che in seguito vendette i boschi di Hertnice a uomini d'affari ebrei. Questi assunsero 150 lavoratori stranieri che vivevano nella foresta in capanne. Costruirono una moderna segheria vicino alla stazione ferroviaria di "Stavenec", che lavorava gli alberi abbattuti. Allo stesso tempo, i campi degli uomini nello shtetl di Hertník furono gradualmente acquistati dagli abitanti di Hertník. Nel 1910 i boschi e la casa padronale divennero proprietà dello Stato ungherese.</p>

<!-- This site is optimized with the Yoast SEO Premium plugin v26.3 (Yoast SEO v26.8) - https://yoast.com/product/yoast-seo-premium-wordpress/ -->
<title>Pánská záhrada - park Hertník - OOCR Šariš</title>
<meta name="robots" content="index, follow, max-snippet:-1, max-image-preview:large, max-video-preview:-1" />
<link rel="canonical" href="https://www.regionsaris.sk/it/prirodne-krasy/panska-zahrada-park-hertnik/" />
<meta property="og:locale" content="it_IT" />
<meta property="og:type" content="article" />
<meta property="og:title" content="Pánská záhrada - park Hertník" />
<meta property="og:description" content="V parku, ktorý susedí s kaštieľom Hertník i kostolom, sa nachádza socha sv. Antona Paduánskeho..." />
<meta property="og:url" content="https://www.regionsaris.sk/it/prirodne-krasy/panska-zahrada-park-hertnik/" />
<meta property="og:site_name" content="OOCR Šariš" />
<meta property="article:modified_time" content="2026-02-05T13:15:50+00:00" />
<meta property="og:image" content="https://www.regionsaris.sk/wp-content/uploads/2026/01/hert289-thumb.jpg" />
	<meta property="og:image:width" content="600" />
	<meta property="og:image:height" content="400" />
	<meta property="og:image:type" content="image/jpeg" />
<meta name="twitter:card" content="summary_large_image" />
<meta name="twitter:label1" content="Tempo di lettura stimato" />
	<meta name="twitter:data1" content="1 minuto" />
<script type="application/ld+json" class="yoast-schema-graph">{"@context":"https://schema.org","@graph":[{"@type":"WebPage","@id":"https://www.regionsaris.sk/prirodne-krasy/panska-zahrada-park-hertnik/","url":"https://www.regionsaris.sk/prirodne-krasy/panska-zahrada-park-hertnik/","name":"Pánská záhrada - park Hertník - OOCR Šariš","isPartOf":{"@id":"https://www.regionsaris.sk/#website"},"primaryImageOfPage":{"@id":"https://www.regionsaris.sk/prirodne-krasy/panska-zahrada-park-hertnik/#primaryimage"},"image":{"@id":"https://www.regionsaris.sk/prirodne-krasy/panska-zahrada-park-hertnik/#primaryimage"},"thumbnailUrl":"https://www.regionsaris.sk/wp-content/uploads/2026/01/hert289-thumb.jpg","datePublished":"2026-01-07T18:24:54+00:00","dateModified":"2026-02-05T13:15:50+00:00","breadcrumb":{"@id":"https://www.regionsaris.sk/prirodne-krasy/panska-zahrada-park-hertnik/#breadcrumb"},"inLanguage":"it-IT","potentialAction":[{"@type":"ReadAction","target":["https://www.regionsaris.sk/prirodne-krasy/panska-zahrada-park-hertnik/"]}]},{"@type":"ImageObject","inLanguage":"it-IT","@id":"https://www.regionsaris.sk/prirodne-krasy/panska-zahrada-park-hertnik/#primaryimage","url":"https://www.regionsaris.sk/wp-content/uploads/2026/01/hert289-thumb.jpg","contentUrl":"https://www.regionsaris.sk/wp-content/uploads/2026/01/hert289-thumb.jpg","width":600,"height":400},{"@type":"BreadcrumbList","@id":"https://www.regionsaris.sk/prirodne-krasy/panska-zahrada-park-hertnik/#breadcrumb","itemListElement":[{"@type":"ListItem","position":1,"name":"Domov","item":"https://www.regionsaris.sk/"},{"@type":"ListItem","position":2,"name":"Prírodné krásy v regióne","item":"https://www.regionsaris.sk/prirodne-krasy-v-regione/"},{"@type":"ListItem","position":3,"name":"Pánská záhrada - park Hertník"}]},{"@type":"WebSite","@id":"https://www.regionsaris.sk/#website","url":"https://www.regionsaris.sk/","name":"OOCR Šariš","description":"","potentialAction":[{"@type":"SearchAction","target":{"@type":"EntryPoint","urlTemplate":"https://www.regionsaris.sk/?s={search_term_string}"},"query-input":{"@type":"PropertyValueSpecification","valueRequired":true,"valueName":"search_term_string"}}],"inLanguage":"it-IT"}]}</script>
<!-- / Yoast SEO Premium plugin. -->

Pánská záhrada - park Hertník - OOCR Šariš

Pánská záhrada - park Hertník

V parku, ktorý susedí s kaštieľom Hertník i kostolom, sa nachádza socha sv. Antona Paduánskeho...

OOCR Šariš

Prírodné krásy v regióne
