{"id":2803,"date":"2026-01-07T19:24:58","date_gmt":"2026-01-07T18:24:58","guid":{"rendered":"https:\/\/www.regionsaris.sk\/?post_type=prirodne-krasy&#038;p=2803"},"modified":"2026-02-05T14:13:59","modified_gmt":"2026-02-05T13:13:59","slug":"prirodna-rezervacia-bisar-tichy-potok","status":"publish","type":"prirodne-krasy","link":"https:\/\/www.regionsaris.sk\/it\/prirodne-krasy\/prirodna-rezervacia-bisar-tichy-potok\/","title":{"rendered":"Riserva naturale Bi\u0161ar - Tich\u00fd Potok"},"content":{"rendered":"<p>Villaggio <strong>Flusso silenzioso<\/strong> si trova nella parte orientale di <strong>Colline di Levoca<\/strong>, nella parte superiore della valle del fiume Torysa, a 520 m di altitudine. Ma il chot\u00e1r raggiunge in alcuni punti un'altezza fino a 1.090 metri.<\/p>\n\n\n\n<p>La prima notizia su Tichy Potok si trova nell'inventario dei villaggi di \u0160ari\u0161sk\u00e1 stolice del 1427, dove si legge che il villaggio apparteneva a una famiglia nobile di Brezovice. I documenti di questo periodo menzionano il villaggio con il nome di <strong>Stelbach<\/strong>, o <strong>Stillbach<\/strong>. \u00c8 il nome originale tedesco che significa Tich\u00fd Potok, creato dai proprietari del villaggio, nobili di origine tedesco-spagnola. Gli abitanti del luogo diedero a questo nome tedesco la sua forma slovacca <strong>Stelbach<\/strong>. Nel villaggio si trova un'area ben conservata\u00a0<strong>\u201eCasa di legno di \u0160te\u013ebask\u00e1\u201c<\/strong>, dove si trova un museo della cultura popolare russa.<\/p>\n\n\n\n<p>Sopra il villaggio si trova la catena montuosa di Levo\u010dsk\u00e9 vrchy, che comprende <strong>Riserva naturale di Bi\u0161ar<\/strong>\u00a0con una superficie di 1.6741 ettari, \u00e8 sotto la tutela della natura. Se seguite il sentiero rosso che parte dal villaggio, vi condurr\u00e0 a bellezze inesplorate.\u00a0<strong>della regione di \u0160ari\u0161<\/strong>. Sul sentiero segnalato si pu\u00f2 raggiungere il <strong>bei prati con alberi da fieno<\/strong>. I fienili sopra il Tich\u00fd Potok (\u0160ari\u0161: \u0160telba\u0161sk\u00e9 \u0161eniky) un tempo servivano alla popolazione locale per immagazzinare il fieno direttamente sulle montagne. Ce n'erano decine sparsi per i prati, ma molti di essi sono ormai storia. Si sono persi tra i noccioli, altri hanno ceduto alle ingiurie del tempo. <strong>Per salvare almeno alcuni oggetti<\/strong>, che sono rimasti integri, sono stati curati anni fa <strong>Gruppo per la conservazione delle foreste VLK<\/strong>.<\/p>\n\n\n\n<p>Attualmente, i prati di fieno sono i pi\u00f9 accessibili ai turisti e probabilmente i meglio conservati.\u00a0<strong>Nocciola\u00a0<\/strong>o anche\u00a0<strong>Ladzirka\u00a0<\/strong>(Lazisko). In passato, questi prati venivano sfalciati per evitare la crescita eccessiva e questo aveva un effetto benefico su <strong>l'emergere di specifiche comunit\u00e0 vegetali<\/strong>. Questo \u00e8 stato lo stimolo per introdurre <strong>Nel 1979 \u00e8 stato dichiarato Sito Protetto di Bishar<\/strong>, La ragione principale della protezione \u00e8 <strong>presenza del raro giglio bulboso<\/strong> (Lilium bulbiferum) in comunit\u00e0 di prati fioriti montani. Ogni fienile misura circa 3 x 4 metri. I muri perimetrali non sono progettati per proteggere dal vento; al contrario, ci sono ampi spazi tra ogni fienile per la ventilazione - a causa dello scopo originario di immagazzinare il fieno. I tetti sono in legno, il che, sebbene protegga dalla pioggia diretta, non \u00e8 probabilmente il massimo dell'affidabilit\u00e0. Il pavimento \u00e8 in terra battuta, forse con residui di fieno.<\/p>\n\n\n\n<p>Nelle vicinanze c'\u00e8 una sorgente abbastanza abbondante. La si pu\u00f2 trovare salendo sulla cresta dei prati e guardando verso sud-est, c'\u00e8 una capanna nel bosco con la sorgente. La vista sui prati e sui campi di fieno \u00e8 davvero incredibile.<\/p>\n\n\n\n<p>Foto: Tibor \u0160ari\u0161sk\u00fd e hiking.sk<\/p>","protected":false},"featured_media":2321,"template":"","meta":{"_acf_changed":false},"kategoria-poi":[102,174,107],"lokalita":[27],"sezona-poi":[12],"trvanie-vyletu":[180],"class_list":["post-2803","prirodne-krasy","type-prirodne-krasy","status-publish","has-post-thumbnail","hentry","kategoria-poi-prirodne-krasy","kategoria-poi-prirodne-zaujimavosti","kategoria-poi-turistika","lokalita-sabinov-a-okolie","sezona-poi-celorocne","trvanie-vyletu-poldenne-vylety"],"acf":[],"yoast_head":"<!-- This site is optimized with the Yoast SEO Premium plugin v26.3 (Yoast SEO v26.8) - https:\/\/yoast.com\/product\/yoast-seo-premium-wordpress\/ -->\n<title>Pr\u00edrodn\u00e1 rezerv\u00e1cia Bi\u0161ar - Tich\u00fd Potok - OOCR \u0160ari\u0161<\/title>\n<meta name=\"robots\" content=\"index, follow, max-snippet:-1, max-image-preview:large, max-video-preview:-1\" \/>\n<link rel=\"canonical\" href=\"https:\/\/www.regionsaris.sk\/it\/prirodne-krasy\/prirodna-rezervacia-bisar-tichy-potok\/\" \/>\n<meta property=\"og:locale\" content=\"it_IT\" \/>\n<meta property=\"og:type\" content=\"article\" \/>\n<meta property=\"og:title\" content=\"Pr\u00edrodn\u00e1 rezerv\u00e1cia Bi\u0161ar - Tich\u00fd Potok\" \/>\n<meta property=\"og:description\" content=\"Obec Tich\u00fd Potok le\u017e\u00ed vo v\u00fdchodnej \u010dasti Levo\u010dsk\u00fdch vrchov, v hornej \u010dasti doliny rieky Torysy,...\" \/>\n<meta property=\"og:url\" content=\"https:\/\/www.regionsaris.sk\/it\/prirodne-krasy\/prirodna-rezervacia-bisar-tichy-potok\/\" \/>\n<meta property=\"og:site_name\" content=\"OOCR \u0160ari\u0161\" \/>\n<meta property=\"article:modified_time\" content=\"2026-02-05T13:13:59+00:00\" \/>\n<meta property=\"og:image\" content=\"https:\/\/www.regionsaris.sk\/wp-content\/uploads\/2026\/01\/bisar240-thumb.jpg\" \/>\n\t<meta property=\"og:image:width\" content=\"600\" \/>\n\t<meta property=\"og:image:height\" content=\"400\" \/>\n\t<meta property=\"og:image:type\" content=\"image\/jpeg\" \/>\n<meta name=\"twitter:card\" content=\"summary_large_image\" \/>\n<meta name=\"twitter:label1\" content=\"Tempo di lettura stimato\" \/>\n\t<meta name=\"twitter:data1\" content=\"2 minuti\" \/>\n<script type=\"application\/ld+json\" class=\"yoast-schema-graph\">{\"@context\":\"https:\/\/schema.org\",\"@graph\":[{\"@type\":\"WebPage\",\"@id\":\"https:\/\/www.regionsaris.sk\/prirodne-krasy\/prirodna-rezervacia-bisar-tichy-potok\/\",\"url\":\"https:\/\/www.regionsaris.sk\/prirodne-krasy\/prirodna-rezervacia-bisar-tichy-potok\/\",\"name\":\"Pr\u00edrodn\u00e1 rezerv\u00e1cia Bi\u0161ar - Tich\u00fd Potok - OOCR \u0160ari\u0161\",\"isPartOf\":{\"@id\":\"https:\/\/www.regionsaris.sk\/#website\"},\"primaryImageOfPage\":{\"@id\":\"https:\/\/www.regionsaris.sk\/prirodne-krasy\/prirodna-rezervacia-bisar-tichy-potok\/#primaryimage\"},\"image\":{\"@id\":\"https:\/\/www.regionsaris.sk\/prirodne-krasy\/prirodna-rezervacia-bisar-tichy-potok\/#primaryimage\"},\"thumbnailUrl\":\"https:\/\/www.regionsaris.sk\/wp-content\/uploads\/2026\/01\/bisar240-thumb.jpg\",\"datePublished\":\"2026-01-07T18:24:58+00:00\",\"dateModified\":\"2026-02-05T13:13:59+00:00\",\"breadcrumb\":{\"@id\":\"https:\/\/www.regionsaris.sk\/prirodne-krasy\/prirodna-rezervacia-bisar-tichy-potok\/#breadcrumb\"},\"inLanguage\":\"it-IT\",\"potentialAction\":[{\"@type\":\"ReadAction\",\"target\":[\"https:\/\/www.regionsaris.sk\/prirodne-krasy\/prirodna-rezervacia-bisar-tichy-potok\/\"]}]},{\"@type\":\"ImageObject\",\"inLanguage\":\"it-IT\",\"@id\":\"https:\/\/www.regionsaris.sk\/prirodne-krasy\/prirodna-rezervacia-bisar-tichy-potok\/#primaryimage\",\"url\":\"https:\/\/www.regionsaris.sk\/wp-content\/uploads\/2026\/01\/bisar240-thumb.jpg\",\"contentUrl\":\"https:\/\/www.regionsaris.sk\/wp-content\/uploads\/2026\/01\/bisar240-thumb.jpg\",\"width\":600,\"height\":400},{\"@type\":\"BreadcrumbList\",\"@id\":\"https:\/\/www.regionsaris.sk\/prirodne-krasy\/prirodna-rezervacia-bisar-tichy-potok\/#breadcrumb\",\"itemListElement\":[{\"@type\":\"ListItem\",\"position\":1,\"name\":\"Domov\",\"item\":\"https:\/\/www.regionsaris.sk\/\"},{\"@type\":\"ListItem\",\"position\":2,\"name\":\"Pr\u00edrodn\u00e9 kr\u00e1sy v regi\u00f3ne\",\"item\":\"https:\/\/www.regionsaris.sk\/prirodne-krasy-v-regione\/\"},{\"@type\":\"ListItem\",\"position\":3,\"name\":\"Pr\u00edrodn\u00e1 rezerv\u00e1cia Bi\u0161ar - Tich\u00fd Potok\"}]},{\"@type\":\"WebSite\",\"@id\":\"https:\/\/www.regionsaris.sk\/#website\",\"url\":\"https:\/\/www.regionsaris.sk\/\",\"name\":\"OOCR \u0160ari\u0161\",\"description\":\"\",\"potentialAction\":[{\"@type\":\"SearchAction\",\"target\":{\"@type\":\"EntryPoint\",\"urlTemplate\":\"https:\/\/www.regionsaris.sk\/?s={search_term_string}\"},\"query-input\":{\"@type\":\"PropertyValueSpecification\",\"valueRequired\":true,\"valueName\":\"search_term_string\"}}],\"inLanguage\":\"it-IT\"}]}<\/script>\n<!-- \/ Yoast SEO Premium plugin. -->","yoast_head_json":{"title":"Pr\u00edrodn\u00e1 rezerv\u00e1cia Bi\u0161ar - Tich\u00fd Potok - OOCR \u0160ari\u0161","robots":{"index":"index","follow":"follow","max-snippet":"max-snippet:-1","max-image-preview":"max-image-preview:large","max-video-preview":"max-video-preview:-1"},"canonical":"https:\/\/www.regionsaris.sk\/it\/prirodne-krasy\/prirodna-rezervacia-bisar-tichy-potok\/","og_locale":"it_IT","og_type":"article","og_title":"Pr\u00edrodn\u00e1 rezerv\u00e1cia Bi\u0161ar - Tich\u00fd Potok","og_description":"Obec Tich\u00fd Potok le\u017e\u00ed vo v\u00fdchodnej \u010dasti Levo\u010dsk\u00fdch vrchov, v hornej \u010dasti doliny rieky Torysy,...","og_url":"https:\/\/www.regionsaris.sk\/it\/prirodne-krasy\/prirodna-rezervacia-bisar-tichy-potok\/","og_site_name":"OOCR \u0160ari\u0161","article_modified_time":"2026-02-05T13:13:59+00:00","og_image":[{"width":600,"height":400,"url":"https:\/\/www.regionsaris.sk\/wp-content\/uploads\/2026\/01\/bisar240-thumb.jpg","type":"image\/jpeg"}],"twitter_card":"summary_large_image","twitter_misc":{"Tempo di lettura stimato":"2 minuti"},"schema":{"@context":"https:\/\/schema.org","@graph":[{"@type":"WebPage","@id":"https:\/\/www.regionsaris.sk\/prirodne-krasy\/prirodna-rezervacia-bisar-tichy-potok\/","url":"https:\/\/www.regionsaris.sk\/prirodne-krasy\/prirodna-rezervacia-bisar-tichy-potok\/","name":"Pr\u00edrodn\u00e1 rezerv\u00e1cia Bi\u0161ar - Tich\u00fd Potok - OOCR \u0160ari\u0161","isPartOf":{"@id":"https:\/\/www.regionsaris.sk\/#website"},"primaryImageOfPage":{"@id":"https:\/\/www.regionsaris.sk\/prirodne-krasy\/prirodna-rezervacia-bisar-tichy-potok\/#primaryimage"},"image":{"@id":"https:\/\/www.regionsaris.sk\/prirodne-krasy\/prirodna-rezervacia-bisar-tichy-potok\/#primaryimage"},"thumbnailUrl":"https:\/\/www.regionsaris.sk\/wp-content\/uploads\/2026\/01\/bisar240-thumb.jpg","datePublished":"2026-01-07T18:24:58+00:00","dateModified":"2026-02-05T13:13:59+00:00","breadcrumb":{"@id":"https:\/\/www.regionsaris.sk\/prirodne-krasy\/prirodna-rezervacia-bisar-tichy-potok\/#breadcrumb"},"inLanguage":"it-IT","potentialAction":[{"@type":"ReadAction","target":["https:\/\/www.regionsaris.sk\/prirodne-krasy\/prirodna-rezervacia-bisar-tichy-potok\/"]}]},{"@type":"ImageObject","inLanguage":"it-IT","@id":"https:\/\/www.regionsaris.sk\/prirodne-krasy\/prirodna-rezervacia-bisar-tichy-potok\/#primaryimage","url":"https:\/\/www.regionsaris.sk\/wp-content\/uploads\/2026\/01\/bisar240-thumb.jpg","contentUrl":"https:\/\/www.regionsaris.sk\/wp-content\/uploads\/2026\/01\/bisar240-thumb.jpg","width":600,"height":400},{"@type":"BreadcrumbList","@id":"https:\/\/www.regionsaris.sk\/prirodne-krasy\/prirodna-rezervacia-bisar-tichy-potok\/#breadcrumb","itemListElement":[{"@type":"ListItem","position":1,"name":"Domov","item":"https:\/\/www.regionsaris.sk\/"},{"@type":"ListItem","position":2,"name":"Pr\u00edrodn\u00e9 kr\u00e1sy v regi\u00f3ne","item":"https:\/\/www.regionsaris.sk\/prirodne-krasy-v-regione\/"},{"@type":"ListItem","position":3,"name":"Pr\u00edrodn\u00e1 rezerv\u00e1cia Bi\u0161ar - Tich\u00fd Potok"}]},{"@type":"WebSite","@id":"https:\/\/www.regionsaris.sk\/#website","url":"https:\/\/www.regionsaris.sk\/","name":"OOCR \u0160ari\u0161","description":"","potentialAction":[{"@type":"SearchAction","target":{"@type":"EntryPoint","urlTemplate":"https:\/\/www.regionsaris.sk\/?s={search_term_string}"},"query-input":{"@type":"PropertyValueSpecification","valueRequired":true,"valueName":"search_term_string"}}],"inLanguage":"it-IT"}]}},"_links":{"self":[{"href":"https:\/\/www.regionsaris.sk\/it\/wp-json\/wp\/v2\/prirodne-krasy\/2803","targetHints":{"allow":["GET"]}}],"collection":[{"href":"https:\/\/www.regionsaris.sk\/it\/wp-json\/wp\/v2\/prirodne-krasy"}],"about":[{"href":"https:\/\/www.regionsaris.sk\/it\/wp-json\/wp\/v2\/types\/prirodne-krasy"}],"wp:featuredmedia":[{"embeddable":true,"href":"https:\/\/www.regionsaris.sk\/it\/wp-json\/wp\/v2\/media\/2321"}],"wp:attachment":[{"href":"https:\/\/www.regionsaris.sk\/it\/wp-json\/wp\/v2\/media?parent=2803"}],"wp:term":[{"taxonomy":"kategoria-poi","embeddable":true,"href":"https:\/\/www.regionsaris.sk\/it\/wp-json\/wp\/v2\/kategoria-poi?post=2803"},{"taxonomy":"lokalita","embeddable":true,"href":"https:\/\/www.regionsaris.sk\/it\/wp-json\/wp\/v2\/lokalita?post=2803"},{"taxonomy":"sezona-poi","embeddable":true,"href":"https:\/\/www.regionsaris.sk\/it\/wp-json\/wp\/v2\/sezona-poi?post=2803"},{"taxonomy":"trvanie-vyletu","embeddable":true,"href":"https:\/\/www.regionsaris.sk\/it\/wp-json\/wp\/v2\/trvanie-vyletu?post=2803"}],"curies":[{"name":"wp","href":"https:\/\/api.w.org\/{rel}","templated":true}]}}

Riserva naturale Bišar - Tichý Potok

<p>Villaggio <strong>Flusso silenzioso</strong> si trova nella parte orientale di <strong>Colline di Levoca</strong>, nella parte superiore della valle del fiume Torysa, a 520 m di altitudine. Ma il chotár raggiunge in alcuni punti un'altezza fino a 1.090 metri.</p>



<p>La prima notizia su Tichy Potok si trova nell'inventario dei villaggi di Šarišská stolice del 1427, dove si legge che il villaggio apparteneva a una famiglia nobile di Brezovice. I documenti di questo periodo menzionano il villaggio con il nome di <strong>Stelbach</strong>, o <strong>Stillbach</strong>. È il nome originale tedesco che significa Tichý Potok, creato dai proprietari del villaggio, nobili di origine tedesco-spagnola. Gli abitanti del luogo diedero a questo nome tedesco la sua forma slovacca <strong>Stelbach</strong>. Nel villaggio si trova un'area ben conservata <strong>„Casa di legno di Šteľbaská“</strong>, dove si trova un museo della cultura popolare russa.</p>



<p>Sopra il villaggio si trova la catena montuosa di Levočské vrchy, che comprende <strong>Riserva naturale di Bišar</strong> con una superficie di 1.6741 ettari, è sotto la tutela della natura. Se seguite il sentiero rosso che parte dal villaggio, vi condurrà a bellezze inesplorate. <strong>della regione di Šariš</strong>. Sul sentiero segnalato si può raggiungere il <strong>bei prati con alberi da fieno</strong>. I fienili sopra il Tichý Potok (Šariš: Štelbašské šeniky) un tempo servivano alla popolazione locale per immagazzinare il fieno direttamente sulle montagne. Ce n'erano decine sparsi per i prati, ma molti di essi sono ormai storia. Si sono persi tra i noccioli, altri hanno ceduto alle ingiurie del tempo. <strong>Per salvare almeno alcuni oggetti</strong>, che sono rimasti integri, sono stati curati anni fa <strong>Gruppo per la conservazione delle foreste VLK</strong>.</p>



<p>Attualmente, i prati di fieno sono i più accessibili ai turisti e probabilmente i meglio conservati. <strong>Nocciola </strong>o anche <strong>Ladzirka </strong>(Lazisko). In passato, questi prati venivano sfalciati per evitare la crescita eccessiva e questo aveva un effetto benefico su <strong>l'emergere di specifiche comunità vegetali</strong>. Questo è stato lo stimolo per introdurre <strong>Nel 1979 è stato dichiarato Sito Protetto di Bishar</strong>, La ragione principale della protezione è <strong>presenza del raro giglio bulboso</strong> (Lilium bulbiferum) in comunità di prati fioriti montani. Ogni fienile misura circa 3 x 4 metri. I muri perimetrali non sono progettati per proteggere dal vento; al contrario, ci sono ampi spazi tra ogni fienile per la ventilazione - a causa dello scopo originario di immagazzinare il fieno. I tetti sono in legno, il che, sebbene protegga dalla pioggia diretta, non è probabilmente il massimo dell'affidabilità. Il pavimento è in terra battuta, forse con residui di fieno.</p>



<p>Nelle vicinanze c'è una sorgente abbastanza abbondante. La si può trovare salendo sulla cresta dei prati e guardando verso sud-est, c'è una capanna nel bosco con la sorgente. La vista sui prati e sui campi di fieno è davvero incredibile.</p>



<p>Foto: Tibor Šarišský e hiking.sk</p>

<!-- This site is optimized with the Yoast SEO Premium plugin v26.3 (Yoast SEO v26.8) - https://yoast.com/product/yoast-seo-premium-wordpress/ -->
<title>Prírodná rezervácia Bišar - Tichý Potok - OOCR Šariš</title>
<meta name="robots" content="index, follow, max-snippet:-1, max-image-preview:large, max-video-preview:-1" />
<link rel="canonical" href="https://www.regionsaris.sk/it/prirodne-krasy/prirodna-rezervacia-bisar-tichy-potok/" />
<meta property="og:locale" content="it_IT" />
<meta property="og:type" content="article" />
<meta property="og:title" content="Prírodná rezervácia Bišar - Tichý Potok" />
<meta property="og:description" content="Obec Tichý Potok leží vo východnej časti Levočských vrchov, v hornej časti doliny rieky Torysy,..." />
<meta property="og:url" content="https://www.regionsaris.sk/it/prirodne-krasy/prirodna-rezervacia-bisar-tichy-potok/" />
<meta property="og:site_name" content="OOCR Šariš" />
<meta property="article:modified_time" content="2026-02-05T13:13:59+00:00" />
<meta property="og:image" content="https://www.regionsaris.sk/wp-content/uploads/2026/01/bisar240-thumb.jpg" />
	<meta property="og:image:width" content="600" />
	<meta property="og:image:height" content="400" />
	<meta property="og:image:type" content="image/jpeg" />
<meta name="twitter:card" content="summary_large_image" />
<meta name="twitter:label1" content="Tempo di lettura stimato" />
	<meta name="twitter:data1" content="2 minuti" />
<script type="application/ld+json" class="yoast-schema-graph">{"@context":"https://schema.org","@graph":[{"@type":"WebPage","@id":"https://www.regionsaris.sk/prirodne-krasy/prirodna-rezervacia-bisar-tichy-potok/","url":"https://www.regionsaris.sk/prirodne-krasy/prirodna-rezervacia-bisar-tichy-potok/","name":"Prírodná rezervácia Bišar - Tichý Potok - OOCR Šariš","isPartOf":{"@id":"https://www.regionsaris.sk/#website"},"primaryImageOfPage":{"@id":"https://www.regionsaris.sk/prirodne-krasy/prirodna-rezervacia-bisar-tichy-potok/#primaryimage"},"image":{"@id":"https://www.regionsaris.sk/prirodne-krasy/prirodna-rezervacia-bisar-tichy-potok/#primaryimage"},"thumbnailUrl":"https://www.regionsaris.sk/wp-content/uploads/2026/01/bisar240-thumb.jpg","datePublished":"2026-01-07T18:24:58+00:00","dateModified":"2026-02-05T13:13:59+00:00","breadcrumb":{"@id":"https://www.regionsaris.sk/prirodne-krasy/prirodna-rezervacia-bisar-tichy-potok/#breadcrumb"},"inLanguage":"it-IT","potentialAction":[{"@type":"ReadAction","target":["https://www.regionsaris.sk/prirodne-krasy/prirodna-rezervacia-bisar-tichy-potok/"]}]},{"@type":"ImageObject","inLanguage":"it-IT","@id":"https://www.regionsaris.sk/prirodne-krasy/prirodna-rezervacia-bisar-tichy-potok/#primaryimage","url":"https://www.regionsaris.sk/wp-content/uploads/2026/01/bisar240-thumb.jpg","contentUrl":"https://www.regionsaris.sk/wp-content/uploads/2026/01/bisar240-thumb.jpg","width":600,"height":400},{"@type":"BreadcrumbList","@id":"https://www.regionsaris.sk/prirodne-krasy/prirodna-rezervacia-bisar-tichy-potok/#breadcrumb","itemListElement":[{"@type":"ListItem","position":1,"name":"Domov","item":"https://www.regionsaris.sk/"},{"@type":"ListItem","position":2,"name":"Prírodné krásy v regióne","item":"https://www.regionsaris.sk/prirodne-krasy-v-regione/"},{"@type":"ListItem","position":3,"name":"Prírodná rezervácia Bišar - Tichý Potok"}]},{"@type":"WebSite","@id":"https://www.regionsaris.sk/#website","url":"https://www.regionsaris.sk/","name":"OOCR Šariš","description":"","potentialAction":[{"@type":"SearchAction","target":{"@type":"EntryPoint","urlTemplate":"https://www.regionsaris.sk/?s={search_term_string}"},"query-input":{"@type":"PropertyValueSpecification","valueRequired":true,"valueName":"search_term_string"}}],"inLanguage":"it-IT"}]}</script>
<!-- / Yoast SEO Premium plugin. -->

Prírodná rezervácia Bišar - Tichý Potok - OOCR Šariš

Prírodná rezervácia Bišar - Tichý Potok

Obec Tichý Potok leží vo východnej časti Levočských vrchov, v hornej časti doliny rieky Torysy,...

OOCR Šariš

Prírodné krásy v regióne
