{"id":2774,"date":"2026-01-07T19:25:01","date_gmt":"2026-01-07T18:25:01","guid":{"rendered":"https:\/\/www.regionsaris.sk\/?post_type=prirodne-krasy&#038;p=2774"},"modified":"2026-02-05T14:09:48","modified_gmt":"2026-02-05T13:09:48","slug":"lacnovska-anomalia","status":"publish","type":"prirodne-krasy","link":"https:\/\/www.regionsaris.sk\/it\/prirodne-krasy\/lacnovska-anomalia\/","title":{"rendered":"Anomalia del Lacnovo"},"content":{"rendered":"<p>Le peculiarit\u00e0 del mondo attirano l'attenzione e le persone amano cercare luoghi in cui la natura non segue le sue leggi, o \u00e8 diversa?<br>Se andate da Lipovce verso il villaggio di La\u010dnov sperimenterete una \u201eanomalia gravitazionale\u201c, come l'hanno definita i media qualche anno fa. Questa unica \u201estrada\u201c vi offrir\u00e0 uno spettacolo interessante. Quando la percorrerete con la sensazione di essere in discesa e metterete a terra una bottiglia d'acqua o una palla, con vostra grande sorpresa rotoler\u00e0 in salita. Se si lascia l'auto in folle, anche l'auto sale. Questo mistero \u00e8 stato indagato e sono state offerte tre spiegazioni. Un disturbo del campo gravitazionale, un disturbo del campo geomagnetico o semplicemente un'illusione dell'occhio. Grazie a varie misurazioni, i geodeti sono infine giunti all'affermazione che si tratta di un'illusione ottica. Si dice che sia causata dal paesaggio stranamente costruito intorno alla collina, dallo strano modo in cui crescono gli alberi e dall'orizzonte curvo. La prova sarebbe che quando si scende verso il punto in cui dovrebbe trovarsi il fondo della collina, non si avverte la sensazione di leggerezza che si prova quando si scende, ma si inizia a sentirsi stanchi. Quindi l'illusione dell'occhio \u00e8 probabilmente la vera spiegazione, ma lasciamo a voi e alla vostra immaginazione se gli esperti si sbagliano o meno. In ogni caso, vale la pena di provare di persona questo luogo, poich\u00e9 esiste un fenomeno simile anche in Cina.<\/p>","protected":false},"featured_media":2307,"template":"","meta":{"_acf_changed":false},"kategoria-poi":[102,174],"lokalita":[28],"sezona-poi":[12],"trvanie-vyletu":[217],"class_list":["post-2774","prirodne-krasy","type-prirodne-krasy","status-publish","has-post-thumbnail","hentry","kategoria-poi-prirodne-krasy","kategoria-poi-prirodne-zaujimavosti","lokalita-presov-a-okolie","sezona-poi-celorocne","trvanie-vyletu-kratke-vylety"],"acf":[],"yoast_head":"<!-- This site is optimized with the Yoast SEO Premium plugin v26.3 (Yoast SEO v26.8) - https:\/\/yoast.com\/product\/yoast-seo-premium-wordpress\/ -->\n<title>La\u010dnovska anom\u00e1lia - OOCR \u0160ari\u0161<\/title>\n<meta name=\"robots\" content=\"index, follow, max-snippet:-1, max-image-preview:large, max-video-preview:-1\" \/>\n<link rel=\"canonical\" href=\"https:\/\/www.regionsaris.sk\/it\/prirodne-krasy\/lacnovska-anomalia\/\" \/>\n<meta property=\"og:locale\" content=\"it_IT\" \/>\n<meta property=\"og:type\" content=\"article\" \/>\n<meta property=\"og:title\" content=\"La\u010dnovska anom\u00e1lia\" \/>\n<meta property=\"og:description\" content=\"Zvl\u00e1\u0161tnosti sveta p\u00fataj\u00fa pozornos\u0165 a \u013eudia radi h\u013eadaj\u00fa miesta, kde sa pr\u00edroda nedr\u017e\u00ed svojich z\u00e1konov,...\" \/>\n<meta property=\"og:url\" content=\"https:\/\/www.regionsaris.sk\/it\/prirodne-krasy\/lacnovska-anomalia\/\" \/>\n<meta property=\"og:site_name\" content=\"OOCR \u0160ari\u0161\" \/>\n<meta property=\"article:modified_time\" content=\"2026-02-05T13:09:48+00:00\" \/>\n<meta property=\"og:image\" content=\"https:\/\/www.regionsaris.sk\/wp-content\/uploads\/2026\/01\/anomalia171-thumb.jpg\" \/>\n\t<meta property=\"og:image:width\" content=\"600\" \/>\n\t<meta property=\"og:image:height\" content=\"400\" \/>\n\t<meta property=\"og:image:type\" content=\"image\/jpeg\" \/>\n<meta name=\"twitter:card\" content=\"summary_large_image\" \/>\n<meta name=\"twitter:label1\" content=\"Tempo di lettura stimato\" \/>\n\t<meta name=\"twitter:data1\" content=\"1 minuto\" \/>\n<script type=\"application\/ld+json\" class=\"yoast-schema-graph\">{\"@context\":\"https:\/\/schema.org\",\"@graph\":[{\"@type\":\"WebPage\",\"@id\":\"https:\/\/www.regionsaris.sk\/prirodne-krasy\/lacnovska-anomalia\/\",\"url\":\"https:\/\/www.regionsaris.sk\/prirodne-krasy\/lacnovska-anomalia\/\",\"name\":\"La\u010dnovska anom\u00e1lia - OOCR \u0160ari\u0161\",\"isPartOf\":{\"@id\":\"https:\/\/www.regionsaris.sk\/#website\"},\"primaryImageOfPage\":{\"@id\":\"https:\/\/www.regionsaris.sk\/prirodne-krasy\/lacnovska-anomalia\/#primaryimage\"},\"image\":{\"@id\":\"https:\/\/www.regionsaris.sk\/prirodne-krasy\/lacnovska-anomalia\/#primaryimage\"},\"thumbnailUrl\":\"https:\/\/www.regionsaris.sk\/wp-content\/uploads\/2026\/01\/anomalia171-thumb.jpg\",\"datePublished\":\"2026-01-07T18:25:01+00:00\",\"dateModified\":\"2026-02-05T13:09:48+00:00\",\"breadcrumb\":{\"@id\":\"https:\/\/www.regionsaris.sk\/prirodne-krasy\/lacnovska-anomalia\/#breadcrumb\"},\"inLanguage\":\"it-IT\",\"potentialAction\":[{\"@type\":\"ReadAction\",\"target\":[\"https:\/\/www.regionsaris.sk\/prirodne-krasy\/lacnovska-anomalia\/\"]}]},{\"@type\":\"ImageObject\",\"inLanguage\":\"it-IT\",\"@id\":\"https:\/\/www.regionsaris.sk\/prirodne-krasy\/lacnovska-anomalia\/#primaryimage\",\"url\":\"https:\/\/www.regionsaris.sk\/wp-content\/uploads\/2026\/01\/anomalia171-thumb.jpg\",\"contentUrl\":\"https:\/\/www.regionsaris.sk\/wp-content\/uploads\/2026\/01\/anomalia171-thumb.jpg\",\"width\":600,\"height\":400},{\"@type\":\"BreadcrumbList\",\"@id\":\"https:\/\/www.regionsaris.sk\/prirodne-krasy\/lacnovska-anomalia\/#breadcrumb\",\"itemListElement\":[{\"@type\":\"ListItem\",\"position\":1,\"name\":\"Domov\",\"item\":\"https:\/\/www.regionsaris.sk\/\"},{\"@type\":\"ListItem\",\"position\":2,\"name\":\"Pr\u00edrodn\u00e9 kr\u00e1sy v regi\u00f3ne\",\"item\":\"https:\/\/www.regionsaris.sk\/prirodne-krasy-v-regione\/\"},{\"@type\":\"ListItem\",\"position\":3,\"name\":\"La\u010dnovska anom\u00e1lia\"}]},{\"@type\":\"WebSite\",\"@id\":\"https:\/\/www.regionsaris.sk\/#website\",\"url\":\"https:\/\/www.regionsaris.sk\/\",\"name\":\"OOCR \u0160ari\u0161\",\"description\":\"\",\"potentialAction\":[{\"@type\":\"SearchAction\",\"target\":{\"@type\":\"EntryPoint\",\"urlTemplate\":\"https:\/\/www.regionsaris.sk\/?s={search_term_string}\"},\"query-input\":{\"@type\":\"PropertyValueSpecification\",\"valueRequired\":true,\"valueName\":\"search_term_string\"}}],\"inLanguage\":\"it-IT\"}]}<\/script>\n<!-- \/ Yoast SEO Premium plugin. -->","yoast_head_json":{"title":"La\u010dnovska anom\u00e1lia - OOCR \u0160ari\u0161","robots":{"index":"index","follow":"follow","max-snippet":"max-snippet:-1","max-image-preview":"max-image-preview:large","max-video-preview":"max-video-preview:-1"},"canonical":"https:\/\/www.regionsaris.sk\/it\/prirodne-krasy\/lacnovska-anomalia\/","og_locale":"it_IT","og_type":"article","og_title":"La\u010dnovska anom\u00e1lia","og_description":"Zvl\u00e1\u0161tnosti sveta p\u00fataj\u00fa pozornos\u0165 a \u013eudia radi h\u013eadaj\u00fa miesta, kde sa pr\u00edroda nedr\u017e\u00ed svojich z\u00e1konov,...","og_url":"https:\/\/www.regionsaris.sk\/it\/prirodne-krasy\/lacnovska-anomalia\/","og_site_name":"OOCR \u0160ari\u0161","article_modified_time":"2026-02-05T13:09:48+00:00","og_image":[{"width":600,"height":400,"url":"https:\/\/www.regionsaris.sk\/wp-content\/uploads\/2026\/01\/anomalia171-thumb.jpg","type":"image\/jpeg"}],"twitter_card":"summary_large_image","twitter_misc":{"Tempo di lettura stimato":"1 minuto"},"schema":{"@context":"https:\/\/schema.org","@graph":[{"@type":"WebPage","@id":"https:\/\/www.regionsaris.sk\/prirodne-krasy\/lacnovska-anomalia\/","url":"https:\/\/www.regionsaris.sk\/prirodne-krasy\/lacnovska-anomalia\/","name":"La\u010dnovska anom\u00e1lia - OOCR \u0160ari\u0161","isPartOf":{"@id":"https:\/\/www.regionsaris.sk\/#website"},"primaryImageOfPage":{"@id":"https:\/\/www.regionsaris.sk\/prirodne-krasy\/lacnovska-anomalia\/#primaryimage"},"image":{"@id":"https:\/\/www.regionsaris.sk\/prirodne-krasy\/lacnovska-anomalia\/#primaryimage"},"thumbnailUrl":"https:\/\/www.regionsaris.sk\/wp-content\/uploads\/2026\/01\/anomalia171-thumb.jpg","datePublished":"2026-01-07T18:25:01+00:00","dateModified":"2026-02-05T13:09:48+00:00","breadcrumb":{"@id":"https:\/\/www.regionsaris.sk\/prirodne-krasy\/lacnovska-anomalia\/#breadcrumb"},"inLanguage":"it-IT","potentialAction":[{"@type":"ReadAction","target":["https:\/\/www.regionsaris.sk\/prirodne-krasy\/lacnovska-anomalia\/"]}]},{"@type":"ImageObject","inLanguage":"it-IT","@id":"https:\/\/www.regionsaris.sk\/prirodne-krasy\/lacnovska-anomalia\/#primaryimage","url":"https:\/\/www.regionsaris.sk\/wp-content\/uploads\/2026\/01\/anomalia171-thumb.jpg","contentUrl":"https:\/\/www.regionsaris.sk\/wp-content\/uploads\/2026\/01\/anomalia171-thumb.jpg","width":600,"height":400},{"@type":"BreadcrumbList","@id":"https:\/\/www.regionsaris.sk\/prirodne-krasy\/lacnovska-anomalia\/#breadcrumb","itemListElement":[{"@type":"ListItem","position":1,"name":"Domov","item":"https:\/\/www.regionsaris.sk\/"},{"@type":"ListItem","position":2,"name":"Pr\u00edrodn\u00e9 kr\u00e1sy v regi\u00f3ne","item":"https:\/\/www.regionsaris.sk\/prirodne-krasy-v-regione\/"},{"@type":"ListItem","position":3,"name":"La\u010dnovska anom\u00e1lia"}]},{"@type":"WebSite","@id":"https:\/\/www.regionsaris.sk\/#website","url":"https:\/\/www.regionsaris.sk\/","name":"OOCR \u0160ari\u0161","description":"","potentialAction":[{"@type":"SearchAction","target":{"@type":"EntryPoint","urlTemplate":"https:\/\/www.regionsaris.sk\/?s={search_term_string}"},"query-input":{"@type":"PropertyValueSpecification","valueRequired":true,"valueName":"search_term_string"}}],"inLanguage":"it-IT"}]}},"_links":{"self":[{"href":"https:\/\/www.regionsaris.sk\/it\/wp-json\/wp\/v2\/prirodne-krasy\/2774","targetHints":{"allow":["GET"]}}],"collection":[{"href":"https:\/\/www.regionsaris.sk\/it\/wp-json\/wp\/v2\/prirodne-krasy"}],"about":[{"href":"https:\/\/www.regionsaris.sk\/it\/wp-json\/wp\/v2\/types\/prirodne-krasy"}],"wp:featuredmedia":[{"embeddable":true,"href":"https:\/\/www.regionsaris.sk\/it\/wp-json\/wp\/v2\/media\/2307"}],"wp:attachment":[{"href":"https:\/\/www.regionsaris.sk\/it\/wp-json\/wp\/v2\/media?parent=2774"}],"wp:term":[{"taxonomy":"kategoria-poi","embeddable":true,"href":"https:\/\/www.regionsaris.sk\/it\/wp-json\/wp\/v2\/kategoria-poi?post=2774"},{"taxonomy":"lokalita","embeddable":true,"href":"https:\/\/www.regionsaris.sk\/it\/wp-json\/wp\/v2\/lokalita?post=2774"},{"taxonomy":"sezona-poi","embeddable":true,"href":"https:\/\/www.regionsaris.sk\/it\/wp-json\/wp\/v2\/sezona-poi?post=2774"},{"taxonomy":"trvanie-vyletu","embeddable":true,"href":"https:\/\/www.regionsaris.sk\/it\/wp-json\/wp\/v2\/trvanie-vyletu?post=2774"}],"curies":[{"name":"wp","href":"https:\/\/api.w.org\/{rel}","templated":true}]}}

<p>Le peculiarità del mondo attirano l'attenzione e le persone amano cercare luoghi in cui la natura non segue le sue leggi, o è diversa?<br>Se andate da Lipovce verso il villaggio di Lačnov sperimenterete una „anomalia gravitazionale“, come l'hanno definita i media qualche anno fa. Questa unica „strada“ vi offrirà uno spettacolo interessante. Quando la percorrerete con la sensazione di essere in discesa e metterete a terra una bottiglia d'acqua o una palla, con vostra grande sorpresa rotolerà in salita. Se si lascia l'auto in folle, anche l'auto sale. Questo mistero è stato indagato e sono state offerte tre spiegazioni. Un disturbo del campo gravitazionale, un disturbo del campo geomagnetico o semplicemente un'illusione dell'occhio. Grazie a varie misurazioni, i geodeti sono infine giunti all'affermazione che si tratta di un'illusione ottica. Si dice che sia causata dal paesaggio stranamente costruito intorno alla collina, dallo strano modo in cui crescono gli alberi e dall'orizzonte curvo. La prova sarebbe che quando si scende verso il punto in cui dovrebbe trovarsi il fondo della collina, non si avverte la sensazione di leggerezza che si prova quando si scende, ma si inizia a sentirsi stanchi. Quindi l'illusione dell'occhio è probabilmente la vera spiegazione, ma lasciamo a voi e alla vostra immaginazione se gli esperti si sbagliano o meno. In ogni caso, vale la pena di provare di persona questo luogo, poiché esiste un fenomeno simile anche in Cina.</p>

<!-- This site is optimized with the Yoast SEO Premium plugin v26.3 (Yoast SEO v26.8) - https://yoast.com/product/yoast-seo-premium-wordpress/ -->
<title>Lačnovska anomália - OOCR Šariš</title>
<meta name="robots" content="index, follow, max-snippet:-1, max-image-preview:large, max-video-preview:-1" />
<link rel="canonical" href="https://www.regionsaris.sk/it/prirodne-krasy/lacnovska-anomalia/" />
<meta property="og:locale" content="it_IT" />
<meta property="og:type" content="article" />
<meta property="og:title" content="Lačnovska anomália" />
<meta property="og:description" content="Zvláštnosti sveta pútajú pozornosť a ľudia radi hľadajú miesta, kde sa príroda nedrží svojich zákonov,..." />
<meta property="og:url" content="https://www.regionsaris.sk/it/prirodne-krasy/lacnovska-anomalia/" />
<meta property="og:site_name" content="OOCR Šariš" />
<meta property="article:modified_time" content="2026-02-05T13:09:48+00:00" />
<meta property="og:image" content="https://www.regionsaris.sk/wp-content/uploads/2026/01/anomalia171-thumb.jpg" />
	<meta property="og:image:width" content="600" />
	<meta property="og:image:height" content="400" />
	<meta property="og:image:type" content="image/jpeg" />
<meta name="twitter:card" content="summary_large_image" />
<meta name="twitter:label1" content="Tempo di lettura stimato" />
	<meta name="twitter:data1" content="1 minuto" />
<script type="application/ld+json" class="yoast-schema-graph">{"@context":"https://schema.org","@graph":[{"@type":"WebPage","@id":"https://www.regionsaris.sk/prirodne-krasy/lacnovska-anomalia/","url":"https://www.regionsaris.sk/prirodne-krasy/lacnovska-anomalia/","name":"Lačnovska anomália - OOCR Šariš","isPartOf":{"@id":"https://www.regionsaris.sk/#website"},"primaryImageOfPage":{"@id":"https://www.regionsaris.sk/prirodne-krasy/lacnovska-anomalia/#primaryimage"},"image":{"@id":"https://www.regionsaris.sk/prirodne-krasy/lacnovska-anomalia/#primaryimage"},"thumbnailUrl":"https://www.regionsaris.sk/wp-content/uploads/2026/01/anomalia171-thumb.jpg","datePublished":"2026-01-07T18:25:01+00:00","dateModified":"2026-02-05T13:09:48+00:00","breadcrumb":{"@id":"https://www.regionsaris.sk/prirodne-krasy/lacnovska-anomalia/#breadcrumb"},"inLanguage":"it-IT","potentialAction":[{"@type":"ReadAction","target":["https://www.regionsaris.sk/prirodne-krasy/lacnovska-anomalia/"]}]},{"@type":"ImageObject","inLanguage":"it-IT","@id":"https://www.regionsaris.sk/prirodne-krasy/lacnovska-anomalia/#primaryimage","url":"https://www.regionsaris.sk/wp-content/uploads/2026/01/anomalia171-thumb.jpg","contentUrl":"https://www.regionsaris.sk/wp-content/uploads/2026/01/anomalia171-thumb.jpg","width":600,"height":400},{"@type":"BreadcrumbList","@id":"https://www.regionsaris.sk/prirodne-krasy/lacnovska-anomalia/#breadcrumb","itemListElement":[{"@type":"ListItem","position":1,"name":"Domov","item":"https://www.regionsaris.sk/"},{"@type":"ListItem","position":2,"name":"Prírodné krásy v regióne","item":"https://www.regionsaris.sk/prirodne-krasy-v-regione/"},{"@type":"ListItem","position":3,"name":"Lačnovska anomália"}]},{"@type":"WebSite","@id":"https://www.regionsaris.sk/#website","url":"https://www.regionsaris.sk/","name":"OOCR Šariš","description":"","potentialAction":[{"@type":"SearchAction","target":{"@type":"EntryPoint","urlTemplate":"https://www.regionsaris.sk/?s={search_term_string}"},"query-input":{"@type":"PropertyValueSpecification","valueRequired":true,"valueName":"search_term_string"}}],"inLanguage":"it-IT"}]}</script>
<!-- / Yoast SEO Premium plugin. -->

Lačnovska anomália - OOCR Šariš

Lačnovska anomália

Zvláštnosti sveta pútajú pozornosť a ľudia radi hľadajú miesta, kde sa príroda nedrží svojich zákonov,...

OOCR Šariš

Prírodné krásy v regióne
