{"id":2766,"date":"2026-01-07T19:25:02","date_gmt":"2026-01-07T18:25:02","guid":{"rendered":"https:\/\/www.regionsaris.sk\/?post_type=prirodne-krasy&#038;p=2766"},"modified":"2026-02-05T14:08:16","modified_gmt":"2026-02-05T13:08:16","slug":"spiaci-mnich-kamenica","status":"publish","type":"prirodne-krasy","link":"https:\/\/www.regionsaris.sk\/it\/prirodne-krasy\/spiaci-mnich-kamenica\/","title":{"rendered":"Monaco addormentato Kamenica"},"content":{"rendered":"<p>La formazione rocciosa fa parte della catena del mento, che si estende ad arco da Z\u00e1horie attraverso Sulov, Orava, Pieniny fino alla Romania. La roccia dalla forma insolita potrebbe essere servita alle esigenze ideologiche delle civilt\u00e0 antiche e il suo aspetto non \u00e8 cambiato per migliaia di anni e domina ancora i dintorni.<br>Il nome pi\u00f9 antico conservato \u00e8 Gigante Dormiente. Dopo il X secolo d.C. fu rinominato in <strong>Monaco addormentato<\/strong>, era legato alla conversione alla fede cristiana. Hanno vissuto qui <strong>Monaci benedettini<\/strong>, che aveva un centro su <strong>Kamenicou<\/strong>. Il nome locale Remety testimonia l'attivit\u00e0 eremitica negli eremi. I nomi pi\u00f9 recenti della formazione rocciosa sono Principe addormentato, Indiano, Donna di pietra, Baba di pietra e Fanciulla addormentata.<br>Il nome deriva dalla somiglianza della collina con un uomo sdraiato. Gi\u00e0 dalla strada \u00e8 possibile vedere chiaramente l'enorme testa umana, il collo e il petto. Il monaco addormentato ha al centro <strong>\u201eLa porta del paradiso\u201c<\/strong> - una grotta con l'ingresso rivolto verso il sole, che incanalava il potere magico del sole, che splendeva attraverso di essa nei giorni importanti dell'anno solare - gli equinozi solstiziali. Qui si trova anche la grotta chiamata localmente <strong>Grotta di Perun<\/strong>, percorribile su entrambi i lati, realizzata artificialmente, alta circa quattro metri e lunga quasi 12 metri. Sulle pietre e sulle rocce pi\u00f9 piccole intorno al Monaco dormiente si trovano un gran numero di pitture e figure, concentrate intorno alle aperture nelle rocce. Sembra che con l'uso di una trincea artificiale si sia formato il collo e con il tempo la figura reclinata. In superficie, hanno creato imitazioni di animali dalle rocce. Si possono trovare formazioni che assomigliano a un topo o a un falco. Sulla destra si trova un bar che termina con una scultura massiccia (stimata tra i 12 e i 15 metri). Nella roccia \u00e8 stato scolpito un misterioso volto mitico con grandi occhi rettangolari da drago, chiamato Kukla. Il volto assomiglia a un personaggio della leggendaria fiaba ceca Kukla - il Golem. Sulla destra si trova un'altra scogliera a forma di cono. Sul suo lato rovesciato si trovano dei sentieri di pietra.<br>Il monaco addormentato Kamenica, \u00e8 uno dei pi\u00f9 <strong>santuari naturali di roccia<\/strong>, di cui ce ne sono diversi nelle immediate vicinanze, come l'alta skala Sokol - Sokolia.<\/p>","protected":false},"featured_media":2301,"template":"","meta":{"_acf_changed":false},"kategoria-poi":[102,174],"lokalita":[29],"sezona-poi":[12],"trvanie-vyletu":[180],"class_list":["post-2766","prirodne-krasy","type-prirodne-krasy","status-publish","has-post-thumbnail","hentry","kategoria-poi-prirodne-krasy","kategoria-poi-prirodne-zaujimavosti","lokalita-lipany-a-okolie","sezona-poi-celorocne","trvanie-vyletu-poldenne-vylety"],"acf":[],"yoast_head":"<!-- This site is optimized with the Yoast SEO Premium plugin v26.3 (Yoast SEO v26.8) - https:\/\/yoast.com\/product\/yoast-seo-premium-wordpress\/ -->\n<title>Spiaci mn\u00edch Kamenica - OOCR \u0160ari\u0161<\/title>\n<meta name=\"robots\" content=\"index, follow, max-snippet:-1, max-image-preview:large, max-video-preview:-1\" \/>\n<link rel=\"canonical\" href=\"https:\/\/www.regionsaris.sk\/it\/prirodne-krasy\/spiaci-mnich-kamenica\/\" \/>\n<meta property=\"og:locale\" content=\"it_IT\" \/>\n<meta property=\"og:type\" content=\"article\" \/>\n<meta property=\"og:title\" content=\"Spiaci mn\u00edch Kamenica\" \/>\n<meta property=\"og:description\" content=\"Skaln\u00fd \u00fatvar je s\u00fa\u010das\u0165ou bradlov\u00e9ho p\u00e1sma, ktor\u00fd sa tiahne obl\u00fakom od Z\u00e1horia cez S\u00fa\u013eov, Oravu,...\" \/>\n<meta property=\"og:url\" content=\"https:\/\/www.regionsaris.sk\/it\/prirodne-krasy\/spiaci-mnich-kamenica\/\" \/>\n<meta property=\"og:site_name\" content=\"OOCR \u0160ari\u0161\" \/>\n<meta property=\"article:modified_time\" content=\"2026-02-05T13:08:16+00:00\" \/>\n<meta property=\"og:image\" content=\"https:\/\/www.regionsaris.sk\/wp-content\/uploads\/2026\/01\/mnich164-thumb.jpg\" \/>\n\t<meta property=\"og:image:width\" content=\"600\" \/>\n\t<meta property=\"og:image:height\" content=\"400\" \/>\n\t<meta property=\"og:image:type\" content=\"image\/jpeg\" \/>\n<meta name=\"twitter:card\" content=\"summary_large_image\" \/>\n<meta name=\"twitter:label1\" content=\"Tempo di lettura stimato\" \/>\n\t<meta name=\"twitter:data1\" content=\"2 minuti\" \/>\n<script type=\"application\/ld+json\" class=\"yoast-schema-graph\">{\"@context\":\"https:\/\/schema.org\",\"@graph\":[{\"@type\":\"WebPage\",\"@id\":\"https:\/\/www.regionsaris.sk\/prirodne-krasy\/spiaci-mnich-kamenica\/\",\"url\":\"https:\/\/www.regionsaris.sk\/prirodne-krasy\/spiaci-mnich-kamenica\/\",\"name\":\"Spiaci mn\u00edch Kamenica - OOCR \u0160ari\u0161\",\"isPartOf\":{\"@id\":\"https:\/\/www.regionsaris.sk\/#website\"},\"primaryImageOfPage\":{\"@id\":\"https:\/\/www.regionsaris.sk\/prirodne-krasy\/spiaci-mnich-kamenica\/#primaryimage\"},\"image\":{\"@id\":\"https:\/\/www.regionsaris.sk\/prirodne-krasy\/spiaci-mnich-kamenica\/#primaryimage\"},\"thumbnailUrl\":\"https:\/\/www.regionsaris.sk\/wp-content\/uploads\/2026\/01\/mnich164-thumb.jpg\",\"datePublished\":\"2026-01-07T18:25:02+00:00\",\"dateModified\":\"2026-02-05T13:08:16+00:00\",\"breadcrumb\":{\"@id\":\"https:\/\/www.regionsaris.sk\/prirodne-krasy\/spiaci-mnich-kamenica\/#breadcrumb\"},\"inLanguage\":\"it-IT\",\"potentialAction\":[{\"@type\":\"ReadAction\",\"target\":[\"https:\/\/www.regionsaris.sk\/prirodne-krasy\/spiaci-mnich-kamenica\/\"]}]},{\"@type\":\"ImageObject\",\"inLanguage\":\"it-IT\",\"@id\":\"https:\/\/www.regionsaris.sk\/prirodne-krasy\/spiaci-mnich-kamenica\/#primaryimage\",\"url\":\"https:\/\/www.regionsaris.sk\/wp-content\/uploads\/2026\/01\/mnich164-thumb.jpg\",\"contentUrl\":\"https:\/\/www.regionsaris.sk\/wp-content\/uploads\/2026\/01\/mnich164-thumb.jpg\",\"width\":600,\"height\":400},{\"@type\":\"BreadcrumbList\",\"@id\":\"https:\/\/www.regionsaris.sk\/prirodne-krasy\/spiaci-mnich-kamenica\/#breadcrumb\",\"itemListElement\":[{\"@type\":\"ListItem\",\"position\":1,\"name\":\"Domov\",\"item\":\"https:\/\/www.regionsaris.sk\/\"},{\"@type\":\"ListItem\",\"position\":2,\"name\":\"Pr\u00edrodn\u00e9 kr\u00e1sy v regi\u00f3ne\",\"item\":\"https:\/\/www.regionsaris.sk\/prirodne-krasy-v-regione\/\"},{\"@type\":\"ListItem\",\"position\":3,\"name\":\"Spiaci mn\u00edch Kamenica\"}]},{\"@type\":\"WebSite\",\"@id\":\"https:\/\/www.regionsaris.sk\/#website\",\"url\":\"https:\/\/www.regionsaris.sk\/\",\"name\":\"OOCR \u0160ari\u0161\",\"description\":\"\",\"potentialAction\":[{\"@type\":\"SearchAction\",\"target\":{\"@type\":\"EntryPoint\",\"urlTemplate\":\"https:\/\/www.regionsaris.sk\/?s={search_term_string}\"},\"query-input\":{\"@type\":\"PropertyValueSpecification\",\"valueRequired\":true,\"valueName\":\"search_term_string\"}}],\"inLanguage\":\"it-IT\"}]}<\/script>\n<!-- \/ Yoast SEO Premium plugin. -->","yoast_head_json":{"title":"Spiaci mn\u00edch Kamenica - OOCR \u0160ari\u0161","robots":{"index":"index","follow":"follow","max-snippet":"max-snippet:-1","max-image-preview":"max-image-preview:large","max-video-preview":"max-video-preview:-1"},"canonical":"https:\/\/www.regionsaris.sk\/it\/prirodne-krasy\/spiaci-mnich-kamenica\/","og_locale":"it_IT","og_type":"article","og_title":"Spiaci mn\u00edch Kamenica","og_description":"Skaln\u00fd \u00fatvar je s\u00fa\u010das\u0165ou bradlov\u00e9ho p\u00e1sma, ktor\u00fd sa tiahne obl\u00fakom od Z\u00e1horia cez S\u00fa\u013eov, Oravu,...","og_url":"https:\/\/www.regionsaris.sk\/it\/prirodne-krasy\/spiaci-mnich-kamenica\/","og_site_name":"OOCR \u0160ari\u0161","article_modified_time":"2026-02-05T13:08:16+00:00","og_image":[{"width":600,"height":400,"url":"https:\/\/www.regionsaris.sk\/wp-content\/uploads\/2026\/01\/mnich164-thumb.jpg","type":"image\/jpeg"}],"twitter_card":"summary_large_image","twitter_misc":{"Tempo di lettura stimato":"2 minuti"},"schema":{"@context":"https:\/\/schema.org","@graph":[{"@type":"WebPage","@id":"https:\/\/www.regionsaris.sk\/prirodne-krasy\/spiaci-mnich-kamenica\/","url":"https:\/\/www.regionsaris.sk\/prirodne-krasy\/spiaci-mnich-kamenica\/","name":"Spiaci mn\u00edch Kamenica - OOCR \u0160ari\u0161","isPartOf":{"@id":"https:\/\/www.regionsaris.sk\/#website"},"primaryImageOfPage":{"@id":"https:\/\/www.regionsaris.sk\/prirodne-krasy\/spiaci-mnich-kamenica\/#primaryimage"},"image":{"@id":"https:\/\/www.regionsaris.sk\/prirodne-krasy\/spiaci-mnich-kamenica\/#primaryimage"},"thumbnailUrl":"https:\/\/www.regionsaris.sk\/wp-content\/uploads\/2026\/01\/mnich164-thumb.jpg","datePublished":"2026-01-07T18:25:02+00:00","dateModified":"2026-02-05T13:08:16+00:00","breadcrumb":{"@id":"https:\/\/www.regionsaris.sk\/prirodne-krasy\/spiaci-mnich-kamenica\/#breadcrumb"},"inLanguage":"it-IT","potentialAction":[{"@type":"ReadAction","target":["https:\/\/www.regionsaris.sk\/prirodne-krasy\/spiaci-mnich-kamenica\/"]}]},{"@type":"ImageObject","inLanguage":"it-IT","@id":"https:\/\/www.regionsaris.sk\/prirodne-krasy\/spiaci-mnich-kamenica\/#primaryimage","url":"https:\/\/www.regionsaris.sk\/wp-content\/uploads\/2026\/01\/mnich164-thumb.jpg","contentUrl":"https:\/\/www.regionsaris.sk\/wp-content\/uploads\/2026\/01\/mnich164-thumb.jpg","width":600,"height":400},{"@type":"BreadcrumbList","@id":"https:\/\/www.regionsaris.sk\/prirodne-krasy\/spiaci-mnich-kamenica\/#breadcrumb","itemListElement":[{"@type":"ListItem","position":1,"name":"Domov","item":"https:\/\/www.regionsaris.sk\/"},{"@type":"ListItem","position":2,"name":"Pr\u00edrodn\u00e9 kr\u00e1sy v regi\u00f3ne","item":"https:\/\/www.regionsaris.sk\/prirodne-krasy-v-regione\/"},{"@type":"ListItem","position":3,"name":"Spiaci mn\u00edch Kamenica"}]},{"@type":"WebSite","@id":"https:\/\/www.regionsaris.sk\/#website","url":"https:\/\/www.regionsaris.sk\/","name":"OOCR \u0160ari\u0161","description":"","potentialAction":[{"@type":"SearchAction","target":{"@type":"EntryPoint","urlTemplate":"https:\/\/www.regionsaris.sk\/?s={search_term_string}"},"query-input":{"@type":"PropertyValueSpecification","valueRequired":true,"valueName":"search_term_string"}}],"inLanguage":"it-IT"}]}},"_links":{"self":[{"href":"https:\/\/www.regionsaris.sk\/it\/wp-json\/wp\/v2\/prirodne-krasy\/2766","targetHints":{"allow":["GET"]}}],"collection":[{"href":"https:\/\/www.regionsaris.sk\/it\/wp-json\/wp\/v2\/prirodne-krasy"}],"about":[{"href":"https:\/\/www.regionsaris.sk\/it\/wp-json\/wp\/v2\/types\/prirodne-krasy"}],"wp:featuredmedia":[{"embeddable":true,"href":"https:\/\/www.regionsaris.sk\/it\/wp-json\/wp\/v2\/media\/2301"}],"wp:attachment":[{"href":"https:\/\/www.regionsaris.sk\/it\/wp-json\/wp\/v2\/media?parent=2766"}],"wp:term":[{"taxonomy":"kategoria-poi","embeddable":true,"href":"https:\/\/www.regionsaris.sk\/it\/wp-json\/wp\/v2\/kategoria-poi?post=2766"},{"taxonomy":"lokalita","embeddable":true,"href":"https:\/\/www.regionsaris.sk\/it\/wp-json\/wp\/v2\/lokalita?post=2766"},{"taxonomy":"sezona-poi","embeddable":true,"href":"https:\/\/www.regionsaris.sk\/it\/wp-json\/wp\/v2\/sezona-poi?post=2766"},{"taxonomy":"trvanie-vyletu","embeddable":true,"href":"https:\/\/www.regionsaris.sk\/it\/wp-json\/wp\/v2\/trvanie-vyletu?post=2766"}],"curies":[{"name":"wp","href":"https:\/\/api.w.org\/{rel}","templated":true}]}}

<p>La formazione rocciosa fa parte della catena del mento, che si estende ad arco da Záhorie attraverso Sulov, Orava, Pieniny fino alla Romania. La roccia dalla forma insolita potrebbe essere servita alle esigenze ideologiche delle civiltà antiche e il suo aspetto non è cambiato per migliaia di anni e domina ancora i dintorni.<br>Il nome più antico conservato è Gigante Dormiente. Dopo il X secolo d.C. fu rinominato in <strong>Monaco addormentato</strong>, era legato alla conversione alla fede cristiana. Hanno vissuto qui <strong>Monaci benedettini</strong>, che aveva un centro su <strong>Kamenicou</strong>. Il nome locale Remety testimonia l'attività eremitica negli eremi. I nomi più recenti della formazione rocciosa sono Principe addormentato, Indiano, Donna di pietra, Baba di pietra e Fanciulla addormentata.<br>Il nome deriva dalla somiglianza della collina con un uomo sdraiato. Già dalla strada è possibile vedere chiaramente l'enorme testa umana, il collo e il petto. Il monaco addormentato ha al centro <strong>„La porta del paradiso“</strong> - una grotta con l'ingresso rivolto verso il sole, che incanalava il potere magico del sole, che splendeva attraverso di essa nei giorni importanti dell'anno solare - gli equinozi solstiziali. Qui si trova anche la grotta chiamata localmente <strong>Grotta di Perun</strong>, percorribile su entrambi i lati, realizzata artificialmente, alta circa quattro metri e lunga quasi 12 metri. Sulle pietre e sulle rocce più piccole intorno al Monaco dormiente si trovano un gran numero di pitture e figure, concentrate intorno alle aperture nelle rocce. Sembra che con l'uso di una trincea artificiale si sia formato il collo e con il tempo la figura reclinata. In superficie, hanno creato imitazioni di animali dalle rocce. Si possono trovare formazioni che assomigliano a un topo o a un falco. Sulla destra si trova un bar che termina con una scultura massiccia (stimata tra i 12 e i 15 metri). Nella roccia è stato scolpito un misterioso volto mitico con grandi occhi rettangolari da drago, chiamato Kukla. Il volto assomiglia a un personaggio della leggendaria fiaba ceca Kukla - il Golem. Sulla destra si trova un'altra scogliera a forma di cono. Sul suo lato rovesciato si trovano dei sentieri di pietra.<br>Il monaco addormentato Kamenica, è uno dei più <strong>santuari naturali di roccia</strong>, di cui ce ne sono diversi nelle immediate vicinanze, come l'alta skala Sokol - Sokolia.</p>

<!-- This site is optimized with the Yoast SEO Premium plugin v26.3 (Yoast SEO v26.8) - https://yoast.com/product/yoast-seo-premium-wordpress/ -->
<title>Spiaci mních Kamenica - OOCR Šariš</title>
<meta name="robots" content="index, follow, max-snippet:-1, max-image-preview:large, max-video-preview:-1" />
<link rel="canonical" href="https://www.regionsaris.sk/it/prirodne-krasy/spiaci-mnich-kamenica/" />
<meta property="og:locale" content="it_IT" />
<meta property="og:type" content="article" />
<meta property="og:title" content="Spiaci mních Kamenica" />
<meta property="og:description" content="Skalný útvar je súčasťou bradlového pásma, ktorý sa tiahne oblúkom od Záhoria cez Súľov, Oravu,..." />
<meta property="og:url" content="https://www.regionsaris.sk/it/prirodne-krasy/spiaci-mnich-kamenica/" />
<meta property="og:site_name" content="OOCR Šariš" />
<meta property="article:modified_time" content="2026-02-05T13:08:16+00:00" />
<meta property="og:image" content="https://www.regionsaris.sk/wp-content/uploads/2026/01/mnich164-thumb.jpg" />
	<meta property="og:image:width" content="600" />
	<meta property="og:image:height" content="400" />
	<meta property="og:image:type" content="image/jpeg" />
<meta name="twitter:card" content="summary_large_image" />
<meta name="twitter:label1" content="Tempo di lettura stimato" />
	<meta name="twitter:data1" content="2 minuti" />
<script type="application/ld+json" class="yoast-schema-graph">{"@context":"https://schema.org","@graph":[{"@type":"WebPage","@id":"https://www.regionsaris.sk/prirodne-krasy/spiaci-mnich-kamenica/","url":"https://www.regionsaris.sk/prirodne-krasy/spiaci-mnich-kamenica/","name":"Spiaci mních Kamenica - OOCR Šariš","isPartOf":{"@id":"https://www.regionsaris.sk/#website"},"primaryImageOfPage":{"@id":"https://www.regionsaris.sk/prirodne-krasy/spiaci-mnich-kamenica/#primaryimage"},"image":{"@id":"https://www.regionsaris.sk/prirodne-krasy/spiaci-mnich-kamenica/#primaryimage"},"thumbnailUrl":"https://www.regionsaris.sk/wp-content/uploads/2026/01/mnich164-thumb.jpg","datePublished":"2026-01-07T18:25:02+00:00","dateModified":"2026-02-05T13:08:16+00:00","breadcrumb":{"@id":"https://www.regionsaris.sk/prirodne-krasy/spiaci-mnich-kamenica/#breadcrumb"},"inLanguage":"it-IT","potentialAction":[{"@type":"ReadAction","target":["https://www.regionsaris.sk/prirodne-krasy/spiaci-mnich-kamenica/"]}]},{"@type":"ImageObject","inLanguage":"it-IT","@id":"https://www.regionsaris.sk/prirodne-krasy/spiaci-mnich-kamenica/#primaryimage","url":"https://www.regionsaris.sk/wp-content/uploads/2026/01/mnich164-thumb.jpg","contentUrl":"https://www.regionsaris.sk/wp-content/uploads/2026/01/mnich164-thumb.jpg","width":600,"height":400},{"@type":"BreadcrumbList","@id":"https://www.regionsaris.sk/prirodne-krasy/spiaci-mnich-kamenica/#breadcrumb","itemListElement":[{"@type":"ListItem","position":1,"name":"Domov","item":"https://www.regionsaris.sk/"},{"@type":"ListItem","position":2,"name":"Prírodné krásy v regióne","item":"https://www.regionsaris.sk/prirodne-krasy-v-regione/"},{"@type":"ListItem","position":3,"name":"Spiaci mních Kamenica"}]},{"@type":"WebSite","@id":"https://www.regionsaris.sk/#website","url":"https://www.regionsaris.sk/","name":"OOCR Šariš","description":"","potentialAction":[{"@type":"SearchAction","target":{"@type":"EntryPoint","urlTemplate":"https://www.regionsaris.sk/?s={search_term_string}"},"query-input":{"@type":"PropertyValueSpecification","valueRequired":true,"valueName":"search_term_string"}}],"inLanguage":"it-IT"}]}</script>
<!-- / Yoast SEO Premium plugin. -->

Spiaci mních Kamenica - OOCR Šariš

Spiaci mních Kamenica

Skalný útvar je súčasťou bradlového pásma, ktorý sa tiahne oblúkom od Záhoria cez Súľov, Oravu,...

OOCR Šariš

Prírodné krásy v regióne
