{"id":6187,"date":"2026-09-04T12:28:53","date_gmt":"2026-09-04T11:28:53","guid":{"rendered":"https:\/\/www.regionsaris.sk\/?post_type=pre-rodiny&#038;p=6187"},"modified":"2026-09-04T12:28:54","modified_gmt":"2026-09-04T11:28:54","slug":"rozhladna-na-malkovskej-horke","status":"publish","type":"pre-rodiny","link":"https:\/\/www.regionsaris.sk\/it\/pre-rodiny\/rozhladna-na-malkovskej-horke\/","title":{"rendered":"Torre panoramica sulla collina di Malkovsk\u00e1"},"content":{"rendered":"<p class=\"wp-block-paragraph\"><strong>Torre panoramica sulla collina di Malkovsk\u00e1<\/strong>\u00a0\u00e8 uno dei punti panoramici pi\u00f9 apprezzati della zona <a href=\"https:\/\/www.regionsaris.sk\/it\/lokalita\/mesto-presov\/\" data-type=\"lokalita\" data-id=\"26\">Pre\u0161ov<\/a>. Si trova nel parco forestale di Cemjata, sulla cima della collina di Malkovsk\u00e1, a un'altitudine di circa 497 m s.l.m. La torre panoramica in legno \u00e8 alta 19,6 metri e offre un\u2019ampia vista sul paesaggio dello \u0160ari\u0161.\u00a0<\/p>\n\n\n\n<h2 class=\"wp-block-heading\">Panorama sullo \u0160ari\u0161 e sui dintorni di Pre\u0161ov<\/h2>\n\n\n\n<p class=\"wp-block-paragraph\">Dalla piattaforma panoramica si gode di una vista mozzafiato sul paesaggio circostante. Quando la visibilit\u00e0 \u00e8 buona, \u00e8 possibile osservare\u00a0<strong><a href=\"https:\/\/www.regionsaris.sk\/it\/lokalita\/mesto-presov\/\" data-type=\"lokalita\" data-id=\"26\">Pre\u0161ov<\/a>, <a href=\"https:\/\/www.regionsaris.sk\/it\/historia\/hrad-saris\/\" data-type=\"historia\" data-id=\"2065\">Castello di \u0160ari\u0161<\/a>, <a href=\"https:\/\/www.regionsaris.sk\/it\/historia\/kapusiansky-hrad\/\" data-type=\"historia\" data-id=\"2066\">Castello di Kapu\u0161ian<\/a>, <a href=\"https:\/\/pohoriecergov.sk\" target=\"_blank\" rel=\"noopener\">catena montuosa del \u010cergov<\/a>, <a href=\"https:\/\/slanskevrchy.com\" target=\"_blank\" rel=\"noopener\">Slansk\u00e9 vrchy<\/a> e la cima <a href=\"https:\/\/www.regionsaris.sk\/it\/prirodne-krasy\/straz\/\" data-type=\"prirodne-krasy\" data-id=\"3020\">Guardia<\/a><\/strong>. La torre panoramica offre quindi una prospettiva interessante sui punti di interesse sia naturali che storici della regione.\u00a0<\/p>\n\n\n\n<p class=\"wp-block-paragraph\">La collina di Malkovsk\u00e1 fa parte del parco forestale di Cemjata, che offre le condizioni ideali per brevi passeggiate ed escursioni nella natura. L\u2019escursione alla torre panoramica pu\u00f2 essere abbinata ad altri percorsi nei dintorni di Pre\u0161ov, creando cos\u00ec un itinerario turistico o ciclistico pi\u00f9 lungo.<\/p>\n\n\n\n<h2 class=\"wp-block-heading\">Escursionismo e ciclismo<\/h2>\n\n\n\n<p class=\"wp-block-paragraph\">Alla torre panoramica conducono diversi sentieri segnalati. \u00c8 possibile raggiungerla, ad esempio, da Haniska presso Pre\u0161ov, da Radatice, da Janov, da Cemjata o da <a href=\"https:\/\/www.regionsaris.sk\/it\/nabozensky-turizmus\/kalvaria\/\" data-type=\"nabozensky-turizmus\" data-id=\"2607\">del Calvario di Pre\u0161ov<\/a>. Molti dei percorsi di accesso sono brevi e, secondo il portale turistico regionale, la maggior parte di essi non supera i 2 chilometri circa.\u00a0<\/p>\n\n\n\n<p class=\"wp-block-paragraph\">Un\u2019altra opzione interessante \u00e8 il percorso che parte da Kalv\u00e1ria lungo il tragitto noto come \u201cTri jarky\u201d, utilizzato dai ciclisti come percorso di salita. I dintorni della torre panoramica sono ideali non solo per l\u2019escursionismo a piedi, ma anche per le gite in bicicletta. I sentieri e le strade forestali consentono di includere la collina di Malkovsk\u00e1 in un\u2019escursione attiva nei dintorni di Pre\u0161ov.\u00a0<\/p>\n\n\n\n<h2 class=\"wp-block-heading\">Un posto per una breve gita<\/h2>\n\n\n\n<p class=\"wp-block-paragraph\">Il vantaggio di questo belvedere \u00e8 la sua posizione nelle vicinanze del capoluogo di regione. La visita non deve quindi necessariamente comportare un'escursione di un'intera giornata: pu\u00f2 essere parte di una passeggiata pi\u00f9 breve o di una gita spontanea nella natura. Lungo il percorso si trovano gazebo e panchine che offrono uno spazio per riposarsi.\u00a0<\/p>\n\n\n\n<p class=\"wp-block-paragraph\">Il belvedere sulla collina di Malkovsk\u00e1 \u00e8 quindi una meta ideale per i visitatori che desiderano unire un soggiorno nella natura a una vista panoramica. Grazie alla sua accessibilit\u00e0 da diverse direzioni, \u00e8 uno dei luoghi pi\u00f9 interessanti da visitare nelle immediate vicinanze di Pre\u0161ov.<\/p>\n\n\n\n<p class=\"wp-block-paragraph\">Fonte: OOCR R\u0160<br>Fonte delle foto: OOCR R\u0160<\/p>","protected":false},"featured_media":6188,"template":"","meta":{"_acf_changed":true},"kategoria-poi":[193,100,275,107],"lokalita":[28],"sezona-poi":[12],"trvanie-vyletu":[180,194],"class_list":["post-6187","pre-rodiny","type-pre-rodiny","status-publish","has-post-thumbnail","hentry","kategoria-poi-cyklo-pre-rodiny","kategoria-poi-pre-rodiny","kategoria-poi-rozhladne","kategoria-poi-turistika","lokalita-presov-a-okolie","sezona-poi-celorocne","trvanie-vyletu-poldenne-vylety","trvanie-vyletu-skolske-vylety"],"acf":[],"_links":{"self":[{"href":"https:\/\/www.regionsaris.sk\/it\/wp-json\/wp\/v2\/pre-rodiny\/6187","targetHints":{"allow":["GET"]}}],"collection":[{"href":"https:\/\/www.regionsaris.sk\/it\/wp-json\/wp\/v2\/pre-rodiny"}],"about":[{"href":"https:\/\/www.regionsaris.sk\/it\/wp-json\/wp\/v2\/types\/pre-rodiny"}],"wp:featuredmedia":[{"embeddable":true,"href":"https:\/\/www.regionsaris.sk\/it\/wp-json\/wp\/v2\/media\/6188"}],"wp:attachment":[{"href":"https:\/\/www.regionsaris.sk\/it\/wp-json\/wp\/v2\/media?parent=6187"}],"wp:term":[{"taxonomy":"kategoria-poi","embeddable":true,"href":"https:\/\/www.regionsaris.sk\/it\/wp-json\/wp\/v2\/kategoria-poi?post=6187"},{"taxonomy":"lokalita","embeddable":true,"href":"https:\/\/www.regionsaris.sk\/it\/wp-json\/wp\/v2\/lokalita?post=6187"},{"taxonomy":"sezona-poi","embeddable":true,"href":"https:\/\/www.regionsaris.sk\/it\/wp-json\/wp\/v2\/sezona-poi?post=6187"},{"taxonomy":"trvanie-vyletu","embeddable":true,"href":"https:\/\/www.regionsaris.sk\/it\/wp-json\/wp\/v2\/trvanie-vyletu?post=6187"}],"curies":[{"name":"wp","href":"https:\/\/api.w.org\/{rel}","templated":true}]}}

Torre panoramica sulla collina di Malkovská

<p class="wp-block-paragraph"><strong>Torre panoramica sulla collina di Malkovská</strong> è uno dei punti panoramici più apprezzati della zona <a href="https://www.regionsaris.sk/it/lokalita/mesto-presov/" data-type="lokalita" data-id="26">Prešov</a>. Si trova nel parco forestale di Cemjata, sulla cima della collina di Malkovská, a un'altitudine di circa 497 m s.l.m. La torre panoramica in legno è alta 19,6 metri e offre un’ampia vista sul paesaggio dello Šariš. </p>



<h2 class="wp-block-heading">Panorama sullo Šariš e sui dintorni di Prešov</h2>



<p class="wp-block-paragraph">Dalla piattaforma panoramica si gode di una vista mozzafiato sul paesaggio circostante. Quando la visibilità è buona, è possibile osservare <strong><a href="https://www.regionsaris.sk/it/lokalita/mesto-presov/" data-type="lokalita" data-id="26">Prešov</a>, <a href="https://www.regionsaris.sk/it/historia/hrad-saris/" data-type="historia" data-id="2065">Castello di Šariš</a>, <a href="https://www.regionsaris.sk/it/historia/kapusiansky-hrad/" data-type="historia" data-id="2066">Castello di Kapušian</a>, <a href="https://pohoriecergov.sk" target="_blank" rel="noopener">catena montuosa del Čergov</a>, <a href="https://slanskevrchy.com" target="_blank" rel="noopener">Slanské vrchy</a> e la cima <a href="https://www.regionsaris.sk/it/prirodne-krasy/straz/" data-type="prirodne-krasy" data-id="3020">Guardia</a></strong>. La torre panoramica offre quindi una prospettiva interessante sui punti di interesse sia naturali che storici della regione. </p>



<p class="wp-block-paragraph">La collina di Malkovská fa parte del parco forestale di Cemjata, che offre le condizioni ideali per brevi passeggiate ed escursioni nella natura. L’escursione alla torre panoramica può essere abbinata ad altri percorsi nei dintorni di Prešov, creando così un itinerario turistico o ciclistico più lungo.</p>



<h2 class="wp-block-heading">Escursionismo e ciclismo</h2>



<p class="wp-block-paragraph">Alla torre panoramica conducono diversi sentieri segnalati. È possibile raggiungerla, ad esempio, da Haniska presso Prešov, da Radatice, da Janov, da Cemjata o da <a href="https://www.regionsaris.sk/it/nabozensky-turizmus/kalvaria/" data-type="nabozensky-turizmus" data-id="2607">del Calvario di Prešov</a>. Molti dei percorsi di accesso sono brevi e, secondo il portale turistico regionale, la maggior parte di essi non supera i 2 chilometri circa. </p>



<p class="wp-block-paragraph">Un’altra opzione interessante è il percorso che parte da Kalvária lungo il tragitto noto come “Tri jarky”, utilizzato dai ciclisti come percorso di salita. I dintorni della torre panoramica sono ideali non solo per l’escursionismo a piedi, ma anche per le gite in bicicletta. I sentieri e le strade forestali consentono di includere la collina di Malkovská in un’escursione attiva nei dintorni di Prešov. </p>



<h2 class="wp-block-heading">Un posto per una breve gita</h2>



<p class="wp-block-paragraph">Il vantaggio di questo belvedere è la sua posizione nelle vicinanze del capoluogo di regione. La visita non deve quindi necessariamente comportare un'escursione di un'intera giornata: può essere parte di una passeggiata più breve o di una gita spontanea nella natura. Lungo il percorso si trovano gazebo e panchine che offrono uno spazio per riposarsi. </p>



<p class="wp-block-paragraph">Il belvedere sulla collina di Malkovská è quindi una meta ideale per i visitatori che desiderano unire un soggiorno nella natura a una vista panoramica. Grazie alla sua accessibilità da diverse direzioni, è uno dei luoghi più interessanti da visitare nelle immediate vicinanze di Prešov.</p>



<p class="wp-block-paragraph">Fonte: OOCR RŠ<br>Fonte delle foto: OOCR RŠ</p>
