{"id":6167,"date":"2026-09-04T09:48:46","date_gmt":"2026-09-04T08:48:46","guid":{"rendered":"https:\/\/www.regionsaris.sk\/?post_type=pre-rodiny&#038;p=6167"},"modified":"2026-09-04T09:48:47","modified_gmt":"2026-09-04T08:48:47","slug":"obria-hojdacka-buce","status":"publish","type":"pre-rodiny","link":"https:\/\/www.regionsaris.sk\/it\/pre-rodiny\/obria-hojdacka-buce\/","title":{"rendered":"L'altalena gigante di B\u00fa\u010de"},"content":{"rendered":"<p class=\"wp-block-paragraph\"><strong>L'altalena gigante di Bu\u010de<\/strong>&nbsp;\u00e8 una nuova meta turistica nel massiccio di Bachure\u0148, che unisce il relax durante l'escursione alla vista sulle catene montuose circostanti. Si trova nella sella di Bu\u010de, non lontano dalla croce sopra la localit\u00e0 di Ren\u010di\u0161ov \u2013 Bu\u010de, a circa 700 metri dalla vetta&nbsp;<strong>Bu\u010de, a 1005 metri sul livello del mare<\/strong>.<\/p>\n\n\n\n<p class=\"wp-block-paragraph\">L'altalena si trova in un paesaggio montano aperto, caratterizzato da prati, e offre quindi ampie vedute sul territorio circostante. \u00c8 inoltre un importante punto di riferimento e un luogo ideale per scattare foto lungo i sentieri escursionistici che attraversano Bachure\u0148.<\/p>\n\n\n\n<h2 class=\"wp-block-heading\">Un'enorme altalena di legno<\/h2>\n\n\n\n<p class=\"wp-block-paragraph\">L'altalena in legno raggiunge un'altezza di circa&nbsp;<strong>cinque metri<\/strong>&nbsp;e pu\u00f2 essere utilizzata contemporaneamente da un massimo di cinque persone. Il sedile principale \u00e8 dotato di schienale e ai suoi lati si trovano due sedili pi\u00f9 piccoli.<\/p>\n\n\n\n<p class=\"wp-block-paragraph\">La sua collocazione rispetta il carattere naturale del luogo e offre uno spazio per una breve sosta durante un'escursione a piedi o in bicicletta. Grazie alle sue dimensioni, l\u2019altalena \u00e8 visibile gi\u00e0 da una certa distanza e integra in modo naturale le infrastrutture turistiche di questa parte della catena montuosa.<\/p>\n\n\n\n<h2 class=\"wp-block-heading\">Panorami dalla localit\u00e0 di Bu\u010de<\/h2>\n\n\n\n<p class=\"wp-block-paragraph\">Una delle principali attrazioni del luogo \u00e8\u00a0<strong>vista sulle catene montuose circostanti<\/strong>. Dai pendii erbosi e scoperti \u00e8 possibile ammirare, ad esempio, il Branisko, la parte orientale dei Bassi Tati, i Tati di Belianske, <a href=\"https:\/\/pohoriecergov.sk\" target=\"_blank\" rel=\"noopener\">Chergov<\/a> o <a href=\"https:\/\/slanskevrchy.com\" target=\"_blank\" rel=\"noopener\">Slansk\u00e9 vrchy<\/a>.<\/p>\n\n\n\n<p class=\"wp-block-paragraph\">I panorami pi\u00f9 belli si aprono proprio dai tratti di crinale, quindi vale la pena abbinare la visita all\u2019altalena al proseguimento del percorso escursionistico e non limitarsi solo al punto panoramico.<\/p>\n\n\n\n<h2 class=\"wp-block-heading\">Come raggiungere l'altalena di Bu\u010de<\/h2>\n\n\n\n<p class=\"wp-block-paragraph\">All\u2019altalena conducono diversi sentieri escursionistici. Una delle possibilit\u00e0 \u00e8&nbsp;<strong>percorso da Lipovce seguendo il segnavia giallo<\/strong>, che si estende per poco meno di tre chilometri e presenta un dislivello di circa 360 metri. La salita dura circa un\u2019ora e mezza.<\/p>\n\n\n\n<p class=\"wp-block-paragraph\">Altre opzioni sono offerte dai percorsi da&nbsp;<strong>La\u010dnova, Ren\u010di\u0161ova o Hermanoviec<\/strong>. I ciclisti possono percorrere, ad esempio, la pista ciclabile verde che parte da La\u010dnov oppure un percorso pi\u00f9 lungo che segue il segnavia rosso attraverso il passo di Magura.<\/p>\n\n\n\n<p class=\"wp-block-paragraph\">Uno dei vantaggi di questa localit\u00e0 \u00e8 la possibilit\u00e0 di organizzare un\u2019escursione partendo da diverse direzioni e di abbinare la visita all\u2019altalena ad altre localit\u00e0 del massiccio del Bachure\u0148.<\/p>\n\n\n\n<h2 class=\"wp-block-heading\">L'altalena come parte di un percorso turistico<\/h2>\n\n\n\n<p class=\"wp-block-paragraph\">L\u2019altalena gigante di Bu\u010de non \u00e8 una meta a s\u00e9 stante, ma soprattutto&nbsp;<strong>una tappa lungo il percorso turistico<\/strong>. Dai suoi dintorni \u00e8 possibile proseguire, ad esempio, in direzione di&nbsp;<strong>Mind\u017eov\u00e1 e la torre panoramica di Mind\u017eov\u00e1<\/strong>, che raggiunge un\u2019altezza di 13,5 metri e si trova nei pressi del rifugio Chot\u00e1rna.<\/p>\n\n\n\n<p class=\"wp-block-paragraph\">Un\u2019altra possibilit\u00e0 \u00e8 quella di proseguire attraverso il valico di Magura o in direzione di La\u010dnov. L\u2019escursione pu\u00f2 poi essere estesa con\u00a0<a href=\"https:\/\/www.regionsaris.sk\/it\/prirodne-krasy\/lacnovska-tiesnava\/\" data-type=\"prirodne-krasy\" data-id=\"2772\">Il canyon di La\u010dnov<\/a>, <a href=\"https:\/\/www.regionsaris.sk\/it\/prirodne-krasy\/lacnovska-anomalia\/\" data-type=\"prirodne-krasy\" data-id=\"2774\">L'anomalia gravitazionale di La\u010dnov<\/a>, <a href=\"https:\/\/www.regionsaris.sk\/it\/prirodne-krasy\/vyhliadka-srdiecko-lipovce\/\" data-type=\"prirodne-krasy\" data-id=\"3005\">belvedere \u201cCuoricino\u201d<\/a> o <a href=\"https:\/\/www.regionsaris.sk\/it\/prirodne-krasy\/jaskyna-zla-diera-2\/\" data-type=\"prirodne-krasy\" data-id=\"5971\">la grotta Zl\u00e1 diera<\/a>.<\/p>\n\n\n\n<p class=\"wp-block-paragraph\">L\u2019altalena gigante di Bu\u010de rappresenta quindi una tappa pratica durante l\u2019esplorazione&nbsp;<strong>la catena montuosa di Bachure\u0148 e le attrazioni naturali della regione di \u0160ari\u0161<\/strong>. Grazie alla combinazione di panorami, percorsi escursionistici e aree naturali nelle vicinanze, pu\u00f2 essere sia una breve gita che un'escursione pi\u00f9 lunga di un'intera giornata.<\/p>\n\n\n\n<p class=\"wp-block-paragraph\">Fonte: Regione di Pre\u0161ov<br>Fonte delle foto: Regione di Pre\u0161ov<\/p>","protected":false},"featured_media":6168,"template":"","meta":{"_acf_changed":true},"kategoria-poi":[100,107,273],"lokalita":[28],"sezona-poi":[13,15,14],"trvanie-vyletu":[180],"class_list":["post-6167","pre-rodiny","type-pre-rodiny","status-publish","has-post-thumbnail","hentry","kategoria-poi-pre-rodiny","kategoria-poi-turistika","kategoria-poi-zaujimavosti","lokalita-presov-a-okolie","sezona-poi-jar","sezona-poi-jesen","sezona-poi-leto","trvanie-vyletu-poldenne-vylety"],"acf":[],"_links":{"self":[{"href":"https:\/\/www.regionsaris.sk\/it\/wp-json\/wp\/v2\/pre-rodiny\/6167","targetHints":{"allow":["GET"]}}],"collection":[{"href":"https:\/\/www.regionsaris.sk\/it\/wp-json\/wp\/v2\/pre-rodiny"}],"about":[{"href":"https:\/\/www.regionsaris.sk\/it\/wp-json\/wp\/v2\/types\/pre-rodiny"}],"wp:featuredmedia":[{"embeddable":true,"href":"https:\/\/www.regionsaris.sk\/it\/wp-json\/wp\/v2\/media\/6168"}],"wp:attachment":[{"href":"https:\/\/www.regionsaris.sk\/it\/wp-json\/wp\/v2\/media?parent=6167"}],"wp:term":[{"taxonomy":"kategoria-poi","embeddable":true,"href":"https:\/\/www.regionsaris.sk\/it\/wp-json\/wp\/v2\/kategoria-poi?post=6167"},{"taxonomy":"lokalita","embeddable":true,"href":"https:\/\/www.regionsaris.sk\/it\/wp-json\/wp\/v2\/lokalita?post=6167"},{"taxonomy":"sezona-poi","embeddable":true,"href":"https:\/\/www.regionsaris.sk\/it\/wp-json\/wp\/v2\/sezona-poi?post=6167"},{"taxonomy":"trvanie-vyletu","embeddable":true,"href":"https:\/\/www.regionsaris.sk\/it\/wp-json\/wp\/v2\/trvanie-vyletu?post=6167"}],"curies":[{"name":"wp","href":"https:\/\/api.w.org\/{rel}","templated":true}]}}

L'altalena gigante di Búče

<p class="wp-block-paragraph"><strong>L'altalena gigante di Buče</strong>&nbsp;è una nuova meta turistica nel massiccio di Bachureň, che unisce il relax durante l'escursione alla vista sulle catene montuose circostanti. Si trova nella sella di Buče, non lontano dalla croce sopra la località di Renčišov – Buče, a circa 700 metri dalla vetta&nbsp;<strong>Buče, a 1005 metri sul livello del mare</strong>.</p>



<p class="wp-block-paragraph">L'altalena si trova in un paesaggio montano aperto, caratterizzato da prati, e offre quindi ampie vedute sul territorio circostante. È inoltre un importante punto di riferimento e un luogo ideale per scattare foto lungo i sentieri escursionistici che attraversano Bachureň.</p>



<h2 class="wp-block-heading">Un'enorme altalena di legno</h2>



<p class="wp-block-paragraph">L'altalena in legno raggiunge un'altezza di circa&nbsp;<strong>cinque metri</strong>&nbsp;e può essere utilizzata contemporaneamente da un massimo di cinque persone. Il sedile principale è dotato di schienale e ai suoi lati si trovano due sedili più piccoli.</p>



<p class="wp-block-paragraph">La sua collocazione rispetta il carattere naturale del luogo e offre uno spazio per una breve sosta durante un'escursione a piedi o in bicicletta. Grazie alle sue dimensioni, l’altalena è visibile già da una certa distanza e integra in modo naturale le infrastrutture turistiche di questa parte della catena montuosa.</p>



<h2 class="wp-block-heading">Panorami dalla località di Buče</h2>



<p class="wp-block-paragraph">Una delle principali attrazioni del luogo è <strong>vista sulle catene montuose circostanti</strong>. Dai pendii erbosi e scoperti è possibile ammirare, ad esempio, il Branisko, la parte orientale dei Bassi Tati, i Tati di Belianske, <a href="https://pohoriecergov.sk" target="_blank" rel="noopener">Chergov</a> o <a href="https://slanskevrchy.com" target="_blank" rel="noopener">Slanské vrchy</a>.</p>



<p class="wp-block-paragraph">I panorami più belli si aprono proprio dai tratti di crinale, quindi vale la pena abbinare la visita all’altalena al proseguimento del percorso escursionistico e non limitarsi solo al punto panoramico.</p>



<h2 class="wp-block-heading">Come raggiungere l'altalena di Buče</h2>



<p class="wp-block-paragraph">All’altalena conducono diversi sentieri escursionistici. Una delle possibilità è&nbsp;<strong>percorso da Lipovce seguendo il segnavia giallo</strong>, che si estende per poco meno di tre chilometri e presenta un dislivello di circa 360 metri. La salita dura circa un’ora e mezza.</p>



<p class="wp-block-paragraph">Altre opzioni sono offerte dai percorsi da&nbsp;<strong>Lačnova, Renčišova o Hermanoviec</strong>. I ciclisti possono percorrere, ad esempio, la pista ciclabile verde che parte da Lačnov oppure un percorso più lungo che segue il segnavia rosso attraverso il passo di Magura.</p>



<p class="wp-block-paragraph">Uno dei vantaggi di questa località è la possibilità di organizzare un’escursione partendo da diverse direzioni e di abbinare la visita all’altalena ad altre località del massiccio del Bachureň.</p>



<h2 class="wp-block-heading">L'altalena come parte di un percorso turistico</h2>



<p class="wp-block-paragraph">L’altalena gigante di Buče non è una meta a sé stante, ma soprattutto&nbsp;<strong>una tappa lungo il percorso turistico</strong>. Dai suoi dintorni è possibile proseguire, ad esempio, in direzione di&nbsp;<strong>Mindžová e la torre panoramica di Mindžová</strong>, che raggiunge un’altezza di 13,5 metri e si trova nei pressi del rifugio Chotárna.</p>



<p class="wp-block-paragraph">Un’altra possibilità è quella di proseguire attraverso il valico di Magura o in direzione di Lačnov. L’escursione può poi essere estesa con <a href="https://www.regionsaris.sk/it/prirodne-krasy/lacnovska-tiesnava/" data-type="prirodne-krasy" data-id="2772">Il canyon di Lačnov</a>, <a href="https://www.regionsaris.sk/it/prirodne-krasy/lacnovska-anomalia/" data-type="prirodne-krasy" data-id="2774">L'anomalia gravitazionale di Lačnov</a>, <a href="https://www.regionsaris.sk/it/prirodne-krasy/vyhliadka-srdiecko-lipovce/" data-type="prirodne-krasy" data-id="3005">belvedere “Cuoricino”</a> o <a href="https://www.regionsaris.sk/it/prirodne-krasy/jaskyna-zla-diera-2/" data-type="prirodne-krasy" data-id="5971">la grotta Zlá diera</a>.</p>



<p class="wp-block-paragraph">L’altalena gigante di Buče rappresenta quindi una tappa pratica durante l’esplorazione&nbsp;<strong>la catena montuosa di Bachureň e le attrazioni naturali della regione di Šariš</strong>. Grazie alla combinazione di panorami, percorsi escursionistici e aree naturali nelle vicinanze, può essere sia una breve gita che un'escursione più lunga di un'intera giornata.</p>



<p class="wp-block-paragraph">Fonte: Regione di Prešov<br>Fonte delle foto: Regione di Prešov</p>
