{"id":3861,"date":"2026-02-24T15:30:13","date_gmt":"2026-02-24T14:30:13","guid":{"rendered":"https:\/\/www.regionsaris.sk\/?post_type=podujatie&#038;p=3861"},"modified":"2026-02-24T15:32:35","modified_gmt":"2026-02-24T14:32:35","slug":"jarne-prazdniny-na-hrade-saris","status":"publish","type":"podujatie","link":"https:\/\/www.regionsaris.sk\/it\/podujatie\/jarne-prazdniny-na-hrade-saris\/","title":{"rendered":"Vacanze di primavera al Castello di \u0160ari\u0161"},"content":{"rendered":"<p><strong>Quando:<\/strong> 2.-6.3.2026<br><strong>Dove:<\/strong> Castello e parco archeologico di \u0160ari\u0161 Ve\u013ek\u00fd \u0160ari\u0161<br><strong>Orari di apertura:<\/strong> tutti i giorni 10:00-16:00<\/p>\n\n\n\n<p>Il Castello di \u0160ari\u0161 apre eccezionalmente i suoi cancelli durante l'intera settimana di vacanze primaverili. Venite a godervi giornate piene di divertimento, relax, esperienze e a celebrare con noi l'atmosfera della primavera che si avvicina. Vi aspettano attivit\u00e0 che trasformeranno la vostra visita al castello in una spedizione indimenticabile.\u00a0<\/p>\n\n\n\n<p>&nbsp;Luned\u00ec avrete l'opportunit\u00e0 unica di sbirciare nel misterioso lapidario della Torre del Donjon.<\/p>\n\n\n\n<p>Il marted\u00ec \u00e8 dedicato esclusivamente all'avventurosa ricerca del tesoro perduto nel cortile del castello, al termine della quale una dolce ricompensa attende i piccoli esploratori e avventurieri.<\/p>\n\n\n\n<p>&nbsp;Il mercoled\u00ec vi immergerete nella magia degli sport medievali, dove potrete mettere alla prova le vostre abilit\u00e0 di tiro con l'arco o misurare la vostra forza nel tiro alla fune.&nbsp;<\/p>\n\n\n\n<p>&nbsp;Gioved\u00ec si imparer\u00e0 a spedire la posta del castello - sigillando le buste con il sigillo del castello - e i creativi grandi e piccini si cimenteranno in un'attivit\u00e0 di disegno e colorazione.<\/p>\n\n\n\n<p>Il venerd\u00ec scoprirete l'unicit\u00e0 della cucina medievale con la preparazione delle pos\u00fachas nel forno del castello, che potrete anche cuocere voi stessi!&nbsp;<\/p>\n\n\n\n<p>Portate la vostra famiglia, gli amici e i bambini in vacanza e godetevi una bella passeggiata all'aria aperta con vista dalla Torre del Donjon. Siamo aperti tutta la settimana dalle 10.00 alle 16.00. Vi aspettiamo!<\/p>","protected":false},"featured_media":3862,"template":"","meta":{"_acf_changed":true},"kategoria-podujatia":[],"lokalita":[28],"class_list":["post-3861","podujatie","type-podujatie","status-publish","has-post-thumbnail","hentry","lokalita-presov-a-okolie"],"acf":[],"yoast_head":"<!-- This site is optimized with the Yoast SEO Premium plugin v26.3 (Yoast SEO v26.8) - https:\/\/yoast.com\/product\/yoast-seo-premium-wordpress\/ -->\n<title>Jarn\u00e9 pr\u00e1zdniny na Hrade \u0160ari\u0161 - OOCR \u0160ari\u0161<\/title>\n<meta name=\"description\" content=\"Pr\u00ed\u010fte si vychutna\u0165 jarn\u00e9 po\u010dasie po\u010das jarn\u00fdch pr\u00e1zdnin na Hrad \u0160ari\u0161, kde v\u00e1s \u010dak\u00e1 bohat\u00fd program po\u010das cel\u00e9ho t\u00fd\u017ed\u0148a.\" \/>\n<meta name=\"robots\" content=\"index, follow, max-snippet:-1, max-image-preview:large, max-video-preview:-1\" \/>\n<link rel=\"canonical\" href=\"https:\/\/www.regionsaris.sk\/it\/podujatie\/jarne-prazdniny-na-hrade-saris\/\" \/>\n<meta property=\"og:locale\" content=\"it_IT\" \/>\n<meta property=\"og:type\" content=\"article\" \/>\n<meta property=\"og:title\" content=\"Jarn\u00e9 pr\u00e1zdniny na Hrade \u0160ari\u0161\" \/>\n<meta property=\"og:description\" content=\"Pr\u00ed\u010fte si vychutna\u0165 jarn\u00e9 po\u010dasie po\u010das jarn\u00fdch pr\u00e1zdnin na Hrad \u0160ari\u0161, kde v\u00e1s \u010dak\u00e1 bohat\u00fd program po\u010das cel\u00e9ho t\u00fd\u017ed\u0148a.\" \/>\n<meta property=\"og:url\" content=\"https:\/\/www.regionsaris.sk\/it\/podujatie\/jarne-prazdniny-na-hrade-saris\/\" \/>\n<meta property=\"og:site_name\" content=\"OOCR \u0160ari\u0161\" \/>\n<meta property=\"article:modified_time\" content=\"2026-02-24T14:32:35+00:00\" \/>\n<meta property=\"og:image\" content=\"https:\/\/www.regionsaris.sk\/wp-content\/uploads\/2026\/02\/jarne-prazdnina-na-hrade-saris.jpg\" \/>\n\t<meta property=\"og:image:width\" content=\"1414\" \/>\n\t<meta property=\"og:image:height\" content=\"2000\" \/>\n\t<meta property=\"og:image:type\" content=\"image\/jpeg\" \/>\n<meta name=\"twitter:card\" content=\"summary_large_image\" \/>\n<meta name=\"twitter:label1\" content=\"Tempo di lettura stimato\" \/>\n\t<meta name=\"twitter:data1\" content=\"2 minuti\" \/>\n<script type=\"application\/ld+json\" class=\"yoast-schema-graph\">{\"@context\":\"https:\/\/schema.org\",\"@graph\":[{\"@type\":\"WebPage\",\"@id\":\"https:\/\/www.regionsaris.sk\/podujatie\/jarne-prazdniny-na-hrade-saris\/\",\"url\":\"https:\/\/www.regionsaris.sk\/podujatie\/jarne-prazdniny-na-hrade-saris\/\",\"name\":\"Jarn\u00e9 pr\u00e1zdniny na Hrade \u0160ari\u0161 - OOCR \u0160ari\u0161\",\"isPartOf\":{\"@id\":\"https:\/\/www.regionsaris.sk\/#website\"},\"primaryImageOfPage\":{\"@id\":\"https:\/\/www.regionsaris.sk\/podujatie\/jarne-prazdniny-na-hrade-saris\/#primaryimage\"},\"image\":{\"@id\":\"https:\/\/www.regionsaris.sk\/podujatie\/jarne-prazdniny-na-hrade-saris\/#primaryimage\"},\"thumbnailUrl\":\"https:\/\/www.regionsaris.sk\/wp-content\/uploads\/2026\/02\/jarne-prazdnina-na-hrade-saris.jpg\",\"datePublished\":\"2026-02-24T14:30:13+00:00\",\"dateModified\":\"2026-02-24T14:32:35+00:00\",\"description\":\"Pr\u00ed\u010fte si vychutna\u0165 jarn\u00e9 po\u010dasie po\u010das jarn\u00fdch pr\u00e1zdnin na Hrad \u0160ari\u0161, kde v\u00e1s \u010dak\u00e1 bohat\u00fd program po\u010das cel\u00e9ho t\u00fd\u017ed\u0148a.\",\"breadcrumb\":{\"@id\":\"https:\/\/www.regionsaris.sk\/podujatie\/jarne-prazdniny-na-hrade-saris\/#breadcrumb\"},\"inLanguage\":\"it-IT\",\"potentialAction\":[{\"@type\":\"ReadAction\",\"target\":[\"https:\/\/www.regionsaris.sk\/podujatie\/jarne-prazdniny-na-hrade-saris\/\"]}]},{\"@type\":\"ImageObject\",\"inLanguage\":\"it-IT\",\"@id\":\"https:\/\/www.regionsaris.sk\/podujatie\/jarne-prazdniny-na-hrade-saris\/#primaryimage\",\"url\":\"https:\/\/www.regionsaris.sk\/wp-content\/uploads\/2026\/02\/jarne-prazdnina-na-hrade-saris.jpg\",\"contentUrl\":\"https:\/\/www.regionsaris.sk\/wp-content\/uploads\/2026\/02\/jarne-prazdnina-na-hrade-saris.jpg\",\"width\":1414,\"height\":2000},{\"@type\":\"BreadcrumbList\",\"@id\":\"https:\/\/www.regionsaris.sk\/podujatie\/jarne-prazdniny-na-hrade-saris\/#breadcrumb\",\"itemListElement\":[{\"@type\":\"ListItem\",\"position\":1,\"name\":\"Domov\",\"item\":\"https:\/\/www.regionsaris.sk\/\"},{\"@type\":\"ListItem\",\"position\":2,\"name\":\"Podujatia\",\"item\":\"https:\/\/www.regionsaris.sk\/vsetky-podujatia\/\"},{\"@type\":\"ListItem\",\"position\":3,\"name\":\"Jarn\u00e9 pr\u00e1zdniny na Hrade \u0160ari\u0161\"}]},{\"@type\":\"WebSite\",\"@id\":\"https:\/\/www.regionsaris.sk\/#website\",\"url\":\"https:\/\/www.regionsaris.sk\/\",\"name\":\"OOCR \u0160ari\u0161\",\"description\":\"\",\"potentialAction\":[{\"@type\":\"SearchAction\",\"target\":{\"@type\":\"EntryPoint\",\"urlTemplate\":\"https:\/\/www.regionsaris.sk\/?s={search_term_string}\"},\"query-input\":{\"@type\":\"PropertyValueSpecification\",\"valueRequired\":true,\"valueName\":\"search_term_string\"}}],\"inLanguage\":\"it-IT\"}]}<\/script>\n<!-- \/ Yoast SEO Premium plugin. -->","yoast_head_json":{"title":"Jarn\u00e9 pr\u00e1zdniny na Hrade \u0160ari\u0161 - OOCR \u0160ari\u0161","description":"Pr\u00ed\u010fte si vychutna\u0165 jarn\u00e9 po\u010dasie po\u010das jarn\u00fdch pr\u00e1zdnin na Hrad \u0160ari\u0161, kde v\u00e1s \u010dak\u00e1 bohat\u00fd program po\u010das cel\u00e9ho t\u00fd\u017ed\u0148a.","robots":{"index":"index","follow":"follow","max-snippet":"max-snippet:-1","max-image-preview":"max-image-preview:large","max-video-preview":"max-video-preview:-1"},"canonical":"https:\/\/www.regionsaris.sk\/it\/podujatie\/jarne-prazdniny-na-hrade-saris\/","og_locale":"it_IT","og_type":"article","og_title":"Jarn\u00e9 pr\u00e1zdniny na Hrade \u0160ari\u0161","og_description":"Pr\u00ed\u010fte si vychutna\u0165 jarn\u00e9 po\u010dasie po\u010das jarn\u00fdch pr\u00e1zdnin na Hrad \u0160ari\u0161, kde v\u00e1s \u010dak\u00e1 bohat\u00fd program po\u010das cel\u00e9ho t\u00fd\u017ed\u0148a.","og_url":"https:\/\/www.regionsaris.sk\/it\/podujatie\/jarne-prazdniny-na-hrade-saris\/","og_site_name":"OOCR \u0160ari\u0161","article_modified_time":"2026-02-24T14:32:35+00:00","og_image":[{"width":1414,"height":2000,"url":"https:\/\/www.regionsaris.sk\/wp-content\/uploads\/2026\/02\/jarne-prazdnina-na-hrade-saris.jpg","type":"image\/jpeg"}],"twitter_card":"summary_large_image","twitter_misc":{"Tempo di lettura stimato":"2 minuti"},"schema":{"@context":"https:\/\/schema.org","@graph":[{"@type":"WebPage","@id":"https:\/\/www.regionsaris.sk\/podujatie\/jarne-prazdniny-na-hrade-saris\/","url":"https:\/\/www.regionsaris.sk\/podujatie\/jarne-prazdniny-na-hrade-saris\/","name":"Jarn\u00e9 pr\u00e1zdniny na Hrade \u0160ari\u0161 - OOCR \u0160ari\u0161","isPartOf":{"@id":"https:\/\/www.regionsaris.sk\/#website"},"primaryImageOfPage":{"@id":"https:\/\/www.regionsaris.sk\/podujatie\/jarne-prazdniny-na-hrade-saris\/#primaryimage"},"image":{"@id":"https:\/\/www.regionsaris.sk\/podujatie\/jarne-prazdniny-na-hrade-saris\/#primaryimage"},"thumbnailUrl":"https:\/\/www.regionsaris.sk\/wp-content\/uploads\/2026\/02\/jarne-prazdnina-na-hrade-saris.jpg","datePublished":"2026-02-24T14:30:13+00:00","dateModified":"2026-02-24T14:32:35+00:00","description":"Pr\u00ed\u010fte si vychutna\u0165 jarn\u00e9 po\u010dasie po\u010das jarn\u00fdch pr\u00e1zdnin na Hrad \u0160ari\u0161, kde v\u00e1s \u010dak\u00e1 bohat\u00fd program po\u010das cel\u00e9ho t\u00fd\u017ed\u0148a.","breadcrumb":{"@id":"https:\/\/www.regionsaris.sk\/podujatie\/jarne-prazdniny-na-hrade-saris\/#breadcrumb"},"inLanguage":"it-IT","potentialAction":[{"@type":"ReadAction","target":["https:\/\/www.regionsaris.sk\/podujatie\/jarne-prazdniny-na-hrade-saris\/"]}]},{"@type":"ImageObject","inLanguage":"it-IT","@id":"https:\/\/www.regionsaris.sk\/podujatie\/jarne-prazdniny-na-hrade-saris\/#primaryimage","url":"https:\/\/www.regionsaris.sk\/wp-content\/uploads\/2026\/02\/jarne-prazdnina-na-hrade-saris.jpg","contentUrl":"https:\/\/www.regionsaris.sk\/wp-content\/uploads\/2026\/02\/jarne-prazdnina-na-hrade-saris.jpg","width":1414,"height":2000},{"@type":"BreadcrumbList","@id":"https:\/\/www.regionsaris.sk\/podujatie\/jarne-prazdniny-na-hrade-saris\/#breadcrumb","itemListElement":[{"@type":"ListItem","position":1,"name":"Domov","item":"https:\/\/www.regionsaris.sk\/"},{"@type":"ListItem","position":2,"name":"Podujatia","item":"https:\/\/www.regionsaris.sk\/vsetky-podujatia\/"},{"@type":"ListItem","position":3,"name":"Jarn\u00e9 pr\u00e1zdniny na Hrade \u0160ari\u0161"}]},{"@type":"WebSite","@id":"https:\/\/www.regionsaris.sk\/#website","url":"https:\/\/www.regionsaris.sk\/","name":"OOCR \u0160ari\u0161","description":"","potentialAction":[{"@type":"SearchAction","target":{"@type":"EntryPoint","urlTemplate":"https:\/\/www.regionsaris.sk\/?s={search_term_string}"},"query-input":{"@type":"PropertyValueSpecification","valueRequired":true,"valueName":"search_term_string"}}],"inLanguage":"it-IT"}]}},"_links":{"self":[{"href":"https:\/\/www.regionsaris.sk\/it\/wp-json\/wp\/v2\/podujatie\/3861","targetHints":{"allow":["GET"]}}],"collection":[{"href":"https:\/\/www.regionsaris.sk\/it\/wp-json\/wp\/v2\/podujatie"}],"about":[{"href":"https:\/\/www.regionsaris.sk\/it\/wp-json\/wp\/v2\/types\/podujatie"}],"wp:featuredmedia":[{"embeddable":true,"href":"https:\/\/www.regionsaris.sk\/it\/wp-json\/wp\/v2\/media\/3862"}],"wp:attachment":[{"href":"https:\/\/www.regionsaris.sk\/it\/wp-json\/wp\/v2\/media?parent=3861"}],"wp:term":[{"taxonomy":"kategoria-podujatia","embeddable":true,"href":"https:\/\/www.regionsaris.sk\/it\/wp-json\/wp\/v2\/kategoria-podujatia?post=3861"},{"taxonomy":"lokalita","embeddable":true,"href":"https:\/\/www.regionsaris.sk\/it\/wp-json\/wp\/v2\/lokalita?post=3861"}],"curies":[{"name":"wp","href":"https:\/\/api.w.org\/{rel}","templated":true}]}}

Vacanze di primavera al Castello di Šariš

<p><strong>Quando:</strong> 2.-6.3.2026<br><strong>Dove:</strong> Castello e parco archeologico di Šariš Veľký Šariš<br><strong>Orari di apertura:</strong> tutti i giorni 10:00-16:00</p>



<p>Il Castello di Šariš apre eccezionalmente i suoi cancelli durante l'intera settimana di vacanze primaverili. Venite a godervi giornate piene di divertimento, relax, esperienze e a celebrare con noi l'atmosfera della primavera che si avvicina. Vi aspettano attività che trasformeranno la vostra visita al castello in una spedizione indimenticabile. </p>



<p>&nbsp;Lunedì avrete l'opportunità unica di sbirciare nel misterioso lapidario della Torre del Donjon.</p>



<p>Il martedì è dedicato esclusivamente all'avventurosa ricerca del tesoro perduto nel cortile del castello, al termine della quale una dolce ricompensa attende i piccoli esploratori e avventurieri.</p>



<p>&nbsp;Il mercoledì vi immergerete nella magia degli sport medievali, dove potrete mettere alla prova le vostre abilità di tiro con l'arco o misurare la vostra forza nel tiro alla fune.&nbsp;</p>



<p>&nbsp;Giovedì si imparerà a spedire la posta del castello - sigillando le buste con il sigillo del castello - e i creativi grandi e piccini si cimenteranno in un'attività di disegno e colorazione.</p>



<p>Il venerdì scoprirete l'unicità della cucina medievale con la preparazione delle posúchas nel forno del castello, che potrete anche cuocere voi stessi!&nbsp;</p>



<p>Portate la vostra famiglia, gli amici e i bambini in vacanza e godetevi una bella passeggiata all'aria aperta con vista dalla Torre del Donjon. Siamo aperti tutta la settimana dalle 10.00 alle 16.00. Vi aspettiamo!</p>

<!-- This site is optimized with the Yoast SEO Premium plugin v26.3 (Yoast SEO v26.8) - https://yoast.com/product/yoast-seo-premium-wordpress/ -->
<title>Jarné prázdniny na Hrade Šariš - OOCR Šariš</title>
<meta name="description" content="Príďte si vychutnať jarné počasie počas jarných prázdnin na Hrad Šariš, kde vás čaká bohatý program počas celého týždňa." />
<meta name="robots" content="index, follow, max-snippet:-1, max-image-preview:large, max-video-preview:-1" />
<link rel="canonical" href="https://www.regionsaris.sk/it/podujatie/jarne-prazdniny-na-hrade-saris/" />
<meta property="og:locale" content="it_IT" />
<meta property="og:type" content="article" />
<meta property="og:title" content="Jarné prázdniny na Hrade Šariš" />
<meta property="og:description" content="Príďte si vychutnať jarné počasie počas jarných prázdnin na Hrad Šariš, kde vás čaká bohatý program počas celého týždňa." />
<meta property="og:url" content="https://www.regionsaris.sk/it/podujatie/jarne-prazdniny-na-hrade-saris/" />
<meta property="og:site_name" content="OOCR Šariš" />
<meta property="article:modified_time" content="2026-02-24T14:32:35+00:00" />
<meta property="og:image" content="https://www.regionsaris.sk/wp-content/uploads/2026/02/jarne-prazdnina-na-hrade-saris.jpg" />
	<meta property="og:image:width" content="1414" />
	<meta property="og:image:height" content="2000" />
	<meta property="og:image:type" content="image/jpeg" />
<meta name="twitter:card" content="summary_large_image" />
<meta name="twitter:label1" content="Tempo di lettura stimato" />
	<meta name="twitter:data1" content="2 minuti" />
<script type="application/ld+json" class="yoast-schema-graph">{"@context":"https://schema.org","@graph":[{"@type":"WebPage","@id":"https://www.regionsaris.sk/podujatie/jarne-prazdniny-na-hrade-saris/","url":"https://www.regionsaris.sk/podujatie/jarne-prazdniny-na-hrade-saris/","name":"Jarné prázdniny na Hrade Šariš - OOCR Šariš","isPartOf":{"@id":"https://www.regionsaris.sk/#website"},"primaryImageOfPage":{"@id":"https://www.regionsaris.sk/podujatie/jarne-prazdniny-na-hrade-saris/#primaryimage"},"image":{"@id":"https://www.regionsaris.sk/podujatie/jarne-prazdniny-na-hrade-saris/#primaryimage"},"thumbnailUrl":"https://www.regionsaris.sk/wp-content/uploads/2026/02/jarne-prazdnina-na-hrade-saris.jpg","datePublished":"2026-02-24T14:30:13+00:00","dateModified":"2026-02-24T14:32:35+00:00","description":"Príďte si vychutnať jarné počasie počas jarných prázdnin na Hrad Šariš, kde vás čaká bohatý program počas celého týždňa.","breadcrumb":{"@id":"https://www.regionsaris.sk/podujatie/jarne-prazdniny-na-hrade-saris/#breadcrumb"},"inLanguage":"it-IT","potentialAction":[{"@type":"ReadAction","target":["https://www.regionsaris.sk/podujatie/jarne-prazdniny-na-hrade-saris/"]}]},{"@type":"ImageObject","inLanguage":"it-IT","@id":"https://www.regionsaris.sk/podujatie/jarne-prazdniny-na-hrade-saris/#primaryimage","url":"https://www.regionsaris.sk/wp-content/uploads/2026/02/jarne-prazdnina-na-hrade-saris.jpg","contentUrl":"https://www.regionsaris.sk/wp-content/uploads/2026/02/jarne-prazdnina-na-hrade-saris.jpg","width":1414,"height":2000},{"@type":"BreadcrumbList","@id":"https://www.regionsaris.sk/podujatie/jarne-prazdniny-na-hrade-saris/#breadcrumb","itemListElement":[{"@type":"ListItem","position":1,"name":"Domov","item":"https://www.regionsaris.sk/"},{"@type":"ListItem","position":2,"name":"Podujatia","item":"https://www.regionsaris.sk/vsetky-podujatia/"},{"@type":"ListItem","position":3,"name":"Jarné prázdniny na Hrade Šariš"}]},{"@type":"WebSite","@id":"https://www.regionsaris.sk/#website","url":"https://www.regionsaris.sk/","name":"OOCR Šariš","description":"","potentialAction":[{"@type":"SearchAction","target":{"@type":"EntryPoint","urlTemplate":"https://www.regionsaris.sk/?s={search_term_string}"},"query-input":{"@type":"PropertyValueSpecification","valueRequired":true,"valueName":"search_term_string"}}],"inLanguage":"it-IT"}]}</script>
<!-- / Yoast SEO Premium plugin. -->

Jarné prázdniny na Hrade Šariš - OOCR Šariš

Príďte si vychutnať jarné počasie počas jarných prázdnin na Hrad Šariš, kde vás čaká bohatý program počas celého týždňa.

Jarné prázdniny na Hrade Šariš

OOCR Šariš
