{"id":3720,"date":"2026-02-23T11:45:55","date_gmt":"2026-02-23T10:45:55","guid":{"rendered":"https:\/\/www.regionsaris.sk\/?post_type=podujatie&#038;p=3720"},"modified":"2026-02-23T11:45:57","modified_gmt":"2026-02-23T10:45:57","slug":"fiha-tralala-pesnickova-sou-pre-najmensich-divakov-s-budikom","status":"publish","type":"podujatie","link":"https:\/\/www.regionsaris.sk\/it\/podujatie\/fiha-tralala-pesnickova-sou-pre-najmensich-divakov-s-budikom\/","title":{"rendered":"F\u00cdHA tralala - spettacolo canoro per il pubblico pi\u00f9 giovane con sveglia"},"content":{"rendered":"<p><strong>F\u00cdHA tralala - spettacolo canoro per il pubblico pi\u00f9 giovane con sveglia<\/strong><\/p>\n\n\n\n<p><strong>Data:<\/strong> 14 marzo 2026<br><strong>Tempo:<\/strong> 17:00.<br><strong>Posizione:<\/strong> Cinema Scala, Pre\u0161ov<br><strong>Ammissione:<\/strong> 19 \u20ac \/ 17 \u20ac \/ 15 \u20ac \/ 14 \u20ac<br><strong>Prevendita:<\/strong> PKO Pre\u0161ov<\/p>\n\n\n\n<p>Vi invitiamo a un incontro allegro con il vostro gnomo preferito nel programma <strong>F\u00cdHA tralala - spettacolo canoro per il pubblico pi\u00f9 giovane<\/strong> <strong>con sveglia<\/strong>. Un grande spettacolo musicale pieno di canzoni, balli, risate e favolosi amici che i bambini conoscono dai film musicali sta arrivando a Pre\u0161ov. <em>Bumbarasa<\/em> o <em>Un mondo colorato<\/em>.<\/p>\n\n\n\n<p>Durante lo spettacolo verranno eseguite fino a 23 delle hit pi\u00f9 popolari e i bambini potranno cantare e ballare insieme all'elfo F\u00cdHA su canzoni come <strong>Sveglia, Vengo da te, Boom Boom, Bumbarasa, Dino Discotekus<\/strong> e molti altri. Ci sar\u00e0 anche un riscaldamento comune, storie divertenti e incontri con gli amici - Buddy, Dino, Robot, topi o rane.<\/p>\n\n\n\n<p>Durante il concerto \u00e8 consentito ballare, cantare, saltare e ridere: il buon umore sar\u00e0 trasmesso non solo ai bambini, ma anche ai genitori. La voce di Budik \u00e8 stata prestata dall'attore <strong>Peter Marcin<\/strong>.<\/p>\n\n\n\n<p><strong>Durata della performance:<\/strong> circa 60 minuti<br><strong>Et\u00e0 consigliata:<\/strong> a partire dai 2 anni (tutti i giovani spettatori pronti a vivere un'esperienza culturale sono i benvenuti)<\/p>\n\n\n\n<p>Ogni partecipante deve aver acquistato un biglietto valido, indipendentemente dall'et\u00e0. Lo sconto Disabili-S \u00e8 valido per la persona con pass e il suo accompagnatore (si acquista un biglietto scontato Disabili-S). Se avete bisogno di prenotare un posto per uno spettatore disabile, contattate in anticipo l'organizzatore al seguente numero di telefono <strong>0948 901 228<\/strong>.<\/p>\n\n\n\n<p>Saranno effettuate riprese fotografiche e audiovisive dell'evento. Il cambiamento del programma \u00e8 riservato.<\/p>\n\n\n\n<p>Venite a divertirvi in un mondo musicale colorato e pieno di allegria e diventate parte della fiaba con l'elfo F\u00cdHA e i suoi amici.<\/p>","protected":false},"featured_media":3732,"template":"","meta":{"_acf_changed":true},"kategoria-podujatia":[],"lokalita":[26],"class_list":["post-3720","podujatie","type-podujatie","status-publish","has-post-thumbnail","hentry","lokalita-mesto-presov"],"acf":[],"yoast_head":"<!-- This site is optimized with the Yoast SEO Premium plugin v26.3 (Yoast SEO v26.8) - https:\/\/yoast.com\/product\/yoast-seo-premium-wordpress\/ -->\n<title>F\u00cdHA tralala \u2013 pesni\u010dkov\u00e1 \u0161ou pre najmen\u0161\u00edch div\u00e1kov s bud\u00edkom - OOCR \u0160ari\u0161<\/title>\n<meta name=\"robots\" content=\"index, follow, max-snippet:-1, max-image-preview:large, max-video-preview:-1\" \/>\n<link rel=\"canonical\" href=\"https:\/\/www.regionsaris.sk\/it\/podujatie\/fiha-tralala-pesnickova-sou-pre-najmensich-divakov-s-budikom\/\" \/>\n<meta property=\"og:locale\" content=\"it_IT\" \/>\n<meta property=\"og:type\" content=\"article\" \/>\n<meta property=\"og:title\" content=\"F\u00cdHA tralala \u2013 pesni\u010dkov\u00e1 \u0161ou pre najmen\u0161\u00edch div\u00e1kov s bud\u00edkom\" \/>\n<meta property=\"og:description\" content=\"F\u00cdHA tralala \u2013 pesni\u010dkov\u00e1 \u0161ou pre najmen\u0161\u00edch div\u00e1kov s bud\u00edkom D\u00e1tum: 14. marec 2026\u010cas: 17:00...\" \/>\n<meta property=\"og:url\" content=\"https:\/\/www.regionsaris.sk\/it\/podujatie\/fiha-tralala-pesnickova-sou-pre-najmensich-divakov-s-budikom\/\" \/>\n<meta property=\"og:site_name\" content=\"OOCR \u0160ari\u0161\" \/>\n<meta property=\"article:modified_time\" content=\"2026-02-23T10:45:57+00:00\" \/>\n<meta property=\"og:image\" content=\"https:\/\/www.regionsaris.sk\/wp-content\/uploads\/2026\/02\/Fiha-tralala-14.3.png\" \/>\n\t<meta property=\"og:image:width\" content=\"777\" \/>\n\t<meta property=\"og:image:height\" content=\"783\" \/>\n\t<meta property=\"og:image:type\" content=\"image\/png\" \/>\n<meta name=\"twitter:card\" content=\"summary_large_image\" \/>\n<meta name=\"twitter:label1\" content=\"Tempo di lettura stimato\" \/>\n\t<meta name=\"twitter:data1\" content=\"2 minuti\" \/>\n<script type=\"application\/ld+json\" class=\"yoast-schema-graph\">{\"@context\":\"https:\/\/schema.org\",\"@graph\":[{\"@type\":\"WebPage\",\"@id\":\"https:\/\/www.regionsaris.sk\/podujatie\/fiha-tralala-pesnickova-sou-pre-najmensich-divakov-s-budikom\/\",\"url\":\"https:\/\/www.regionsaris.sk\/podujatie\/fiha-tralala-pesnickova-sou-pre-najmensich-divakov-s-budikom\/\",\"name\":\"F\u00cdHA tralala \u2013 pesni\u010dkov\u00e1 \u0161ou pre najmen\u0161\u00edch div\u00e1kov s bud\u00edkom - OOCR \u0160ari\u0161\",\"isPartOf\":{\"@id\":\"https:\/\/www.regionsaris.sk\/#website\"},\"primaryImageOfPage\":{\"@id\":\"https:\/\/www.regionsaris.sk\/podujatie\/fiha-tralala-pesnickova-sou-pre-najmensich-divakov-s-budikom\/#primaryimage\"},\"image\":{\"@id\":\"https:\/\/www.regionsaris.sk\/podujatie\/fiha-tralala-pesnickova-sou-pre-najmensich-divakov-s-budikom\/#primaryimage\"},\"thumbnailUrl\":\"https:\/\/www.regionsaris.sk\/wp-content\/uploads\/2026\/02\/Fiha-tralala-14.3.png\",\"datePublished\":\"2026-02-23T10:45:55+00:00\",\"dateModified\":\"2026-02-23T10:45:57+00:00\",\"breadcrumb\":{\"@id\":\"https:\/\/www.regionsaris.sk\/podujatie\/fiha-tralala-pesnickova-sou-pre-najmensich-divakov-s-budikom\/#breadcrumb\"},\"inLanguage\":\"it-IT\",\"potentialAction\":[{\"@type\":\"ReadAction\",\"target\":[\"https:\/\/www.regionsaris.sk\/podujatie\/fiha-tralala-pesnickova-sou-pre-najmensich-divakov-s-budikom\/\"]}]},{\"@type\":\"ImageObject\",\"inLanguage\":\"it-IT\",\"@id\":\"https:\/\/www.regionsaris.sk\/podujatie\/fiha-tralala-pesnickova-sou-pre-najmensich-divakov-s-budikom\/#primaryimage\",\"url\":\"https:\/\/www.regionsaris.sk\/wp-content\/uploads\/2026\/02\/Fiha-tralala-14.3.png\",\"contentUrl\":\"https:\/\/www.regionsaris.sk\/wp-content\/uploads\/2026\/02\/Fiha-tralala-14.3.png\",\"width\":777,\"height\":783},{\"@type\":\"BreadcrumbList\",\"@id\":\"https:\/\/www.regionsaris.sk\/podujatie\/fiha-tralala-pesnickova-sou-pre-najmensich-divakov-s-budikom\/#breadcrumb\",\"itemListElement\":[{\"@type\":\"ListItem\",\"position\":1,\"name\":\"Domov\",\"item\":\"https:\/\/www.regionsaris.sk\/\"},{\"@type\":\"ListItem\",\"position\":2,\"name\":\"Podujatia\",\"item\":\"https:\/\/www.regionsaris.sk\/vsetky-podujatia\/\"},{\"@type\":\"ListItem\",\"position\":3,\"name\":\"F\u00cdHA tralala \u2013 pesni\u010dkov\u00e1 \u0161ou pre najmen\u0161\u00edch div\u00e1kov s bud\u00edkom\"}]},{\"@type\":\"WebSite\",\"@id\":\"https:\/\/www.regionsaris.sk\/#website\",\"url\":\"https:\/\/www.regionsaris.sk\/\",\"name\":\"OOCR \u0160ari\u0161\",\"description\":\"\",\"potentialAction\":[{\"@type\":\"SearchAction\",\"target\":{\"@type\":\"EntryPoint\",\"urlTemplate\":\"https:\/\/www.regionsaris.sk\/?s={search_term_string}\"},\"query-input\":{\"@type\":\"PropertyValueSpecification\",\"valueRequired\":true,\"valueName\":\"search_term_string\"}}],\"inLanguage\":\"it-IT\"}]}<\/script>\n<!-- \/ Yoast SEO Premium plugin. -->","yoast_head_json":{"title":"F\u00cdHA tralala \u2013 pesni\u010dkov\u00e1 \u0161ou pre najmen\u0161\u00edch div\u00e1kov s bud\u00edkom - OOCR \u0160ari\u0161","robots":{"index":"index","follow":"follow","max-snippet":"max-snippet:-1","max-image-preview":"max-image-preview:large","max-video-preview":"max-video-preview:-1"},"canonical":"https:\/\/www.regionsaris.sk\/it\/podujatie\/fiha-tralala-pesnickova-sou-pre-najmensich-divakov-s-budikom\/","og_locale":"it_IT","og_type":"article","og_title":"F\u00cdHA tralala \u2013 pesni\u010dkov\u00e1 \u0161ou pre najmen\u0161\u00edch div\u00e1kov s bud\u00edkom","og_description":"F\u00cdHA tralala \u2013 pesni\u010dkov\u00e1 \u0161ou pre najmen\u0161\u00edch div\u00e1kov s bud\u00edkom D\u00e1tum: 14. marec 2026\u010cas: 17:00...","og_url":"https:\/\/www.regionsaris.sk\/it\/podujatie\/fiha-tralala-pesnickova-sou-pre-najmensich-divakov-s-budikom\/","og_site_name":"OOCR \u0160ari\u0161","article_modified_time":"2026-02-23T10:45:57+00:00","og_image":[{"width":777,"height":783,"url":"https:\/\/www.regionsaris.sk\/wp-content\/uploads\/2026\/02\/Fiha-tralala-14.3.png","type":"image\/png"}],"twitter_card":"summary_large_image","twitter_misc":{"Tempo di lettura stimato":"2 minuti"},"schema":{"@context":"https:\/\/schema.org","@graph":[{"@type":"WebPage","@id":"https:\/\/www.regionsaris.sk\/podujatie\/fiha-tralala-pesnickova-sou-pre-najmensich-divakov-s-budikom\/","url":"https:\/\/www.regionsaris.sk\/podujatie\/fiha-tralala-pesnickova-sou-pre-najmensich-divakov-s-budikom\/","name":"F\u00cdHA tralala \u2013 pesni\u010dkov\u00e1 \u0161ou pre najmen\u0161\u00edch div\u00e1kov s bud\u00edkom - OOCR \u0160ari\u0161","isPartOf":{"@id":"https:\/\/www.regionsaris.sk\/#website"},"primaryImageOfPage":{"@id":"https:\/\/www.regionsaris.sk\/podujatie\/fiha-tralala-pesnickova-sou-pre-najmensich-divakov-s-budikom\/#primaryimage"},"image":{"@id":"https:\/\/www.regionsaris.sk\/podujatie\/fiha-tralala-pesnickova-sou-pre-najmensich-divakov-s-budikom\/#primaryimage"},"thumbnailUrl":"https:\/\/www.regionsaris.sk\/wp-content\/uploads\/2026\/02\/Fiha-tralala-14.3.png","datePublished":"2026-02-23T10:45:55+00:00","dateModified":"2026-02-23T10:45:57+00:00","breadcrumb":{"@id":"https:\/\/www.regionsaris.sk\/podujatie\/fiha-tralala-pesnickova-sou-pre-najmensich-divakov-s-budikom\/#breadcrumb"},"inLanguage":"it-IT","potentialAction":[{"@type":"ReadAction","target":["https:\/\/www.regionsaris.sk\/podujatie\/fiha-tralala-pesnickova-sou-pre-najmensich-divakov-s-budikom\/"]}]},{"@type":"ImageObject","inLanguage":"it-IT","@id":"https:\/\/www.regionsaris.sk\/podujatie\/fiha-tralala-pesnickova-sou-pre-najmensich-divakov-s-budikom\/#primaryimage","url":"https:\/\/www.regionsaris.sk\/wp-content\/uploads\/2026\/02\/Fiha-tralala-14.3.png","contentUrl":"https:\/\/www.regionsaris.sk\/wp-content\/uploads\/2026\/02\/Fiha-tralala-14.3.png","width":777,"height":783},{"@type":"BreadcrumbList","@id":"https:\/\/www.regionsaris.sk\/podujatie\/fiha-tralala-pesnickova-sou-pre-najmensich-divakov-s-budikom\/#breadcrumb","itemListElement":[{"@type":"ListItem","position":1,"name":"Domov","item":"https:\/\/www.regionsaris.sk\/"},{"@type":"ListItem","position":2,"name":"Podujatia","item":"https:\/\/www.regionsaris.sk\/vsetky-podujatia\/"},{"@type":"ListItem","position":3,"name":"F\u00cdHA tralala \u2013 pesni\u010dkov\u00e1 \u0161ou pre najmen\u0161\u00edch div\u00e1kov s bud\u00edkom"}]},{"@type":"WebSite","@id":"https:\/\/www.regionsaris.sk\/#website","url":"https:\/\/www.regionsaris.sk\/","name":"OOCR \u0160ari\u0161","description":"","potentialAction":[{"@type":"SearchAction","target":{"@type":"EntryPoint","urlTemplate":"https:\/\/www.regionsaris.sk\/?s={search_term_string}"},"query-input":{"@type":"PropertyValueSpecification","valueRequired":true,"valueName":"search_term_string"}}],"inLanguage":"it-IT"}]}},"_links":{"self":[{"href":"https:\/\/www.regionsaris.sk\/it\/wp-json\/wp\/v2\/podujatie\/3720","targetHints":{"allow":["GET"]}}],"collection":[{"href":"https:\/\/www.regionsaris.sk\/it\/wp-json\/wp\/v2\/podujatie"}],"about":[{"href":"https:\/\/www.regionsaris.sk\/it\/wp-json\/wp\/v2\/types\/podujatie"}],"wp:featuredmedia":[{"embeddable":true,"href":"https:\/\/www.regionsaris.sk\/it\/wp-json\/wp\/v2\/media\/3732"}],"wp:attachment":[{"href":"https:\/\/www.regionsaris.sk\/it\/wp-json\/wp\/v2\/media?parent=3720"}],"wp:term":[{"taxonomy":"kategoria-podujatia","embeddable":true,"href":"https:\/\/www.regionsaris.sk\/it\/wp-json\/wp\/v2\/kategoria-podujatia?post=3720"},{"taxonomy":"lokalita","embeddable":true,"href":"https:\/\/www.regionsaris.sk\/it\/wp-json\/wp\/v2\/lokalita?post=3720"}],"curies":[{"name":"wp","href":"https:\/\/api.w.org\/{rel}","templated":true}]}}

FÍHA tralala - spettacolo canoro per il pubblico più giovane con sveglia

<p><strong>FÍHA tralala - spettacolo canoro per il pubblico più giovane con sveglia</strong></p>



<p><strong>Data:</strong> 14 marzo 2026<br><strong>Tempo:</strong> 17:00.<br><strong>Posizione:</strong> Cinema Scala, Prešov<br><strong>Ammissione:</strong> 19 € / 17 € / 15 € / 14 €<br><strong>Prevendita:</strong> PKO Prešov</p>



<p>Vi invitiamo a un incontro allegro con il vostro gnomo preferito nel programma <strong>FÍHA tralala - spettacolo canoro per il pubblico più giovane</strong> <strong>con sveglia</strong>. Un grande spettacolo musicale pieno di canzoni, balli, risate e favolosi amici che i bambini conoscono dai film musicali sta arrivando a Prešov. <em>Bumbarasa</em> o <em>Un mondo colorato</em>.</p>



<p>Durante lo spettacolo verranno eseguite fino a 23 delle hit più popolari e i bambini potranno cantare e ballare insieme all'elfo FÍHA su canzoni come <strong>Sveglia, Vengo da te, Boom Boom, Bumbarasa, Dino Discotekus</strong> e molti altri. Ci sarà anche un riscaldamento comune, storie divertenti e incontri con gli amici - Buddy, Dino, Robot, topi o rane.</p>



<p>Durante il concerto è consentito ballare, cantare, saltare e ridere: il buon umore sarà trasmesso non solo ai bambini, ma anche ai genitori. La voce di Budik è stata prestata dall'attore <strong>Peter Marcin</strong>.</p>



<p><strong>Durata della performance:</strong> circa 60 minuti<br><strong>Età consigliata:</strong> a partire dai 2 anni (tutti i giovani spettatori pronti a vivere un'esperienza culturale sono i benvenuti)</p>



<p>Ogni partecipante deve aver acquistato un biglietto valido, indipendentemente dall'età. Lo sconto Disabili-S è valido per la persona con pass e il suo accompagnatore (si acquista un biglietto scontato Disabili-S). Se avete bisogno di prenotare un posto per uno spettatore disabile, contattate in anticipo l'organizzatore al seguente numero di telefono <strong>0948 901 228</strong>.</p>



<p>Saranno effettuate riprese fotografiche e audiovisive dell'evento. Il cambiamento del programma è riservato.</p>



<p>Venite a divertirvi in un mondo musicale colorato e pieno di allegria e diventate parte della fiaba con l'elfo FÍHA e i suoi amici.</p>

<!-- This site is optimized with the Yoast SEO Premium plugin v26.3 (Yoast SEO v26.8) - https://yoast.com/product/yoast-seo-premium-wordpress/ -->
<title>FÍHA tralala – pesničková šou pre najmenších divákov s budíkom - OOCR Šariš</title>
<meta name="robots" content="index, follow, max-snippet:-1, max-image-preview:large, max-video-preview:-1" />
<link rel="canonical" href="https://www.regionsaris.sk/it/podujatie/fiha-tralala-pesnickova-sou-pre-najmensich-divakov-s-budikom/" />
<meta property="og:locale" content="it_IT" />
<meta property="og:type" content="article" />
<meta property="og:title" content="FÍHA tralala – pesničková šou pre najmenších divákov s budíkom" />
<meta property="og:description" content="FÍHA tralala – pesničková šou pre najmenších divákov s budíkom Dátum: 14. marec 2026Čas: 17:00..." />
<meta property="og:url" content="https://www.regionsaris.sk/it/podujatie/fiha-tralala-pesnickova-sou-pre-najmensich-divakov-s-budikom/" />
<meta property="og:site_name" content="OOCR Šariš" />
<meta property="article:modified_time" content="2026-02-23T10:45:57+00:00" />
<meta property="og:image" content="https://www.regionsaris.sk/wp-content/uploads/2026/02/Fiha-tralala-14.3.png" />
	<meta property="og:image:width" content="777" />
	<meta property="og:image:height" content="783" />
	<meta property="og:image:type" content="image/png" />
<meta name="twitter:card" content="summary_large_image" />
<meta name="twitter:label1" content="Tempo di lettura stimato" />
	<meta name="twitter:data1" content="2 minuti" />
<script type="application/ld+json" class="yoast-schema-graph">{"@context":"https://schema.org","@graph":[{"@type":"WebPage","@id":"https://www.regionsaris.sk/podujatie/fiha-tralala-pesnickova-sou-pre-najmensich-divakov-s-budikom/","url":"https://www.regionsaris.sk/podujatie/fiha-tralala-pesnickova-sou-pre-najmensich-divakov-s-budikom/","name":"FÍHA tralala – pesničková šou pre najmenších divákov s budíkom - OOCR Šariš","isPartOf":{"@id":"https://www.regionsaris.sk/#website"},"primaryImageOfPage":{"@id":"https://www.regionsaris.sk/podujatie/fiha-tralala-pesnickova-sou-pre-najmensich-divakov-s-budikom/#primaryimage"},"image":{"@id":"https://www.regionsaris.sk/podujatie/fiha-tralala-pesnickova-sou-pre-najmensich-divakov-s-budikom/#primaryimage"},"thumbnailUrl":"https://www.regionsaris.sk/wp-content/uploads/2026/02/Fiha-tralala-14.3.png","datePublished":"2026-02-23T10:45:55+00:00","dateModified":"2026-02-23T10:45:57+00:00","breadcrumb":{"@id":"https://www.regionsaris.sk/podujatie/fiha-tralala-pesnickova-sou-pre-najmensich-divakov-s-budikom/#breadcrumb"},"inLanguage":"it-IT","potentialAction":[{"@type":"ReadAction","target":["https://www.regionsaris.sk/podujatie/fiha-tralala-pesnickova-sou-pre-najmensich-divakov-s-budikom/"]}]},{"@type":"ImageObject","inLanguage":"it-IT","@id":"https://www.regionsaris.sk/podujatie/fiha-tralala-pesnickova-sou-pre-najmensich-divakov-s-budikom/#primaryimage","url":"https://www.regionsaris.sk/wp-content/uploads/2026/02/Fiha-tralala-14.3.png","contentUrl":"https://www.regionsaris.sk/wp-content/uploads/2026/02/Fiha-tralala-14.3.png","width":777,"height":783},{"@type":"BreadcrumbList","@id":"https://www.regionsaris.sk/podujatie/fiha-tralala-pesnickova-sou-pre-najmensich-divakov-s-budikom/#breadcrumb","itemListElement":[{"@type":"ListItem","position":1,"name":"Domov","item":"https://www.regionsaris.sk/"},{"@type":"ListItem","position":2,"name":"Podujatia","item":"https://www.regionsaris.sk/vsetky-podujatia/"},{"@type":"ListItem","position":3,"name":"FÍHA tralala – pesničková šou pre najmenších divákov s budíkom"}]},{"@type":"WebSite","@id":"https://www.regionsaris.sk/#website","url":"https://www.regionsaris.sk/","name":"OOCR Šariš","description":"","potentialAction":[{"@type":"SearchAction","target":{"@type":"EntryPoint","urlTemplate":"https://www.regionsaris.sk/?s={search_term_string}"},"query-input":{"@type":"PropertyValueSpecification","valueRequired":true,"valueName":"search_term_string"}}],"inLanguage":"it-IT"}]}</script>
<!-- / Yoast SEO Premium plugin. -->

FÍHA tralala – pesničková šou pre najmenších divákov s budíkom - OOCR Šariš

FÍHA tralala – pesničková šou pre najmenších divákov s budíkom

FÍHA tralala – pesničková šou pre najmenších divákov s budíkom Dátum: 14. marec 2026Čas: 17:00...

OOCR Šariš
