{"id":6085,"date":"2026-09-03T10:11:33","date_gmt":"2026-09-03T09:11:33","guid":{"rendered":"https:\/\/www.regionsaris.sk\/?post_type=nabozensky-turizmus&#038;p=6085"},"modified":"2026-09-03T10:11:34","modified_gmt":"2026-09-03T09:11:34","slug":"immaculata-marianske-susosie","status":"publish","type":"nabozensky-turizmus","link":"https:\/\/www.regionsaris.sk\/it\/nabozensky-turizmus\/immaculata-marianske-susosie\/","title":{"rendered":"Immacolata: gruppo scultoreo mariano"},"content":{"rendered":"<p class=\"wp-block-paragraph\"><strong>Gruppo scultoreo mariano dell\u2019Immacolata<\/strong> \u00e8 uno dei monumenti barocchi pi\u00f9 significativi del centro storico <a href=\"https:\/\/www.regionsaris.sk\/it\/lokalita\/mesto-presov\/\" data-type=\"lokalita\" data-id=\"26\">Pre\u0161ov<\/a>. Si trova nella parte settentrionale di via Hlavn\u00e1, in un piccolo parco che crea uno spazio tranquillo nel cuore del centro storico della citt\u00e0. Il gruppo scultoreo \u00e8 noto anche come\u00a0<strong>Colonna della Trinit\u00e0<\/strong>, sebbene la denominazione \u201cImmaculata\u201d descriva meglio la sua principale opera scultorea: la Vergine Maria con Ges\u00f9 Bambino.<\/p>\n\n\n\n<h2 class=\"wp-block-heading\">Monumento barocco con una storia alle spalle<\/h2>\n\n\n\n<p class=\"wp-block-paragraph\">Il gruppo scultoreo \u00e8 stato realizzato nel&nbsp;<strong>1751 su iniziativa dei gesuiti<\/strong>. La sua costruzione era legata alla memoria delle vittime delle epidemie di peste che colpirono Pre\u0161ov negli anni 1679 e 1710. La nascita del monumento riflette quindi la tipica tendenza barocca a coniugare lo spazio pubblico con la simbologia religiosa, l\u2019azione di grazie e la commemorazione di eventi significativi.&nbsp;<\/p>\n\n\n\n<p class=\"wp-block-paragraph\">Il luogo presenta tuttavia anche un altro importante aspetto storico. Nei suoi dintorni, nel XVII secolo, si trovava un luogo di esecuzione legato agli eventi noti come&nbsp;<strong>Il macello di Pre\u0161ov<\/strong>. \u00c8 proprio la tragica storia di questo luogo a conferire al gruppo scultoreo di Maria un significato particolare nel contesto della storia della citt\u00e0.&nbsp;<\/p>\n\n\n\n<h2 class=\"wp-block-heading\">La Vergine Maria come elemento dominante del gruppo scultoreo<\/h2>\n\n\n\n<p class=\"wp-block-paragraph\">L'elemento centrale dell'opera barocca \u00e8&nbsp;<strong>statua dorata della Madonna con il Bambino<\/strong>, situata nella parte superiore del gruppo scultoreo. Ai lati del basamento si trovano statue di santi, tra cui spiccano San Nicola e San Giovanni Nepomuceno. Fanno parte della decorazione anche dei rilievi con motivi religiosi.&nbsp;<\/p>\n\n\n\n<p class=\"wp-block-paragraph\">Con la sua realizzazione artistica, l\u2019opera rappresenta la cultura barocca, che ha lasciato un\u2019impronta significativa a Pre\u0161ov. Le ricche decorazioni plastiche, la marcata verticalit\u00e0 e gli elementi dorati danno vita a un\u2019opera che attira naturalmente l\u2019attenzione dei visitatori che passeggiano nel centro storico.<\/p>\n\n\n\n<h2 class=\"wp-block-heading\">L'Immacolata nel centro storico di Pre\u0161ov<\/h2>\n\n\n\n<p class=\"wp-block-paragraph\">Il gruppo scultoreo mariano \u00e8 oggi parte integrante dell\u2019atmosfera della Pre\u0161ov storica e rappresenta una tappa interessante durante la visita ai monumenti della citt\u00e0. La sua posizione sulla via Hlavn\u00e1 permette di abbinare la visita al gruppo scultoreo a un giro tra altri importanti edifici storici, edifici sacri, case borghesi e angoli caratteristici della citt\u00e0.<\/p>\n\n\n\n<p class=\"wp-block-paragraph\">Il monumento ricorda inoltre che la storia di Pre\u0161ov non \u00e8 solo una storia di architettura, ma anche una storia di religione, epidemie, conflitti e trasformazioni sociali. \u00c8 proprio la combinazione di questi aspetti a rendere l\u2019Immaculata una meta interessante per i visitatori che desiderano conoscere la citt\u00e0 in modo pi\u00f9 approfondito, andando oltre i suoi edifici pi\u00f9 famosi.<\/p>\n\n\n\n<p class=\"wp-block-paragraph\">Fonte: OOCR R\u0160<br>Fonte delle foto: OOCR R\u0160<\/p>","protected":false},"featured_media":6086,"template":"","meta":{"_acf_changed":true},"kategoria-poi":[105,171,108,168,273],"lokalita":[26],"sezona-poi":[12],"trvanie-vyletu":[217],"class_list":["post-6085","nabozensky-turizmus","type-nabozensky-turizmus","status-publish","has-post-thumbnail","hentry","kategoria-poi-historia","kategoria-poi-ine-vyznamne-pamiatky","kategoria-poi-kultura-a-umenie","kategoria-poi-nabozensky-turizmus","kategoria-poi-zaujimavosti","lokalita-mesto-presov","sezona-poi-celorocne","trvanie-vyletu-kratke-vylety"],"acf":[],"_links":{"self":[{"href":"https:\/\/www.regionsaris.sk\/it\/wp-json\/wp\/v2\/nabozensky-turizmus\/6085","targetHints":{"allow":["GET"]}}],"collection":[{"href":"https:\/\/www.regionsaris.sk\/it\/wp-json\/wp\/v2\/nabozensky-turizmus"}],"about":[{"href":"https:\/\/www.regionsaris.sk\/it\/wp-json\/wp\/v2\/types\/nabozensky-turizmus"}],"wp:featuredmedia":[{"embeddable":true,"href":"https:\/\/www.regionsaris.sk\/it\/wp-json\/wp\/v2\/media\/6086"}],"wp:attachment":[{"href":"https:\/\/www.regionsaris.sk\/it\/wp-json\/wp\/v2\/media?parent=6085"}],"wp:term":[{"taxonomy":"kategoria-poi","embeddable":true,"href":"https:\/\/www.regionsaris.sk\/it\/wp-json\/wp\/v2\/kategoria-poi?post=6085"},{"taxonomy":"lokalita","embeddable":true,"href":"https:\/\/www.regionsaris.sk\/it\/wp-json\/wp\/v2\/lokalita?post=6085"},{"taxonomy":"sezona-poi","embeddable":true,"href":"https:\/\/www.regionsaris.sk\/it\/wp-json\/wp\/v2\/sezona-poi?post=6085"},{"taxonomy":"trvanie-vyletu","embeddable":true,"href":"https:\/\/www.regionsaris.sk\/it\/wp-json\/wp\/v2\/trvanie-vyletu?post=6085"}],"curies":[{"name":"wp","href":"https:\/\/api.w.org\/{rel}","templated":true}]}}

<p class="wp-block-paragraph"><strong>Gruppo scultoreo mariano dell’Immacolata</strong> è uno dei monumenti barocchi più significativi del centro storico <a href="https://www.regionsaris.sk/it/lokalita/mesto-presov/" data-type="lokalita" data-id="26">Prešov</a>. Si trova nella parte settentrionale di via Hlavná, in un piccolo parco che crea uno spazio tranquillo nel cuore del centro storico della città. Il gruppo scultoreo è noto anche come <strong>Colonna della Trinità</strong>, sebbene la denominazione “Immaculata” descriva meglio la sua principale opera scultorea: la Vergine Maria con Gesù Bambino.</p>



<h2 class="wp-block-heading">Monumento barocco con una storia alle spalle</h2>



<p class="wp-block-paragraph">Il gruppo scultoreo è stato realizzato nel&nbsp;<strong>1751 su iniziativa dei gesuiti</strong>. La sua costruzione era legata alla memoria delle vittime delle epidemie di peste che colpirono Prešov negli anni 1679 e 1710. La nascita del monumento riflette quindi la tipica tendenza barocca a coniugare lo spazio pubblico con la simbologia religiosa, l’azione di grazie e la commemorazione di eventi significativi.&nbsp;</p>



<p class="wp-block-paragraph">Il luogo presenta tuttavia anche un altro importante aspetto storico. Nei suoi dintorni, nel XVII secolo, si trovava un luogo di esecuzione legato agli eventi noti come&nbsp;<strong>Il macello di Prešov</strong>. È proprio la tragica storia di questo luogo a conferire al gruppo scultoreo di Maria un significato particolare nel contesto della storia della città.&nbsp;</p>



<h2 class="wp-block-heading">La Vergine Maria come elemento dominante del gruppo scultoreo</h2>



<p class="wp-block-paragraph">L'elemento centrale dell'opera barocca è&nbsp;<strong>statua dorata della Madonna con il Bambino</strong>, situata nella parte superiore del gruppo scultoreo. Ai lati del basamento si trovano statue di santi, tra cui spiccano San Nicola e San Giovanni Nepomuceno. Fanno parte della decorazione anche dei rilievi con motivi religiosi.&nbsp;</p>



<p class="wp-block-paragraph">Con la sua realizzazione artistica, l’opera rappresenta la cultura barocca, che ha lasciato un’impronta significativa a Prešov. Le ricche decorazioni plastiche, la marcata verticalità e gli elementi dorati danno vita a un’opera che attira naturalmente l’attenzione dei visitatori che passeggiano nel centro storico.</p>



<h2 class="wp-block-heading">L'Immacolata nel centro storico di Prešov</h2>



<p class="wp-block-paragraph">Il gruppo scultoreo mariano è oggi parte integrante dell’atmosfera della Prešov storica e rappresenta una tappa interessante durante la visita ai monumenti della città. La sua posizione sulla via Hlavná permette di abbinare la visita al gruppo scultoreo a un giro tra altri importanti edifici storici, edifici sacri, case borghesi e angoli caratteristici della città.</p>



<p class="wp-block-paragraph">Il monumento ricorda inoltre che la storia di Prešov non è solo una storia di architettura, ma anche una storia di religione, epidemie, conflitti e trasformazioni sociali. È proprio la combinazione di questi aspetti a rendere l’Immaculata una meta interessante per i visitatori che desiderano conoscere la città in modo più approfondito, andando oltre i suoi edifici più famosi.</p>



<p class="wp-block-paragraph">Fonte: OOCR RŠ<br>Fonte delle foto: OOCR RŠ</p>
