{"id":2601,"date":"2026-01-07T12:44:56","date_gmt":"2026-01-07T11:44:56","guid":{"rendered":"https:\/\/www.regionsaris.sk\/?post_type=nabozensky-turizmus&#038;p=2601"},"modified":"2026-02-05T13:50:22","modified_gmt":"2026-02-05T12:50:22","slug":"dreveny-chram-ochrany-presvatej-bohorodicky-mirola","status":"publish","type":"nabozensky-turizmus","link":"https:\/\/www.regionsaris.sk\/it\/nabozensky-turizmus\/dreveny-chram-ochrany-presvatej-bohorodicky-mirola\/","title":{"rendered":"Chiesa di legno della Protezione della Santissima Madre di Dio, Miro\u013ea"},"content":{"rendered":"<p>La chiesa greco-cattolica in legno di Miroli fu costruita su una piattaforma dominante nel 1770. \u00c8 dedicata alla protezione della Santissima Madre di Dio. Ha una caratteristica costruzione a tronchi e una struttura esterna e interna in tre parti. Anche in questa chiesa si usa ancora la lingua slava ecclesiastica nel culto.<br>Si tratta di un edificio sacrale a tre spazi del tipo Lemko. All'esterno, il carattere tridimensionale \u00e8 enfatizzato dai tetti piramidali a gradini. La torre si erge separatamente dalla parte del tronco su quattro colonne di sostegno. All'esterno, l'intera struttura \u00e8 rivestita con tavole e un tetto di tegole. Il terzo superiore della torre \u00e8 placcato verticalmente, con piccole aperture a eco. Il tetto della torre \u00e8 piramidale con una cipolla piatta incastonata nel tetto, che prosegue in un accenno di lanterna. Sopra il tetto si trova una cipolla pi\u00f9 piccola e sopra di essa una croce a tre bracci.<br>L'iconostasi risale al periodo di costruzione del tempio. Interessanti sono le porte dello zar di mezzo, della fine del XVII secolo. La porta \u00e8 dotata di sei medaglioni, due medaglioni dell'Annunciazione e medaglioni dei quattro Evangelisti. L'iconostasi ha subito diverse riparazioni. L'ultimo restauro \u00e8 stato effettuato nel 1977-1979 e la riparazione della porta dello zar nel 2008. Dietro l'iconostasi si trova un altare con un'icona del XIX secolo raffigurante Cristo che porta la croce, con una cornice in pietra rustica intagliata. Sull'altare laterale si trova un rilievo della Crocifissione della met\u00e0 del XVIII secolo.<br>Le pareti della chiesa sono decorate con una ricca galleria di icone, che probabilmente provengono da una vecchia chiesa in legno della fine del XVII secolo.<br>Gli oggetti liturgici ritrovati durante le varie riparazioni della chiesa sono collocati nel nartece. Particolarmente degno di nota \u00e8 un raro mantello, probabilmente del XVII secolo. Si tratta di una grande icona su tela, raffigurante la deposizione di Cristo nel sepolcro, che \u00e8 stata ritrovata nel 2004 conservata all'interno dell'altare.<br>Una sezione speciale \u00e8 costituita dai libri rari utilizzati per il culto, per lo pi\u00f9 del XVII secolo, che presentano in fondo alle pagine note contemporanee sui donatori e altri fatti.<\/p>\n\n\n\n<p>Fonte : www.drevenchramy.sk<\/p>\n\n\n\n<p>Foto di Tom\u00e1\u0161 \u0160ereda, Henryk Bielamowicz<\/p>","protected":false},"featured_media":2602,"template":"","meta":{"_acf_changed":false},"kategoria-poi":[186,168],"lokalita":[115],"sezona-poi":[12],"trvanie-vyletu":[217],"class_list":["post-2601","nabozensky-turizmus","type-nabozensky-turizmus","status-publish","has-post-thumbnail","hentry","kategoria-poi-drevene-chramy","kategoria-poi-nabozensky-turizmus","lokalita-svidnik-a-okolie","sezona-poi-celorocne","trvanie-vyletu-kratke-vylety"],"acf":[],"yoast_head":"<!-- This site is optimized with the Yoast SEO Premium plugin v26.3 (Yoast SEO v26.8) - https:\/\/yoast.com\/product\/yoast-seo-premium-wordpress\/ -->\n<title>Dreven\u00fd chr\u00e1m Ochrany Presv\u00e4tej Bohorodi\u010dky, Miro\u013ea - OOCR \u0160ari\u0161<\/title>\n<meta name=\"robots\" content=\"index, follow, max-snippet:-1, max-image-preview:large, max-video-preview:-1\" \/>\n<link rel=\"canonical\" href=\"https:\/\/www.regionsaris.sk\/it\/nabozensky-turizmus\/dreveny-chram-ochrany-presvatej-bohorodicky-mirola\/\" \/>\n<meta property=\"og:locale\" content=\"it_IT\" \/>\n<meta property=\"og:type\" content=\"article\" \/>\n<meta property=\"og:title\" content=\"Dreven\u00fd chr\u00e1m Ochrany Presv\u00e4tej Bohorodi\u010dky, Miro\u013ea\" \/>\n<meta property=\"og:description\" content=\"Dreven\u00fd gr\u00e9ckokatol\u00edcky chr\u00e1m v Miroli bol postaven\u00fd na dominantnej plo\u0161ine v roku 1770. Zasv\u00e4ten\u00fd je...\" \/>\n<meta property=\"og:url\" content=\"https:\/\/www.regionsaris.sk\/it\/nabozensky-turizmus\/dreveny-chram-ochrany-presvatej-bohorodicky-mirola\/\" \/>\n<meta property=\"og:site_name\" content=\"OOCR \u0160ari\u0161\" \/>\n<meta property=\"article:modified_time\" content=\"2026-02-05T12:50:22+00:00\" \/>\n<meta property=\"og:image\" content=\"https:\/\/www.regionsaris.sk\/wp-content\/uploads\/2026\/01\/mirola251-thumb.jpg\" \/>\n\t<meta property=\"og:image:width\" content=\"600\" \/>\n\t<meta property=\"og:image:height\" content=\"400\" \/>\n\t<meta property=\"og:image:type\" content=\"image\/jpeg\" \/>\n<meta name=\"twitter:card\" content=\"summary_large_image\" \/>\n<meta name=\"twitter:label1\" content=\"Tempo di lettura stimato\" \/>\n\t<meta name=\"twitter:data1\" content=\"2 minuti\" \/>\n<script type=\"application\/ld+json\" class=\"yoast-schema-graph\">{\"@context\":\"https:\/\/schema.org\",\"@graph\":[{\"@type\":\"WebPage\",\"@id\":\"https:\/\/www.regionsaris.sk\/nabozensky-turizmus\/dreveny-chram-ochrany-presvatej-bohorodicky-mirola\/\",\"url\":\"https:\/\/www.regionsaris.sk\/nabozensky-turizmus\/dreveny-chram-ochrany-presvatej-bohorodicky-mirola\/\",\"name\":\"Dreven\u00fd chr\u00e1m Ochrany Presv\u00e4tej Bohorodi\u010dky, Miro\u013ea - OOCR \u0160ari\u0161\",\"isPartOf\":{\"@id\":\"https:\/\/www.regionsaris.sk\/#website\"},\"primaryImageOfPage\":{\"@id\":\"https:\/\/www.regionsaris.sk\/nabozensky-turizmus\/dreveny-chram-ochrany-presvatej-bohorodicky-mirola\/#primaryimage\"},\"image\":{\"@id\":\"https:\/\/www.regionsaris.sk\/nabozensky-turizmus\/dreveny-chram-ochrany-presvatej-bohorodicky-mirola\/#primaryimage\"},\"thumbnailUrl\":\"https:\/\/www.regionsaris.sk\/wp-content\/uploads\/2026\/01\/mirola251-thumb.jpg\",\"datePublished\":\"2026-01-07T11:44:56+00:00\",\"dateModified\":\"2026-02-05T12:50:22+00:00\",\"breadcrumb\":{\"@id\":\"https:\/\/www.regionsaris.sk\/nabozensky-turizmus\/dreveny-chram-ochrany-presvatej-bohorodicky-mirola\/#breadcrumb\"},\"inLanguage\":\"it-IT\",\"potentialAction\":[{\"@type\":\"ReadAction\",\"target\":[\"https:\/\/www.regionsaris.sk\/nabozensky-turizmus\/dreveny-chram-ochrany-presvatej-bohorodicky-mirola\/\"]}]},{\"@type\":\"ImageObject\",\"inLanguage\":\"it-IT\",\"@id\":\"https:\/\/www.regionsaris.sk\/nabozensky-turizmus\/dreveny-chram-ochrany-presvatej-bohorodicky-mirola\/#primaryimage\",\"url\":\"https:\/\/www.regionsaris.sk\/wp-content\/uploads\/2026\/01\/mirola251-thumb.jpg\",\"contentUrl\":\"https:\/\/www.regionsaris.sk\/wp-content\/uploads\/2026\/01\/mirola251-thumb.jpg\",\"width\":600,\"height\":400},{\"@type\":\"BreadcrumbList\",\"@id\":\"https:\/\/www.regionsaris.sk\/nabozensky-turizmus\/dreveny-chram-ochrany-presvatej-bohorodicky-mirola\/#breadcrumb\",\"itemListElement\":[{\"@type\":\"ListItem\",\"position\":1,\"name\":\"Domov\",\"item\":\"https:\/\/www.regionsaris.sk\/\"},{\"@type\":\"ListItem\",\"position\":2,\"name\":\"N\u00e1bo\u017eensk\u00fd turizmus v regi\u00f3ne\",\"item\":\"https:\/\/www.regionsaris.sk\/nabozensky-turizmus-v-regione\/\"},{\"@type\":\"ListItem\",\"position\":3,\"name\":\"Dreven\u00fd chr\u00e1m Ochrany Presv\u00e4tej Bohorodi\u010dky, Miro\u013ea\"}]},{\"@type\":\"WebSite\",\"@id\":\"https:\/\/www.regionsaris.sk\/#website\",\"url\":\"https:\/\/www.regionsaris.sk\/\",\"name\":\"OOCR \u0160ari\u0161\",\"description\":\"\",\"potentialAction\":[{\"@type\":\"SearchAction\",\"target\":{\"@type\":\"EntryPoint\",\"urlTemplate\":\"https:\/\/www.regionsaris.sk\/?s={search_term_string}\"},\"query-input\":{\"@type\":\"PropertyValueSpecification\",\"valueRequired\":true,\"valueName\":\"search_term_string\"}}],\"inLanguage\":\"it-IT\"}]}<\/script>\n<!-- \/ Yoast SEO Premium plugin. -->","yoast_head_json":{"title":"Dreven\u00fd chr\u00e1m Ochrany Presv\u00e4tej Bohorodi\u010dky, Miro\u013ea - OOCR \u0160ari\u0161","robots":{"index":"index","follow":"follow","max-snippet":"max-snippet:-1","max-image-preview":"max-image-preview:large","max-video-preview":"max-video-preview:-1"},"canonical":"https:\/\/www.regionsaris.sk\/it\/nabozensky-turizmus\/dreveny-chram-ochrany-presvatej-bohorodicky-mirola\/","og_locale":"it_IT","og_type":"article","og_title":"Dreven\u00fd chr\u00e1m Ochrany Presv\u00e4tej Bohorodi\u010dky, Miro\u013ea","og_description":"Dreven\u00fd gr\u00e9ckokatol\u00edcky chr\u00e1m v Miroli bol postaven\u00fd na dominantnej plo\u0161ine v roku 1770. Zasv\u00e4ten\u00fd je...","og_url":"https:\/\/www.regionsaris.sk\/it\/nabozensky-turizmus\/dreveny-chram-ochrany-presvatej-bohorodicky-mirola\/","og_site_name":"OOCR \u0160ari\u0161","article_modified_time":"2026-02-05T12:50:22+00:00","og_image":[{"width":600,"height":400,"url":"https:\/\/www.regionsaris.sk\/wp-content\/uploads\/2026\/01\/mirola251-thumb.jpg","type":"image\/jpeg"}],"twitter_card":"summary_large_image","twitter_misc":{"Tempo di lettura stimato":"2 minuti"},"schema":{"@context":"https:\/\/schema.org","@graph":[{"@type":"WebPage","@id":"https:\/\/www.regionsaris.sk\/nabozensky-turizmus\/dreveny-chram-ochrany-presvatej-bohorodicky-mirola\/","url":"https:\/\/www.regionsaris.sk\/nabozensky-turizmus\/dreveny-chram-ochrany-presvatej-bohorodicky-mirola\/","name":"Dreven\u00fd chr\u00e1m Ochrany Presv\u00e4tej Bohorodi\u010dky, Miro\u013ea - OOCR \u0160ari\u0161","isPartOf":{"@id":"https:\/\/www.regionsaris.sk\/#website"},"primaryImageOfPage":{"@id":"https:\/\/www.regionsaris.sk\/nabozensky-turizmus\/dreveny-chram-ochrany-presvatej-bohorodicky-mirola\/#primaryimage"},"image":{"@id":"https:\/\/www.regionsaris.sk\/nabozensky-turizmus\/dreveny-chram-ochrany-presvatej-bohorodicky-mirola\/#primaryimage"},"thumbnailUrl":"https:\/\/www.regionsaris.sk\/wp-content\/uploads\/2026\/01\/mirola251-thumb.jpg","datePublished":"2026-01-07T11:44:56+00:00","dateModified":"2026-02-05T12:50:22+00:00","breadcrumb":{"@id":"https:\/\/www.regionsaris.sk\/nabozensky-turizmus\/dreveny-chram-ochrany-presvatej-bohorodicky-mirola\/#breadcrumb"},"inLanguage":"it-IT","potentialAction":[{"@type":"ReadAction","target":["https:\/\/www.regionsaris.sk\/nabozensky-turizmus\/dreveny-chram-ochrany-presvatej-bohorodicky-mirola\/"]}]},{"@type":"ImageObject","inLanguage":"it-IT","@id":"https:\/\/www.regionsaris.sk\/nabozensky-turizmus\/dreveny-chram-ochrany-presvatej-bohorodicky-mirola\/#primaryimage","url":"https:\/\/www.regionsaris.sk\/wp-content\/uploads\/2026\/01\/mirola251-thumb.jpg","contentUrl":"https:\/\/www.regionsaris.sk\/wp-content\/uploads\/2026\/01\/mirola251-thumb.jpg","width":600,"height":400},{"@type":"BreadcrumbList","@id":"https:\/\/www.regionsaris.sk\/nabozensky-turizmus\/dreveny-chram-ochrany-presvatej-bohorodicky-mirola\/#breadcrumb","itemListElement":[{"@type":"ListItem","position":1,"name":"Domov","item":"https:\/\/www.regionsaris.sk\/"},{"@type":"ListItem","position":2,"name":"N\u00e1bo\u017eensk\u00fd turizmus v regi\u00f3ne","item":"https:\/\/www.regionsaris.sk\/nabozensky-turizmus-v-regione\/"},{"@type":"ListItem","position":3,"name":"Dreven\u00fd chr\u00e1m Ochrany Presv\u00e4tej Bohorodi\u010dky, Miro\u013ea"}]},{"@type":"WebSite","@id":"https:\/\/www.regionsaris.sk\/#website","url":"https:\/\/www.regionsaris.sk\/","name":"OOCR \u0160ari\u0161","description":"","potentialAction":[{"@type":"SearchAction","target":{"@type":"EntryPoint","urlTemplate":"https:\/\/www.regionsaris.sk\/?s={search_term_string}"},"query-input":{"@type":"PropertyValueSpecification","valueRequired":true,"valueName":"search_term_string"}}],"inLanguage":"it-IT"}]}},"_links":{"self":[{"href":"https:\/\/www.regionsaris.sk\/it\/wp-json\/wp\/v2\/nabozensky-turizmus\/2601","targetHints":{"allow":["GET"]}}],"collection":[{"href":"https:\/\/www.regionsaris.sk\/it\/wp-json\/wp\/v2\/nabozensky-turizmus"}],"about":[{"href":"https:\/\/www.regionsaris.sk\/it\/wp-json\/wp\/v2\/types\/nabozensky-turizmus"}],"wp:featuredmedia":[{"embeddable":true,"href":"https:\/\/www.regionsaris.sk\/it\/wp-json\/wp\/v2\/media\/2602"}],"wp:attachment":[{"href":"https:\/\/www.regionsaris.sk\/it\/wp-json\/wp\/v2\/media?parent=2601"}],"wp:term":[{"taxonomy":"kategoria-poi","embeddable":true,"href":"https:\/\/www.regionsaris.sk\/it\/wp-json\/wp\/v2\/kategoria-poi?post=2601"},{"taxonomy":"lokalita","embeddable":true,"href":"https:\/\/www.regionsaris.sk\/it\/wp-json\/wp\/v2\/lokalita?post=2601"},{"taxonomy":"sezona-poi","embeddable":true,"href":"https:\/\/www.regionsaris.sk\/it\/wp-json\/wp\/v2\/sezona-poi?post=2601"},{"taxonomy":"trvanie-vyletu","embeddable":true,"href":"https:\/\/www.regionsaris.sk\/it\/wp-json\/wp\/v2\/trvanie-vyletu?post=2601"}],"curies":[{"name":"wp","href":"https:\/\/api.w.org\/{rel}","templated":true}]}}

Chiesa di legno della Protezione della Santissima Madre di Dio, Miroľa

<p>La chiesa greco-cattolica in legno di Miroli fu costruita su una piattaforma dominante nel 1770. È dedicata alla protezione della Santissima Madre di Dio. Ha una caratteristica costruzione a tronchi e una struttura esterna e interna in tre parti. Anche in questa chiesa si usa ancora la lingua slava ecclesiastica nel culto.<br>Si tratta di un edificio sacrale a tre spazi del tipo Lemko. All'esterno, il carattere tridimensionale è enfatizzato dai tetti piramidali a gradini. La torre si erge separatamente dalla parte del tronco su quattro colonne di sostegno. All'esterno, l'intera struttura è rivestita con tavole e un tetto di tegole. Il terzo superiore della torre è placcato verticalmente, con piccole aperture a eco. Il tetto della torre è piramidale con una cipolla piatta incastonata nel tetto, che prosegue in un accenno di lanterna. Sopra il tetto si trova una cipolla più piccola e sopra di essa una croce a tre bracci.<br>L'iconostasi risale al periodo di costruzione del tempio. Interessanti sono le porte dello zar di mezzo, della fine del XVII secolo. La porta è dotata di sei medaglioni, due medaglioni dell'Annunciazione e medaglioni dei quattro Evangelisti. L'iconostasi ha subito diverse riparazioni. L'ultimo restauro è stato effettuato nel 1977-1979 e la riparazione della porta dello zar nel 2008. Dietro l'iconostasi si trova un altare con un'icona del XIX secolo raffigurante Cristo che porta la croce, con una cornice in pietra rustica intagliata. Sull'altare laterale si trova un rilievo della Crocifissione della metà del XVIII secolo.<br>Le pareti della chiesa sono decorate con una ricca galleria di icone, che probabilmente provengono da una vecchia chiesa in legno della fine del XVII secolo.<br>Gli oggetti liturgici ritrovati durante le varie riparazioni della chiesa sono collocati nel nartece. Particolarmente degno di nota è un raro mantello, probabilmente del XVII secolo. Si tratta di una grande icona su tela, raffigurante la deposizione di Cristo nel sepolcro, che è stata ritrovata nel 2004 conservata all'interno dell'altare.<br>Una sezione speciale è costituita dai libri rari utilizzati per il culto, per lo più del XVII secolo, che presentano in fondo alle pagine note contemporanee sui donatori e altri fatti.</p>



<p>Fonte : www.drevenchramy.sk</p>



<p>Foto di Tomáš Šereda, Henryk Bielamowicz</p>

<!-- This site is optimized with the Yoast SEO Premium plugin v26.3 (Yoast SEO v26.8) - https://yoast.com/product/yoast-seo-premium-wordpress/ -->
<title>Drevený chrám Ochrany Presvätej Bohorodičky, Miroľa - OOCR Šariš</title>
<meta name="robots" content="index, follow, max-snippet:-1, max-image-preview:large, max-video-preview:-1" />
<link rel="canonical" href="https://www.regionsaris.sk/it/nabozensky-turizmus/dreveny-chram-ochrany-presvatej-bohorodicky-mirola/" />
<meta property="og:locale" content="it_IT" />
<meta property="og:type" content="article" />
<meta property="og:title" content="Drevený chrám Ochrany Presvätej Bohorodičky, Miroľa" />
<meta property="og:description" content="Drevený gréckokatolícky chrám v Miroli bol postavený na dominantnej plošine v roku 1770. Zasvätený je..." />
<meta property="og:url" content="https://www.regionsaris.sk/it/nabozensky-turizmus/dreveny-chram-ochrany-presvatej-bohorodicky-mirola/" />
<meta property="og:site_name" content="OOCR Šariš" />
<meta property="article:modified_time" content="2026-02-05T12:50:22+00:00" />
<meta property="og:image" content="https://www.regionsaris.sk/wp-content/uploads/2026/01/mirola251-thumb.jpg" />
	<meta property="og:image:width" content="600" />
	<meta property="og:image:height" content="400" />
	<meta property="og:image:type" content="image/jpeg" />
<meta name="twitter:card" content="summary_large_image" />
<meta name="twitter:label1" content="Tempo di lettura stimato" />
	<meta name="twitter:data1" content="2 minuti" />
<script type="application/ld+json" class="yoast-schema-graph">{"@context":"https://schema.org","@graph":[{"@type":"WebPage","@id":"https://www.regionsaris.sk/nabozensky-turizmus/dreveny-chram-ochrany-presvatej-bohorodicky-mirola/","url":"https://www.regionsaris.sk/nabozensky-turizmus/dreveny-chram-ochrany-presvatej-bohorodicky-mirola/","name":"Drevený chrám Ochrany Presvätej Bohorodičky, Miroľa - OOCR Šariš","isPartOf":{"@id":"https://www.regionsaris.sk/#website"},"primaryImageOfPage":{"@id":"https://www.regionsaris.sk/nabozensky-turizmus/dreveny-chram-ochrany-presvatej-bohorodicky-mirola/#primaryimage"},"image":{"@id":"https://www.regionsaris.sk/nabozensky-turizmus/dreveny-chram-ochrany-presvatej-bohorodicky-mirola/#primaryimage"},"thumbnailUrl":"https://www.regionsaris.sk/wp-content/uploads/2026/01/mirola251-thumb.jpg","datePublished":"2026-01-07T11:44:56+00:00","dateModified":"2026-02-05T12:50:22+00:00","breadcrumb":{"@id":"https://www.regionsaris.sk/nabozensky-turizmus/dreveny-chram-ochrany-presvatej-bohorodicky-mirola/#breadcrumb"},"inLanguage":"it-IT","potentialAction":[{"@type":"ReadAction","target":["https://www.regionsaris.sk/nabozensky-turizmus/dreveny-chram-ochrany-presvatej-bohorodicky-mirola/"]}]},{"@type":"ImageObject","inLanguage":"it-IT","@id":"https://www.regionsaris.sk/nabozensky-turizmus/dreveny-chram-ochrany-presvatej-bohorodicky-mirola/#primaryimage","url":"https://www.regionsaris.sk/wp-content/uploads/2026/01/mirola251-thumb.jpg","contentUrl":"https://www.regionsaris.sk/wp-content/uploads/2026/01/mirola251-thumb.jpg","width":600,"height":400},{"@type":"BreadcrumbList","@id":"https://www.regionsaris.sk/nabozensky-turizmus/dreveny-chram-ochrany-presvatej-bohorodicky-mirola/#breadcrumb","itemListElement":[{"@type":"ListItem","position":1,"name":"Domov","item":"https://www.regionsaris.sk/"},{"@type":"ListItem","position":2,"name":"Náboženský turizmus v regióne","item":"https://www.regionsaris.sk/nabozensky-turizmus-v-regione/"},{"@type":"ListItem","position":3,"name":"Drevený chrám Ochrany Presvätej Bohorodičky, Miroľa"}]},{"@type":"WebSite","@id":"https://www.regionsaris.sk/#website","url":"https://www.regionsaris.sk/","name":"OOCR Šariš","description":"","potentialAction":[{"@type":"SearchAction","target":{"@type":"EntryPoint","urlTemplate":"https://www.regionsaris.sk/?s={search_term_string}"},"query-input":{"@type":"PropertyValueSpecification","valueRequired":true,"valueName":"search_term_string"}}],"inLanguage":"it-IT"}]}</script>
<!-- / Yoast SEO Premium plugin. -->

Drevený chrám Ochrany Presvätej Bohorodičky, Miroľa - OOCR Šariš

Drevený chrám Ochrany Presvätej Bohorodičky, Miroľa

Drevený gréckokatolícky chrám v Miroli bol postavený na dominantnej plošine v roku 1770. Zasvätený je...

OOCR Šariš

Náboženský turizmus v regióne
