{"id":2589,"date":"2026-01-07T12:44:59","date_gmt":"2026-01-07T11:44:59","guid":{"rendered":"https:\/\/www.regionsaris.sk\/?post_type=nabozensky-turizmus&#038;p=2589"},"modified":"2026-02-05T13:47:27","modified_gmt":"2026-02-05T12:47:27","slug":"dreveny-greckokatolicky-chram-svateho-lukasa-krive","status":"publish","type":"nabozensky-turizmus","link":"https:\/\/www.regionsaris.sk\/it\/nabozensky-turizmus\/dreveny-greckokatolicky-chram-svateho-lukasa-krive\/","title":{"rendered":"Chiesa greco-cattolica di legno di San Luca, Krive"},"content":{"rendered":"<p>La chiesa lignea greco-cattolica del villaggio di Kriv\u00e9, dedicata al Santo Apostolo ed Evangelista Luca, \u00e8 caratteristica per la sua imponenza e semplicit\u00e0.<br>La struttura in tronchi poggia su una fondazione in pietra, che scompare sul lato ovest. L'intero edificio ha una pianta rettangolare unificata con un santuario poligonale, una navata estesa e una torre quadrata. La torre si innalza dal nartece, \u00e8 rivestita e modellata verticalmente ed \u00e8 sormontata da una lanterna barocca con papavero e croce. All'interno si trovano due campane. Una campana risale al 1826, anno di costruzione della chiesa. Il tempio \u00e8 stato coperto con un semplice tetto a capanna, perdendo cos\u00ec l'aspetto a tre torri tipico degli edifici circostanti della zona. Grazie alla copertura a scandole del santuario e della navata e al rivestimento del nartece, il tempio d\u00e0 l'impressione di essere un edificio unico.<br>In realt\u00e0, si tratta di un edificio a tre spazi. La parte d'ingresso \u00e8 chiamata aula, popolarmente chiamata granaio. In passato era un luogo riservato ai catecumeni e ai penitenti. Simbolicamente, rappresenta il purgatorio o la Chiesa sofferente.<br>La parte successiva \u00e8 la barca. \u00c8 il luogo in cui si concentrano i fedeli che partecipano alle cerimonie. Simbolicamente, rappresenta la Chiesa errante, cio\u00e8 i cristiani che vivono sulla terra. La terza parte, situata dietro l'iconostasi - la parete dell'immagine - \u00e8 chiamata santuario. Rappresenta il regno dei cieli - il paradiso - e anche la Chiesa trionfante e glorificata in cielo. La preziosa iconostasi \u00e8 composta da icone di epoche diverse. Nella fila principale, al centro, si trovano porte reali intagliate con medaglioni degli Evangelisti e scene dell'Annunciazione. Insieme alle icone di San Nicola, della Madre di Dio Hodigitria, di Cristo Maestro e di San Luca Apostolo, risalgono all'inizio del XVIII secolo. L'iconostasi ha un'architettura a quattro navate disposte su quattro piani. \u00c8 intonata in colore rosso mattone. L'incorniciatura blu delle cornici della porta dello zar \u00e8 insolita. Le colonne e le cornici delle icone sono dorate, la porta dello zar \u00e8 decorata con grappoli d'uva.<br>Non esistono in Slovacchia iconostasi simili di questo periodo in condizioni cos\u00ec ben conservate e in numero cos\u00ec elevato. Vi sono anche una croce dipinta nel XVII secolo, un'icona della Crocifissione del XIX secolo e un'icona della Passione di Cristo del XVIII secolo. Al centro dell'icona c'\u00e8 Cristo con le ferite della Passione e intorno a lui sono raffigurati oggetti legati alla sua Passione.<\/p>\n\n\n\n<p>Fonte : www.drevenchramy.sk<\/p>\n\n\n\n<p>Foto: Henryk Bielamowicz, cergov.sk<\/p>","protected":false},"featured_media":2590,"template":"","meta":{"_acf_changed":false},"kategoria-poi":[186,168],"lokalita":[178],"sezona-poi":[12],"trvanie-vyletu":[217],"class_list":["post-2589","nabozensky-turizmus","type-nabozensky-turizmus","status-publish","has-post-thumbnail","hentry","kategoria-poi-drevene-chramy","kategoria-poi-nabozensky-turizmus","lokalita-bardejov-a-okolie","sezona-poi-celorocne","trvanie-vyletu-kratke-vylety"],"acf":[],"yoast_head":"<!-- This site is optimized with the Yoast SEO Premium plugin v26.3 (Yoast SEO v26.8) - https:\/\/yoast.com\/product\/yoast-seo-premium-wordpress\/ -->\n<title>Dreven\u00fd gr\u00e9ckokatol\u00edcky chr\u00e1m sv\u00e4t\u00e9ho Luk\u00e1\u0161a, Kriv\u00e9 - OOCR \u0160ari\u0161<\/title>\n<meta name=\"robots\" content=\"index, follow, max-snippet:-1, max-image-preview:large, max-video-preview:-1\" \/>\n<link rel=\"canonical\" href=\"https:\/\/www.regionsaris.sk\/it\/nabozensky-turizmus\/dreveny-greckokatolicky-chram-svateho-lukasa-krive\/\" \/>\n<meta property=\"og:locale\" content=\"it_IT\" \/>\n<meta property=\"og:type\" content=\"article\" \/>\n<meta property=\"og:title\" content=\"Dreven\u00fd gr\u00e9ckokatol\u00edcky chr\u00e1m sv\u00e4t\u00e9ho Luk\u00e1\u0161a, Kriv\u00e9\" \/>\n<meta property=\"og:description\" content=\"Dreven\u00fd gr\u00e9ckokatol\u00edcky chr\u00e1m v obci Kriv\u00e9, zasv\u00e4ten\u00fd sv\u00e4t\u00e9mu apo\u0161tolovi a evanjelistovi Luk\u00e1\u0161ovi je charakteristicky svojou...\" \/>\n<meta property=\"og:url\" content=\"https:\/\/www.regionsaris.sk\/it\/nabozensky-turizmus\/dreveny-greckokatolicky-chram-svateho-lukasa-krive\/\" \/>\n<meta property=\"og:site_name\" content=\"OOCR \u0160ari\u0161\" \/>\n<meta property=\"article:modified_time\" content=\"2026-02-05T12:47:27+00:00\" \/>\n<meta property=\"og:image\" content=\"https:\/\/www.regionsaris.sk\/wp-content\/uploads\/2026\/01\/krive259-thumb.jpg\" \/>\n\t<meta property=\"og:image:width\" content=\"600\" \/>\n\t<meta property=\"og:image:height\" content=\"400\" \/>\n\t<meta property=\"og:image:type\" content=\"image\/jpeg\" \/>\n<meta name=\"twitter:card\" content=\"summary_large_image\" \/>\n<meta name=\"twitter:label1\" content=\"Tempo di lettura stimato\" \/>\n\t<meta name=\"twitter:data1\" content=\"2 minuti\" \/>\n<script type=\"application\/ld+json\" class=\"yoast-schema-graph\">{\"@context\":\"https:\/\/schema.org\",\"@graph\":[{\"@type\":\"WebPage\",\"@id\":\"https:\/\/www.regionsaris.sk\/nabozensky-turizmus\/dreveny-greckokatolicky-chram-svateho-lukasa-krive\/\",\"url\":\"https:\/\/www.regionsaris.sk\/nabozensky-turizmus\/dreveny-greckokatolicky-chram-svateho-lukasa-krive\/\",\"name\":\"Dreven\u00fd gr\u00e9ckokatol\u00edcky chr\u00e1m sv\u00e4t\u00e9ho Luk\u00e1\u0161a, Kriv\u00e9 - OOCR \u0160ari\u0161\",\"isPartOf\":{\"@id\":\"https:\/\/www.regionsaris.sk\/#website\"},\"primaryImageOfPage\":{\"@id\":\"https:\/\/www.regionsaris.sk\/nabozensky-turizmus\/dreveny-greckokatolicky-chram-svateho-lukasa-krive\/#primaryimage\"},\"image\":{\"@id\":\"https:\/\/www.regionsaris.sk\/nabozensky-turizmus\/dreveny-greckokatolicky-chram-svateho-lukasa-krive\/#primaryimage\"},\"thumbnailUrl\":\"https:\/\/www.regionsaris.sk\/wp-content\/uploads\/2026\/01\/krive259-thumb.jpg\",\"datePublished\":\"2026-01-07T11:44:59+00:00\",\"dateModified\":\"2026-02-05T12:47:27+00:00\",\"breadcrumb\":{\"@id\":\"https:\/\/www.regionsaris.sk\/nabozensky-turizmus\/dreveny-greckokatolicky-chram-svateho-lukasa-krive\/#breadcrumb\"},\"inLanguage\":\"it-IT\",\"potentialAction\":[{\"@type\":\"ReadAction\",\"target\":[\"https:\/\/www.regionsaris.sk\/nabozensky-turizmus\/dreveny-greckokatolicky-chram-svateho-lukasa-krive\/\"]}]},{\"@type\":\"ImageObject\",\"inLanguage\":\"it-IT\",\"@id\":\"https:\/\/www.regionsaris.sk\/nabozensky-turizmus\/dreveny-greckokatolicky-chram-svateho-lukasa-krive\/#primaryimage\",\"url\":\"https:\/\/www.regionsaris.sk\/wp-content\/uploads\/2026\/01\/krive259-thumb.jpg\",\"contentUrl\":\"https:\/\/www.regionsaris.sk\/wp-content\/uploads\/2026\/01\/krive259-thumb.jpg\",\"width\":600,\"height\":400},{\"@type\":\"BreadcrumbList\",\"@id\":\"https:\/\/www.regionsaris.sk\/nabozensky-turizmus\/dreveny-greckokatolicky-chram-svateho-lukasa-krive\/#breadcrumb\",\"itemListElement\":[{\"@type\":\"ListItem\",\"position\":1,\"name\":\"Domov\",\"item\":\"https:\/\/www.regionsaris.sk\/\"},{\"@type\":\"ListItem\",\"position\":2,\"name\":\"N\u00e1bo\u017eensk\u00fd turizmus v regi\u00f3ne\",\"item\":\"https:\/\/www.regionsaris.sk\/nabozensky-turizmus-v-regione\/\"},{\"@type\":\"ListItem\",\"position\":3,\"name\":\"Dreven\u00fd gr\u00e9ckokatol\u00edcky chr\u00e1m sv\u00e4t\u00e9ho Luk\u00e1\u0161a, Kriv\u00e9\"}]},{\"@type\":\"WebSite\",\"@id\":\"https:\/\/www.regionsaris.sk\/#website\",\"url\":\"https:\/\/www.regionsaris.sk\/\",\"name\":\"OOCR \u0160ari\u0161\",\"description\":\"\",\"potentialAction\":[{\"@type\":\"SearchAction\",\"target\":{\"@type\":\"EntryPoint\",\"urlTemplate\":\"https:\/\/www.regionsaris.sk\/?s={search_term_string}\"},\"query-input\":{\"@type\":\"PropertyValueSpecification\",\"valueRequired\":true,\"valueName\":\"search_term_string\"}}],\"inLanguage\":\"it-IT\"}]}<\/script>\n<!-- \/ Yoast SEO Premium plugin. -->","yoast_head_json":{"title":"Dreven\u00fd gr\u00e9ckokatol\u00edcky chr\u00e1m sv\u00e4t\u00e9ho Luk\u00e1\u0161a, Kriv\u00e9 - OOCR \u0160ari\u0161","robots":{"index":"index","follow":"follow","max-snippet":"max-snippet:-1","max-image-preview":"max-image-preview:large","max-video-preview":"max-video-preview:-1"},"canonical":"https:\/\/www.regionsaris.sk\/it\/nabozensky-turizmus\/dreveny-greckokatolicky-chram-svateho-lukasa-krive\/","og_locale":"it_IT","og_type":"article","og_title":"Dreven\u00fd gr\u00e9ckokatol\u00edcky chr\u00e1m sv\u00e4t\u00e9ho Luk\u00e1\u0161a, Kriv\u00e9","og_description":"Dreven\u00fd gr\u00e9ckokatol\u00edcky chr\u00e1m v obci Kriv\u00e9, zasv\u00e4ten\u00fd sv\u00e4t\u00e9mu apo\u0161tolovi a evanjelistovi Luk\u00e1\u0161ovi je charakteristicky svojou...","og_url":"https:\/\/www.regionsaris.sk\/it\/nabozensky-turizmus\/dreveny-greckokatolicky-chram-svateho-lukasa-krive\/","og_site_name":"OOCR \u0160ari\u0161","article_modified_time":"2026-02-05T12:47:27+00:00","og_image":[{"width":600,"height":400,"url":"https:\/\/www.regionsaris.sk\/wp-content\/uploads\/2026\/01\/krive259-thumb.jpg","type":"image\/jpeg"}],"twitter_card":"summary_large_image","twitter_misc":{"Tempo di lettura stimato":"2 minuti"},"schema":{"@context":"https:\/\/schema.org","@graph":[{"@type":"WebPage","@id":"https:\/\/www.regionsaris.sk\/nabozensky-turizmus\/dreveny-greckokatolicky-chram-svateho-lukasa-krive\/","url":"https:\/\/www.regionsaris.sk\/nabozensky-turizmus\/dreveny-greckokatolicky-chram-svateho-lukasa-krive\/","name":"Dreven\u00fd gr\u00e9ckokatol\u00edcky chr\u00e1m sv\u00e4t\u00e9ho Luk\u00e1\u0161a, Kriv\u00e9 - OOCR \u0160ari\u0161","isPartOf":{"@id":"https:\/\/www.regionsaris.sk\/#website"},"primaryImageOfPage":{"@id":"https:\/\/www.regionsaris.sk\/nabozensky-turizmus\/dreveny-greckokatolicky-chram-svateho-lukasa-krive\/#primaryimage"},"image":{"@id":"https:\/\/www.regionsaris.sk\/nabozensky-turizmus\/dreveny-greckokatolicky-chram-svateho-lukasa-krive\/#primaryimage"},"thumbnailUrl":"https:\/\/www.regionsaris.sk\/wp-content\/uploads\/2026\/01\/krive259-thumb.jpg","datePublished":"2026-01-07T11:44:59+00:00","dateModified":"2026-02-05T12:47:27+00:00","breadcrumb":{"@id":"https:\/\/www.regionsaris.sk\/nabozensky-turizmus\/dreveny-greckokatolicky-chram-svateho-lukasa-krive\/#breadcrumb"},"inLanguage":"it-IT","potentialAction":[{"@type":"ReadAction","target":["https:\/\/www.regionsaris.sk\/nabozensky-turizmus\/dreveny-greckokatolicky-chram-svateho-lukasa-krive\/"]}]},{"@type":"ImageObject","inLanguage":"it-IT","@id":"https:\/\/www.regionsaris.sk\/nabozensky-turizmus\/dreveny-greckokatolicky-chram-svateho-lukasa-krive\/#primaryimage","url":"https:\/\/www.regionsaris.sk\/wp-content\/uploads\/2026\/01\/krive259-thumb.jpg","contentUrl":"https:\/\/www.regionsaris.sk\/wp-content\/uploads\/2026\/01\/krive259-thumb.jpg","width":600,"height":400},{"@type":"BreadcrumbList","@id":"https:\/\/www.regionsaris.sk\/nabozensky-turizmus\/dreveny-greckokatolicky-chram-svateho-lukasa-krive\/#breadcrumb","itemListElement":[{"@type":"ListItem","position":1,"name":"Domov","item":"https:\/\/www.regionsaris.sk\/"},{"@type":"ListItem","position":2,"name":"N\u00e1bo\u017eensk\u00fd turizmus v regi\u00f3ne","item":"https:\/\/www.regionsaris.sk\/nabozensky-turizmus-v-regione\/"},{"@type":"ListItem","position":3,"name":"Dreven\u00fd gr\u00e9ckokatol\u00edcky chr\u00e1m sv\u00e4t\u00e9ho Luk\u00e1\u0161a, Kriv\u00e9"}]},{"@type":"WebSite","@id":"https:\/\/www.regionsaris.sk\/#website","url":"https:\/\/www.regionsaris.sk\/","name":"OOCR \u0160ari\u0161","description":"","potentialAction":[{"@type":"SearchAction","target":{"@type":"EntryPoint","urlTemplate":"https:\/\/www.regionsaris.sk\/?s={search_term_string}"},"query-input":{"@type":"PropertyValueSpecification","valueRequired":true,"valueName":"search_term_string"}}],"inLanguage":"it-IT"}]}},"_links":{"self":[{"href":"https:\/\/www.regionsaris.sk\/it\/wp-json\/wp\/v2\/nabozensky-turizmus\/2589","targetHints":{"allow":["GET"]}}],"collection":[{"href":"https:\/\/www.regionsaris.sk\/it\/wp-json\/wp\/v2\/nabozensky-turizmus"}],"about":[{"href":"https:\/\/www.regionsaris.sk\/it\/wp-json\/wp\/v2\/types\/nabozensky-turizmus"}],"wp:featuredmedia":[{"embeddable":true,"href":"https:\/\/www.regionsaris.sk\/it\/wp-json\/wp\/v2\/media\/2590"}],"wp:attachment":[{"href":"https:\/\/www.regionsaris.sk\/it\/wp-json\/wp\/v2\/media?parent=2589"}],"wp:term":[{"taxonomy":"kategoria-poi","embeddable":true,"href":"https:\/\/www.regionsaris.sk\/it\/wp-json\/wp\/v2\/kategoria-poi?post=2589"},{"taxonomy":"lokalita","embeddable":true,"href":"https:\/\/www.regionsaris.sk\/it\/wp-json\/wp\/v2\/lokalita?post=2589"},{"taxonomy":"sezona-poi","embeddable":true,"href":"https:\/\/www.regionsaris.sk\/it\/wp-json\/wp\/v2\/sezona-poi?post=2589"},{"taxonomy":"trvanie-vyletu","embeddable":true,"href":"https:\/\/www.regionsaris.sk\/it\/wp-json\/wp\/v2\/trvanie-vyletu?post=2589"}],"curies":[{"name":"wp","href":"https:\/\/api.w.org\/{rel}","templated":true}]}}

<p>La chiesa lignea greco-cattolica del villaggio di Krivé, dedicata al Santo Apostolo ed Evangelista Luca, è caratteristica per la sua imponenza e semplicità.<br>La struttura in tronchi poggia su una fondazione in pietra, che scompare sul lato ovest. L'intero edificio ha una pianta rettangolare unificata con un santuario poligonale, una navata estesa e una torre quadrata. La torre si innalza dal nartece, è rivestita e modellata verticalmente ed è sormontata da una lanterna barocca con papavero e croce. All'interno si trovano due campane. Una campana risale al 1826, anno di costruzione della chiesa. Il tempio è stato coperto con un semplice tetto a capanna, perdendo così l'aspetto a tre torri tipico degli edifici circostanti della zona. Grazie alla copertura a scandole del santuario e della navata e al rivestimento del nartece, il tempio dà l'impressione di essere un edificio unico.<br>In realtà, si tratta di un edificio a tre spazi. La parte d'ingresso è chiamata aula, popolarmente chiamata granaio. In passato era un luogo riservato ai catecumeni e ai penitenti. Simbolicamente, rappresenta il purgatorio o la Chiesa sofferente.<br>La parte successiva è la barca. È il luogo in cui si concentrano i fedeli che partecipano alle cerimonie. Simbolicamente, rappresenta la Chiesa errante, cioè i cristiani che vivono sulla terra. La terza parte, situata dietro l'iconostasi - la parete dell'immagine - è chiamata santuario. Rappresenta il regno dei cieli - il paradiso - e anche la Chiesa trionfante e glorificata in cielo. La preziosa iconostasi è composta da icone di epoche diverse. Nella fila principale, al centro, si trovano porte reali intagliate con medaglioni degli Evangelisti e scene dell'Annunciazione. Insieme alle icone di San Nicola, della Madre di Dio Hodigitria, di Cristo Maestro e di San Luca Apostolo, risalgono all'inizio del XVIII secolo. L'iconostasi ha un'architettura a quattro navate disposte su quattro piani. È intonata in colore rosso mattone. L'incorniciatura blu delle cornici della porta dello zar è insolita. Le colonne e le cornici delle icone sono dorate, la porta dello zar è decorata con grappoli d'uva.<br>Non esistono in Slovacchia iconostasi simili di questo periodo in condizioni così ben conservate e in numero così elevato. Vi sono anche una croce dipinta nel XVII secolo, un'icona della Crocifissione del XIX secolo e un'icona della Passione di Cristo del XVIII secolo. Al centro dell'icona c'è Cristo con le ferite della Passione e intorno a lui sono raffigurati oggetti legati alla sua Passione.</p>



<p>Fonte : www.drevenchramy.sk</p>



<p>Foto: Henryk Bielamowicz, cergov.sk</p>

<!-- This site is optimized with the Yoast SEO Premium plugin v26.3 (Yoast SEO v26.8) - https://yoast.com/product/yoast-seo-premium-wordpress/ -->
<title>Drevený gréckokatolícky chrám svätého Lukáša, Krivé - OOCR Šariš</title>
<meta name="robots" content="index, follow, max-snippet:-1, max-image-preview:large, max-video-preview:-1" />
<link rel="canonical" href="https://www.regionsaris.sk/it/nabozensky-turizmus/dreveny-greckokatolicky-chram-svateho-lukasa-krive/" />
<meta property="og:locale" content="it_IT" />
<meta property="og:type" content="article" />
<meta property="og:title" content="Drevený gréckokatolícky chrám svätého Lukáša, Krivé" />
<meta property="og:description" content="Drevený gréckokatolícky chrám v obci Krivé, zasvätený svätému apoštolovi a evanjelistovi Lukášovi je charakteristicky svojou..." />
<meta property="og:url" content="https://www.regionsaris.sk/it/nabozensky-turizmus/dreveny-greckokatolicky-chram-svateho-lukasa-krive/" />
<meta property="og:site_name" content="OOCR Šariš" />
<meta property="article:modified_time" content="2026-02-05T12:47:27+00:00" />
<meta property="og:image" content="https://www.regionsaris.sk/wp-content/uploads/2026/01/krive259-thumb.jpg" />
	<meta property="og:image:width" content="600" />
	<meta property="og:image:height" content="400" />
	<meta property="og:image:type" content="image/jpeg" />
<meta name="twitter:card" content="summary_large_image" />
<meta name="twitter:label1" content="Tempo di lettura stimato" />
	<meta name="twitter:data1" content="2 minuti" />
<script type="application/ld+json" class="yoast-schema-graph">{"@context":"https://schema.org","@graph":[{"@type":"WebPage","@id":"https://www.regionsaris.sk/nabozensky-turizmus/dreveny-greckokatolicky-chram-svateho-lukasa-krive/","url":"https://www.regionsaris.sk/nabozensky-turizmus/dreveny-greckokatolicky-chram-svateho-lukasa-krive/","name":"Drevený gréckokatolícky chrám svätého Lukáša, Krivé - OOCR Šariš","isPartOf":{"@id":"https://www.regionsaris.sk/#website"},"primaryImageOfPage":{"@id":"https://www.regionsaris.sk/nabozensky-turizmus/dreveny-greckokatolicky-chram-svateho-lukasa-krive/#primaryimage"},"image":{"@id":"https://www.regionsaris.sk/nabozensky-turizmus/dreveny-greckokatolicky-chram-svateho-lukasa-krive/#primaryimage"},"thumbnailUrl":"https://www.regionsaris.sk/wp-content/uploads/2026/01/krive259-thumb.jpg","datePublished":"2026-01-07T11:44:59+00:00","dateModified":"2026-02-05T12:47:27+00:00","breadcrumb":{"@id":"https://www.regionsaris.sk/nabozensky-turizmus/dreveny-greckokatolicky-chram-svateho-lukasa-krive/#breadcrumb"},"inLanguage":"it-IT","potentialAction":[{"@type":"ReadAction","target":["https://www.regionsaris.sk/nabozensky-turizmus/dreveny-greckokatolicky-chram-svateho-lukasa-krive/"]}]},{"@type":"ImageObject","inLanguage":"it-IT","@id":"https://www.regionsaris.sk/nabozensky-turizmus/dreveny-greckokatolicky-chram-svateho-lukasa-krive/#primaryimage","url":"https://www.regionsaris.sk/wp-content/uploads/2026/01/krive259-thumb.jpg","contentUrl":"https://www.regionsaris.sk/wp-content/uploads/2026/01/krive259-thumb.jpg","width":600,"height":400},{"@type":"BreadcrumbList","@id":"https://www.regionsaris.sk/nabozensky-turizmus/dreveny-greckokatolicky-chram-svateho-lukasa-krive/#breadcrumb","itemListElement":[{"@type":"ListItem","position":1,"name":"Domov","item":"https://www.regionsaris.sk/"},{"@type":"ListItem","position":2,"name":"Náboženský turizmus v regióne","item":"https://www.regionsaris.sk/nabozensky-turizmus-v-regione/"},{"@type":"ListItem","position":3,"name":"Drevený gréckokatolícky chrám svätého Lukáša, Krivé"}]},{"@type":"WebSite","@id":"https://www.regionsaris.sk/#website","url":"https://www.regionsaris.sk/","name":"OOCR Šariš","description":"","potentialAction":[{"@type":"SearchAction","target":{"@type":"EntryPoint","urlTemplate":"https://www.regionsaris.sk/?s={search_term_string}"},"query-input":{"@type":"PropertyValueSpecification","valueRequired":true,"valueName":"search_term_string"}}],"inLanguage":"it-IT"}]}</script>
<!-- / Yoast SEO Premium plugin. -->

Drevený gréckokatolícky chrám svätého Lukáša, Krivé - OOCR Šariš

Drevený gréckokatolícky chrám svätého Lukáša, Krivé

Drevený gréckokatolícky chrám v obci Krivé, zasvätený svätému apoštolovi a evanjelistovi Lukášovi je charakteristicky svojou...

OOCR Šariš

Náboženský turizmus v regióne
