{"id":2581,"date":"2026-01-07T12:45:00","date_gmt":"2026-01-07T11:45:00","guid":{"rendered":"https:\/\/www.regionsaris.sk\/?post_type=nabozensky-turizmus&#038;p=2581"},"modified":"2026-02-05T13:46:09","modified_gmt":"2026-02-05T12:46:09","slug":"dreveny-greckokatolicky-chram-sv-archanjela-michala-fricka","status":"publish","type":"nabozensky-turizmus","link":"https:\/\/www.regionsaris.sk\/it\/nabozensky-turizmus\/dreveny-greckokatolicky-chram-sv-archanjela-michala-fricka\/","title":{"rendered":"Chiesa greco-cattolica di legno di San Michele Arcangelo, Fri\u010dka"},"content":{"rendered":"<p><strong>Chiesa filiale in legno a Fri\u010dka\u00a0<\/strong>La chiesa \u00e8 stata costruita su un leggero rialzo al centro del villaggio nel 1829 e da allora ha mantenuto l'aspetto attuale, anche se ha subito ampie modifiche nel 1933 e nel 1971. \u00c8 dedicata a San Michele Arcangelo. Strutturalmente, si tratta di una chiesa in tre parti, a tre spazi e due torri con tre croci. Il tempio \u00e8 costruito su fondamenta in pietra. La costruzione del tempio \u00e8 a tronchi, con colonne sulla torre.<br>Il lato ovest \u00e8 dominato da una massiccia torre con tre campane, la pi\u00f9 antica delle quali risale al 1697.<br>Nel tempio si trova un'iconostasi in legno che separa il santuario dalla navata centrale. Risale ai secoli XVIII e XIX.<br>L'iconostasi ha un'architettura a cinque navate. La prima - la fila principale - \u00e8 composta dalle seguenti icone: San Nicola Vescovo, la Madre di Dio Hodigitria, Cristo Maestro, l'icona protettrice di San Michele Arcangelo. La seconda fila di icone \u00e8 costituita dalle icone delle feste, che sono suddivise in modo non convenzionale dal Veraikon. La terza fila successiva \u00e8 costituita dalle icone degli Apostoli, con al centro l'icona di Cristo Sommo Sacerdote. La quarta fila di profeti \u00e8 composta da sei icone con coppie di figure. La quinta fila \u00e8 posta sotto le icone principali. Queste quattro icone raffigurano eventi: San Nicola Vescovo che calma il mare, Sant'Antonio e Teodosio, i Tre Gerarchi, San Giovanni Battista. L'iconostasi si conclude con la Crocifissione, con le figure della Madre di Dio e di San Giovanni Evangelista ai lati.<br>All'interno dell'iconostasi si trova la porta dello zar, riccamente intagliata, con sei medaglioni raffiguranti i quattro evangelisti e scene dell'Annunciazione. Lo spazio sopra le due porte diaconali \u00e8 occupato dall'icona dell'Ultima Cena e dall'icona dell'Incarnazione di Ges\u00f9. Il dipinto del soffitto del santuario risale al XX secolo.<\/p>\n\n\n\n<p>Fonte : www.drevenechramy.sk, wikipedia<\/p>","protected":false},"featured_media":2582,"template":"","meta":{"_acf_changed":false},"kategoria-poi":[186,168],"lokalita":[178],"sezona-poi":[12],"trvanie-vyletu":[217,180],"class_list":["post-2581","nabozensky-turizmus","type-nabozensky-turizmus","status-publish","has-post-thumbnail","hentry","kategoria-poi-drevene-chramy","kategoria-poi-nabozensky-turizmus","lokalita-bardejov-a-okolie","sezona-poi-celorocne","trvanie-vyletu-kratke-vylety","trvanie-vyletu-poldenne-vylety"],"acf":[],"yoast_head":"<!-- This site is optimized with the Yoast SEO Premium plugin v26.3 (Yoast SEO v26.8) - https:\/\/yoast.com\/product\/yoast-seo-premium-wordpress\/ -->\n<title>Dreven\u00fd gr\u00e9ckokatol\u00edcky chr\u00e1m sv. archanjela Michala, Fri\u010dka - OOCR \u0160ari\u0161<\/title>\n<meta name=\"robots\" content=\"index, follow, max-snippet:-1, max-image-preview:large, max-video-preview:-1\" \/>\n<link rel=\"canonical\" href=\"https:\/\/www.regionsaris.sk\/it\/nabozensky-turizmus\/dreveny-greckokatolicky-chram-sv-archanjela-michala-fricka\/\" \/>\n<meta property=\"og:locale\" content=\"it_IT\" \/>\n<meta property=\"og:type\" content=\"article\" \/>\n<meta property=\"og:title\" content=\"Dreven\u00fd gr\u00e9ckokatol\u00edcky chr\u00e1m sv. archanjela Michala, Fri\u010dka\" \/>\n<meta property=\"og:description\" content=\"Dreven\u00fd fili\u00e1lny chr\u00e1m vo Fri\u010dke\u00a0bol postaven\u00fd na miernej vyv\u00fd\u0161enine uprostred dediny v roku 1829. Z...\" \/>\n<meta property=\"og:url\" content=\"https:\/\/www.regionsaris.sk\/it\/nabozensky-turizmus\/dreveny-greckokatolicky-chram-sv-archanjela-michala-fricka\/\" \/>\n<meta property=\"og:site_name\" content=\"OOCR \u0160ari\u0161\" \/>\n<meta property=\"article:modified_time\" content=\"2026-02-05T12:46:09+00:00\" \/>\n<meta property=\"og:image\" content=\"https:\/\/www.regionsaris.sk\/wp-content\/uploads\/2026\/01\/Fricka255-thumb.jpg\" \/>\n\t<meta property=\"og:image:width\" content=\"600\" \/>\n\t<meta property=\"og:image:height\" content=\"400\" \/>\n\t<meta property=\"og:image:type\" content=\"image\/jpeg\" \/>\n<meta name=\"twitter:card\" content=\"summary_large_image\" \/>\n<meta name=\"twitter:label1\" content=\"Tempo di lettura stimato\" \/>\n\t<meta name=\"twitter:data1\" content=\"2 minuti\" \/>\n<script type=\"application\/ld+json\" class=\"yoast-schema-graph\">{\"@context\":\"https:\/\/schema.org\",\"@graph\":[{\"@type\":\"WebPage\",\"@id\":\"https:\/\/www.regionsaris.sk\/nabozensky-turizmus\/dreveny-greckokatolicky-chram-sv-archanjela-michala-fricka\/\",\"url\":\"https:\/\/www.regionsaris.sk\/nabozensky-turizmus\/dreveny-greckokatolicky-chram-sv-archanjela-michala-fricka\/\",\"name\":\"Dreven\u00fd gr\u00e9ckokatol\u00edcky chr\u00e1m sv. archanjela Michala, Fri\u010dka - OOCR \u0160ari\u0161\",\"isPartOf\":{\"@id\":\"https:\/\/www.regionsaris.sk\/#website\"},\"primaryImageOfPage\":{\"@id\":\"https:\/\/www.regionsaris.sk\/nabozensky-turizmus\/dreveny-greckokatolicky-chram-sv-archanjela-michala-fricka\/#primaryimage\"},\"image\":{\"@id\":\"https:\/\/www.regionsaris.sk\/nabozensky-turizmus\/dreveny-greckokatolicky-chram-sv-archanjela-michala-fricka\/#primaryimage\"},\"thumbnailUrl\":\"https:\/\/www.regionsaris.sk\/wp-content\/uploads\/2026\/01\/Fricka255-thumb.jpg\",\"datePublished\":\"2026-01-07T11:45:00+00:00\",\"dateModified\":\"2026-02-05T12:46:09+00:00\",\"breadcrumb\":{\"@id\":\"https:\/\/www.regionsaris.sk\/nabozensky-turizmus\/dreveny-greckokatolicky-chram-sv-archanjela-michala-fricka\/#breadcrumb\"},\"inLanguage\":\"it-IT\",\"potentialAction\":[{\"@type\":\"ReadAction\",\"target\":[\"https:\/\/www.regionsaris.sk\/nabozensky-turizmus\/dreveny-greckokatolicky-chram-sv-archanjela-michala-fricka\/\"]}]},{\"@type\":\"ImageObject\",\"inLanguage\":\"it-IT\",\"@id\":\"https:\/\/www.regionsaris.sk\/nabozensky-turizmus\/dreveny-greckokatolicky-chram-sv-archanjela-michala-fricka\/#primaryimage\",\"url\":\"https:\/\/www.regionsaris.sk\/wp-content\/uploads\/2026\/01\/Fricka255-thumb.jpg\",\"contentUrl\":\"https:\/\/www.regionsaris.sk\/wp-content\/uploads\/2026\/01\/Fricka255-thumb.jpg\",\"width\":600,\"height\":400},{\"@type\":\"BreadcrumbList\",\"@id\":\"https:\/\/www.regionsaris.sk\/nabozensky-turizmus\/dreveny-greckokatolicky-chram-sv-archanjela-michala-fricka\/#breadcrumb\",\"itemListElement\":[{\"@type\":\"ListItem\",\"position\":1,\"name\":\"Domov\",\"item\":\"https:\/\/www.regionsaris.sk\/\"},{\"@type\":\"ListItem\",\"position\":2,\"name\":\"N\u00e1bo\u017eensk\u00fd turizmus v regi\u00f3ne\",\"item\":\"https:\/\/www.regionsaris.sk\/nabozensky-turizmus-v-regione\/\"},{\"@type\":\"ListItem\",\"position\":3,\"name\":\"Dreven\u00fd gr\u00e9ckokatol\u00edcky chr\u00e1m sv. archanjela Michala, Fri\u010dka\"}]},{\"@type\":\"WebSite\",\"@id\":\"https:\/\/www.regionsaris.sk\/#website\",\"url\":\"https:\/\/www.regionsaris.sk\/\",\"name\":\"OOCR \u0160ari\u0161\",\"description\":\"\",\"potentialAction\":[{\"@type\":\"SearchAction\",\"target\":{\"@type\":\"EntryPoint\",\"urlTemplate\":\"https:\/\/www.regionsaris.sk\/?s={search_term_string}\"},\"query-input\":{\"@type\":\"PropertyValueSpecification\",\"valueRequired\":true,\"valueName\":\"search_term_string\"}}],\"inLanguage\":\"it-IT\"}]}<\/script>\n<!-- \/ Yoast SEO Premium plugin. -->","yoast_head_json":{"title":"Dreven\u00fd gr\u00e9ckokatol\u00edcky chr\u00e1m sv. archanjela Michala, Fri\u010dka - OOCR \u0160ari\u0161","robots":{"index":"index","follow":"follow","max-snippet":"max-snippet:-1","max-image-preview":"max-image-preview:large","max-video-preview":"max-video-preview:-1"},"canonical":"https:\/\/www.regionsaris.sk\/it\/nabozensky-turizmus\/dreveny-greckokatolicky-chram-sv-archanjela-michala-fricka\/","og_locale":"it_IT","og_type":"article","og_title":"Dreven\u00fd gr\u00e9ckokatol\u00edcky chr\u00e1m sv. archanjela Michala, Fri\u010dka","og_description":"Dreven\u00fd fili\u00e1lny chr\u00e1m vo Fri\u010dke\u00a0bol postaven\u00fd na miernej vyv\u00fd\u0161enine uprostred dediny v roku 1829. Z...","og_url":"https:\/\/www.regionsaris.sk\/it\/nabozensky-turizmus\/dreveny-greckokatolicky-chram-sv-archanjela-michala-fricka\/","og_site_name":"OOCR \u0160ari\u0161","article_modified_time":"2026-02-05T12:46:09+00:00","og_image":[{"width":600,"height":400,"url":"https:\/\/www.regionsaris.sk\/wp-content\/uploads\/2026\/01\/Fricka255-thumb.jpg","type":"image\/jpeg"}],"twitter_card":"summary_large_image","twitter_misc":{"Tempo di lettura stimato":"2 minuti"},"schema":{"@context":"https:\/\/schema.org","@graph":[{"@type":"WebPage","@id":"https:\/\/www.regionsaris.sk\/nabozensky-turizmus\/dreveny-greckokatolicky-chram-sv-archanjela-michala-fricka\/","url":"https:\/\/www.regionsaris.sk\/nabozensky-turizmus\/dreveny-greckokatolicky-chram-sv-archanjela-michala-fricka\/","name":"Dreven\u00fd gr\u00e9ckokatol\u00edcky chr\u00e1m sv. archanjela Michala, Fri\u010dka - OOCR \u0160ari\u0161","isPartOf":{"@id":"https:\/\/www.regionsaris.sk\/#website"},"primaryImageOfPage":{"@id":"https:\/\/www.regionsaris.sk\/nabozensky-turizmus\/dreveny-greckokatolicky-chram-sv-archanjela-michala-fricka\/#primaryimage"},"image":{"@id":"https:\/\/www.regionsaris.sk\/nabozensky-turizmus\/dreveny-greckokatolicky-chram-sv-archanjela-michala-fricka\/#primaryimage"},"thumbnailUrl":"https:\/\/www.regionsaris.sk\/wp-content\/uploads\/2026\/01\/Fricka255-thumb.jpg","datePublished":"2026-01-07T11:45:00+00:00","dateModified":"2026-02-05T12:46:09+00:00","breadcrumb":{"@id":"https:\/\/www.regionsaris.sk\/nabozensky-turizmus\/dreveny-greckokatolicky-chram-sv-archanjela-michala-fricka\/#breadcrumb"},"inLanguage":"it-IT","potentialAction":[{"@type":"ReadAction","target":["https:\/\/www.regionsaris.sk\/nabozensky-turizmus\/dreveny-greckokatolicky-chram-sv-archanjela-michala-fricka\/"]}]},{"@type":"ImageObject","inLanguage":"it-IT","@id":"https:\/\/www.regionsaris.sk\/nabozensky-turizmus\/dreveny-greckokatolicky-chram-sv-archanjela-michala-fricka\/#primaryimage","url":"https:\/\/www.regionsaris.sk\/wp-content\/uploads\/2026\/01\/Fricka255-thumb.jpg","contentUrl":"https:\/\/www.regionsaris.sk\/wp-content\/uploads\/2026\/01\/Fricka255-thumb.jpg","width":600,"height":400},{"@type":"BreadcrumbList","@id":"https:\/\/www.regionsaris.sk\/nabozensky-turizmus\/dreveny-greckokatolicky-chram-sv-archanjela-michala-fricka\/#breadcrumb","itemListElement":[{"@type":"ListItem","position":1,"name":"Domov","item":"https:\/\/www.regionsaris.sk\/"},{"@type":"ListItem","position":2,"name":"N\u00e1bo\u017eensk\u00fd turizmus v regi\u00f3ne","item":"https:\/\/www.regionsaris.sk\/nabozensky-turizmus-v-regione\/"},{"@type":"ListItem","position":3,"name":"Dreven\u00fd gr\u00e9ckokatol\u00edcky chr\u00e1m sv. archanjela Michala, Fri\u010dka"}]},{"@type":"WebSite","@id":"https:\/\/www.regionsaris.sk\/#website","url":"https:\/\/www.regionsaris.sk\/","name":"OOCR \u0160ari\u0161","description":"","potentialAction":[{"@type":"SearchAction","target":{"@type":"EntryPoint","urlTemplate":"https:\/\/www.regionsaris.sk\/?s={search_term_string}"},"query-input":{"@type":"PropertyValueSpecification","valueRequired":true,"valueName":"search_term_string"}}],"inLanguage":"it-IT"}]}},"_links":{"self":[{"href":"https:\/\/www.regionsaris.sk\/it\/wp-json\/wp\/v2\/nabozensky-turizmus\/2581","targetHints":{"allow":["GET"]}}],"collection":[{"href":"https:\/\/www.regionsaris.sk\/it\/wp-json\/wp\/v2\/nabozensky-turizmus"}],"about":[{"href":"https:\/\/www.regionsaris.sk\/it\/wp-json\/wp\/v2\/types\/nabozensky-turizmus"}],"wp:featuredmedia":[{"embeddable":true,"href":"https:\/\/www.regionsaris.sk\/it\/wp-json\/wp\/v2\/media\/2582"}],"wp:attachment":[{"href":"https:\/\/www.regionsaris.sk\/it\/wp-json\/wp\/v2\/media?parent=2581"}],"wp:term":[{"taxonomy":"kategoria-poi","embeddable":true,"href":"https:\/\/www.regionsaris.sk\/it\/wp-json\/wp\/v2\/kategoria-poi?post=2581"},{"taxonomy":"lokalita","embeddable":true,"href":"https:\/\/www.regionsaris.sk\/it\/wp-json\/wp\/v2\/lokalita?post=2581"},{"taxonomy":"sezona-poi","embeddable":true,"href":"https:\/\/www.regionsaris.sk\/it\/wp-json\/wp\/v2\/sezona-poi?post=2581"},{"taxonomy":"trvanie-vyletu","embeddable":true,"href":"https:\/\/www.regionsaris.sk\/it\/wp-json\/wp\/v2\/trvanie-vyletu?post=2581"}],"curies":[{"name":"wp","href":"https:\/\/api.w.org\/{rel}","templated":true}]}}

Chiesa greco-cattolica di legno di San Michele Arcangelo, Frička

<p><strong>Chiesa filiale in legno a Frička </strong>La chiesa è stata costruita su un leggero rialzo al centro del villaggio nel 1829 e da allora ha mantenuto l'aspetto attuale, anche se ha subito ampie modifiche nel 1933 e nel 1971. È dedicata a San Michele Arcangelo. Strutturalmente, si tratta di una chiesa in tre parti, a tre spazi e due torri con tre croci. Il tempio è costruito su fondamenta in pietra. La costruzione del tempio è a tronchi, con colonne sulla torre.<br>Il lato ovest è dominato da una massiccia torre con tre campane, la più antica delle quali risale al 1697.<br>Nel tempio si trova un'iconostasi in legno che separa il santuario dalla navata centrale. Risale ai secoli XVIII e XIX.<br>L'iconostasi ha un'architettura a cinque navate. La prima - la fila principale - è composta dalle seguenti icone: San Nicola Vescovo, la Madre di Dio Hodigitria, Cristo Maestro, l'icona protettrice di San Michele Arcangelo. La seconda fila di icone è costituita dalle icone delle feste, che sono suddivise in modo non convenzionale dal Veraikon. La terza fila successiva è costituita dalle icone degli Apostoli, con al centro l'icona di Cristo Sommo Sacerdote. La quarta fila di profeti è composta da sei icone con coppie di figure. La quinta fila è posta sotto le icone principali. Queste quattro icone raffigurano eventi: San Nicola Vescovo che calma il mare, Sant'Antonio e Teodosio, i Tre Gerarchi, San Giovanni Battista. L'iconostasi si conclude con la Crocifissione, con le figure della Madre di Dio e di San Giovanni Evangelista ai lati.<br>All'interno dell'iconostasi si trova la porta dello zar, riccamente intagliata, con sei medaglioni raffiguranti i quattro evangelisti e scene dell'Annunciazione. Lo spazio sopra le due porte diaconali è occupato dall'icona dell'Ultima Cena e dall'icona dell'Incarnazione di Gesù. Il dipinto del soffitto del santuario risale al XX secolo.</p>



<p>Fonte : www.drevenechramy.sk, wikipedia</p>

<!-- This site is optimized with the Yoast SEO Premium plugin v26.3 (Yoast SEO v26.8) - https://yoast.com/product/yoast-seo-premium-wordpress/ -->
<title>Drevený gréckokatolícky chrám sv. archanjela Michala, Frička - OOCR Šariš</title>
<meta name="robots" content="index, follow, max-snippet:-1, max-image-preview:large, max-video-preview:-1" />
<link rel="canonical" href="https://www.regionsaris.sk/it/nabozensky-turizmus/dreveny-greckokatolicky-chram-sv-archanjela-michala-fricka/" />
<meta property="og:locale" content="it_IT" />
<meta property="og:type" content="article" />
<meta property="og:title" content="Drevený gréckokatolícky chrám sv. archanjela Michala, Frička" />
<meta property="og:description" content="Drevený filiálny chrám vo Fričke bol postavený na miernej vyvýšenine uprostred dediny v roku 1829. Z..." />
<meta property="og:url" content="https://www.regionsaris.sk/it/nabozensky-turizmus/dreveny-greckokatolicky-chram-sv-archanjela-michala-fricka/" />
<meta property="og:site_name" content="OOCR Šariš" />
<meta property="article:modified_time" content="2026-02-05T12:46:09+00:00" />
<meta property="og:image" content="https://www.regionsaris.sk/wp-content/uploads/2026/01/Fricka255-thumb.jpg" />
	<meta property="og:image:width" content="600" />
	<meta property="og:image:height" content="400" />
	<meta property="og:image:type" content="image/jpeg" />
<meta name="twitter:card" content="summary_large_image" />
<meta name="twitter:label1" content="Tempo di lettura stimato" />
	<meta name="twitter:data1" content="2 minuti" />
<script type="application/ld+json" class="yoast-schema-graph">{"@context":"https://schema.org","@graph":[{"@type":"WebPage","@id":"https://www.regionsaris.sk/nabozensky-turizmus/dreveny-greckokatolicky-chram-sv-archanjela-michala-fricka/","url":"https://www.regionsaris.sk/nabozensky-turizmus/dreveny-greckokatolicky-chram-sv-archanjela-michala-fricka/","name":"Drevený gréckokatolícky chrám sv. archanjela Michala, Frička - OOCR Šariš","isPartOf":{"@id":"https://www.regionsaris.sk/#website"},"primaryImageOfPage":{"@id":"https://www.regionsaris.sk/nabozensky-turizmus/dreveny-greckokatolicky-chram-sv-archanjela-michala-fricka/#primaryimage"},"image":{"@id":"https://www.regionsaris.sk/nabozensky-turizmus/dreveny-greckokatolicky-chram-sv-archanjela-michala-fricka/#primaryimage"},"thumbnailUrl":"https://www.regionsaris.sk/wp-content/uploads/2026/01/Fricka255-thumb.jpg","datePublished":"2026-01-07T11:45:00+00:00","dateModified":"2026-02-05T12:46:09+00:00","breadcrumb":{"@id":"https://www.regionsaris.sk/nabozensky-turizmus/dreveny-greckokatolicky-chram-sv-archanjela-michala-fricka/#breadcrumb"},"inLanguage":"it-IT","potentialAction":[{"@type":"ReadAction","target":["https://www.regionsaris.sk/nabozensky-turizmus/dreveny-greckokatolicky-chram-sv-archanjela-michala-fricka/"]}]},{"@type":"ImageObject","inLanguage":"it-IT","@id":"https://www.regionsaris.sk/nabozensky-turizmus/dreveny-greckokatolicky-chram-sv-archanjela-michala-fricka/#primaryimage","url":"https://www.regionsaris.sk/wp-content/uploads/2026/01/Fricka255-thumb.jpg","contentUrl":"https://www.regionsaris.sk/wp-content/uploads/2026/01/Fricka255-thumb.jpg","width":600,"height":400},{"@type":"BreadcrumbList","@id":"https://www.regionsaris.sk/nabozensky-turizmus/dreveny-greckokatolicky-chram-sv-archanjela-michala-fricka/#breadcrumb","itemListElement":[{"@type":"ListItem","position":1,"name":"Domov","item":"https://www.regionsaris.sk/"},{"@type":"ListItem","position":2,"name":"Náboženský turizmus v regióne","item":"https://www.regionsaris.sk/nabozensky-turizmus-v-regione/"},{"@type":"ListItem","position":3,"name":"Drevený gréckokatolícky chrám sv. archanjela Michala, Frička"}]},{"@type":"WebSite","@id":"https://www.regionsaris.sk/#website","url":"https://www.regionsaris.sk/","name":"OOCR Šariš","description":"","potentialAction":[{"@type":"SearchAction","target":{"@type":"EntryPoint","urlTemplate":"https://www.regionsaris.sk/?s={search_term_string}"},"query-input":{"@type":"PropertyValueSpecification","valueRequired":true,"valueName":"search_term_string"}}],"inLanguage":"it-IT"}]}</script>
<!-- / Yoast SEO Premium plugin. -->

Drevený gréckokatolícky chrám sv. archanjela Michala, Frička - OOCR Šariš

Drevený gréckokatolícky chrám sv. archanjela Michala, Frička

Drevený filiálny chrám vo Fričke bol postavený na miernej vyvýšenine uprostred dediny v roku 1829. Z...

OOCR Šariš

Náboženský turizmus v regióne
