{"id":2579,"date":"2026-01-07T12:45:01","date_gmt":"2026-01-07T11:45:01","guid":{"rendered":"https:\/\/www.regionsaris.sk\/?post_type=nabozensky-turizmus&#038;p=2579"},"modified":"2026-02-05T13:45:46","modified_gmt":"2026-02-05T12:45:46","slug":"dreveny-chram-sv-velkomucenika-dimitrija-solunskeho-medvedie","status":"publish","type":"nabozensky-turizmus","link":"https:\/\/www.regionsaris.sk\/it\/nabozensky-turizmus\/dreveny-chram-sv-velkomucenika-dimitrija-solunskeho-medvedie\/","title":{"rendered":"Chiesa di legno di San Dimitri il Grande Martire di Salonicco, Medvedie"},"content":{"rendered":"<p>Al centro del villaggio di Medvedie si trova la chiesa ortodossa in legno di San Dimitrij di Salonicco, che \u00e8 uno dei monumenti culturali della Slovacchia. Il tempio fu costruito nel 1903 e il suo aspetto \u00e8 cambiato pi\u00f9 volte nel corso della sua esistenza. Fu danneggiato durante la Seconda Guerra Mondiale e successivamente riparato nel 1946-1947. Intorno al 1980 \u00e8 stato sottoposto a una ristrutturazione che ne ha cambiato significativamente l'aspetto. Le pareti della chiesa vennero rivestite esternamente di lamiera per evitare che le intemperie avessero un effetto indesiderato sul rivestimento in legno. Sebbene all'epoca il suo aspetto non fosse molto attraente e dignitoso, il rivestimento delle pareti ha permesso al tempio di durare fino a oggi.<\/p>\n\n\n\n<p>Nel 2009 \u00e8 iniziata la ricostruzione della chiesa con l'obiettivo di ripristinare il suo aspetto originale e dignitoso. Nel 2010 \u00e8 stato rimosso il rivestimento in plastica dell'interno e sono state restaurate le tavole che costituiscono il rivestimento interno. A ci\u00f2 ha fatto seguito il restauro dell'esterno, avvenuto nel 2012-2013. Il rivestimento metallico \u00e8 stato rimosso e la chiesa ha ricevuto un nuovo rivestimento in legno. \u00c8 stata rimossa anche l'ingombrante copertura della scala della chiesa. La ricostruzione del rivestimento \u00e8 stata seguita dal restauro del tetto. Il vecchio tetto di latta \u00e8 stato sostituito da uno di rame. Attualmente, il pavimento in legno della chiesa \u00e8 stato restaurato e l'iconostasi \u00e8 in fase di restauro.<\/p>\n\n\n\n<p>Fonte : web: www.drevenechramy.sk, Wikipedia, comune<\/p>","protected":false},"featured_media":2580,"template":"","meta":{"_acf_changed":false},"kategoria-poi":[186,168],"lokalita":[115],"sezona-poi":[12],"trvanie-vyletu":[217,180],"class_list":["post-2579","nabozensky-turizmus","type-nabozensky-turizmus","status-publish","has-post-thumbnail","hentry","kategoria-poi-drevene-chramy","kategoria-poi-nabozensky-turizmus","lokalita-svidnik-a-okolie","sezona-poi-celorocne","trvanie-vyletu-kratke-vylety","trvanie-vyletu-poldenne-vylety"],"acf":[],"yoast_head":"<!-- This site is optimized with the Yoast SEO Premium plugin v26.3 (Yoast SEO v26.8) - https:\/\/yoast.com\/product\/yoast-seo-premium-wordpress\/ -->\n<title>Dreven\u00fd chr\u00e1m Sv. Ve\u013ekomu\u010den\u00edka Dimitrija Sol\u00fanskeho, Medvedie - OOCR \u0160ari\u0161<\/title>\n<meta name=\"robots\" content=\"index, follow, max-snippet:-1, max-image-preview:large, max-video-preview:-1\" \/>\n<link rel=\"canonical\" href=\"https:\/\/www.regionsaris.sk\/it\/nabozensky-turizmus\/dreveny-chram-sv-velkomucenika-dimitrija-solunskeho-medvedie\/\" \/>\n<meta property=\"og:locale\" content=\"it_IT\" \/>\n<meta property=\"og:type\" content=\"article\" \/>\n<meta property=\"og:title\" content=\"Dreven\u00fd chr\u00e1m Sv. Ve\u013ekomu\u010den\u00edka Dimitrija Sol\u00fanskeho, Medvedie\" \/>\n<meta property=\"og:description\" content=\"Uprostred obce Medvedie sa na kopci nach\u00e1dza dreven\u00fd pravosl\u00e1vny chr\u00e1m sv. ve\u013ekomu\u010den\u00edka Dimitrija Sol\u00fanskeho, ktor\u00fd...\" \/>\n<meta property=\"og:url\" content=\"https:\/\/www.regionsaris.sk\/it\/nabozensky-turizmus\/dreveny-chram-sv-velkomucenika-dimitrija-solunskeho-medvedie\/\" \/>\n<meta property=\"og:site_name\" content=\"OOCR \u0160ari\u0161\" \/>\n<meta property=\"article:modified_time\" content=\"2026-02-05T12:45:46+00:00\" \/>\n<meta property=\"og:image\" content=\"https:\/\/www.regionsaris.sk\/wp-content\/uploads\/2026\/01\/medvedie254-thumb.jpg\" \/>\n\t<meta property=\"og:image:width\" content=\"600\" \/>\n\t<meta property=\"og:image:height\" content=\"400\" \/>\n\t<meta property=\"og:image:type\" content=\"image\/jpeg\" \/>\n<meta name=\"twitter:card\" content=\"summary_large_image\" \/>\n<meta name=\"twitter:label1\" content=\"Tempo di lettura stimato\" \/>\n\t<meta name=\"twitter:data1\" content=\"1 minuto\" \/>\n<script type=\"application\/ld+json\" class=\"yoast-schema-graph\">{\"@context\":\"https:\/\/schema.org\",\"@graph\":[{\"@type\":\"WebPage\",\"@id\":\"https:\/\/www.regionsaris.sk\/nabozensky-turizmus\/dreveny-chram-sv-velkomucenika-dimitrija-solunskeho-medvedie\/\",\"url\":\"https:\/\/www.regionsaris.sk\/nabozensky-turizmus\/dreveny-chram-sv-velkomucenika-dimitrija-solunskeho-medvedie\/\",\"name\":\"Dreven\u00fd chr\u00e1m Sv. Ve\u013ekomu\u010den\u00edka Dimitrija Sol\u00fanskeho, Medvedie - OOCR \u0160ari\u0161\",\"isPartOf\":{\"@id\":\"https:\/\/www.regionsaris.sk\/#website\"},\"primaryImageOfPage\":{\"@id\":\"https:\/\/www.regionsaris.sk\/nabozensky-turizmus\/dreveny-chram-sv-velkomucenika-dimitrija-solunskeho-medvedie\/#primaryimage\"},\"image\":{\"@id\":\"https:\/\/www.regionsaris.sk\/nabozensky-turizmus\/dreveny-chram-sv-velkomucenika-dimitrija-solunskeho-medvedie\/#primaryimage\"},\"thumbnailUrl\":\"https:\/\/www.regionsaris.sk\/wp-content\/uploads\/2026\/01\/medvedie254-thumb.jpg\",\"datePublished\":\"2026-01-07T11:45:01+00:00\",\"dateModified\":\"2026-02-05T12:45:46+00:00\",\"breadcrumb\":{\"@id\":\"https:\/\/www.regionsaris.sk\/nabozensky-turizmus\/dreveny-chram-sv-velkomucenika-dimitrija-solunskeho-medvedie\/#breadcrumb\"},\"inLanguage\":\"it-IT\",\"potentialAction\":[{\"@type\":\"ReadAction\",\"target\":[\"https:\/\/www.regionsaris.sk\/nabozensky-turizmus\/dreveny-chram-sv-velkomucenika-dimitrija-solunskeho-medvedie\/\"]}]},{\"@type\":\"ImageObject\",\"inLanguage\":\"it-IT\",\"@id\":\"https:\/\/www.regionsaris.sk\/nabozensky-turizmus\/dreveny-chram-sv-velkomucenika-dimitrija-solunskeho-medvedie\/#primaryimage\",\"url\":\"https:\/\/www.regionsaris.sk\/wp-content\/uploads\/2026\/01\/medvedie254-thumb.jpg\",\"contentUrl\":\"https:\/\/www.regionsaris.sk\/wp-content\/uploads\/2026\/01\/medvedie254-thumb.jpg\",\"width\":600,\"height\":400},{\"@type\":\"BreadcrumbList\",\"@id\":\"https:\/\/www.regionsaris.sk\/nabozensky-turizmus\/dreveny-chram-sv-velkomucenika-dimitrija-solunskeho-medvedie\/#breadcrumb\",\"itemListElement\":[{\"@type\":\"ListItem\",\"position\":1,\"name\":\"Domov\",\"item\":\"https:\/\/www.regionsaris.sk\/\"},{\"@type\":\"ListItem\",\"position\":2,\"name\":\"N\u00e1bo\u017eensk\u00fd turizmus v regi\u00f3ne\",\"item\":\"https:\/\/www.regionsaris.sk\/nabozensky-turizmus-v-regione\/\"},{\"@type\":\"ListItem\",\"position\":3,\"name\":\"Dreven\u00fd chr\u00e1m Sv. Ve\u013ekomu\u010den\u00edka Dimitrija Sol\u00fanskeho, Medvedie\"}]},{\"@type\":\"WebSite\",\"@id\":\"https:\/\/www.regionsaris.sk\/#website\",\"url\":\"https:\/\/www.regionsaris.sk\/\",\"name\":\"OOCR \u0160ari\u0161\",\"description\":\"\",\"potentialAction\":[{\"@type\":\"SearchAction\",\"target\":{\"@type\":\"EntryPoint\",\"urlTemplate\":\"https:\/\/www.regionsaris.sk\/?s={search_term_string}\"},\"query-input\":{\"@type\":\"PropertyValueSpecification\",\"valueRequired\":true,\"valueName\":\"search_term_string\"}}],\"inLanguage\":\"it-IT\"}]}<\/script>\n<!-- \/ Yoast SEO Premium plugin. -->","yoast_head_json":{"title":"Dreven\u00fd chr\u00e1m Sv. Ve\u013ekomu\u010den\u00edka Dimitrija Sol\u00fanskeho, Medvedie - OOCR \u0160ari\u0161","robots":{"index":"index","follow":"follow","max-snippet":"max-snippet:-1","max-image-preview":"max-image-preview:large","max-video-preview":"max-video-preview:-1"},"canonical":"https:\/\/www.regionsaris.sk\/it\/nabozensky-turizmus\/dreveny-chram-sv-velkomucenika-dimitrija-solunskeho-medvedie\/","og_locale":"it_IT","og_type":"article","og_title":"Dreven\u00fd chr\u00e1m Sv. Ve\u013ekomu\u010den\u00edka Dimitrija Sol\u00fanskeho, Medvedie","og_description":"Uprostred obce Medvedie sa na kopci nach\u00e1dza dreven\u00fd pravosl\u00e1vny chr\u00e1m sv. ve\u013ekomu\u010den\u00edka Dimitrija Sol\u00fanskeho, ktor\u00fd...","og_url":"https:\/\/www.regionsaris.sk\/it\/nabozensky-turizmus\/dreveny-chram-sv-velkomucenika-dimitrija-solunskeho-medvedie\/","og_site_name":"OOCR \u0160ari\u0161","article_modified_time":"2026-02-05T12:45:46+00:00","og_image":[{"width":600,"height":400,"url":"https:\/\/www.regionsaris.sk\/wp-content\/uploads\/2026\/01\/medvedie254-thumb.jpg","type":"image\/jpeg"}],"twitter_card":"summary_large_image","twitter_misc":{"Tempo di lettura stimato":"1 minuto"},"schema":{"@context":"https:\/\/schema.org","@graph":[{"@type":"WebPage","@id":"https:\/\/www.regionsaris.sk\/nabozensky-turizmus\/dreveny-chram-sv-velkomucenika-dimitrija-solunskeho-medvedie\/","url":"https:\/\/www.regionsaris.sk\/nabozensky-turizmus\/dreveny-chram-sv-velkomucenika-dimitrija-solunskeho-medvedie\/","name":"Dreven\u00fd chr\u00e1m Sv. Ve\u013ekomu\u010den\u00edka Dimitrija Sol\u00fanskeho, Medvedie - OOCR \u0160ari\u0161","isPartOf":{"@id":"https:\/\/www.regionsaris.sk\/#website"},"primaryImageOfPage":{"@id":"https:\/\/www.regionsaris.sk\/nabozensky-turizmus\/dreveny-chram-sv-velkomucenika-dimitrija-solunskeho-medvedie\/#primaryimage"},"image":{"@id":"https:\/\/www.regionsaris.sk\/nabozensky-turizmus\/dreveny-chram-sv-velkomucenika-dimitrija-solunskeho-medvedie\/#primaryimage"},"thumbnailUrl":"https:\/\/www.regionsaris.sk\/wp-content\/uploads\/2026\/01\/medvedie254-thumb.jpg","datePublished":"2026-01-07T11:45:01+00:00","dateModified":"2026-02-05T12:45:46+00:00","breadcrumb":{"@id":"https:\/\/www.regionsaris.sk\/nabozensky-turizmus\/dreveny-chram-sv-velkomucenika-dimitrija-solunskeho-medvedie\/#breadcrumb"},"inLanguage":"it-IT","potentialAction":[{"@type":"ReadAction","target":["https:\/\/www.regionsaris.sk\/nabozensky-turizmus\/dreveny-chram-sv-velkomucenika-dimitrija-solunskeho-medvedie\/"]}]},{"@type":"ImageObject","inLanguage":"it-IT","@id":"https:\/\/www.regionsaris.sk\/nabozensky-turizmus\/dreveny-chram-sv-velkomucenika-dimitrija-solunskeho-medvedie\/#primaryimage","url":"https:\/\/www.regionsaris.sk\/wp-content\/uploads\/2026\/01\/medvedie254-thumb.jpg","contentUrl":"https:\/\/www.regionsaris.sk\/wp-content\/uploads\/2026\/01\/medvedie254-thumb.jpg","width":600,"height":400},{"@type":"BreadcrumbList","@id":"https:\/\/www.regionsaris.sk\/nabozensky-turizmus\/dreveny-chram-sv-velkomucenika-dimitrija-solunskeho-medvedie\/#breadcrumb","itemListElement":[{"@type":"ListItem","position":1,"name":"Domov","item":"https:\/\/www.regionsaris.sk\/"},{"@type":"ListItem","position":2,"name":"N\u00e1bo\u017eensk\u00fd turizmus v regi\u00f3ne","item":"https:\/\/www.regionsaris.sk\/nabozensky-turizmus-v-regione\/"},{"@type":"ListItem","position":3,"name":"Dreven\u00fd chr\u00e1m Sv. Ve\u013ekomu\u010den\u00edka Dimitrija Sol\u00fanskeho, Medvedie"}]},{"@type":"WebSite","@id":"https:\/\/www.regionsaris.sk\/#website","url":"https:\/\/www.regionsaris.sk\/","name":"OOCR \u0160ari\u0161","description":"","potentialAction":[{"@type":"SearchAction","target":{"@type":"EntryPoint","urlTemplate":"https:\/\/www.regionsaris.sk\/?s={search_term_string}"},"query-input":{"@type":"PropertyValueSpecification","valueRequired":true,"valueName":"search_term_string"}}],"inLanguage":"it-IT"}]}},"_links":{"self":[{"href":"https:\/\/www.regionsaris.sk\/it\/wp-json\/wp\/v2\/nabozensky-turizmus\/2579","targetHints":{"allow":["GET"]}}],"collection":[{"href":"https:\/\/www.regionsaris.sk\/it\/wp-json\/wp\/v2\/nabozensky-turizmus"}],"about":[{"href":"https:\/\/www.regionsaris.sk\/it\/wp-json\/wp\/v2\/types\/nabozensky-turizmus"}],"wp:featuredmedia":[{"embeddable":true,"href":"https:\/\/www.regionsaris.sk\/it\/wp-json\/wp\/v2\/media\/2580"}],"wp:attachment":[{"href":"https:\/\/www.regionsaris.sk\/it\/wp-json\/wp\/v2\/media?parent=2579"}],"wp:term":[{"taxonomy":"kategoria-poi","embeddable":true,"href":"https:\/\/www.regionsaris.sk\/it\/wp-json\/wp\/v2\/kategoria-poi?post=2579"},{"taxonomy":"lokalita","embeddable":true,"href":"https:\/\/www.regionsaris.sk\/it\/wp-json\/wp\/v2\/lokalita?post=2579"},{"taxonomy":"sezona-poi","embeddable":true,"href":"https:\/\/www.regionsaris.sk\/it\/wp-json\/wp\/v2\/sezona-poi?post=2579"},{"taxonomy":"trvanie-vyletu","embeddable":true,"href":"https:\/\/www.regionsaris.sk\/it\/wp-json\/wp\/v2\/trvanie-vyletu?post=2579"}],"curies":[{"name":"wp","href":"https:\/\/api.w.org\/{rel}","templated":true}]}}

<p>Al centro del villaggio di Medvedie si trova la chiesa ortodossa in legno di San Dimitrij di Salonicco, che è uno dei monumenti culturali della Slovacchia. Il tempio fu costruito nel 1903 e il suo aspetto è cambiato più volte nel corso della sua esistenza. Fu danneggiato durante la Seconda Guerra Mondiale e successivamente riparato nel 1946-1947. Intorno al 1980 è stato sottoposto a una ristrutturazione che ne ha cambiato significativamente l'aspetto. Le pareti della chiesa vennero rivestite esternamente di lamiera per evitare che le intemperie avessero un effetto indesiderato sul rivestimento in legno. Sebbene all'epoca il suo aspetto non fosse molto attraente e dignitoso, il rivestimento delle pareti ha permesso al tempio di durare fino a oggi.</p>



<p>Nel 2009 è iniziata la ricostruzione della chiesa con l'obiettivo di ripristinare il suo aspetto originale e dignitoso. Nel 2010 è stato rimosso il rivestimento in plastica dell'interno e sono state restaurate le tavole che costituiscono il rivestimento interno. A ciò ha fatto seguito il restauro dell'esterno, avvenuto nel 2012-2013. Il rivestimento metallico è stato rimosso e la chiesa ha ricevuto un nuovo rivestimento in legno. È stata rimossa anche l'ingombrante copertura della scala della chiesa. La ricostruzione del rivestimento è stata seguita dal restauro del tetto. Il vecchio tetto di latta è stato sostituito da uno di rame. Attualmente, il pavimento in legno della chiesa è stato restaurato e l'iconostasi è in fase di restauro.</p>



<p>Fonte : web: www.drevenechramy.sk, Wikipedia, comune</p>

<!-- This site is optimized with the Yoast SEO Premium plugin v26.3 (Yoast SEO v26.8) - https://yoast.com/product/yoast-seo-premium-wordpress/ -->
<title>Drevený chrám Sv. Veľkomučeníka Dimitrija Solúnskeho, Medvedie - OOCR Šariš</title>
<meta name="robots" content="index, follow, max-snippet:-1, max-image-preview:large, max-video-preview:-1" />
<link rel="canonical" href="https://www.regionsaris.sk/it/nabozensky-turizmus/dreveny-chram-sv-velkomucenika-dimitrija-solunskeho-medvedie/" />
<meta property="og:locale" content="it_IT" />
<meta property="og:type" content="article" />
<meta property="og:title" content="Drevený chrám Sv. Veľkomučeníka Dimitrija Solúnskeho, Medvedie" />
<meta property="og:description" content="Uprostred obce Medvedie sa na kopci nachádza drevený pravoslávny chrám sv. veľkomučeníka Dimitrija Solúnskeho, ktorý..." />
<meta property="og:url" content="https://www.regionsaris.sk/it/nabozensky-turizmus/dreveny-chram-sv-velkomucenika-dimitrija-solunskeho-medvedie/" />
<meta property="og:site_name" content="OOCR Šariš" />
<meta property="article:modified_time" content="2026-02-05T12:45:46+00:00" />
<meta property="og:image" content="https://www.regionsaris.sk/wp-content/uploads/2026/01/medvedie254-thumb.jpg" />
	<meta property="og:image:width" content="600" />
	<meta property="og:image:height" content="400" />
	<meta property="og:image:type" content="image/jpeg" />
<meta name="twitter:card" content="summary_large_image" />
<meta name="twitter:label1" content="Tempo di lettura stimato" />
	<meta name="twitter:data1" content="1 minuto" />
<script type="application/ld+json" class="yoast-schema-graph">{"@context":"https://schema.org","@graph":[{"@type":"WebPage","@id":"https://www.regionsaris.sk/nabozensky-turizmus/dreveny-chram-sv-velkomucenika-dimitrija-solunskeho-medvedie/","url":"https://www.regionsaris.sk/nabozensky-turizmus/dreveny-chram-sv-velkomucenika-dimitrija-solunskeho-medvedie/","name":"Drevený chrám Sv. Veľkomučeníka Dimitrija Solúnskeho, Medvedie - OOCR Šariš","isPartOf":{"@id":"https://www.regionsaris.sk/#website"},"primaryImageOfPage":{"@id":"https://www.regionsaris.sk/nabozensky-turizmus/dreveny-chram-sv-velkomucenika-dimitrija-solunskeho-medvedie/#primaryimage"},"image":{"@id":"https://www.regionsaris.sk/nabozensky-turizmus/dreveny-chram-sv-velkomucenika-dimitrija-solunskeho-medvedie/#primaryimage"},"thumbnailUrl":"https://www.regionsaris.sk/wp-content/uploads/2026/01/medvedie254-thumb.jpg","datePublished":"2026-01-07T11:45:01+00:00","dateModified":"2026-02-05T12:45:46+00:00","breadcrumb":{"@id":"https://www.regionsaris.sk/nabozensky-turizmus/dreveny-chram-sv-velkomucenika-dimitrija-solunskeho-medvedie/#breadcrumb"},"inLanguage":"it-IT","potentialAction":[{"@type":"ReadAction","target":["https://www.regionsaris.sk/nabozensky-turizmus/dreveny-chram-sv-velkomucenika-dimitrija-solunskeho-medvedie/"]}]},{"@type":"ImageObject","inLanguage":"it-IT","@id":"https://www.regionsaris.sk/nabozensky-turizmus/dreveny-chram-sv-velkomucenika-dimitrija-solunskeho-medvedie/#primaryimage","url":"https://www.regionsaris.sk/wp-content/uploads/2026/01/medvedie254-thumb.jpg","contentUrl":"https://www.regionsaris.sk/wp-content/uploads/2026/01/medvedie254-thumb.jpg","width":600,"height":400},{"@type":"BreadcrumbList","@id":"https://www.regionsaris.sk/nabozensky-turizmus/dreveny-chram-sv-velkomucenika-dimitrija-solunskeho-medvedie/#breadcrumb","itemListElement":[{"@type":"ListItem","position":1,"name":"Domov","item":"https://www.regionsaris.sk/"},{"@type":"ListItem","position":2,"name":"Náboženský turizmus v regióne","item":"https://www.regionsaris.sk/nabozensky-turizmus-v-regione/"},{"@type":"ListItem","position":3,"name":"Drevený chrám Sv. Veľkomučeníka Dimitrija Solúnskeho, Medvedie"}]},{"@type":"WebSite","@id":"https://www.regionsaris.sk/#website","url":"https://www.regionsaris.sk/","name":"OOCR Šariš","description":"","potentialAction":[{"@type":"SearchAction","target":{"@type":"EntryPoint","urlTemplate":"https://www.regionsaris.sk/?s={search_term_string}"},"query-input":{"@type":"PropertyValueSpecification","valueRequired":true,"valueName":"search_term_string"}}],"inLanguage":"it-IT"}]}</script>
<!-- / Yoast SEO Premium plugin. -->

Drevený chrám Sv. Veľkomučeníka Dimitrija Solúnskeho, Medvedie - OOCR Šariš

Drevený chrám Sv. Veľkomučeníka Dimitrija Solúnskeho, Medvedie

Uprostred obce Medvedie sa na kopci nachádza drevený pravoslávny chrám sv. veľkomučeníka Dimitrija Solúnskeho, ktorý...

OOCR Šariš

Náboženský turizmus v regióne
