{"id":2565,"date":"2026-01-07T12:45:04","date_gmt":"2026-01-07T11:45:04","guid":{"rendered":"https:\/\/www.regionsaris.sk\/?post_type=nabozensky-turizmus&#038;p=2565"},"modified":"2026-02-05T13:43:09","modified_gmt":"2026-02-05T12:43:09","slug":"dreveny-chram-sv-bazila-velkeho-krajne-cierno","status":"publish","type":"nabozensky-turizmus","link":"https:\/\/www.regionsaris.sk\/it\/nabozensky-turizmus\/dreveny-chram-sv-bazila-velkeho-krajne-cierno\/","title":{"rendered":"Chiesa di legno di San Basilio il Grande, Krajn\u00e9 \u010cierno"},"content":{"rendered":"<p><strong>Chiesa di San Basilio il Grande<\/strong> \u00e8 una chiesa greco-cattolica nel villaggio di Krajn\u00e9 \u010cierno, nel distretto di Svidn\u00edk.<\/p>\n\n\n\n<p>La chiesa di San Basilio il Grande, composta da tre parti, fu costruita alla fine del XVIII secolo. L'esterno della capanna di tronchi \u00e8 ricoperto di scandole. Anche la copertura \u00e8 costituita da scandole fatte di tronchi di conifere spaccati a mano. La pianta della chiesa \u00e8 costituita da tre quadrati disposti in un'unica linea, che inizia a est con il presbiterio, una navata quadrata, e termina a ovest con la navata centrale. La larghezza della navata centrale \u00e8 identica a quella della navata centrale. Nel santuario e nella navata c'\u00e8 un sistema di disposizione interna a tronchi. Entrambi gli spazi sono sormontati da cupole a forma di guglie tronche. La torre che sovrasta la navata ha dimensioni approssimativamente pari alla larghezza del presbiterio. La protezione della torre \u00e8 realizzata con tavole verticali in legno di conifera e non con scandole come in altre parti della chiesa. Questi due spazi, separati l'uno dall'altro dalla navata, si armonizzano tra loro e creano un sistema otticamente unificato dell'intero edificio.<\/p>\n\n\n\n<p>Il tetto a tenda quadrangolare a due livelli che sovrasta la navata centrale ha sul colmo un piccolo tetto conico (non con prolungamenti a cipolla come a Ladomirova, Hunkovce, Bodru\u017eali e Miroli), sul quale si trova una croce in metallo battuto. Il tetto del presbiterio \u00e8 modificato, da un lato a capanna, ancorato alla navata, dall'altro con una sovrastruttura quadrata sormontata da un tetto conico con una croce.<\/p>\n\n\n\n<p>L'architettura della chiesa appartiene agli edifici sacrali bizantini dove si svolge il rito orientale e la liturgia della Chiesa di Giovanni Crisostomo. L'interno della chiesa \u00e8 costituito da un'iconostasi barocca con sculture in legno policromo e icone realizzate nel XVIII secolo. Nella chiesa si trovano anche icone di un periodo precedente. La chiesa \u00e8 circondata da un recinto di tronchi di legno con un tetto di scandole. L'ingresso all'edificio religioso avviene attraverso un cancello con un tetto conico ricoperto di scandole. La chiesa \u00e8 stata restaurata tra il 1947 e il 1948 e all'inizio del XXI secolo.<\/p>\n\n\n\n<p>\u00c8 da notare che all'inizio del villaggio c'\u00e8 ancora una chiesa di legno coperta da un tetto di latta.<\/p>\n\n\n\n<p>Una caratteristica interessante delle chiese in legno della regione di Svidnica \u00e8 che furono costruite durante il regno di Maria Teresa.<\/p>\n\n\n\n<p>Fonte: <a href=\"http:\/\/www.drevenchramy.sk\/\">www.drevenchramy.sk<\/a><\/p>\n\n\n\n<p>Foto:<strong>\u00a0<\/strong>Henryk Bielamowicz<\/p>","protected":false},"featured_media":2566,"template":"","meta":{"_acf_changed":false},"kategoria-poi":[186,168],"lokalita":[115],"sezona-poi":[12],"trvanie-vyletu":[180],"class_list":["post-2565","nabozensky-turizmus","type-nabozensky-turizmus","status-publish","has-post-thumbnail","hentry","kategoria-poi-drevene-chramy","kategoria-poi-nabozensky-turizmus","lokalita-svidnik-a-okolie","sezona-poi-celorocne","trvanie-vyletu-poldenne-vylety"],"acf":[],"yoast_head":"<!-- This site is optimized with the Yoast SEO Premium plugin v26.3 (Yoast SEO v26.8) - https:\/\/yoast.com\/product\/yoast-seo-premium-wordpress\/ -->\n<title>Dreven\u00fd chr\u00e1m Sv. Bazila Ve\u013ek\u00e9ho, Krajn\u00e9 \u010cierno - OOCR \u0160ari\u0161<\/title>\n<meta name=\"robots\" content=\"index, follow, max-snippet:-1, max-image-preview:large, max-video-preview:-1\" \/>\n<link rel=\"canonical\" href=\"https:\/\/www.regionsaris.sk\/it\/nabozensky-turizmus\/dreveny-chram-sv-bazila-velkeho-krajne-cierno\/\" \/>\n<meta property=\"og:locale\" content=\"it_IT\" \/>\n<meta property=\"og:type\" content=\"article\" \/>\n<meta property=\"og:title\" content=\"Dreven\u00fd chr\u00e1m Sv. Bazila Ve\u013ek\u00e9ho, Krajn\u00e9 \u010cierno\" \/>\n<meta property=\"og:description\" content=\"Chr\u00e1m sv\u00e4t\u00e9ho Bazila Ve\u013ek\u00e9ho je gr\u00e9ckokatol\u00edcka cerkva v obci Krajn\u00e9 \u010cierno v okrese Svidn\u00edk. Trojdielna...\" \/>\n<meta property=\"og:url\" content=\"https:\/\/www.regionsaris.sk\/it\/nabozensky-turizmus\/dreveny-chram-sv-bazila-velkeho-krajne-cierno\/\" \/>\n<meta property=\"og:site_name\" content=\"OOCR \u0160ari\u0161\" \/>\n<meta property=\"article:modified_time\" content=\"2026-02-05T12:43:09+00:00\" \/>\n<meta property=\"og:image\" content=\"https:\/\/www.regionsaris.sk\/wp-content\/uploads\/2026\/01\/krajne-cierno245-thumb.jpg\" \/>\n\t<meta property=\"og:image:width\" content=\"600\" \/>\n\t<meta property=\"og:image:height\" content=\"400\" \/>\n\t<meta property=\"og:image:type\" content=\"image\/jpeg\" \/>\n<meta name=\"twitter:card\" content=\"summary_large_image\" \/>\n<meta name=\"twitter:label1\" content=\"Tempo di lettura stimato\" \/>\n\t<meta name=\"twitter:data1\" content=\"2 minuti\" \/>\n<script type=\"application\/ld+json\" class=\"yoast-schema-graph\">{\"@context\":\"https:\/\/schema.org\",\"@graph\":[{\"@type\":\"WebPage\",\"@id\":\"https:\/\/www.regionsaris.sk\/nabozensky-turizmus\/dreveny-chram-sv-bazila-velkeho-krajne-cierno\/\",\"url\":\"https:\/\/www.regionsaris.sk\/nabozensky-turizmus\/dreveny-chram-sv-bazila-velkeho-krajne-cierno\/\",\"name\":\"Dreven\u00fd chr\u00e1m Sv. Bazila Ve\u013ek\u00e9ho, Krajn\u00e9 \u010cierno - OOCR \u0160ari\u0161\",\"isPartOf\":{\"@id\":\"https:\/\/www.regionsaris.sk\/#website\"},\"primaryImageOfPage\":{\"@id\":\"https:\/\/www.regionsaris.sk\/nabozensky-turizmus\/dreveny-chram-sv-bazila-velkeho-krajne-cierno\/#primaryimage\"},\"image\":{\"@id\":\"https:\/\/www.regionsaris.sk\/nabozensky-turizmus\/dreveny-chram-sv-bazila-velkeho-krajne-cierno\/#primaryimage\"},\"thumbnailUrl\":\"https:\/\/www.regionsaris.sk\/wp-content\/uploads\/2026\/01\/krajne-cierno245-thumb.jpg\",\"datePublished\":\"2026-01-07T11:45:04+00:00\",\"dateModified\":\"2026-02-05T12:43:09+00:00\",\"breadcrumb\":{\"@id\":\"https:\/\/www.regionsaris.sk\/nabozensky-turizmus\/dreveny-chram-sv-bazila-velkeho-krajne-cierno\/#breadcrumb\"},\"inLanguage\":\"it-IT\",\"potentialAction\":[{\"@type\":\"ReadAction\",\"target\":[\"https:\/\/www.regionsaris.sk\/nabozensky-turizmus\/dreveny-chram-sv-bazila-velkeho-krajne-cierno\/\"]}]},{\"@type\":\"ImageObject\",\"inLanguage\":\"it-IT\",\"@id\":\"https:\/\/www.regionsaris.sk\/nabozensky-turizmus\/dreveny-chram-sv-bazila-velkeho-krajne-cierno\/#primaryimage\",\"url\":\"https:\/\/www.regionsaris.sk\/wp-content\/uploads\/2026\/01\/krajne-cierno245-thumb.jpg\",\"contentUrl\":\"https:\/\/www.regionsaris.sk\/wp-content\/uploads\/2026\/01\/krajne-cierno245-thumb.jpg\",\"width\":600,\"height\":400},{\"@type\":\"BreadcrumbList\",\"@id\":\"https:\/\/www.regionsaris.sk\/nabozensky-turizmus\/dreveny-chram-sv-bazila-velkeho-krajne-cierno\/#breadcrumb\",\"itemListElement\":[{\"@type\":\"ListItem\",\"position\":1,\"name\":\"Domov\",\"item\":\"https:\/\/www.regionsaris.sk\/\"},{\"@type\":\"ListItem\",\"position\":2,\"name\":\"N\u00e1bo\u017eensk\u00fd turizmus v regi\u00f3ne\",\"item\":\"https:\/\/www.regionsaris.sk\/nabozensky-turizmus-v-regione\/\"},{\"@type\":\"ListItem\",\"position\":3,\"name\":\"Dreven\u00fd chr\u00e1m Sv. Bazila Ve\u013ek\u00e9ho, Krajn\u00e9 \u010cierno\"}]},{\"@type\":\"WebSite\",\"@id\":\"https:\/\/www.regionsaris.sk\/#website\",\"url\":\"https:\/\/www.regionsaris.sk\/\",\"name\":\"OOCR \u0160ari\u0161\",\"description\":\"\",\"potentialAction\":[{\"@type\":\"SearchAction\",\"target\":{\"@type\":\"EntryPoint\",\"urlTemplate\":\"https:\/\/www.regionsaris.sk\/?s={search_term_string}\"},\"query-input\":{\"@type\":\"PropertyValueSpecification\",\"valueRequired\":true,\"valueName\":\"search_term_string\"}}],\"inLanguage\":\"it-IT\"}]}<\/script>\n<!-- \/ Yoast SEO Premium plugin. -->","yoast_head_json":{"title":"Dreven\u00fd chr\u00e1m Sv. Bazila Ve\u013ek\u00e9ho, Krajn\u00e9 \u010cierno - OOCR \u0160ari\u0161","robots":{"index":"index","follow":"follow","max-snippet":"max-snippet:-1","max-image-preview":"max-image-preview:large","max-video-preview":"max-video-preview:-1"},"canonical":"https:\/\/www.regionsaris.sk\/it\/nabozensky-turizmus\/dreveny-chram-sv-bazila-velkeho-krajne-cierno\/","og_locale":"it_IT","og_type":"article","og_title":"Dreven\u00fd chr\u00e1m Sv. Bazila Ve\u013ek\u00e9ho, Krajn\u00e9 \u010cierno","og_description":"Chr\u00e1m sv\u00e4t\u00e9ho Bazila Ve\u013ek\u00e9ho je gr\u00e9ckokatol\u00edcka cerkva v obci Krajn\u00e9 \u010cierno v okrese Svidn\u00edk. Trojdielna...","og_url":"https:\/\/www.regionsaris.sk\/it\/nabozensky-turizmus\/dreveny-chram-sv-bazila-velkeho-krajne-cierno\/","og_site_name":"OOCR \u0160ari\u0161","article_modified_time":"2026-02-05T12:43:09+00:00","og_image":[{"width":600,"height":400,"url":"https:\/\/www.regionsaris.sk\/wp-content\/uploads\/2026\/01\/krajne-cierno245-thumb.jpg","type":"image\/jpeg"}],"twitter_card":"summary_large_image","twitter_misc":{"Tempo di lettura stimato":"2 minuti"},"schema":{"@context":"https:\/\/schema.org","@graph":[{"@type":"WebPage","@id":"https:\/\/www.regionsaris.sk\/nabozensky-turizmus\/dreveny-chram-sv-bazila-velkeho-krajne-cierno\/","url":"https:\/\/www.regionsaris.sk\/nabozensky-turizmus\/dreveny-chram-sv-bazila-velkeho-krajne-cierno\/","name":"Dreven\u00fd chr\u00e1m Sv. Bazila Ve\u013ek\u00e9ho, Krajn\u00e9 \u010cierno - OOCR \u0160ari\u0161","isPartOf":{"@id":"https:\/\/www.regionsaris.sk\/#website"},"primaryImageOfPage":{"@id":"https:\/\/www.regionsaris.sk\/nabozensky-turizmus\/dreveny-chram-sv-bazila-velkeho-krajne-cierno\/#primaryimage"},"image":{"@id":"https:\/\/www.regionsaris.sk\/nabozensky-turizmus\/dreveny-chram-sv-bazila-velkeho-krajne-cierno\/#primaryimage"},"thumbnailUrl":"https:\/\/www.regionsaris.sk\/wp-content\/uploads\/2026\/01\/krajne-cierno245-thumb.jpg","datePublished":"2026-01-07T11:45:04+00:00","dateModified":"2026-02-05T12:43:09+00:00","breadcrumb":{"@id":"https:\/\/www.regionsaris.sk\/nabozensky-turizmus\/dreveny-chram-sv-bazila-velkeho-krajne-cierno\/#breadcrumb"},"inLanguage":"it-IT","potentialAction":[{"@type":"ReadAction","target":["https:\/\/www.regionsaris.sk\/nabozensky-turizmus\/dreveny-chram-sv-bazila-velkeho-krajne-cierno\/"]}]},{"@type":"ImageObject","inLanguage":"it-IT","@id":"https:\/\/www.regionsaris.sk\/nabozensky-turizmus\/dreveny-chram-sv-bazila-velkeho-krajne-cierno\/#primaryimage","url":"https:\/\/www.regionsaris.sk\/wp-content\/uploads\/2026\/01\/krajne-cierno245-thumb.jpg","contentUrl":"https:\/\/www.regionsaris.sk\/wp-content\/uploads\/2026\/01\/krajne-cierno245-thumb.jpg","width":600,"height":400},{"@type":"BreadcrumbList","@id":"https:\/\/www.regionsaris.sk\/nabozensky-turizmus\/dreveny-chram-sv-bazila-velkeho-krajne-cierno\/#breadcrumb","itemListElement":[{"@type":"ListItem","position":1,"name":"Domov","item":"https:\/\/www.regionsaris.sk\/"},{"@type":"ListItem","position":2,"name":"N\u00e1bo\u017eensk\u00fd turizmus v regi\u00f3ne","item":"https:\/\/www.regionsaris.sk\/nabozensky-turizmus-v-regione\/"},{"@type":"ListItem","position":3,"name":"Dreven\u00fd chr\u00e1m Sv. Bazila Ve\u013ek\u00e9ho, Krajn\u00e9 \u010cierno"}]},{"@type":"WebSite","@id":"https:\/\/www.regionsaris.sk\/#website","url":"https:\/\/www.regionsaris.sk\/","name":"OOCR \u0160ari\u0161","description":"","potentialAction":[{"@type":"SearchAction","target":{"@type":"EntryPoint","urlTemplate":"https:\/\/www.regionsaris.sk\/?s={search_term_string}"},"query-input":{"@type":"PropertyValueSpecification","valueRequired":true,"valueName":"search_term_string"}}],"inLanguage":"it-IT"}]}},"_links":{"self":[{"href":"https:\/\/www.regionsaris.sk\/it\/wp-json\/wp\/v2\/nabozensky-turizmus\/2565","targetHints":{"allow":["GET"]}}],"collection":[{"href":"https:\/\/www.regionsaris.sk\/it\/wp-json\/wp\/v2\/nabozensky-turizmus"}],"about":[{"href":"https:\/\/www.regionsaris.sk\/it\/wp-json\/wp\/v2\/types\/nabozensky-turizmus"}],"wp:featuredmedia":[{"embeddable":true,"href":"https:\/\/www.regionsaris.sk\/it\/wp-json\/wp\/v2\/media\/2566"}],"wp:attachment":[{"href":"https:\/\/www.regionsaris.sk\/it\/wp-json\/wp\/v2\/media?parent=2565"}],"wp:term":[{"taxonomy":"kategoria-poi","embeddable":true,"href":"https:\/\/www.regionsaris.sk\/it\/wp-json\/wp\/v2\/kategoria-poi?post=2565"},{"taxonomy":"lokalita","embeddable":true,"href":"https:\/\/www.regionsaris.sk\/it\/wp-json\/wp\/v2\/lokalita?post=2565"},{"taxonomy":"sezona-poi","embeddable":true,"href":"https:\/\/www.regionsaris.sk\/it\/wp-json\/wp\/v2\/sezona-poi?post=2565"},{"taxonomy":"trvanie-vyletu","embeddable":true,"href":"https:\/\/www.regionsaris.sk\/it\/wp-json\/wp\/v2\/trvanie-vyletu?post=2565"}],"curies":[{"name":"wp","href":"https:\/\/api.w.org\/{rel}","templated":true}]}}

Chiesa di legno di San Basilio il Grande, Krajné Čierno

<p><strong>Chiesa di San Basilio il Grande</strong> è una chiesa greco-cattolica nel villaggio di Krajné Čierno, nel distretto di Svidník.</p>



<p>La chiesa di San Basilio il Grande, composta da tre parti, fu costruita alla fine del XVIII secolo. L'esterno della capanna di tronchi è ricoperto di scandole. Anche la copertura è costituita da scandole fatte di tronchi di conifere spaccati a mano. La pianta della chiesa è costituita da tre quadrati disposti in un'unica linea, che inizia a est con il presbiterio, una navata quadrata, e termina a ovest con la navata centrale. La larghezza della navata centrale è identica a quella della navata centrale. Nel santuario e nella navata c'è un sistema di disposizione interna a tronchi. Entrambi gli spazi sono sormontati da cupole a forma di guglie tronche. La torre che sovrasta la navata ha dimensioni approssimativamente pari alla larghezza del presbiterio. La protezione della torre è realizzata con tavole verticali in legno di conifera e non con scandole come in altre parti della chiesa. Questi due spazi, separati l'uno dall'altro dalla navata, si armonizzano tra loro e creano un sistema otticamente unificato dell'intero edificio.</p>



<p>Il tetto a tenda quadrangolare a due livelli che sovrasta la navata centrale ha sul colmo un piccolo tetto conico (non con prolungamenti a cipolla come a Ladomirova, Hunkovce, Bodružali e Miroli), sul quale si trova una croce in metallo battuto. Il tetto del presbiterio è modificato, da un lato a capanna, ancorato alla navata, dall'altro con una sovrastruttura quadrata sormontata da un tetto conico con una croce.</p>



<p>L'architettura della chiesa appartiene agli edifici sacrali bizantini dove si svolge il rito orientale e la liturgia della Chiesa di Giovanni Crisostomo. L'interno della chiesa è costituito da un'iconostasi barocca con sculture in legno policromo e icone realizzate nel XVIII secolo. Nella chiesa si trovano anche icone di un periodo precedente. La chiesa è circondata da un recinto di tronchi di legno con un tetto di scandole. L'ingresso all'edificio religioso avviene attraverso un cancello con un tetto conico ricoperto di scandole. La chiesa è stata restaurata tra il 1947 e il 1948 e all'inizio del XXI secolo.</p>



<p>È da notare che all'inizio del villaggio c'è ancora una chiesa di legno coperta da un tetto di latta.</p>



<p>Una caratteristica interessante delle chiese in legno della regione di Svidnica è che furono costruite durante il regno di Maria Teresa.</p>



<p>Fonte: <a href="http://www.drevenchramy.sk/">www.drevenchramy.sk</a></p>



<p>Foto:<strong> </strong>Henryk Bielamowicz</p>

<!-- This site is optimized with the Yoast SEO Premium plugin v26.3 (Yoast SEO v26.8) - https://yoast.com/product/yoast-seo-premium-wordpress/ -->
<title>Drevený chrám Sv. Bazila Veľkého, Krajné Čierno - OOCR Šariš</title>
<meta name="robots" content="index, follow, max-snippet:-1, max-image-preview:large, max-video-preview:-1" />
<link rel="canonical" href="https://www.regionsaris.sk/it/nabozensky-turizmus/dreveny-chram-sv-bazila-velkeho-krajne-cierno/" />
<meta property="og:locale" content="it_IT" />
<meta property="og:type" content="article" />
<meta property="og:title" content="Drevený chrám Sv. Bazila Veľkého, Krajné Čierno" />
<meta property="og:description" content="Chrám svätého Bazila Veľkého je gréckokatolícka cerkva v obci Krajné Čierno v okrese Svidník. Trojdielna..." />
<meta property="og:url" content="https://www.regionsaris.sk/it/nabozensky-turizmus/dreveny-chram-sv-bazila-velkeho-krajne-cierno/" />
<meta property="og:site_name" content="OOCR Šariš" />
<meta property="article:modified_time" content="2026-02-05T12:43:09+00:00" />
<meta property="og:image" content="https://www.regionsaris.sk/wp-content/uploads/2026/01/krajne-cierno245-thumb.jpg" />
	<meta property="og:image:width" content="600" />
	<meta property="og:image:height" content="400" />
	<meta property="og:image:type" content="image/jpeg" />
<meta name="twitter:card" content="summary_large_image" />
<meta name="twitter:label1" content="Tempo di lettura stimato" />
	<meta name="twitter:data1" content="2 minuti" />
<script type="application/ld+json" class="yoast-schema-graph">{"@context":"https://schema.org","@graph":[{"@type":"WebPage","@id":"https://www.regionsaris.sk/nabozensky-turizmus/dreveny-chram-sv-bazila-velkeho-krajne-cierno/","url":"https://www.regionsaris.sk/nabozensky-turizmus/dreveny-chram-sv-bazila-velkeho-krajne-cierno/","name":"Drevený chrám Sv. Bazila Veľkého, Krajné Čierno - OOCR Šariš","isPartOf":{"@id":"https://www.regionsaris.sk/#website"},"primaryImageOfPage":{"@id":"https://www.regionsaris.sk/nabozensky-turizmus/dreveny-chram-sv-bazila-velkeho-krajne-cierno/#primaryimage"},"image":{"@id":"https://www.regionsaris.sk/nabozensky-turizmus/dreveny-chram-sv-bazila-velkeho-krajne-cierno/#primaryimage"},"thumbnailUrl":"https://www.regionsaris.sk/wp-content/uploads/2026/01/krajne-cierno245-thumb.jpg","datePublished":"2026-01-07T11:45:04+00:00","dateModified":"2026-02-05T12:43:09+00:00","breadcrumb":{"@id":"https://www.regionsaris.sk/nabozensky-turizmus/dreveny-chram-sv-bazila-velkeho-krajne-cierno/#breadcrumb"},"inLanguage":"it-IT","potentialAction":[{"@type":"ReadAction","target":["https://www.regionsaris.sk/nabozensky-turizmus/dreveny-chram-sv-bazila-velkeho-krajne-cierno/"]}]},{"@type":"ImageObject","inLanguage":"it-IT","@id":"https://www.regionsaris.sk/nabozensky-turizmus/dreveny-chram-sv-bazila-velkeho-krajne-cierno/#primaryimage","url":"https://www.regionsaris.sk/wp-content/uploads/2026/01/krajne-cierno245-thumb.jpg","contentUrl":"https://www.regionsaris.sk/wp-content/uploads/2026/01/krajne-cierno245-thumb.jpg","width":600,"height":400},{"@type":"BreadcrumbList","@id":"https://www.regionsaris.sk/nabozensky-turizmus/dreveny-chram-sv-bazila-velkeho-krajne-cierno/#breadcrumb","itemListElement":[{"@type":"ListItem","position":1,"name":"Domov","item":"https://www.regionsaris.sk/"},{"@type":"ListItem","position":2,"name":"Náboženský turizmus v regióne","item":"https://www.regionsaris.sk/nabozensky-turizmus-v-regione/"},{"@type":"ListItem","position":3,"name":"Drevený chrám Sv. Bazila Veľkého, Krajné Čierno"}]},{"@type":"WebSite","@id":"https://www.regionsaris.sk/#website","url":"https://www.regionsaris.sk/","name":"OOCR Šariš","description":"","potentialAction":[{"@type":"SearchAction","target":{"@type":"EntryPoint","urlTemplate":"https://www.regionsaris.sk/?s={search_term_string}"},"query-input":{"@type":"PropertyValueSpecification","valueRequired":true,"valueName":"search_term_string"}}],"inLanguage":"it-IT"}]}</script>
<!-- / Yoast SEO Premium plugin. -->

Drevený chrám Sv. Bazila Veľkého, Krajné Čierno - OOCR Šariš

Drevený chrám Sv. Bazila Veľkého, Krajné Čierno

Chrám svätého Bazila Veľkého je gréckokatolícka cerkva v obci Krajné Čierno v okrese Svidník. Trojdielna...

OOCR Šariš

Náboženský turizmus v regióne
