{"id":2561,"date":"2026-01-07T12:45:05","date_gmt":"2026-01-07T11:45:05","guid":{"rendered":"https:\/\/www.regionsaris.sk\/?post_type=nabozensky-turizmus&#038;p=2561"},"modified":"2026-02-05T13:41:28","modified_gmt":"2026-02-05T12:41:28","slug":"dreveny-chram-svateho-michala-archanjela-semetkovce","status":"publish","type":"nabozensky-turizmus","link":"https:\/\/www.regionsaris.sk\/it\/nabozensky-turizmus\/dreveny-chram-svateho-michala-archanjela-semetkovce\/","title":{"rendered":"Chiesa in legno di San Michele Arcangelo, \u0160emetkovce"},"content":{"rendered":"<p>Il tempio fu costruito nel 1752. Durante le operazioni militari dell'operazione Carpatho-Dukla, durante la battaglia dei carri armati, nella valle della morte, nell'ottobre e novembre 1944, la chiesa fu danneggiata. I cittadini del villaggio contribuirono al suo restauro nel 1945. Dal 1968 la chiesa \u00e8 un monumento culturale nazionale.<br>Il campanile della chiesa \u00e8 sormontato da un papavero con tamburello e da una croce di metallo forgiato, che spunta dalla struttura dell'edificio. I tetti a tenda a due livelli che sovrastano il santuario e la navata sono sormontati da torrette coniche ricoperte di scandole con croci in ferro battuto. L'intera capanna di legno, come le altre chiese in legno all'esterno, \u00e8 rivestita di tavole posate verticalmente con modanature restaurate nel 2001. Davanti al portale della chiesa si trova un piccolo atrio, il cui tetto \u00e8 anch'esso ricoperto di scandole.<br>All'interno della chiesa, sulle pareti si sono conservati i resti di pitture murali. L'iconostasi barocca a quattro file di legno con porta dello zar risale alla seconda met\u00e0 del XVIII secolo. Alcune delle icone incorporate nell'iconostasi risalgono a un periodo precedente. L'iconostasi e l'altare sono stati restaurati nel 1969-1970. \u00c8 stato nuovamente restaurato nel 2005. Sull'altare si trovano le cosiddette colonne antiche in miniatura e un piccolo tabernacolo con un'icona della Vergine Maria.<br>Il campanile con tre campane della seconda met\u00e0 del XX secolo \u00e8 stato costruito nel XIX secolo e si trova sul sito del campanile del XVIII secolo A nord-ovest del tempio \u00e8 stato costruito un massiccio campanile in legno su una fondazione in pietra rialzata (NKP). La costruzione \u00e8 colonnare. In cima si trova una croce a tre bracci semplici. Nel campanile si trovano tre campane, del 1971, del 1948 e del 1970.<\/p>\n\n\n\n<p>Fonte: <a href=\"http:\/\/www.drevenchramy.sk\/\">www.drevenchramy.sk<\/a><\/p>\n\n\n\n<p>Foto:<strong>\u00a0<\/strong>Henryk Bielamowicz<\/p>","protected":false},"featured_media":2562,"template":"","meta":{"_acf_changed":false},"kategoria-poi":[186,168],"lokalita":[115],"sezona-poi":[12],"trvanie-vyletu":[180],"class_list":["post-2561","nabozensky-turizmus","type-nabozensky-turizmus","status-publish","has-post-thumbnail","hentry","kategoria-poi-drevene-chramy","kategoria-poi-nabozensky-turizmus","lokalita-svidnik-a-okolie","sezona-poi-celorocne","trvanie-vyletu-poldenne-vylety"],"acf":[],"yoast_head":"<!-- This site is optimized with the Yoast SEO Premium plugin v26.3 (Yoast SEO v26.8) - https:\/\/yoast.com\/product\/yoast-seo-premium-wordpress\/ -->\n<title>Dreven\u00fd chr\u00e1m Sv\u00e4t\u00e9ho Michala Archanjela, \u0160emetkovce - OOCR \u0160ari\u0161<\/title>\n<meta name=\"robots\" content=\"index, follow, max-snippet:-1, max-image-preview:large, max-video-preview:-1\" \/>\n<link rel=\"canonical\" href=\"https:\/\/www.regionsaris.sk\/it\/nabozensky-turizmus\/dreveny-chram-svateho-michala-archanjela-semetkovce\/\" \/>\n<meta property=\"og:locale\" content=\"it_IT\" \/>\n<meta property=\"og:type\" content=\"article\" \/>\n<meta property=\"og:title\" content=\"Dreven\u00fd chr\u00e1m Sv\u00e4t\u00e9ho Michala Archanjela, \u0160emetkovce\" \/>\n<meta property=\"og:description\" content=\"Chr\u00e1m bol postaven\u00fd v roku 1752. Pri vojensk\u00fdch oper\u00e1ci\u00e1ch karpatsko-duklianskej oper\u00e1cie, pri tankovej bitke, v...\" \/>\n<meta property=\"og:url\" content=\"https:\/\/www.regionsaris.sk\/it\/nabozensky-turizmus\/dreveny-chram-svateho-michala-archanjela-semetkovce\/\" \/>\n<meta property=\"og:site_name\" content=\"OOCR \u0160ari\u0161\" \/>\n<meta property=\"article:modified_time\" content=\"2026-02-05T12:41:28+00:00\" \/>\n<meta property=\"og:image\" content=\"https:\/\/www.regionsaris.sk\/wp-content\/uploads\/2026\/01\/semetkovce244-thumb.jpg\" \/>\n\t<meta property=\"og:image:width\" content=\"600\" \/>\n\t<meta property=\"og:image:height\" content=\"400\" \/>\n\t<meta property=\"og:image:type\" content=\"image\/jpeg\" \/>\n<meta name=\"twitter:card\" content=\"summary_large_image\" \/>\n<meta name=\"twitter:label1\" content=\"Tempo di lettura stimato\" \/>\n\t<meta name=\"twitter:data1\" content=\"1 minuto\" \/>\n<script type=\"application\/ld+json\" class=\"yoast-schema-graph\">{\"@context\":\"https:\/\/schema.org\",\"@graph\":[{\"@type\":\"WebPage\",\"@id\":\"https:\/\/www.regionsaris.sk\/nabozensky-turizmus\/dreveny-chram-svateho-michala-archanjela-semetkovce\/\",\"url\":\"https:\/\/www.regionsaris.sk\/nabozensky-turizmus\/dreveny-chram-svateho-michala-archanjela-semetkovce\/\",\"name\":\"Dreven\u00fd chr\u00e1m Sv\u00e4t\u00e9ho Michala Archanjela, \u0160emetkovce - OOCR \u0160ari\u0161\",\"isPartOf\":{\"@id\":\"https:\/\/www.regionsaris.sk\/#website\"},\"primaryImageOfPage\":{\"@id\":\"https:\/\/www.regionsaris.sk\/nabozensky-turizmus\/dreveny-chram-svateho-michala-archanjela-semetkovce\/#primaryimage\"},\"image\":{\"@id\":\"https:\/\/www.regionsaris.sk\/nabozensky-turizmus\/dreveny-chram-svateho-michala-archanjela-semetkovce\/#primaryimage\"},\"thumbnailUrl\":\"https:\/\/www.regionsaris.sk\/wp-content\/uploads\/2026\/01\/semetkovce244-thumb.jpg\",\"datePublished\":\"2026-01-07T11:45:05+00:00\",\"dateModified\":\"2026-02-05T12:41:28+00:00\",\"breadcrumb\":{\"@id\":\"https:\/\/www.regionsaris.sk\/nabozensky-turizmus\/dreveny-chram-svateho-michala-archanjela-semetkovce\/#breadcrumb\"},\"inLanguage\":\"it-IT\",\"potentialAction\":[{\"@type\":\"ReadAction\",\"target\":[\"https:\/\/www.regionsaris.sk\/nabozensky-turizmus\/dreveny-chram-svateho-michala-archanjela-semetkovce\/\"]}]},{\"@type\":\"ImageObject\",\"inLanguage\":\"it-IT\",\"@id\":\"https:\/\/www.regionsaris.sk\/nabozensky-turizmus\/dreveny-chram-svateho-michala-archanjela-semetkovce\/#primaryimage\",\"url\":\"https:\/\/www.regionsaris.sk\/wp-content\/uploads\/2026\/01\/semetkovce244-thumb.jpg\",\"contentUrl\":\"https:\/\/www.regionsaris.sk\/wp-content\/uploads\/2026\/01\/semetkovce244-thumb.jpg\",\"width\":600,\"height\":400},{\"@type\":\"BreadcrumbList\",\"@id\":\"https:\/\/www.regionsaris.sk\/nabozensky-turizmus\/dreveny-chram-svateho-michala-archanjela-semetkovce\/#breadcrumb\",\"itemListElement\":[{\"@type\":\"ListItem\",\"position\":1,\"name\":\"Domov\",\"item\":\"https:\/\/www.regionsaris.sk\/\"},{\"@type\":\"ListItem\",\"position\":2,\"name\":\"N\u00e1bo\u017eensk\u00fd turizmus v regi\u00f3ne\",\"item\":\"https:\/\/www.regionsaris.sk\/nabozensky-turizmus-v-regione\/\"},{\"@type\":\"ListItem\",\"position\":3,\"name\":\"Dreven\u00fd chr\u00e1m Sv\u00e4t\u00e9ho Michala Archanjela, \u0160emetkovce\"}]},{\"@type\":\"WebSite\",\"@id\":\"https:\/\/www.regionsaris.sk\/#website\",\"url\":\"https:\/\/www.regionsaris.sk\/\",\"name\":\"OOCR \u0160ari\u0161\",\"description\":\"\",\"potentialAction\":[{\"@type\":\"SearchAction\",\"target\":{\"@type\":\"EntryPoint\",\"urlTemplate\":\"https:\/\/www.regionsaris.sk\/?s={search_term_string}\"},\"query-input\":{\"@type\":\"PropertyValueSpecification\",\"valueRequired\":true,\"valueName\":\"search_term_string\"}}],\"inLanguage\":\"it-IT\"}]}<\/script>\n<!-- \/ Yoast SEO Premium plugin. -->","yoast_head_json":{"title":"Dreven\u00fd chr\u00e1m Sv\u00e4t\u00e9ho Michala Archanjela, \u0160emetkovce - OOCR \u0160ari\u0161","robots":{"index":"index","follow":"follow","max-snippet":"max-snippet:-1","max-image-preview":"max-image-preview:large","max-video-preview":"max-video-preview:-1"},"canonical":"https:\/\/www.regionsaris.sk\/it\/nabozensky-turizmus\/dreveny-chram-svateho-michala-archanjela-semetkovce\/","og_locale":"it_IT","og_type":"article","og_title":"Dreven\u00fd chr\u00e1m Sv\u00e4t\u00e9ho Michala Archanjela, \u0160emetkovce","og_description":"Chr\u00e1m bol postaven\u00fd v roku 1752. Pri vojensk\u00fdch oper\u00e1ci\u00e1ch karpatsko-duklianskej oper\u00e1cie, pri tankovej bitke, v...","og_url":"https:\/\/www.regionsaris.sk\/it\/nabozensky-turizmus\/dreveny-chram-svateho-michala-archanjela-semetkovce\/","og_site_name":"OOCR \u0160ari\u0161","article_modified_time":"2026-02-05T12:41:28+00:00","og_image":[{"width":600,"height":400,"url":"https:\/\/www.regionsaris.sk\/wp-content\/uploads\/2026\/01\/semetkovce244-thumb.jpg","type":"image\/jpeg"}],"twitter_card":"summary_large_image","twitter_misc":{"Tempo di lettura stimato":"1 minuto"},"schema":{"@context":"https:\/\/schema.org","@graph":[{"@type":"WebPage","@id":"https:\/\/www.regionsaris.sk\/nabozensky-turizmus\/dreveny-chram-svateho-michala-archanjela-semetkovce\/","url":"https:\/\/www.regionsaris.sk\/nabozensky-turizmus\/dreveny-chram-svateho-michala-archanjela-semetkovce\/","name":"Dreven\u00fd chr\u00e1m Sv\u00e4t\u00e9ho Michala Archanjela, \u0160emetkovce - OOCR \u0160ari\u0161","isPartOf":{"@id":"https:\/\/www.regionsaris.sk\/#website"},"primaryImageOfPage":{"@id":"https:\/\/www.regionsaris.sk\/nabozensky-turizmus\/dreveny-chram-svateho-michala-archanjela-semetkovce\/#primaryimage"},"image":{"@id":"https:\/\/www.regionsaris.sk\/nabozensky-turizmus\/dreveny-chram-svateho-michala-archanjela-semetkovce\/#primaryimage"},"thumbnailUrl":"https:\/\/www.regionsaris.sk\/wp-content\/uploads\/2026\/01\/semetkovce244-thumb.jpg","datePublished":"2026-01-07T11:45:05+00:00","dateModified":"2026-02-05T12:41:28+00:00","breadcrumb":{"@id":"https:\/\/www.regionsaris.sk\/nabozensky-turizmus\/dreveny-chram-svateho-michala-archanjela-semetkovce\/#breadcrumb"},"inLanguage":"it-IT","potentialAction":[{"@type":"ReadAction","target":["https:\/\/www.regionsaris.sk\/nabozensky-turizmus\/dreveny-chram-svateho-michala-archanjela-semetkovce\/"]}]},{"@type":"ImageObject","inLanguage":"it-IT","@id":"https:\/\/www.regionsaris.sk\/nabozensky-turizmus\/dreveny-chram-svateho-michala-archanjela-semetkovce\/#primaryimage","url":"https:\/\/www.regionsaris.sk\/wp-content\/uploads\/2026\/01\/semetkovce244-thumb.jpg","contentUrl":"https:\/\/www.regionsaris.sk\/wp-content\/uploads\/2026\/01\/semetkovce244-thumb.jpg","width":600,"height":400},{"@type":"BreadcrumbList","@id":"https:\/\/www.regionsaris.sk\/nabozensky-turizmus\/dreveny-chram-svateho-michala-archanjela-semetkovce\/#breadcrumb","itemListElement":[{"@type":"ListItem","position":1,"name":"Domov","item":"https:\/\/www.regionsaris.sk\/"},{"@type":"ListItem","position":2,"name":"N\u00e1bo\u017eensk\u00fd turizmus v regi\u00f3ne","item":"https:\/\/www.regionsaris.sk\/nabozensky-turizmus-v-regione\/"},{"@type":"ListItem","position":3,"name":"Dreven\u00fd chr\u00e1m Sv\u00e4t\u00e9ho Michala Archanjela, \u0160emetkovce"}]},{"@type":"WebSite","@id":"https:\/\/www.regionsaris.sk\/#website","url":"https:\/\/www.regionsaris.sk\/","name":"OOCR \u0160ari\u0161","description":"","potentialAction":[{"@type":"SearchAction","target":{"@type":"EntryPoint","urlTemplate":"https:\/\/www.regionsaris.sk\/?s={search_term_string}"},"query-input":{"@type":"PropertyValueSpecification","valueRequired":true,"valueName":"search_term_string"}}],"inLanguage":"it-IT"}]}},"_links":{"self":[{"href":"https:\/\/www.regionsaris.sk\/it\/wp-json\/wp\/v2\/nabozensky-turizmus\/2561","targetHints":{"allow":["GET"]}}],"collection":[{"href":"https:\/\/www.regionsaris.sk\/it\/wp-json\/wp\/v2\/nabozensky-turizmus"}],"about":[{"href":"https:\/\/www.regionsaris.sk\/it\/wp-json\/wp\/v2\/types\/nabozensky-turizmus"}],"wp:featuredmedia":[{"embeddable":true,"href":"https:\/\/www.regionsaris.sk\/it\/wp-json\/wp\/v2\/media\/2562"}],"wp:attachment":[{"href":"https:\/\/www.regionsaris.sk\/it\/wp-json\/wp\/v2\/media?parent=2561"}],"wp:term":[{"taxonomy":"kategoria-poi","embeddable":true,"href":"https:\/\/www.regionsaris.sk\/it\/wp-json\/wp\/v2\/kategoria-poi?post=2561"},{"taxonomy":"lokalita","embeddable":true,"href":"https:\/\/www.regionsaris.sk\/it\/wp-json\/wp\/v2\/lokalita?post=2561"},{"taxonomy":"sezona-poi","embeddable":true,"href":"https:\/\/www.regionsaris.sk\/it\/wp-json\/wp\/v2\/sezona-poi?post=2561"},{"taxonomy":"trvanie-vyletu","embeddable":true,"href":"https:\/\/www.regionsaris.sk\/it\/wp-json\/wp\/v2\/trvanie-vyletu?post=2561"}],"curies":[{"name":"wp","href":"https:\/\/api.w.org\/{rel}","templated":true}]}}

Chiesa in legno di San Michele Arcangelo, Šemetkovce

<p>Il tempio fu costruito nel 1752. Durante le operazioni militari dell'operazione Carpatho-Dukla, durante la battaglia dei carri armati, nella valle della morte, nell'ottobre e novembre 1944, la chiesa fu danneggiata. I cittadini del villaggio contribuirono al suo restauro nel 1945. Dal 1968 la chiesa è un monumento culturale nazionale.<br>Il campanile della chiesa è sormontato da un papavero con tamburello e da una croce di metallo forgiato, che spunta dalla struttura dell'edificio. I tetti a tenda a due livelli che sovrastano il santuario e la navata sono sormontati da torrette coniche ricoperte di scandole con croci in ferro battuto. L'intera capanna di legno, come le altre chiese in legno all'esterno, è rivestita di tavole posate verticalmente con modanature restaurate nel 2001. Davanti al portale della chiesa si trova un piccolo atrio, il cui tetto è anch'esso ricoperto di scandole.<br>All'interno della chiesa, sulle pareti si sono conservati i resti di pitture murali. L'iconostasi barocca a quattro file di legno con porta dello zar risale alla seconda metà del XVIII secolo. Alcune delle icone incorporate nell'iconostasi risalgono a un periodo precedente. L'iconostasi e l'altare sono stati restaurati nel 1969-1970. È stato nuovamente restaurato nel 2005. Sull'altare si trovano le cosiddette colonne antiche in miniatura e un piccolo tabernacolo con un'icona della Vergine Maria.<br>Il campanile con tre campane della seconda metà del XX secolo è stato costruito nel XIX secolo e si trova sul sito del campanile del XVIII secolo A nord-ovest del tempio è stato costruito un massiccio campanile in legno su una fondazione in pietra rialzata (NKP). La costruzione è colonnare. In cima si trova una croce a tre bracci semplici. Nel campanile si trovano tre campane, del 1971, del 1948 e del 1970.</p>



<p>Fonte: <a href="http://www.drevenchramy.sk/">www.drevenchramy.sk</a></p>



<p>Foto:<strong> </strong>Henryk Bielamowicz</p>

<!-- This site is optimized with the Yoast SEO Premium plugin v26.3 (Yoast SEO v26.8) - https://yoast.com/product/yoast-seo-premium-wordpress/ -->
<title>Drevený chrám Svätého Michala Archanjela, Šemetkovce - OOCR Šariš</title>
<meta name="robots" content="index, follow, max-snippet:-1, max-image-preview:large, max-video-preview:-1" />
<link rel="canonical" href="https://www.regionsaris.sk/it/nabozensky-turizmus/dreveny-chram-svateho-michala-archanjela-semetkovce/" />
<meta property="og:locale" content="it_IT" />
<meta property="og:type" content="article" />
<meta property="og:title" content="Drevený chrám Svätého Michala Archanjela, Šemetkovce" />
<meta property="og:description" content="Chrám bol postavený v roku 1752. Pri vojenských operáciách karpatsko-duklianskej operácie, pri tankovej bitke, v..." />
<meta property="og:url" content="https://www.regionsaris.sk/it/nabozensky-turizmus/dreveny-chram-svateho-michala-archanjela-semetkovce/" />
<meta property="og:site_name" content="OOCR Šariš" />
<meta property="article:modified_time" content="2026-02-05T12:41:28+00:00" />
<meta property="og:image" content="https://www.regionsaris.sk/wp-content/uploads/2026/01/semetkovce244-thumb.jpg" />
	<meta property="og:image:width" content="600" />
	<meta property="og:image:height" content="400" />
	<meta property="og:image:type" content="image/jpeg" />
<meta name="twitter:card" content="summary_large_image" />
<meta name="twitter:label1" content="Tempo di lettura stimato" />
	<meta name="twitter:data1" content="1 minuto" />
<script type="application/ld+json" class="yoast-schema-graph">{"@context":"https://schema.org","@graph":[{"@type":"WebPage","@id":"https://www.regionsaris.sk/nabozensky-turizmus/dreveny-chram-svateho-michala-archanjela-semetkovce/","url":"https://www.regionsaris.sk/nabozensky-turizmus/dreveny-chram-svateho-michala-archanjela-semetkovce/","name":"Drevený chrám Svätého Michala Archanjela, Šemetkovce - OOCR Šariš","isPartOf":{"@id":"https://www.regionsaris.sk/#website"},"primaryImageOfPage":{"@id":"https://www.regionsaris.sk/nabozensky-turizmus/dreveny-chram-svateho-michala-archanjela-semetkovce/#primaryimage"},"image":{"@id":"https://www.regionsaris.sk/nabozensky-turizmus/dreveny-chram-svateho-michala-archanjela-semetkovce/#primaryimage"},"thumbnailUrl":"https://www.regionsaris.sk/wp-content/uploads/2026/01/semetkovce244-thumb.jpg","datePublished":"2026-01-07T11:45:05+00:00","dateModified":"2026-02-05T12:41:28+00:00","breadcrumb":{"@id":"https://www.regionsaris.sk/nabozensky-turizmus/dreveny-chram-svateho-michala-archanjela-semetkovce/#breadcrumb"},"inLanguage":"it-IT","potentialAction":[{"@type":"ReadAction","target":["https://www.regionsaris.sk/nabozensky-turizmus/dreveny-chram-svateho-michala-archanjela-semetkovce/"]}]},{"@type":"ImageObject","inLanguage":"it-IT","@id":"https://www.regionsaris.sk/nabozensky-turizmus/dreveny-chram-svateho-michala-archanjela-semetkovce/#primaryimage","url":"https://www.regionsaris.sk/wp-content/uploads/2026/01/semetkovce244-thumb.jpg","contentUrl":"https://www.regionsaris.sk/wp-content/uploads/2026/01/semetkovce244-thumb.jpg","width":600,"height":400},{"@type":"BreadcrumbList","@id":"https://www.regionsaris.sk/nabozensky-turizmus/dreveny-chram-svateho-michala-archanjela-semetkovce/#breadcrumb","itemListElement":[{"@type":"ListItem","position":1,"name":"Domov","item":"https://www.regionsaris.sk/"},{"@type":"ListItem","position":2,"name":"Náboženský turizmus v regióne","item":"https://www.regionsaris.sk/nabozensky-turizmus-v-regione/"},{"@type":"ListItem","position":3,"name":"Drevený chrám Svätého Michala Archanjela, Šemetkovce"}]},{"@type":"WebSite","@id":"https://www.regionsaris.sk/#website","url":"https://www.regionsaris.sk/","name":"OOCR Šariš","description":"","potentialAction":[{"@type":"SearchAction","target":{"@type":"EntryPoint","urlTemplate":"https://www.regionsaris.sk/?s={search_term_string}"},"query-input":{"@type":"PropertyValueSpecification","valueRequired":true,"valueName":"search_term_string"}}],"inLanguage":"it-IT"}]}</script>
<!-- / Yoast SEO Premium plugin. -->

Drevený chrám Svätého Michala Archanjela, Šemetkovce - OOCR Šariš

Drevený chrám Svätého Michala Archanjela, Šemetkovce

Chrám bol postavený v roku 1752. Pri vojenských operáciách karpatsko-duklianskej operácie, pri tankovej bitke, v...

OOCR Šariš

Náboženský turizmus v regióne
