{"id":2243,"date":"2026-01-07T12:43:46","date_gmt":"2026-01-07T11:43:46","guid":{"rendered":"https:\/\/www.regionsaris.sk\/?post_type=kultura-a-umenie&#038;p=2243"},"modified":"2026-02-05T13:15:07","modified_gmt":"2026-02-05T12:15:07","slug":"krajska-galeria","status":"publish","type":"kultura-a-umenie","link":"https:\/\/www.regionsaris.sk\/it\/kultura-a-umenie\/krajska-galeria\/","title":{"rendered":"Galleria regionale di Pre\u0161ov"},"content":{"rendered":"<p><strong>Galleria regionale di Pre\u0161ov<\/strong> \u00e8 stata fondata nel 1956. Fa parte delle pi\u00f9 antiche gallerie regionali della Slovacchia. Ha iniziato la sua attivit\u00e0 espositiva nel 1957. Originariamente era situata nell'edificio dell'ex Collegio Evangelico (monumento culturale nazionale) nella parte settentrionale della piazza principale. Nel 1981 ha acquisito due edifici tutelati, ex case borghesi (originariamente gotiche con ricostruzioni rinascimentali e barocche) nella zona di conservazione della citt\u00e0, ricostruite per le esigenze della galleria; a met\u00e0 degli anni Ottanta ha acquisito un altro edificio nel quartiere (Hlavn\u00e1 49), che dopo la ricostruzione (2015 - 2020) ospita la mostra permanente \u201eArte sacra dei secoli XV-XIX\u201c.<\/p>\n\n\n\n<p>La galleria ha costruito la sua collezione dalle fondamenta attraverso la propria ricerca e raccolta, soprattutto tramite acquisti. Attualmente possiede pi\u00f9 di 4.500 dipinti, disegni, sculture e stampe dal XV al XX secolo. Si concentra principalmente sulla Slovacchia nord-orientale, ma ricerca, acquisisce ed elabora professionalmente anche le opere di artisti provenienti da tutta la Slovacchia orientale, di importanti rappresentanti dell'arte slovacca moderna e di personalit\u00e0 legate alla regione. Tra le collezioni di arte antica vi sono notevoli raccolte di icone del XVI-XVIII secolo (la pi\u00f9 preziosa \u00e8 una tempera su tavola del XVI secolo - San Michele Arcangelo), ritratti del XVIII-XIX secolo, ritratti del XVIII-XIX secolo e ritratti del XIX secolo. secolo (tra cui una collezione di opere del ritrattista mitteleuropeo J\u00e1n Rombauer) e una collezione di opere di pittori di Pre\u0161ov a cavallo tra il XIX e il XX secolo e della prima met\u00e0 del XX secolo (Max Kurth, Ernest R\u00e1ko\u0161i, J\u00falius T\u00f6rok, Jozef Bend\u00edk). Particolarmente ricca \u00e8 la collezione di arte della seconda met\u00e0 del XX secolo. La collezione \u00e8 inoltre sistematicamente integrata con opere di artisti contemporanei.<\/p>\n\n\n\n<p>La galleria offre ai visitatori mostre mutevoli, importanti collezioni di arte antica e contemporanea e un'esposizione permanente. Prepara e realizza conferenze, incontri e colloqui con autori, lavoro con i bambini, laboratori e corsi di educazione artistica, visite in studio, concerti, attivit\u00e0 di club, consulenza, consulenze e assistenza metodologica nel campo delle belle arti, studio a tempo pieno nell'archivio, collabora con scuole d'arte, universit\u00e0, altri enti che operano nel campo della cultura. Nel contesto dell'arte contemporanea e del cambiamento di approccio nella cultura consolidata e non, che principalmente nelle nostre condizioni nazionali aveva un carattere non partecipativo, cerca di collegare queste entit\u00e0 nella penetrazione e nell'interpretazione dell'arte contemporanea e anche nella mappatura della scena regionale e sovraregionale attraverso la sua partecipazione attiva.<\/p>\n\n\n\n<p>La galleria \u00e8 stata fondata nel 2002\u00a0<a href=\"https:\/\/www.po-kraj.sk\/sk\/\">Regione autonoma di Pre\u0161ov<\/a>.<\/p>\n\n\n\n<p>Fonte: krajskagaleria.sk<\/p>","protected":false},"featured_media":2245,"template":"","meta":{"_acf_changed":false},"kategoria-poi":[185,108],"lokalita":[26],"sezona-poi":[12],"trvanie-vyletu":[180,194],"class_list":["post-2243","kultura-a-umenie","type-kultura-a-umenie","status-publish","has-post-thumbnail","hentry","kategoria-poi-galerie","kategoria-poi-kultura-a-umenie","lokalita-mesto-presov","sezona-poi-celorocne","trvanie-vyletu-poldenne-vylety","trvanie-vyletu-skolske-vylety"],"acf":[],"yoast_head":"<!-- This site is optimized with the Yoast SEO Premium plugin v26.3 (Yoast SEO v26.8) - https:\/\/yoast.com\/product\/yoast-seo-premium-wordpress\/ -->\n<title>Krajsk\u00e1 gal\u00e9ria v Pre\u0161ove - OOCR \u0160ari\u0161<\/title>\n<meta name=\"robots\" content=\"index, follow, max-snippet:-1, max-image-preview:large, max-video-preview:-1\" \/>\n<link rel=\"canonical\" href=\"https:\/\/www.regionsaris.sk\/it\/kultura-a-umenie\/krajska-galeria\/\" \/>\n<meta property=\"og:locale\" content=\"it_IT\" \/>\n<meta property=\"og:type\" content=\"article\" \/>\n<meta property=\"og:title\" content=\"Krajsk\u00e1 gal\u00e9ria v Pre\u0161ove\" \/>\n<meta property=\"og:description\" content=\"Krajsk\u00e1 gal\u00e9ria v Pre\u0161ove bola zalo\u017een\u00e1 v roku 1956. Patr\u00ed k najstar\u0161\u00edm region\u00e1lnym gal\u00e9ri\u00e1m na...\" \/>\n<meta property=\"og:url\" content=\"https:\/\/www.regionsaris.sk\/it\/kultura-a-umenie\/krajska-galeria\/\" \/>\n<meta property=\"og:site_name\" content=\"OOCR \u0160ari\u0161\" \/>\n<meta property=\"article:modified_time\" content=\"2026-02-05T12:15:07+00:00\" \/>\n<meta property=\"og:image\" content=\"https:\/\/www.regionsaris.sk\/wp-content\/uploads\/2026\/01\/sarisskagal85-thumb.jpg\" \/>\n\t<meta property=\"og:image:width\" content=\"600\" \/>\n\t<meta property=\"og:image:height\" content=\"400\" \/>\n\t<meta property=\"og:image:type\" content=\"image\/jpeg\" \/>\n<meta name=\"twitter:card\" content=\"summary_large_image\" \/>\n<meta name=\"twitter:label1\" content=\"Tempo di lettura stimato\" \/>\n\t<meta name=\"twitter:data1\" content=\"2 minuti\" \/>\n<script type=\"application\/ld+json\" class=\"yoast-schema-graph\">{\"@context\":\"https:\/\/schema.org\",\"@graph\":[{\"@type\":\"WebPage\",\"@id\":\"https:\/\/www.regionsaris.sk\/kultura-a-umenie\/krajska-galeria\/\",\"url\":\"https:\/\/www.regionsaris.sk\/kultura-a-umenie\/krajska-galeria\/\",\"name\":\"Krajsk\u00e1 gal\u00e9ria v Pre\u0161ove - OOCR \u0160ari\u0161\",\"isPartOf\":{\"@id\":\"https:\/\/www.regionsaris.sk\/#website\"},\"primaryImageOfPage\":{\"@id\":\"https:\/\/www.regionsaris.sk\/kultura-a-umenie\/krajska-galeria\/#primaryimage\"},\"image\":{\"@id\":\"https:\/\/www.regionsaris.sk\/kultura-a-umenie\/krajska-galeria\/#primaryimage\"},\"thumbnailUrl\":\"https:\/\/www.regionsaris.sk\/wp-content\/uploads\/2026\/01\/sarisskagal85-thumb.jpg\",\"datePublished\":\"2026-01-07T11:43:46+00:00\",\"dateModified\":\"2026-02-05T12:15:07+00:00\",\"breadcrumb\":{\"@id\":\"https:\/\/www.regionsaris.sk\/kultura-a-umenie\/krajska-galeria\/#breadcrumb\"},\"inLanguage\":\"it-IT\",\"potentialAction\":[{\"@type\":\"ReadAction\",\"target\":[\"https:\/\/www.regionsaris.sk\/kultura-a-umenie\/krajska-galeria\/\"]}]},{\"@type\":\"ImageObject\",\"inLanguage\":\"it-IT\",\"@id\":\"https:\/\/www.regionsaris.sk\/kultura-a-umenie\/krajska-galeria\/#primaryimage\",\"url\":\"https:\/\/www.regionsaris.sk\/wp-content\/uploads\/2026\/01\/sarisskagal85-thumb.jpg\",\"contentUrl\":\"https:\/\/www.regionsaris.sk\/wp-content\/uploads\/2026\/01\/sarisskagal85-thumb.jpg\",\"width\":600,\"height\":400},{\"@type\":\"BreadcrumbList\",\"@id\":\"https:\/\/www.regionsaris.sk\/kultura-a-umenie\/krajska-galeria\/#breadcrumb\",\"itemListElement\":[{\"@type\":\"ListItem\",\"position\":1,\"name\":\"Domov\",\"item\":\"https:\/\/www.regionsaris.sk\/\"},{\"@type\":\"ListItem\",\"position\":2,\"name\":\"Kult\u00fara a umenie v regi\u00f3ne\",\"item\":\"https:\/\/www.regionsaris.sk\/kultura-a-umenie-v-regione\/\"},{\"@type\":\"ListItem\",\"position\":3,\"name\":\"Krajsk\u00e1 gal\u00e9ria v Pre\u0161ove\"}]},{\"@type\":\"WebSite\",\"@id\":\"https:\/\/www.regionsaris.sk\/#website\",\"url\":\"https:\/\/www.regionsaris.sk\/\",\"name\":\"OOCR \u0160ari\u0161\",\"description\":\"\",\"potentialAction\":[{\"@type\":\"SearchAction\",\"target\":{\"@type\":\"EntryPoint\",\"urlTemplate\":\"https:\/\/www.regionsaris.sk\/?s={search_term_string}\"},\"query-input\":{\"@type\":\"PropertyValueSpecification\",\"valueRequired\":true,\"valueName\":\"search_term_string\"}}],\"inLanguage\":\"it-IT\"}]}<\/script>\n<!-- \/ Yoast SEO Premium plugin. -->","yoast_head_json":{"title":"Krajsk\u00e1 gal\u00e9ria v Pre\u0161ove - OOCR \u0160ari\u0161","robots":{"index":"index","follow":"follow","max-snippet":"max-snippet:-1","max-image-preview":"max-image-preview:large","max-video-preview":"max-video-preview:-1"},"canonical":"https:\/\/www.regionsaris.sk\/it\/kultura-a-umenie\/krajska-galeria\/","og_locale":"it_IT","og_type":"article","og_title":"Krajsk\u00e1 gal\u00e9ria v Pre\u0161ove","og_description":"Krajsk\u00e1 gal\u00e9ria v Pre\u0161ove bola zalo\u017een\u00e1 v roku 1956. Patr\u00ed k najstar\u0161\u00edm region\u00e1lnym gal\u00e9ri\u00e1m na...","og_url":"https:\/\/www.regionsaris.sk\/it\/kultura-a-umenie\/krajska-galeria\/","og_site_name":"OOCR \u0160ari\u0161","article_modified_time":"2026-02-05T12:15:07+00:00","og_image":[{"width":600,"height":400,"url":"https:\/\/www.regionsaris.sk\/wp-content\/uploads\/2026\/01\/sarisskagal85-thumb.jpg","type":"image\/jpeg"}],"twitter_card":"summary_large_image","twitter_misc":{"Tempo di lettura stimato":"2 minuti"},"schema":{"@context":"https:\/\/schema.org","@graph":[{"@type":"WebPage","@id":"https:\/\/www.regionsaris.sk\/kultura-a-umenie\/krajska-galeria\/","url":"https:\/\/www.regionsaris.sk\/kultura-a-umenie\/krajska-galeria\/","name":"Krajsk\u00e1 gal\u00e9ria v Pre\u0161ove - OOCR \u0160ari\u0161","isPartOf":{"@id":"https:\/\/www.regionsaris.sk\/#website"},"primaryImageOfPage":{"@id":"https:\/\/www.regionsaris.sk\/kultura-a-umenie\/krajska-galeria\/#primaryimage"},"image":{"@id":"https:\/\/www.regionsaris.sk\/kultura-a-umenie\/krajska-galeria\/#primaryimage"},"thumbnailUrl":"https:\/\/www.regionsaris.sk\/wp-content\/uploads\/2026\/01\/sarisskagal85-thumb.jpg","datePublished":"2026-01-07T11:43:46+00:00","dateModified":"2026-02-05T12:15:07+00:00","breadcrumb":{"@id":"https:\/\/www.regionsaris.sk\/kultura-a-umenie\/krajska-galeria\/#breadcrumb"},"inLanguage":"it-IT","potentialAction":[{"@type":"ReadAction","target":["https:\/\/www.regionsaris.sk\/kultura-a-umenie\/krajska-galeria\/"]}]},{"@type":"ImageObject","inLanguage":"it-IT","@id":"https:\/\/www.regionsaris.sk\/kultura-a-umenie\/krajska-galeria\/#primaryimage","url":"https:\/\/www.regionsaris.sk\/wp-content\/uploads\/2026\/01\/sarisskagal85-thumb.jpg","contentUrl":"https:\/\/www.regionsaris.sk\/wp-content\/uploads\/2026\/01\/sarisskagal85-thumb.jpg","width":600,"height":400},{"@type":"BreadcrumbList","@id":"https:\/\/www.regionsaris.sk\/kultura-a-umenie\/krajska-galeria\/#breadcrumb","itemListElement":[{"@type":"ListItem","position":1,"name":"Domov","item":"https:\/\/www.regionsaris.sk\/"},{"@type":"ListItem","position":2,"name":"Kult\u00fara a umenie v regi\u00f3ne","item":"https:\/\/www.regionsaris.sk\/kultura-a-umenie-v-regione\/"},{"@type":"ListItem","position":3,"name":"Krajsk\u00e1 gal\u00e9ria v Pre\u0161ove"}]},{"@type":"WebSite","@id":"https:\/\/www.regionsaris.sk\/#website","url":"https:\/\/www.regionsaris.sk\/","name":"OOCR \u0160ari\u0161","description":"","potentialAction":[{"@type":"SearchAction","target":{"@type":"EntryPoint","urlTemplate":"https:\/\/www.regionsaris.sk\/?s={search_term_string}"},"query-input":{"@type":"PropertyValueSpecification","valueRequired":true,"valueName":"search_term_string"}}],"inLanguage":"it-IT"}]}},"_links":{"self":[{"href":"https:\/\/www.regionsaris.sk\/it\/wp-json\/wp\/v2\/kultura-a-umenie\/2243","targetHints":{"allow":["GET"]}}],"collection":[{"href":"https:\/\/www.regionsaris.sk\/it\/wp-json\/wp\/v2\/kultura-a-umenie"}],"about":[{"href":"https:\/\/www.regionsaris.sk\/it\/wp-json\/wp\/v2\/types\/kultura-a-umenie"}],"wp:featuredmedia":[{"embeddable":true,"href":"https:\/\/www.regionsaris.sk\/it\/wp-json\/wp\/v2\/media\/2245"}],"wp:attachment":[{"href":"https:\/\/www.regionsaris.sk\/it\/wp-json\/wp\/v2\/media?parent=2243"}],"wp:term":[{"taxonomy":"kategoria-poi","embeddable":true,"href":"https:\/\/www.regionsaris.sk\/it\/wp-json\/wp\/v2\/kategoria-poi?post=2243"},{"taxonomy":"lokalita","embeddable":true,"href":"https:\/\/www.regionsaris.sk\/it\/wp-json\/wp\/v2\/lokalita?post=2243"},{"taxonomy":"sezona-poi","embeddable":true,"href":"https:\/\/www.regionsaris.sk\/it\/wp-json\/wp\/v2\/sezona-poi?post=2243"},{"taxonomy":"trvanie-vyletu","embeddable":true,"href":"https:\/\/www.regionsaris.sk\/it\/wp-json\/wp\/v2\/trvanie-vyletu?post=2243"}],"curies":[{"name":"wp","href":"https:\/\/api.w.org\/{rel}","templated":true}]}}

Galleria regionale di Prešov

<p><strong>Galleria regionale di Prešov</strong> è stata fondata nel 1956. Fa parte delle più antiche gallerie regionali della Slovacchia. Ha iniziato la sua attività espositiva nel 1957. Originariamente era situata nell'edificio dell'ex Collegio Evangelico (monumento culturale nazionale) nella parte settentrionale della piazza principale. Nel 1981 ha acquisito due edifici tutelati, ex case borghesi (originariamente gotiche con ricostruzioni rinascimentali e barocche) nella zona di conservazione della città, ricostruite per le esigenze della galleria; a metà degli anni Ottanta ha acquisito un altro edificio nel quartiere (Hlavná 49), che dopo la ricostruzione (2015 - 2020) ospita la mostra permanente „Arte sacra dei secoli XV-XIX“.</p>



<p>La galleria ha costruito la sua collezione dalle fondamenta attraverso la propria ricerca e raccolta, soprattutto tramite acquisti. Attualmente possiede più di 4.500 dipinti, disegni, sculture e stampe dal XV al XX secolo. Si concentra principalmente sulla Slovacchia nord-orientale, ma ricerca, acquisisce ed elabora professionalmente anche le opere di artisti provenienti da tutta la Slovacchia orientale, di importanti rappresentanti dell'arte slovacca moderna e di personalità legate alla regione. Tra le collezioni di arte antica vi sono notevoli raccolte di icone del XVI-XVIII secolo (la più preziosa è una tempera su tavola del XVI secolo - San Michele Arcangelo), ritratti del XVIII-XIX secolo, ritratti del XVIII-XIX secolo e ritratti del XIX secolo. secolo (tra cui una collezione di opere del ritrattista mitteleuropeo Ján Rombauer) e una collezione di opere di pittori di Prešov a cavallo tra il XIX e il XX secolo e della prima metà del XX secolo (Max Kurth, Ernest Rákoši, Július Törok, Jozef Bendík). Particolarmente ricca è la collezione di arte della seconda metà del XX secolo. La collezione è inoltre sistematicamente integrata con opere di artisti contemporanei.</p>



<p>La galleria offre ai visitatori mostre mutevoli, importanti collezioni di arte antica e contemporanea e un'esposizione permanente. Prepara e realizza conferenze, incontri e colloqui con autori, lavoro con i bambini, laboratori e corsi di educazione artistica, visite in studio, concerti, attività di club, consulenza, consulenze e assistenza metodologica nel campo delle belle arti, studio a tempo pieno nell'archivio, collabora con scuole d'arte, università, altri enti che operano nel campo della cultura. Nel contesto dell'arte contemporanea e del cambiamento di approccio nella cultura consolidata e non, che principalmente nelle nostre condizioni nazionali aveva un carattere non partecipativo, cerca di collegare queste entità nella penetrazione e nell'interpretazione dell'arte contemporanea e anche nella mappatura della scena regionale e sovraregionale attraverso la sua partecipazione attiva.</p>



<p>La galleria è stata fondata nel 2002 <a href="https://www.po-kraj.sk/sk/">Regione autonoma di Prešov</a>.</p>



<p>Fonte: krajskagaleria.sk</p>

<!-- This site is optimized with the Yoast SEO Premium plugin v26.3 (Yoast SEO v26.8) - https://yoast.com/product/yoast-seo-premium-wordpress/ -->
<title>Krajská galéria v Prešove - OOCR Šariš</title>
<meta name="robots" content="index, follow, max-snippet:-1, max-image-preview:large, max-video-preview:-1" />
<link rel="canonical" href="https://www.regionsaris.sk/it/kultura-a-umenie/krajska-galeria/" />
<meta property="og:locale" content="it_IT" />
<meta property="og:type" content="article" />
<meta property="og:title" content="Krajská galéria v Prešove" />
<meta property="og:description" content="Krajská galéria v Prešove bola založená v roku 1956. Patrí k najstarším regionálnym galériám na..." />
<meta property="og:url" content="https://www.regionsaris.sk/it/kultura-a-umenie/krajska-galeria/" />
<meta property="og:site_name" content="OOCR Šariš" />
<meta property="article:modified_time" content="2026-02-05T12:15:07+00:00" />
<meta property="og:image" content="https://www.regionsaris.sk/wp-content/uploads/2026/01/sarisskagal85-thumb.jpg" />
	<meta property="og:image:width" content="600" />
	<meta property="og:image:height" content="400" />
	<meta property="og:image:type" content="image/jpeg" />
<meta name="twitter:card" content="summary_large_image" />
<meta name="twitter:label1" content="Tempo di lettura stimato" />
	<meta name="twitter:data1" content="2 minuti" />
<script type="application/ld+json" class="yoast-schema-graph">{"@context":"https://schema.org","@graph":[{"@type":"WebPage","@id":"https://www.regionsaris.sk/kultura-a-umenie/krajska-galeria/","url":"https://www.regionsaris.sk/kultura-a-umenie/krajska-galeria/","name":"Krajská galéria v Prešove - OOCR Šariš","isPartOf":{"@id":"https://www.regionsaris.sk/#website"},"primaryImageOfPage":{"@id":"https://www.regionsaris.sk/kultura-a-umenie/krajska-galeria/#primaryimage"},"image":{"@id":"https://www.regionsaris.sk/kultura-a-umenie/krajska-galeria/#primaryimage"},"thumbnailUrl":"https://www.regionsaris.sk/wp-content/uploads/2026/01/sarisskagal85-thumb.jpg","datePublished":"2026-01-07T11:43:46+00:00","dateModified":"2026-02-05T12:15:07+00:00","breadcrumb":{"@id":"https://www.regionsaris.sk/kultura-a-umenie/krajska-galeria/#breadcrumb"},"inLanguage":"it-IT","potentialAction":[{"@type":"ReadAction","target":["https://www.regionsaris.sk/kultura-a-umenie/krajska-galeria/"]}]},{"@type":"ImageObject","inLanguage":"it-IT","@id":"https://www.regionsaris.sk/kultura-a-umenie/krajska-galeria/#primaryimage","url":"https://www.regionsaris.sk/wp-content/uploads/2026/01/sarisskagal85-thumb.jpg","contentUrl":"https://www.regionsaris.sk/wp-content/uploads/2026/01/sarisskagal85-thumb.jpg","width":600,"height":400},{"@type":"BreadcrumbList","@id":"https://www.regionsaris.sk/kultura-a-umenie/krajska-galeria/#breadcrumb","itemListElement":[{"@type":"ListItem","position":1,"name":"Domov","item":"https://www.regionsaris.sk/"},{"@type":"ListItem","position":2,"name":"Kultúra a umenie v regióne","item":"https://www.regionsaris.sk/kultura-a-umenie-v-regione/"},{"@type":"ListItem","position":3,"name":"Krajská galéria v Prešove"}]},{"@type":"WebSite","@id":"https://www.regionsaris.sk/#website","url":"https://www.regionsaris.sk/","name":"OOCR Šariš","description":"","potentialAction":[{"@type":"SearchAction","target":{"@type":"EntryPoint","urlTemplate":"https://www.regionsaris.sk/?s={search_term_string}"},"query-input":{"@type":"PropertyValueSpecification","valueRequired":true,"valueName":"search_term_string"}}],"inLanguage":"it-IT"}]}</script>
<!-- / Yoast SEO Premium plugin. -->

Krajská galéria v Prešove - OOCR Šariš

Krajská galéria v Prešove

Krajská galéria v Prešove bola založená v roku 1956. Patrí k najstarším regionálnym galériám na...

OOCR Šariš

Kultúra a umenie v regióne
