{"id":2144,"date":"2020-11-19T09:03:04","date_gmt":"2020-11-19T08:03:04","guid":{"rendered":"https:\/\/www.regionsaris.sk\/historia\/kastiel-tulcik\/"},"modified":"2020-11-19T09:03:04","modified_gmt":"2020-11-19T08:03:04","slug":"kastiel-tulcik","status":"publish","type":"historia","link":"https:\/\/www.regionsaris.sk\/it\/historia\/kastiel-tulcik\/","title":{"rendered":"Casa padronale di Tul\u010d\u00edk"},"content":{"rendered":"<p><strong>Comune Tul\u010d\u00edk<\/strong> si trova nella parte settentrionale del distretto di Pre\u0161ov, sul margine sud-occidentale dei Bassi Monti Beschidi, nella valle del fiume Sek\u010dov. Come tutti i villaggi circostanti, dall'XI secolo era propriet\u00e0 dei re ungheresi, che la mantennero insieme al mito locale. A met\u00e0 del XV secolo, i nobili di Rozhanovice e Per\u00edn si interessarono gradualmente alla propriet\u00e0 dei possedimenti di Tul\u010dice e ai proventi dei servi della gleba e dei pedaggi locali. Anche se i re ungheresi diedero loro Tul\u010d\u00edk, non ne divennero i veri proprietari. I nobili di Kapu\u0161iany difesero la loro propriet\u00e0 di Tul\u010d\u00edk.<\/p>\n\n\n\n<p>Antenati della famiglia <strong>Il Kapis,<\/strong> che possedeva propriet\u00e0 nei dintorni di Tul\u010d\u00edk e Kapu\u0161iany fino al XIX secolo, era Andrej, figlio di Mikul\u00e1\u0161, originario dello sgabello di Pe\u0161t'any. Il re Sigismondo lo don\u00f2 ad Andrej nel 1410 e successivamente gli permise di costruire un castello (l'attuale Castello di Kapu\u0161ian). Il rappresentante pi\u00f9 importante della famiglia, Gabriel Kapi, \u00e8 anche il pi\u00f9 citato nelle visite. All'inizio del XVIII secolo possedeva propriet\u00e0 in diversi villaggi di \u0160ari\u0161; tra le propriet\u00e0 di famiglia c'era la tenuta di Tul\u010d\u00edk, come sede della parrocchia, e anche in una delle filiali di Tul\u010di\u010d, a Kapu\u0161any. Il parroco era ospite della famiglia Kapi. A Kapu\u0161any si dice che due campi appartenevano alla chiesa, ma ora sono annessi ai campi del proprietario terriero. I patroni dovrebbero versare la decima al parroco, ma non lo fanno.Nel 1703 la situazione sembra essere migliore. Il parroco di Tul\u010d\u00edk riceveva dal padrone di casa un quarto della decima e un quarto della decima, inoltre viene menzionato che viveva nel maniero del signor Gabriel Kapi, aveva anche un servitore e la provvista per due cavalli. Inoltre, per\u00f2, possedeva qui una canonica, accanto alla quale c'era un giardino con alberi di prugne piantati e un glebe servito. Secondo questi documenti, c'era anche una disputa nel villaggio, perch\u00e9 i parrocchiani e i nobili di altri villaggi testimoniarono al visitatore che il parroco era incline a bere alcolici, ma Gabriel Kapi lo neg\u00f2. Nella visita successiva, nel 1712, si menziona solo che la famiglia Kapi era proprietaria del villaggio. Il lascito devozionale per la chiesa parrocchiale di Tul\u010dice fu concesso dalla vedova di Klobu\u0161ick\u00fd, che era Klara Kapi, sorella di Gabriel Kapi. Il parroco consumava anche i pasti giornalieri nella casa padronale di Tul\u010dice, ma non \u00e8 specificato se vi soggiornasse. Inoltre, i proprietari terrieri gli davano un quarto della decima di sette villaggi. Per Kapusany non sono fornite ulteriori informazioni sui proprietari terrieri. Nel 1843 Stefan Kapi diede in pegno la sua propriet\u00e0 di Tul\u010d\u00edk ad Anton Ghill\u00e1nyi, ma non fu mai in grado di riscattare il pegno. In seguito, altre propriet\u00e0 Kapi a Fulianka, Demjat e Nemcovce sono menzionate tra le propriet\u00e0 Ghill\u00e1nyi, il che implica che tutti i diritti di propriet\u00e0 Kapi furono gradualmente trasferiti alla famiglia Ghill\u00e1nyi.<\/p>\n\n\n\n<p>Lo stemma della famiglia Kapi era costituito da uno scudo di colore oro. In esso, su una gamba, si trova una gru con un elmo. Da esso sporge la testa della gru con il collo a met\u00e0 del corpo.<\/p>\n\n\n\n<p>Nella prima met\u00e0 del XVI secolo, la nobile famiglia Kapi di Tul\u010d\u00edk <strong>per costruire una casa padronale,<\/strong> che rispondeva alle esigenze di comfort della nobilt\u00e0 di allora. Tuttavia, non ci sono documenti superstiti sulla data di costruzione del maniero. A met\u00e0 del XVIII secolo la famiglia Kapi fece costruire un maniero a Tul\u010d\u00edk. <strong>il secondo maniero,<\/strong> ma non si conoscono nel dettaglio le circostanze della sua costruzione. Entrambi i manieri si sono conservati fino ad oggi.<br>Il palazzo padronale barocco della met\u00e0 del XVIII secolo \u00e8 un edificio a due piani a tre travature, a pianta rettangolare e con tetto a mansarda. La facciata \u00e8 articolata da un bugnato al piano terra, da lesene e finestre a nastro al primo piano e da un frontone rettilineo e un lambrequin sul parapetto. La casa padronale si trova in mezzo a case moderne. \u00c8 in mano a privati.<\/p>\n\n\n\n<p>Il secondo maniero \u00e8 conosciuto in paese come il maniero grande o basso. Si trova nel centro del villaggio, accanto alla chiesa.<\/p>\n\n\n\n<p>Tul\u010d\u00edk Manor \u00e8 una parte di\u00a0<a href=\"https:\/\/www.sarisskahradnacesta.sk\/\">Strade del castello di \u0160ari\u0161<\/a>.<\/p>\n\n\n\n<p>&nbsp;<\/p>\n\n\n\n<p>Fonte\/foto: pamiatkynaslovensku.sk, Mariana Kosma\u010dov\u00e1, Jozef Kotuli\u010d, ing.<\/p>","protected":false},"featured_media":1926,"template":"","meta":{"_acf_changed":false},"kategoria-poi":[105,173],"lokalita":[28],"sezona-poi":[],"trvanie-vyletu":[],"class_list":["post-2144","historia","type-historia","status-publish","has-post-thumbnail","hentry","kategoria-poi-historia","kategoria-poi-kastiele-a-kurie","lokalita-presov-a-okolie"],"acf":[],"yoast_head":"<!-- This site is optimized with the Yoast SEO Premium plugin v26.3 (Yoast SEO v26.8) - https:\/\/yoast.com\/product\/yoast-seo-premium-wordpress\/ -->\n<title>Ka\u0161tie\u013e Tul\u010d\u00edk - OOCR \u0160ari\u0161<\/title>\n<meta name=\"robots\" content=\"index, follow, max-snippet:-1, max-image-preview:large, max-video-preview:-1\" \/>\n<link rel=\"canonical\" href=\"https:\/\/www.regionsaris.sk\/it\/historia\/kastiel-tulcik\/\" \/>\n<meta property=\"og:locale\" content=\"it_IT\" \/>\n<meta property=\"og:type\" content=\"article\" \/>\n<meta property=\"og:title\" content=\"Ka\u0161tie\u013e Tul\u010d\u00edk\" \/>\n<meta property=\"og:description\" content=\"Obec Tul\u010d\u00edk le\u017e\u00ed v severnej \u010dasti okresu Pre\u0161ov, na juhoz\u00e1padnom okraji pohoria N\u00edzke Beskydy, v...\" \/>\n<meta property=\"og:url\" content=\"https:\/\/www.regionsaris.sk\/it\/historia\/kastiel-tulcik\/\" \/>\n<meta property=\"og:site_name\" content=\"OOCR \u0160ari\u0161\" \/>\n<meta property=\"og:image\" content=\"https:\/\/www.regionsaris.sk\/wp-content\/uploads\/2026\/01\/Tulcik-kastiel.jpg\" \/>\n\t<meta property=\"og:image:width\" content=\"800\" \/>\n\t<meta property=\"og:image:height\" content=\"600\" \/>\n\t<meta property=\"og:image:type\" content=\"image\/jpeg\" \/>\n<meta name=\"twitter:card\" content=\"summary_large_image\" \/>\n<meta name=\"twitter:label1\" content=\"Tempo di lettura stimato\" \/>\n\t<meta name=\"twitter:data1\" content=\"4 minuti\" \/>\n<script type=\"application\/ld+json\" class=\"yoast-schema-graph\">{\"@context\":\"https:\/\/schema.org\",\"@graph\":[{\"@type\":\"WebPage\",\"@id\":\"https:\/\/www.regionsaris.sk\/historia\/kastiel-tulcik\/\",\"url\":\"https:\/\/www.regionsaris.sk\/historia\/kastiel-tulcik\/\",\"name\":\"Ka\u0161tie\u013e Tul\u010d\u00edk - OOCR \u0160ari\u0161\",\"isPartOf\":{\"@id\":\"https:\/\/www.regionsaris.sk\/#website\"},\"primaryImageOfPage\":{\"@id\":\"https:\/\/www.regionsaris.sk\/historia\/kastiel-tulcik\/#primaryimage\"},\"image\":{\"@id\":\"https:\/\/www.regionsaris.sk\/historia\/kastiel-tulcik\/#primaryimage\"},\"thumbnailUrl\":\"https:\/\/www.regionsaris.sk\/wp-content\/uploads\/2026\/01\/Tulcik-kastiel.jpg\",\"datePublished\":\"2020-11-19T08:03:04+00:00\",\"breadcrumb\":{\"@id\":\"https:\/\/www.regionsaris.sk\/historia\/kastiel-tulcik\/#breadcrumb\"},\"inLanguage\":\"it-IT\",\"potentialAction\":[{\"@type\":\"ReadAction\",\"target\":[\"https:\/\/www.regionsaris.sk\/historia\/kastiel-tulcik\/\"]}]},{\"@type\":\"ImageObject\",\"inLanguage\":\"it-IT\",\"@id\":\"https:\/\/www.regionsaris.sk\/historia\/kastiel-tulcik\/#primaryimage\",\"url\":\"https:\/\/www.regionsaris.sk\/wp-content\/uploads\/2026\/01\/Tulcik-kastiel.jpg\",\"contentUrl\":\"https:\/\/www.regionsaris.sk\/wp-content\/uploads\/2026\/01\/Tulcik-kastiel.jpg\",\"width\":800,\"height\":600},{\"@type\":\"BreadcrumbList\",\"@id\":\"https:\/\/www.regionsaris.sk\/historia\/kastiel-tulcik\/#breadcrumb\",\"itemListElement\":[{\"@type\":\"ListItem\",\"position\":1,\"name\":\"Domov\",\"item\":\"https:\/\/www.regionsaris.sk\/\"},{\"@type\":\"ListItem\",\"position\":2,\"name\":\"Hist\u00f3ria regi\u00f3nu\",\"item\":\"https:\/\/www.regionsaris.sk\/historia-regionu\/\"},{\"@type\":\"ListItem\",\"position\":3,\"name\":\"Ka\u0161tie\u013e Tul\u010d\u00edk\"}]},{\"@type\":\"WebSite\",\"@id\":\"https:\/\/www.regionsaris.sk\/#website\",\"url\":\"https:\/\/www.regionsaris.sk\/\",\"name\":\"OOCR \u0160ari\u0161\",\"description\":\"\",\"potentialAction\":[{\"@type\":\"SearchAction\",\"target\":{\"@type\":\"EntryPoint\",\"urlTemplate\":\"https:\/\/www.regionsaris.sk\/?s={search_term_string}\"},\"query-input\":{\"@type\":\"PropertyValueSpecification\",\"valueRequired\":true,\"valueName\":\"search_term_string\"}}],\"inLanguage\":\"it-IT\"}]}<\/script>\n<!-- \/ Yoast SEO Premium plugin. -->","yoast_head_json":{"title":"Ka\u0161tie\u013e Tul\u010d\u00edk - OOCR \u0160ari\u0161","robots":{"index":"index","follow":"follow","max-snippet":"max-snippet:-1","max-image-preview":"max-image-preview:large","max-video-preview":"max-video-preview:-1"},"canonical":"https:\/\/www.regionsaris.sk\/it\/historia\/kastiel-tulcik\/","og_locale":"it_IT","og_type":"article","og_title":"Ka\u0161tie\u013e Tul\u010d\u00edk","og_description":"Obec Tul\u010d\u00edk le\u017e\u00ed v severnej \u010dasti okresu Pre\u0161ov, na juhoz\u00e1padnom okraji pohoria N\u00edzke Beskydy, v...","og_url":"https:\/\/www.regionsaris.sk\/it\/historia\/kastiel-tulcik\/","og_site_name":"OOCR \u0160ari\u0161","og_image":[{"width":800,"height":600,"url":"https:\/\/www.regionsaris.sk\/wp-content\/uploads\/2026\/01\/Tulcik-kastiel.jpg","type":"image\/jpeg"}],"twitter_card":"summary_large_image","twitter_misc":{"Tempo di lettura stimato":"4 minuti"},"schema":{"@context":"https:\/\/schema.org","@graph":[{"@type":"WebPage","@id":"https:\/\/www.regionsaris.sk\/historia\/kastiel-tulcik\/","url":"https:\/\/www.regionsaris.sk\/historia\/kastiel-tulcik\/","name":"Ka\u0161tie\u013e Tul\u010d\u00edk - OOCR \u0160ari\u0161","isPartOf":{"@id":"https:\/\/www.regionsaris.sk\/#website"},"primaryImageOfPage":{"@id":"https:\/\/www.regionsaris.sk\/historia\/kastiel-tulcik\/#primaryimage"},"image":{"@id":"https:\/\/www.regionsaris.sk\/historia\/kastiel-tulcik\/#primaryimage"},"thumbnailUrl":"https:\/\/www.regionsaris.sk\/wp-content\/uploads\/2026\/01\/Tulcik-kastiel.jpg","datePublished":"2020-11-19T08:03:04+00:00","breadcrumb":{"@id":"https:\/\/www.regionsaris.sk\/historia\/kastiel-tulcik\/#breadcrumb"},"inLanguage":"it-IT","potentialAction":[{"@type":"ReadAction","target":["https:\/\/www.regionsaris.sk\/historia\/kastiel-tulcik\/"]}]},{"@type":"ImageObject","inLanguage":"it-IT","@id":"https:\/\/www.regionsaris.sk\/historia\/kastiel-tulcik\/#primaryimage","url":"https:\/\/www.regionsaris.sk\/wp-content\/uploads\/2026\/01\/Tulcik-kastiel.jpg","contentUrl":"https:\/\/www.regionsaris.sk\/wp-content\/uploads\/2026\/01\/Tulcik-kastiel.jpg","width":800,"height":600},{"@type":"BreadcrumbList","@id":"https:\/\/www.regionsaris.sk\/historia\/kastiel-tulcik\/#breadcrumb","itemListElement":[{"@type":"ListItem","position":1,"name":"Domov","item":"https:\/\/www.regionsaris.sk\/"},{"@type":"ListItem","position":2,"name":"Hist\u00f3ria regi\u00f3nu","item":"https:\/\/www.regionsaris.sk\/historia-regionu\/"},{"@type":"ListItem","position":3,"name":"Ka\u0161tie\u013e Tul\u010d\u00edk"}]},{"@type":"WebSite","@id":"https:\/\/www.regionsaris.sk\/#website","url":"https:\/\/www.regionsaris.sk\/","name":"OOCR \u0160ari\u0161","description":"","potentialAction":[{"@type":"SearchAction","target":{"@type":"EntryPoint","urlTemplate":"https:\/\/www.regionsaris.sk\/?s={search_term_string}"},"query-input":{"@type":"PropertyValueSpecification","valueRequired":true,"valueName":"search_term_string"}}],"inLanguage":"it-IT"}]}},"_links":{"self":[{"href":"https:\/\/www.regionsaris.sk\/it\/wp-json\/wp\/v2\/historia\/2144","targetHints":{"allow":["GET"]}}],"collection":[{"href":"https:\/\/www.regionsaris.sk\/it\/wp-json\/wp\/v2\/historia"}],"about":[{"href":"https:\/\/www.regionsaris.sk\/it\/wp-json\/wp\/v2\/types\/historia"}],"wp:featuredmedia":[{"embeddable":true,"href":"https:\/\/www.regionsaris.sk\/it\/wp-json\/wp\/v2\/media\/1926"}],"wp:attachment":[{"href":"https:\/\/www.regionsaris.sk\/it\/wp-json\/wp\/v2\/media?parent=2144"}],"wp:term":[{"taxonomy":"kategoria-poi","embeddable":true,"href":"https:\/\/www.regionsaris.sk\/it\/wp-json\/wp\/v2\/kategoria-poi?post=2144"},{"taxonomy":"lokalita","embeddable":true,"href":"https:\/\/www.regionsaris.sk\/it\/wp-json\/wp\/v2\/lokalita?post=2144"},{"taxonomy":"sezona-poi","embeddable":true,"href":"https:\/\/www.regionsaris.sk\/it\/wp-json\/wp\/v2\/sezona-poi?post=2144"},{"taxonomy":"trvanie-vyletu","embeddable":true,"href":"https:\/\/www.regionsaris.sk\/it\/wp-json\/wp\/v2\/trvanie-vyletu?post=2144"}],"curies":[{"name":"wp","href":"https:\/\/api.w.org\/{rel}","templated":true}]}}

Casa padronale di Tulčík

<p><strong>Comune Tulčík</strong> si trova nella parte settentrionale del distretto di Prešov, sul margine sud-occidentale dei Bassi Monti Beschidi, nella valle del fiume Sekčov. Come tutti i villaggi circostanti, dall'XI secolo era proprietà dei re ungheresi, che la mantennero insieme al mito locale. A metà del XV secolo, i nobili di Rozhanovice e Perín si interessarono gradualmente alla proprietà dei possedimenti di Tulčice e ai proventi dei servi della gleba e dei pedaggi locali. Anche se i re ungheresi diedero loro Tulčík, non ne divennero i veri proprietari. I nobili di Kapušiany difesero la loro proprietà di Tulčík.</p>



<p>Antenati della famiglia <strong>Il Kapis,</strong> che possedeva proprietà nei dintorni di Tulčík e Kapušiany fino al XIX secolo, era Andrej, figlio di Mikuláš, originario dello sgabello di Pešt'any. Il re Sigismondo lo donò ad Andrej nel 1410 e successivamente gli permise di costruire un castello (l'attuale Castello di Kapušian). Il rappresentante più importante della famiglia, Gabriel Kapi, è anche il più citato nelle visite. All'inizio del XVIII secolo possedeva proprietà in diversi villaggi di Šariš; tra le proprietà di famiglia c'era la tenuta di Tulčík, come sede della parrocchia, e anche in una delle filiali di Tulčič, a Kapušany. Il parroco era ospite della famiglia Kapi. A Kapušany si dice che due campi appartenevano alla chiesa, ma ora sono annessi ai campi del proprietario terriero. I patroni dovrebbero versare la decima al parroco, ma non lo fanno.Nel 1703 la situazione sembra essere migliore. Il parroco di Tulčík riceveva dal padrone di casa un quarto della decima e un quarto della decima, inoltre viene menzionato che viveva nel maniero del signor Gabriel Kapi, aveva anche un servitore e la provvista per due cavalli. Inoltre, però, possedeva qui una canonica, accanto alla quale c'era un giardino con alberi di prugne piantati e un glebe servito. Secondo questi documenti, c'era anche una disputa nel villaggio, perché i parrocchiani e i nobili di altri villaggi testimoniarono al visitatore che il parroco era incline a bere alcolici, ma Gabriel Kapi lo negò. Nella visita successiva, nel 1712, si menziona solo che la famiglia Kapi era proprietaria del villaggio. Il lascito devozionale per la chiesa parrocchiale di Tulčice fu concesso dalla vedova di Klobušický, che era Klara Kapi, sorella di Gabriel Kapi. Il parroco consumava anche i pasti giornalieri nella casa padronale di Tulčice, ma non è specificato se vi soggiornasse. Inoltre, i proprietari terrieri gli davano un quarto della decima di sette villaggi. Per Kapusany non sono fornite ulteriori informazioni sui proprietari terrieri. Nel 1843 Stefan Kapi diede in pegno la sua proprietà di Tulčík ad Anton Ghillányi, ma non fu mai in grado di riscattare il pegno. In seguito, altre proprietà Kapi a Fulianka, Demjat e Nemcovce sono menzionate tra le proprietà Ghillányi, il che implica che tutti i diritti di proprietà Kapi furono gradualmente trasferiti alla famiglia Ghillányi.</p>



<p>Lo stemma della famiglia Kapi era costituito da uno scudo di colore oro. In esso, su una gamba, si trova una gru con un elmo. Da esso sporge la testa della gru con il collo a metà del corpo.</p>



<p>Nella prima metà del XVI secolo, la nobile famiglia Kapi di Tulčík <strong>per costruire una casa padronale,</strong> che rispondeva alle esigenze di comfort della nobiltà di allora. Tuttavia, non ci sono documenti superstiti sulla data di costruzione del maniero. A metà del XVIII secolo la famiglia Kapi fece costruire un maniero a Tulčík. <strong>il secondo maniero,</strong> ma non si conoscono nel dettaglio le circostanze della sua costruzione. Entrambi i manieri si sono conservati fino ad oggi.<br>Il palazzo padronale barocco della metà del XVIII secolo è un edificio a due piani a tre travature, a pianta rettangolare e con tetto a mansarda. La facciata è articolata da un bugnato al piano terra, da lesene e finestre a nastro al primo piano e da un frontone rettilineo e un lambrequin sul parapetto. La casa padronale si trova in mezzo a case moderne. È in mano a privati.</p>



<p>Il secondo maniero è conosciuto in paese come il maniero grande o basso. Si trova nel centro del villaggio, accanto alla chiesa.</p>



<p>Tulčík Manor è una parte di <a href="https://www.sarisskahradnacesta.sk/">Strade del castello di Šariš</a>.</p>



<p>&nbsp;</p>



<p>Fonte/foto: pamiatkynaslovensku.sk, Mariana Kosmačová, Jozef Kotulič, ing.</p>

<!-- This site is optimized with the Yoast SEO Premium plugin v26.3 (Yoast SEO v26.8) - https://yoast.com/product/yoast-seo-premium-wordpress/ -->
<title>Kaštieľ Tulčík - OOCR Šariš</title>
<meta name="robots" content="index, follow, max-snippet:-1, max-image-preview:large, max-video-preview:-1" />
<link rel="canonical" href="https://www.regionsaris.sk/it/historia/kastiel-tulcik/" />
<meta property="og:locale" content="it_IT" />
<meta property="og:type" content="article" />
<meta property="og:title" content="Kaštieľ Tulčík" />
<meta property="og:description" content="Obec Tulčík leží v severnej časti okresu Prešov, na juhozápadnom okraji pohoria Nízke Beskydy, v..." />
<meta property="og:url" content="https://www.regionsaris.sk/it/historia/kastiel-tulcik/" />
<meta property="og:site_name" content="OOCR Šariš" />
<meta property="og:image" content="https://www.regionsaris.sk/wp-content/uploads/2026/01/Tulcik-kastiel.jpg" />
	<meta property="og:image:width" content="800" />
	<meta property="og:image:height" content="600" />
	<meta property="og:image:type" content="image/jpeg" />
<meta name="twitter:card" content="summary_large_image" />
<meta name="twitter:label1" content="Tempo di lettura stimato" />
	<meta name="twitter:data1" content="4 minuti" />
<script type="application/ld+json" class="yoast-schema-graph">{"@context":"https://schema.org","@graph":[{"@type":"WebPage","@id":"https://www.regionsaris.sk/historia/kastiel-tulcik/","url":"https://www.regionsaris.sk/historia/kastiel-tulcik/","name":"Kaštieľ Tulčík - OOCR Šariš","isPartOf":{"@id":"https://www.regionsaris.sk/#website"},"primaryImageOfPage":{"@id":"https://www.regionsaris.sk/historia/kastiel-tulcik/#primaryimage"},"image":{"@id":"https://www.regionsaris.sk/historia/kastiel-tulcik/#primaryimage"},"thumbnailUrl":"https://www.regionsaris.sk/wp-content/uploads/2026/01/Tulcik-kastiel.jpg","datePublished":"2020-11-19T08:03:04+00:00","breadcrumb":{"@id":"https://www.regionsaris.sk/historia/kastiel-tulcik/#breadcrumb"},"inLanguage":"it-IT","potentialAction":[{"@type":"ReadAction","target":["https://www.regionsaris.sk/historia/kastiel-tulcik/"]}]},{"@type":"ImageObject","inLanguage":"it-IT","@id":"https://www.regionsaris.sk/historia/kastiel-tulcik/#primaryimage","url":"https://www.regionsaris.sk/wp-content/uploads/2026/01/Tulcik-kastiel.jpg","contentUrl":"https://www.regionsaris.sk/wp-content/uploads/2026/01/Tulcik-kastiel.jpg","width":800,"height":600},{"@type":"BreadcrumbList","@id":"https://www.regionsaris.sk/historia/kastiel-tulcik/#breadcrumb","itemListElement":[{"@type":"ListItem","position":1,"name":"Domov","item":"https://www.regionsaris.sk/"},{"@type":"ListItem","position":2,"name":"História regiónu","item":"https://www.regionsaris.sk/historia-regionu/"},{"@type":"ListItem","position":3,"name":"Kaštieľ Tulčík"}]},{"@type":"WebSite","@id":"https://www.regionsaris.sk/#website","url":"https://www.regionsaris.sk/","name":"OOCR Šariš","description":"","potentialAction":[{"@type":"SearchAction","target":{"@type":"EntryPoint","urlTemplate":"https://www.regionsaris.sk/?s={search_term_string}"},"query-input":{"@type":"PropertyValueSpecification","valueRequired":true,"valueName":"search_term_string"}}],"inLanguage":"it-IT"}]}</script>
<!-- / Yoast SEO Premium plugin. -->

Kaštieľ Tulčík - OOCR Šariš

Kaštieľ Tulčík

Obec Tulčík leží v severnej časti okresu Prešov, na juhozápadnom okraji pohoria Nízke Beskydy, v...

OOCR Šariš

História regiónu
