{"id":2134,"date":"2020-05-29T12:16:03","date_gmt":"2020-05-29T11:16:03","guid":{"rendered":"https:\/\/www.regionsaris.sk\/historia\/pamatnik-vychodoslovenskeho-rolnickeho-povstania\/"},"modified":"2020-05-29T12:16:03","modified_gmt":"2020-05-29T11:16:03","slug":"pamatnik-vychodoslovenskeho-rolnickeho-povstania","status":"publish","type":"historia","link":"https:\/\/www.regionsaris.sk\/it\/historia\/pamatnik-vychodoslovenskeho-rolnickeho-povstania\/","title":{"rendered":"Memoriale della rivolta contadina della Slovacchia orientale"},"content":{"rendered":"<p>La Rivolta dei contadini della Slovacchia orientale, o anche Rivolta del colera, ebbe luogo nel luglio e nell'agosto del 1831 nelle contee di Zempl\u00edn, Abovsk\u00e1, \u0160ari\u0161 e Spi\u0161. La rivolta coinvolse 150 villaggi e citt\u00e0 con 40 000 insorti. L'incentivo diretto alla rivolta fu una grande perdita di raccolto e un'epidemia di colera. Il popolo interpret\u00f2 le misure precauzionali come un'intenzione di avvelenare i servi della gleba e di impadronirsi delle loro propriet\u00e0. La ribellione fu sedata e le sentenze di morte per impiccagione furono immediatamente eseguite dai tribunali statali. In totale furono 119. Sebbene la rivolta sia stata repressa, essa trov\u00f2 risonanza nella Dieta ungherese e nel 1832-1836, che prese in considerazione la questione dei servi della gleba e concesse loro alcuni, seppur piccoli, diritti.<\/p>\n\n\n\n<p>Nell'anno <strong>1938 ha eretto un monumento<\/strong>, il cui tema principale \u00e8 <strong>statua in bronzo di un uomo che cammina trionfalmente<\/strong>, collocata su un alto pilone cilindrico. Alla base si trova una scultura di 7 insorti, che rappresentano simbolicamente gli status occupazionali dei partecipanti alla rivolta. Si trattava principalmente di proprietari terrieri, borghesi, possidenti, minatori, poveri (urbani e rurali) e impiegati dello Stato (richtar, insegnanti, hajd\u00fasi).<\/p>\n\n\n\n<p>Totale <strong>l'altezza del monumento \u00e8 di 20 m<\/strong>. Le figure della scultura sono alte fino a 3,2 metri. La statua di bronzo sul pilone \u00e8 alta 4,2 m. Nella mano destra tiene un ramo lungo 0,4 m. Le statue della scultura sono scolpite in pietra arenaria.<\/p>\n\n\n\n<p>Fonte\/Foto: www.obechaniska.sk<\/p>","protected":false},"featured_media":1835,"template":"","meta":{"_acf_changed":false},"kategoria-poi":[105,171],"lokalita":[28],"sezona-poi":[],"trvanie-vyletu":[],"class_list":["post-2134","historia","type-historia","status-publish","has-post-thumbnail","hentry","kategoria-poi-historia","kategoria-poi-ine-vyznamne-pamiatky","lokalita-presov-a-okolie"],"acf":[],"yoast_head":"<!-- This site is optimized with the Yoast SEO Premium plugin v26.3 (Yoast SEO v26.8) - https:\/\/yoast.com\/product\/yoast-seo-premium-wordpress\/ -->\n<title>Pam\u00e4tn\u00edk v\u00fdchodoslovensk\u00e9ho ro\u013en\u00edckeho povstania - OOCR \u0160ari\u0161<\/title>\n<meta name=\"robots\" content=\"index, follow, max-snippet:-1, max-image-preview:large, max-video-preview:-1\" \/>\n<link rel=\"canonical\" href=\"https:\/\/www.regionsaris.sk\/it\/historia\/pamatnik-vychodoslovenskeho-rolnickeho-povstania\/\" \/>\n<meta property=\"og:locale\" content=\"it_IT\" \/>\n<meta property=\"og:type\" content=\"article\" \/>\n<meta property=\"og:title\" content=\"Pam\u00e4tn\u00edk v\u00fdchodoslovensk\u00e9ho ro\u013en\u00edckeho povstania\" \/>\n<meta property=\"og:description\" content=\"V\u00fdchodoslovensk\u00e9 ro\u013en\u00edcke povstanie alebo aj cholerov\u00e9 povstanie sa odohralo v j\u00fali a auguste 1831 v...\" \/>\n<meta property=\"og:url\" content=\"https:\/\/www.regionsaris.sk\/it\/historia\/pamatnik-vychodoslovenskeho-rolnickeho-povstania\/\" \/>\n<meta property=\"og:site_name\" content=\"OOCR \u0160ari\u0161\" \/>\n<meta property=\"og:image\" content=\"https:\/\/www.regionsaris.sk\/wp-content\/uploads\/2026\/01\/i_5714602.jpg\" \/>\n\t<meta property=\"og:image:width\" content=\"1600\" \/>\n\t<meta property=\"og:image:height\" content=\"1067\" \/>\n\t<meta property=\"og:image:type\" content=\"image\/jpeg\" \/>\n<meta name=\"twitter:card\" content=\"summary_large_image\" \/>\n<meta name=\"twitter:label1\" content=\"Tempo di lettura stimato\" \/>\n\t<meta name=\"twitter:data1\" content=\"1 minuto\" \/>\n<script type=\"application\/ld+json\" class=\"yoast-schema-graph\">{\"@context\":\"https:\/\/schema.org\",\"@graph\":[{\"@type\":\"WebPage\",\"@id\":\"https:\/\/www.regionsaris.sk\/historia\/pamatnik-vychodoslovenskeho-rolnickeho-povstania\/\",\"url\":\"https:\/\/www.regionsaris.sk\/historia\/pamatnik-vychodoslovenskeho-rolnickeho-povstania\/\",\"name\":\"Pam\u00e4tn\u00edk v\u00fdchodoslovensk\u00e9ho ro\u013en\u00edckeho povstania - OOCR \u0160ari\u0161\",\"isPartOf\":{\"@id\":\"https:\/\/www.regionsaris.sk\/#website\"},\"primaryImageOfPage\":{\"@id\":\"https:\/\/www.regionsaris.sk\/historia\/pamatnik-vychodoslovenskeho-rolnickeho-povstania\/#primaryimage\"},\"image\":{\"@id\":\"https:\/\/www.regionsaris.sk\/historia\/pamatnik-vychodoslovenskeho-rolnickeho-povstania\/#primaryimage\"},\"thumbnailUrl\":\"https:\/\/www.regionsaris.sk\/wp-content\/uploads\/2026\/01\/i_5714602.jpg\",\"datePublished\":\"2020-05-29T11:16:03+00:00\",\"breadcrumb\":{\"@id\":\"https:\/\/www.regionsaris.sk\/historia\/pamatnik-vychodoslovenskeho-rolnickeho-povstania\/#breadcrumb\"},\"inLanguage\":\"it-IT\",\"potentialAction\":[{\"@type\":\"ReadAction\",\"target\":[\"https:\/\/www.regionsaris.sk\/historia\/pamatnik-vychodoslovenskeho-rolnickeho-povstania\/\"]}]},{\"@type\":\"ImageObject\",\"inLanguage\":\"it-IT\",\"@id\":\"https:\/\/www.regionsaris.sk\/historia\/pamatnik-vychodoslovenskeho-rolnickeho-povstania\/#primaryimage\",\"url\":\"https:\/\/www.regionsaris.sk\/wp-content\/uploads\/2026\/01\/i_5714602.jpg\",\"contentUrl\":\"https:\/\/www.regionsaris.sk\/wp-content\/uploads\/2026\/01\/i_5714602.jpg\",\"width\":1600,\"height\":1067},{\"@type\":\"BreadcrumbList\",\"@id\":\"https:\/\/www.regionsaris.sk\/historia\/pamatnik-vychodoslovenskeho-rolnickeho-povstania\/#breadcrumb\",\"itemListElement\":[{\"@type\":\"ListItem\",\"position\":1,\"name\":\"Domov\",\"item\":\"https:\/\/www.regionsaris.sk\/\"},{\"@type\":\"ListItem\",\"position\":2,\"name\":\"Hist\u00f3ria regi\u00f3nu\",\"item\":\"https:\/\/www.regionsaris.sk\/historia-regionu\/\"},{\"@type\":\"ListItem\",\"position\":3,\"name\":\"Pam\u00e4tn\u00edk v\u00fdchodoslovensk\u00e9ho ro\u013en\u00edckeho povstania\"}]},{\"@type\":\"WebSite\",\"@id\":\"https:\/\/www.regionsaris.sk\/#website\",\"url\":\"https:\/\/www.regionsaris.sk\/\",\"name\":\"OOCR \u0160ari\u0161\",\"description\":\"\",\"potentialAction\":[{\"@type\":\"SearchAction\",\"target\":{\"@type\":\"EntryPoint\",\"urlTemplate\":\"https:\/\/www.regionsaris.sk\/?s={search_term_string}\"},\"query-input\":{\"@type\":\"PropertyValueSpecification\",\"valueRequired\":true,\"valueName\":\"search_term_string\"}}],\"inLanguage\":\"it-IT\"}]}<\/script>\n<!-- \/ Yoast SEO Premium plugin. -->","yoast_head_json":{"title":"Pam\u00e4tn\u00edk v\u00fdchodoslovensk\u00e9ho ro\u013en\u00edckeho povstania - OOCR \u0160ari\u0161","robots":{"index":"index","follow":"follow","max-snippet":"max-snippet:-1","max-image-preview":"max-image-preview:large","max-video-preview":"max-video-preview:-1"},"canonical":"https:\/\/www.regionsaris.sk\/it\/historia\/pamatnik-vychodoslovenskeho-rolnickeho-povstania\/","og_locale":"it_IT","og_type":"article","og_title":"Pam\u00e4tn\u00edk v\u00fdchodoslovensk\u00e9ho ro\u013en\u00edckeho povstania","og_description":"V\u00fdchodoslovensk\u00e9 ro\u013en\u00edcke povstanie alebo aj cholerov\u00e9 povstanie sa odohralo v j\u00fali a auguste 1831 v...","og_url":"https:\/\/www.regionsaris.sk\/it\/historia\/pamatnik-vychodoslovenskeho-rolnickeho-povstania\/","og_site_name":"OOCR \u0160ari\u0161","og_image":[{"width":1600,"height":1067,"url":"https:\/\/www.regionsaris.sk\/wp-content\/uploads\/2026\/01\/i_5714602.jpg","type":"image\/jpeg"}],"twitter_card":"summary_large_image","twitter_misc":{"Tempo di lettura stimato":"1 minuto"},"schema":{"@context":"https:\/\/schema.org","@graph":[{"@type":"WebPage","@id":"https:\/\/www.regionsaris.sk\/historia\/pamatnik-vychodoslovenskeho-rolnickeho-povstania\/","url":"https:\/\/www.regionsaris.sk\/historia\/pamatnik-vychodoslovenskeho-rolnickeho-povstania\/","name":"Pam\u00e4tn\u00edk v\u00fdchodoslovensk\u00e9ho ro\u013en\u00edckeho povstania - OOCR \u0160ari\u0161","isPartOf":{"@id":"https:\/\/www.regionsaris.sk\/#website"},"primaryImageOfPage":{"@id":"https:\/\/www.regionsaris.sk\/historia\/pamatnik-vychodoslovenskeho-rolnickeho-povstania\/#primaryimage"},"image":{"@id":"https:\/\/www.regionsaris.sk\/historia\/pamatnik-vychodoslovenskeho-rolnickeho-povstania\/#primaryimage"},"thumbnailUrl":"https:\/\/www.regionsaris.sk\/wp-content\/uploads\/2026\/01\/i_5714602.jpg","datePublished":"2020-05-29T11:16:03+00:00","breadcrumb":{"@id":"https:\/\/www.regionsaris.sk\/historia\/pamatnik-vychodoslovenskeho-rolnickeho-povstania\/#breadcrumb"},"inLanguage":"it-IT","potentialAction":[{"@type":"ReadAction","target":["https:\/\/www.regionsaris.sk\/historia\/pamatnik-vychodoslovenskeho-rolnickeho-povstania\/"]}]},{"@type":"ImageObject","inLanguage":"it-IT","@id":"https:\/\/www.regionsaris.sk\/historia\/pamatnik-vychodoslovenskeho-rolnickeho-povstania\/#primaryimage","url":"https:\/\/www.regionsaris.sk\/wp-content\/uploads\/2026\/01\/i_5714602.jpg","contentUrl":"https:\/\/www.regionsaris.sk\/wp-content\/uploads\/2026\/01\/i_5714602.jpg","width":1600,"height":1067},{"@type":"BreadcrumbList","@id":"https:\/\/www.regionsaris.sk\/historia\/pamatnik-vychodoslovenskeho-rolnickeho-povstania\/#breadcrumb","itemListElement":[{"@type":"ListItem","position":1,"name":"Domov","item":"https:\/\/www.regionsaris.sk\/"},{"@type":"ListItem","position":2,"name":"Hist\u00f3ria regi\u00f3nu","item":"https:\/\/www.regionsaris.sk\/historia-regionu\/"},{"@type":"ListItem","position":3,"name":"Pam\u00e4tn\u00edk v\u00fdchodoslovensk\u00e9ho ro\u013en\u00edckeho povstania"}]},{"@type":"WebSite","@id":"https:\/\/www.regionsaris.sk\/#website","url":"https:\/\/www.regionsaris.sk\/","name":"OOCR \u0160ari\u0161","description":"","potentialAction":[{"@type":"SearchAction","target":{"@type":"EntryPoint","urlTemplate":"https:\/\/www.regionsaris.sk\/?s={search_term_string}"},"query-input":{"@type":"PropertyValueSpecification","valueRequired":true,"valueName":"search_term_string"}}],"inLanguage":"it-IT"}]}},"_links":{"self":[{"href":"https:\/\/www.regionsaris.sk\/it\/wp-json\/wp\/v2\/historia\/2134","targetHints":{"allow":["GET"]}}],"collection":[{"href":"https:\/\/www.regionsaris.sk\/it\/wp-json\/wp\/v2\/historia"}],"about":[{"href":"https:\/\/www.regionsaris.sk\/it\/wp-json\/wp\/v2\/types\/historia"}],"wp:featuredmedia":[{"embeddable":true,"href":"https:\/\/www.regionsaris.sk\/it\/wp-json\/wp\/v2\/media\/1835"}],"wp:attachment":[{"href":"https:\/\/www.regionsaris.sk\/it\/wp-json\/wp\/v2\/media?parent=2134"}],"wp:term":[{"taxonomy":"kategoria-poi","embeddable":true,"href":"https:\/\/www.regionsaris.sk\/it\/wp-json\/wp\/v2\/kategoria-poi?post=2134"},{"taxonomy":"lokalita","embeddable":true,"href":"https:\/\/www.regionsaris.sk\/it\/wp-json\/wp\/v2\/lokalita?post=2134"},{"taxonomy":"sezona-poi","embeddable":true,"href":"https:\/\/www.regionsaris.sk\/it\/wp-json\/wp\/v2\/sezona-poi?post=2134"},{"taxonomy":"trvanie-vyletu","embeddable":true,"href":"https:\/\/www.regionsaris.sk\/it\/wp-json\/wp\/v2\/trvanie-vyletu?post=2134"}],"curies":[{"name":"wp","href":"https:\/\/api.w.org\/{rel}","templated":true}]}}

<p>La Rivolta dei contadini della Slovacchia orientale, o anche Rivolta del colera, ebbe luogo nel luglio e nell'agosto del 1831 nelle contee di Zemplín, Abovská, Šariš e Spiš. La rivolta coinvolse 150 villaggi e città con 40 000 insorti. L'incentivo diretto alla rivolta fu una grande perdita di raccolto e un'epidemia di colera. Il popolo interpretò le misure precauzionali come un'intenzione di avvelenare i servi della gleba e di impadronirsi delle loro proprietà. La ribellione fu sedata e le sentenze di morte per impiccagione furono immediatamente eseguite dai tribunali statali. In totale furono 119. Sebbene la rivolta sia stata repressa, essa trovò risonanza nella Dieta ungherese e nel 1832-1836, che prese in considerazione la questione dei servi della gleba e concesse loro alcuni, seppur piccoli, diritti.</p>



<p>Nell'anno <strong>1938 ha eretto un monumento</strong>, il cui tema principale è <strong>statua in bronzo di un uomo che cammina trionfalmente</strong>, collocata su un alto pilone cilindrico. Alla base si trova una scultura di 7 insorti, che rappresentano simbolicamente gli status occupazionali dei partecipanti alla rivolta. Si trattava principalmente di proprietari terrieri, borghesi, possidenti, minatori, poveri (urbani e rurali) e impiegati dello Stato (richtar, insegnanti, hajdúsi).</p>



<p>Totale <strong>l'altezza del monumento è di 20 m</strong>. Le figure della scultura sono alte fino a 3,2 metri. La statua di bronzo sul pilone è alta 4,2 m. Nella mano destra tiene un ramo lungo 0,4 m. Le statue della scultura sono scolpite in pietra arenaria.</p>



<p>Fonte/Foto: www.obechaniska.sk</p>

<!-- This site is optimized with the Yoast SEO Premium plugin v26.3 (Yoast SEO v26.8) - https://yoast.com/product/yoast-seo-premium-wordpress/ -->
<title>Pamätník východoslovenského roľníckeho povstania - OOCR Šariš</title>
<meta name="robots" content="index, follow, max-snippet:-1, max-image-preview:large, max-video-preview:-1" />
<link rel="canonical" href="https://www.regionsaris.sk/it/historia/pamatnik-vychodoslovenskeho-rolnickeho-povstania/" />
<meta property="og:locale" content="it_IT" />
<meta property="og:type" content="article" />
<meta property="og:title" content="Pamätník východoslovenského roľníckeho povstania" />
<meta property="og:description" content="Východoslovenské roľnícke povstanie alebo aj cholerové povstanie sa odohralo v júli a auguste 1831 v..." />
<meta property="og:url" content="https://www.regionsaris.sk/it/historia/pamatnik-vychodoslovenskeho-rolnickeho-povstania/" />
<meta property="og:site_name" content="OOCR Šariš" />
<meta property="og:image" content="https://www.regionsaris.sk/wp-content/uploads/2026/01/i_5714602.jpg" />
	<meta property="og:image:width" content="1600" />
	<meta property="og:image:height" content="1067" />
	<meta property="og:image:type" content="image/jpeg" />
<meta name="twitter:card" content="summary_large_image" />
<meta name="twitter:label1" content="Tempo di lettura stimato" />
	<meta name="twitter:data1" content="1 minuto" />
<script type="application/ld+json" class="yoast-schema-graph">{"@context":"https://schema.org","@graph":[{"@type":"WebPage","@id":"https://www.regionsaris.sk/historia/pamatnik-vychodoslovenskeho-rolnickeho-povstania/","url":"https://www.regionsaris.sk/historia/pamatnik-vychodoslovenskeho-rolnickeho-povstania/","name":"Pamätník východoslovenského roľníckeho povstania - OOCR Šariš","isPartOf":{"@id":"https://www.regionsaris.sk/#website"},"primaryImageOfPage":{"@id":"https://www.regionsaris.sk/historia/pamatnik-vychodoslovenskeho-rolnickeho-povstania/#primaryimage"},"image":{"@id":"https://www.regionsaris.sk/historia/pamatnik-vychodoslovenskeho-rolnickeho-povstania/#primaryimage"},"thumbnailUrl":"https://www.regionsaris.sk/wp-content/uploads/2026/01/i_5714602.jpg","datePublished":"2020-05-29T11:16:03+00:00","breadcrumb":{"@id":"https://www.regionsaris.sk/historia/pamatnik-vychodoslovenskeho-rolnickeho-povstania/#breadcrumb"},"inLanguage":"it-IT","potentialAction":[{"@type":"ReadAction","target":["https://www.regionsaris.sk/historia/pamatnik-vychodoslovenskeho-rolnickeho-povstania/"]}]},{"@type":"ImageObject","inLanguage":"it-IT","@id":"https://www.regionsaris.sk/historia/pamatnik-vychodoslovenskeho-rolnickeho-povstania/#primaryimage","url":"https://www.regionsaris.sk/wp-content/uploads/2026/01/i_5714602.jpg","contentUrl":"https://www.regionsaris.sk/wp-content/uploads/2026/01/i_5714602.jpg","width":1600,"height":1067},{"@type":"BreadcrumbList","@id":"https://www.regionsaris.sk/historia/pamatnik-vychodoslovenskeho-rolnickeho-povstania/#breadcrumb","itemListElement":[{"@type":"ListItem","position":1,"name":"Domov","item":"https://www.regionsaris.sk/"},{"@type":"ListItem","position":2,"name":"História regiónu","item":"https://www.regionsaris.sk/historia-regionu/"},{"@type":"ListItem","position":3,"name":"Pamätník východoslovenského roľníckeho povstania"}]},{"@type":"WebSite","@id":"https://www.regionsaris.sk/#website","url":"https://www.regionsaris.sk/","name":"OOCR Šariš","description":"","potentialAction":[{"@type":"SearchAction","target":{"@type":"EntryPoint","urlTemplate":"https://www.regionsaris.sk/?s={search_term_string}"},"query-input":{"@type":"PropertyValueSpecification","valueRequired":true,"valueName":"search_term_string"}}],"inLanguage":"it-IT"}]}</script>
<!-- / Yoast SEO Premium plugin. -->

Pamätník východoslovenského roľníckeho povstania - OOCR Šariš

Pamätník východoslovenského roľníckeho povstania

Východoslovenské roľnícke povstanie alebo aj cholerové povstanie sa odohralo v júli a auguste 1831 v...

OOCR Šariš

História regiónu
