{"id":2116,"date":"2020-06-04T08:58:16","date_gmt":"2020-06-04T07:58:16","guid":{"rendered":"https:\/\/www.regionsaris.sk\/historia\/kastiel-kurima\/"},"modified":"2020-06-04T08:58:16","modified_gmt":"2020-06-04T07:58:16","slug":"kastiel-kurima","status":"publish","type":"historia","link":"https:\/\/www.regionsaris.sk\/it\/historia\/kastiel-kurima\/","title":{"rendered":"Villa Kurima"},"content":{"rendered":"<p>Il maniero classicista risale all'inizio del XIX secolo. Serviva come residenza estiva della famiglia Szirmay, proprietaria della tenuta Makovick\u00fd e del castello di Zborov. Dal XVII secolo erano i proprietari del maniero di Makovick\u00fd, all'interno del quale Kurima era un importante insediamento sviluppatosi in una citt\u00e0 di proprietari terrieri. Nella sala centrale del maniero, negli anni Sessanta erano ancora visibili sul soffitto i murales con i ritratti degli ex nobili. Furono cancellati durante la ristrutturazione del 1947, quando il maniero divenne sede di una scuola borghese, poi scuola elementare. Negli anni '80 \u00e8 stato effettuato un ampio restauro del palazzo.<\/p>\n\n\n\n<p>Kurima Manor fa parte di <a href=\"https:\/\/www.sarisskahradnacesta.sk\/\">Strada del castello di \u0160ari\u0161<\/a><\/p>","protected":false},"featured_media":1728,"template":"","meta":{"_acf_changed":false},"kategoria-poi":[105,173],"lokalita":[178],"sezona-poi":[],"trvanie-vyletu":[],"class_list":["post-2116","historia","type-historia","status-publish","has-post-thumbnail","hentry","kategoria-poi-historia","kategoria-poi-kastiele-a-kurie","lokalita-bardejov-a-okolie"],"acf":[],"yoast_head":"<!-- This site is optimized with the Yoast SEO Premium plugin v26.3 (Yoast SEO v26.8) - https:\/\/yoast.com\/product\/yoast-seo-premium-wordpress\/ -->\n<title>Ka\u0161tie\u013e Kurima - OOCR \u0160ari\u0161<\/title>\n<meta name=\"robots\" content=\"index, follow, max-snippet:-1, max-image-preview:large, max-video-preview:-1\" \/>\n<link rel=\"canonical\" href=\"https:\/\/www.regionsaris.sk\/it\/historia\/kastiel-kurima\/\" \/>\n<meta property=\"og:locale\" content=\"it_IT\" \/>\n<meta property=\"og:type\" content=\"article\" \/>\n<meta property=\"og:title\" content=\"Ka\u0161tie\u013e Kurima\" \/>\n<meta property=\"og:description\" content=\"Klasicistick\u00fd ka\u0161tie\u013e poch\u00e1dza zo za\u010diatku 19. storo\u010dia. Sl\u00fa\u017eil ako letn\u00e9 s\u00eddlo gr\u00f3fskeho rodu Szirmayovcov, ktor\u00e9mu...\" \/>\n<meta property=\"og:url\" content=\"https:\/\/www.regionsaris.sk\/it\/historia\/kastiel-kurima\/\" \/>\n<meta property=\"og:site_name\" content=\"OOCR \u0160ari\u0161\" \/>\n<meta property=\"og:image\" content=\"https:\/\/www.regionsaris.sk\/wp-content\/uploads\/2026\/01\/kurima314-thumb.jpg\" \/>\n\t<meta property=\"og:image:width\" content=\"600\" \/>\n\t<meta property=\"og:image:height\" content=\"400\" \/>\n\t<meta property=\"og:image:type\" content=\"image\/jpeg\" \/>\n<meta name=\"twitter:card\" content=\"summary_large_image\" \/>\n<meta name=\"twitter:label1\" content=\"Tempo di lettura stimato\" \/>\n\t<meta name=\"twitter:data1\" content=\"1 minuto\" \/>\n<script type=\"application\/ld+json\" class=\"yoast-schema-graph\">{\"@context\":\"https:\/\/schema.org\",\"@graph\":[{\"@type\":\"WebPage\",\"@id\":\"https:\/\/www.regionsaris.sk\/historia\/kastiel-kurima\/\",\"url\":\"https:\/\/www.regionsaris.sk\/historia\/kastiel-kurima\/\",\"name\":\"Ka\u0161tie\u013e Kurima - OOCR \u0160ari\u0161\",\"isPartOf\":{\"@id\":\"https:\/\/www.regionsaris.sk\/#website\"},\"primaryImageOfPage\":{\"@id\":\"https:\/\/www.regionsaris.sk\/historia\/kastiel-kurima\/#primaryimage\"},\"image\":{\"@id\":\"https:\/\/www.regionsaris.sk\/historia\/kastiel-kurima\/#primaryimage\"},\"thumbnailUrl\":\"https:\/\/www.regionsaris.sk\/wp-content\/uploads\/2026\/01\/kurima314-thumb.jpg\",\"datePublished\":\"2020-06-04T07:58:16+00:00\",\"breadcrumb\":{\"@id\":\"https:\/\/www.regionsaris.sk\/historia\/kastiel-kurima\/#breadcrumb\"},\"inLanguage\":\"it-IT\",\"potentialAction\":[{\"@type\":\"ReadAction\",\"target\":[\"https:\/\/www.regionsaris.sk\/historia\/kastiel-kurima\/\"]}]},{\"@type\":\"ImageObject\",\"inLanguage\":\"it-IT\",\"@id\":\"https:\/\/www.regionsaris.sk\/historia\/kastiel-kurima\/#primaryimage\",\"url\":\"https:\/\/www.regionsaris.sk\/wp-content\/uploads\/2026\/01\/kurima314-thumb.jpg\",\"contentUrl\":\"https:\/\/www.regionsaris.sk\/wp-content\/uploads\/2026\/01\/kurima314-thumb.jpg\",\"width\":600,\"height\":400},{\"@type\":\"BreadcrumbList\",\"@id\":\"https:\/\/www.regionsaris.sk\/historia\/kastiel-kurima\/#breadcrumb\",\"itemListElement\":[{\"@type\":\"ListItem\",\"position\":1,\"name\":\"Domov\",\"item\":\"https:\/\/www.regionsaris.sk\/\"},{\"@type\":\"ListItem\",\"position\":2,\"name\":\"Hist\u00f3ria regi\u00f3nu\",\"item\":\"https:\/\/www.regionsaris.sk\/historia-regionu\/\"},{\"@type\":\"ListItem\",\"position\":3,\"name\":\"Ka\u0161tie\u013e Kurima\"}]},{\"@type\":\"WebSite\",\"@id\":\"https:\/\/www.regionsaris.sk\/#website\",\"url\":\"https:\/\/www.regionsaris.sk\/\",\"name\":\"OOCR \u0160ari\u0161\",\"description\":\"\",\"potentialAction\":[{\"@type\":\"SearchAction\",\"target\":{\"@type\":\"EntryPoint\",\"urlTemplate\":\"https:\/\/www.regionsaris.sk\/?s={search_term_string}\"},\"query-input\":{\"@type\":\"PropertyValueSpecification\",\"valueRequired\":true,\"valueName\":\"search_term_string\"}}],\"inLanguage\":\"it-IT\"}]}<\/script>\n<!-- \/ Yoast SEO Premium plugin. -->","yoast_head_json":{"title":"Ka\u0161tie\u013e Kurima - OOCR \u0160ari\u0161","robots":{"index":"index","follow":"follow","max-snippet":"max-snippet:-1","max-image-preview":"max-image-preview:large","max-video-preview":"max-video-preview:-1"},"canonical":"https:\/\/www.regionsaris.sk\/it\/historia\/kastiel-kurima\/","og_locale":"it_IT","og_type":"article","og_title":"Ka\u0161tie\u013e Kurima","og_description":"Klasicistick\u00fd ka\u0161tie\u013e poch\u00e1dza zo za\u010diatku 19. storo\u010dia. Sl\u00fa\u017eil ako letn\u00e9 s\u00eddlo gr\u00f3fskeho rodu Szirmayovcov, ktor\u00e9mu...","og_url":"https:\/\/www.regionsaris.sk\/it\/historia\/kastiel-kurima\/","og_site_name":"OOCR \u0160ari\u0161","og_image":[{"width":600,"height":400,"url":"https:\/\/www.regionsaris.sk\/wp-content\/uploads\/2026\/01\/kurima314-thumb.jpg","type":"image\/jpeg"}],"twitter_card":"summary_large_image","twitter_misc":{"Tempo di lettura stimato":"1 minuto"},"schema":{"@context":"https:\/\/schema.org","@graph":[{"@type":"WebPage","@id":"https:\/\/www.regionsaris.sk\/historia\/kastiel-kurima\/","url":"https:\/\/www.regionsaris.sk\/historia\/kastiel-kurima\/","name":"Ka\u0161tie\u013e Kurima - OOCR \u0160ari\u0161","isPartOf":{"@id":"https:\/\/www.regionsaris.sk\/#website"},"primaryImageOfPage":{"@id":"https:\/\/www.regionsaris.sk\/historia\/kastiel-kurima\/#primaryimage"},"image":{"@id":"https:\/\/www.regionsaris.sk\/historia\/kastiel-kurima\/#primaryimage"},"thumbnailUrl":"https:\/\/www.regionsaris.sk\/wp-content\/uploads\/2026\/01\/kurima314-thumb.jpg","datePublished":"2020-06-04T07:58:16+00:00","breadcrumb":{"@id":"https:\/\/www.regionsaris.sk\/historia\/kastiel-kurima\/#breadcrumb"},"inLanguage":"it-IT","potentialAction":[{"@type":"ReadAction","target":["https:\/\/www.regionsaris.sk\/historia\/kastiel-kurima\/"]}]},{"@type":"ImageObject","inLanguage":"it-IT","@id":"https:\/\/www.regionsaris.sk\/historia\/kastiel-kurima\/#primaryimage","url":"https:\/\/www.regionsaris.sk\/wp-content\/uploads\/2026\/01\/kurima314-thumb.jpg","contentUrl":"https:\/\/www.regionsaris.sk\/wp-content\/uploads\/2026\/01\/kurima314-thumb.jpg","width":600,"height":400},{"@type":"BreadcrumbList","@id":"https:\/\/www.regionsaris.sk\/historia\/kastiel-kurima\/#breadcrumb","itemListElement":[{"@type":"ListItem","position":1,"name":"Domov","item":"https:\/\/www.regionsaris.sk\/"},{"@type":"ListItem","position":2,"name":"Hist\u00f3ria regi\u00f3nu","item":"https:\/\/www.regionsaris.sk\/historia-regionu\/"},{"@type":"ListItem","position":3,"name":"Ka\u0161tie\u013e Kurima"}]},{"@type":"WebSite","@id":"https:\/\/www.regionsaris.sk\/#website","url":"https:\/\/www.regionsaris.sk\/","name":"OOCR \u0160ari\u0161","description":"","potentialAction":[{"@type":"SearchAction","target":{"@type":"EntryPoint","urlTemplate":"https:\/\/www.regionsaris.sk\/?s={search_term_string}"},"query-input":{"@type":"PropertyValueSpecification","valueRequired":true,"valueName":"search_term_string"}}],"inLanguage":"it-IT"}]}},"_links":{"self":[{"href":"https:\/\/www.regionsaris.sk\/it\/wp-json\/wp\/v2\/historia\/2116","targetHints":{"allow":["GET"]}}],"collection":[{"href":"https:\/\/www.regionsaris.sk\/it\/wp-json\/wp\/v2\/historia"}],"about":[{"href":"https:\/\/www.regionsaris.sk\/it\/wp-json\/wp\/v2\/types\/historia"}],"wp:featuredmedia":[{"embeddable":true,"href":"https:\/\/www.regionsaris.sk\/it\/wp-json\/wp\/v2\/media\/1728"}],"wp:attachment":[{"href":"https:\/\/www.regionsaris.sk\/it\/wp-json\/wp\/v2\/media?parent=2116"}],"wp:term":[{"taxonomy":"kategoria-poi","embeddable":true,"href":"https:\/\/www.regionsaris.sk\/it\/wp-json\/wp\/v2\/kategoria-poi?post=2116"},{"taxonomy":"lokalita","embeddable":true,"href":"https:\/\/www.regionsaris.sk\/it\/wp-json\/wp\/v2\/lokalita?post=2116"},{"taxonomy":"sezona-poi","embeddable":true,"href":"https:\/\/www.regionsaris.sk\/it\/wp-json\/wp\/v2\/sezona-poi?post=2116"},{"taxonomy":"trvanie-vyletu","embeddable":true,"href":"https:\/\/www.regionsaris.sk\/it\/wp-json\/wp\/v2\/trvanie-vyletu?post=2116"}],"curies":[{"name":"wp","href":"https:\/\/api.w.org\/{rel}","templated":true}]}}

<p>Il maniero classicista risale all'inizio del XIX secolo. Serviva come residenza estiva della famiglia Szirmay, proprietaria della tenuta Makovický e del castello di Zborov. Dal XVII secolo erano i proprietari del maniero di Makovický, all'interno del quale Kurima era un importante insediamento sviluppatosi in una città di proprietari terrieri. Nella sala centrale del maniero, negli anni Sessanta erano ancora visibili sul soffitto i murales con i ritratti degli ex nobili. Furono cancellati durante la ristrutturazione del 1947, quando il maniero divenne sede di una scuola borghese, poi scuola elementare. Negli anni '80 è stato effettuato un ampio restauro del palazzo.</p>



<p>Kurima Manor fa parte di <a href="https://www.sarisskahradnacesta.sk/">Strada del castello di Šariš</a></p>

<!-- This site is optimized with the Yoast SEO Premium plugin v26.3 (Yoast SEO v26.8) - https://yoast.com/product/yoast-seo-premium-wordpress/ -->
<title>Kaštieľ Kurima - OOCR Šariš</title>
<meta name="robots" content="index, follow, max-snippet:-1, max-image-preview:large, max-video-preview:-1" />
<link rel="canonical" href="https://www.regionsaris.sk/it/historia/kastiel-kurima/" />
<meta property="og:locale" content="it_IT" />
<meta property="og:type" content="article" />
<meta property="og:title" content="Kaštieľ Kurima" />
<meta property="og:description" content="Klasicistický kaštieľ pochádza zo začiatku 19. storočia. Slúžil ako letné sídlo grófskeho rodu Szirmayovcov, ktorému..." />
<meta property="og:url" content="https://www.regionsaris.sk/it/historia/kastiel-kurima/" />
<meta property="og:site_name" content="OOCR Šariš" />
<meta property="og:image" content="https://www.regionsaris.sk/wp-content/uploads/2026/01/kurima314-thumb.jpg" />
	<meta property="og:image:width" content="600" />
	<meta property="og:image:height" content="400" />
	<meta property="og:image:type" content="image/jpeg" />
<meta name="twitter:card" content="summary_large_image" />
<meta name="twitter:label1" content="Tempo di lettura stimato" />
	<meta name="twitter:data1" content="1 minuto" />
<script type="application/ld+json" class="yoast-schema-graph">{"@context":"https://schema.org","@graph":[{"@type":"WebPage","@id":"https://www.regionsaris.sk/historia/kastiel-kurima/","url":"https://www.regionsaris.sk/historia/kastiel-kurima/","name":"Kaštieľ Kurima - OOCR Šariš","isPartOf":{"@id":"https://www.regionsaris.sk/#website"},"primaryImageOfPage":{"@id":"https://www.regionsaris.sk/historia/kastiel-kurima/#primaryimage"},"image":{"@id":"https://www.regionsaris.sk/historia/kastiel-kurima/#primaryimage"},"thumbnailUrl":"https://www.regionsaris.sk/wp-content/uploads/2026/01/kurima314-thumb.jpg","datePublished":"2020-06-04T07:58:16+00:00","breadcrumb":{"@id":"https://www.regionsaris.sk/historia/kastiel-kurima/#breadcrumb"},"inLanguage":"it-IT","potentialAction":[{"@type":"ReadAction","target":["https://www.regionsaris.sk/historia/kastiel-kurima/"]}]},{"@type":"ImageObject","inLanguage":"it-IT","@id":"https://www.regionsaris.sk/historia/kastiel-kurima/#primaryimage","url":"https://www.regionsaris.sk/wp-content/uploads/2026/01/kurima314-thumb.jpg","contentUrl":"https://www.regionsaris.sk/wp-content/uploads/2026/01/kurima314-thumb.jpg","width":600,"height":400},{"@type":"BreadcrumbList","@id":"https://www.regionsaris.sk/historia/kastiel-kurima/#breadcrumb","itemListElement":[{"@type":"ListItem","position":1,"name":"Domov","item":"https://www.regionsaris.sk/"},{"@type":"ListItem","position":2,"name":"História regiónu","item":"https://www.regionsaris.sk/historia-regionu/"},{"@type":"ListItem","position":3,"name":"Kaštieľ Kurima"}]},{"@type":"WebSite","@id":"https://www.regionsaris.sk/#website","url":"https://www.regionsaris.sk/","name":"OOCR Šariš","description":"","potentialAction":[{"@type":"SearchAction","target":{"@type":"EntryPoint","urlTemplate":"https://www.regionsaris.sk/?s={search_term_string}"},"query-input":{"@type":"PropertyValueSpecification","valueRequired":true,"valueName":"search_term_string"}}],"inLanguage":"it-IT"}]}</script>
<!-- / Yoast SEO Premium plugin. -->

Kaštieľ Kurima - OOCR Šariš

Kaštieľ Kurima

Klasicistický kaštieľ pochádza zo začiatku 19. storočia. Slúžil ako letné sídlo grófskeho rodu Szirmayovcov, ktorému...

OOCR Šariš

História regiónu
