{"id":2083,"date":"2020-06-03T11:22:04","date_gmt":"2020-06-03T10:22:04","guid":{"rendered":"https:\/\/www.regionsaris.sk\/historia\/udolie-smrti-dracie-zuby\/"},"modified":"2020-06-03T11:22:04","modified_gmt":"2020-06-03T10:22:04","slug":"udolie-smrti-dracie-zuby","status":"publish","type":"historia","link":"https:\/\/www.regionsaris.sk\/it\/historia\/udolie-smrti-dracie-zuby\/","title":{"rendered":"Valle della Morte - Denti di drago"},"content":{"rendered":"<p>\"La \"Valle della Morte\" \u00e8 l'area in cui si sono svolti i pi\u00f9 pesanti scontri tra carri armati delle truppe sovietiche dopo aver attraversato il confine ceco-slovacco dal 25 al 27 ottobre 1944. Si tratta di una valle nell'altopiano di Ondava, creata dal torrente Svidni\u010danka. Il nome deriva dalla pi\u00f9 grande battaglia di carri armati che si svolse nella valle nell'ambito dell'Operazione Carpazi-Dukla.<br>Ostacolo anticarro - Ago - Dente di drago<br>I veicoli corazzati, e in particolare i carri armati, hanno subito notevoli progressi tecnici durante la Seconda Guerra Mondiale e gli eventi sui campi di battaglia di quel conflitto hanno dimostrato che spesso erano decisivi nel determinare l'esito della battaglia. Per questo motivo, nella zona di difesa contro i carri armati sono stati impiegati i cosiddetti mezzi attivi e passivi. L'idea era quella di rallentare i carri armati e di indirizzarli in una zona dove potessero essere facilmente neutralizzati dalle armi anticarro. I \u201edenti di drago\u201c furono utilizzati da diversi eserciti in Europa. I tedeschi li usarono ampiamente nella Linea Sigfrido e nel Vallo Atlantico. Le mine erano spesso collocate tra ogni \u201edente di drago\u201c per disarmare i carri armati. Gli aghi triangolari erano generalmente posizionati in linea e in direzione opposta all'avanzata prevista del nemico.<br>Una volta ogni due anni, nell'Alveare della Morte, 200 comparse si esibiscono in una rievocazione di battaglie della Seconda Guerra Mondiale.<\/p>\n\n\n\n<p>fonte: villaggio Kru\u017elova<br>foto: villaggio Kru\u017elova, Istituto Storico Militare<\/p>","protected":false},"featured_media":1490,"template":"","meta":{"_acf_changed":false},"kategoria-poi":[105,171,108,182,102,107],"lokalita":[115],"sezona-poi":[],"trvanie-vyletu":[],"class_list":["post-2083","historia","type-historia","status-publish","has-post-thumbnail","hentry","kategoria-poi-historia","kategoria-poi-ine-vyznamne-pamiatky","kategoria-poi-kultura-a-umenie","kategoria-poi-muzea-kultura-a-umenie","kategoria-poi-prirodne-krasy","kategoria-poi-turistika","lokalita-svidnik-a-okolie"],"acf":[],"yoast_head":"<!-- This site is optimized with the Yoast SEO Premium plugin v26.3 (Yoast SEO v26.8) - https:\/\/yoast.com\/product\/yoast-seo-premium-wordpress\/ -->\n<title>\u00dadolie smrti - dra\u010die zuby - OOCR \u0160ari\u0161<\/title>\n<meta name=\"robots\" content=\"index, follow, max-snippet:-1, max-image-preview:large, max-video-preview:-1\" \/>\n<link rel=\"canonical\" href=\"https:\/\/www.regionsaris.sk\/it\/historia\/udolie-smrti-dracie-zuby\/\" \/>\n<meta property=\"og:locale\" content=\"it_IT\" \/>\n<meta property=\"og:type\" content=\"article\" \/>\n<meta property=\"og:title\" content=\"\u00dadolie smrti - dra\u010die zuby\" \/>\n<meta property=\"og:description\" content=\"&quot;\u00dadolie smrti&quot; je priestor, kde od 25. do 27. okt\u00f3bra 1944 prebiehali naj\u0165a\u017e\u0161ie tankov\u00e9 boje...\" \/>\n<meta property=\"og:url\" content=\"https:\/\/www.regionsaris.sk\/it\/historia\/udolie-smrti-dracie-zuby\/\" \/>\n<meta property=\"og:site_name\" content=\"OOCR \u0160ari\u0161\" \/>\n<meta property=\"og:image\" content=\"https:\/\/www.regionsaris.sk\/wp-content\/uploads\/2026\/01\/zuby278-thumb.jpg\" \/>\n\t<meta property=\"og:image:width\" content=\"600\" \/>\n\t<meta property=\"og:image:height\" content=\"400\" \/>\n\t<meta property=\"og:image:type\" content=\"image\/jpeg\" \/>\n<meta name=\"twitter:card\" content=\"summary_large_image\" \/>\n<meta name=\"twitter:label1\" content=\"Tempo di lettura stimato\" \/>\n\t<meta name=\"twitter:data1\" content=\"1 minuto\" \/>\n<script type=\"application\/ld+json\" class=\"yoast-schema-graph\">{\"@context\":\"https:\/\/schema.org\",\"@graph\":[{\"@type\":\"WebPage\",\"@id\":\"https:\/\/www.regionsaris.sk\/historia\/udolie-smrti-dracie-zuby\/\",\"url\":\"https:\/\/www.regionsaris.sk\/historia\/udolie-smrti-dracie-zuby\/\",\"name\":\"\u00dadolie smrti - dra\u010die zuby - OOCR \u0160ari\u0161\",\"isPartOf\":{\"@id\":\"https:\/\/www.regionsaris.sk\/#website\"},\"primaryImageOfPage\":{\"@id\":\"https:\/\/www.regionsaris.sk\/historia\/udolie-smrti-dracie-zuby\/#primaryimage\"},\"image\":{\"@id\":\"https:\/\/www.regionsaris.sk\/historia\/udolie-smrti-dracie-zuby\/#primaryimage\"},\"thumbnailUrl\":\"https:\/\/www.regionsaris.sk\/wp-content\/uploads\/2026\/01\/zuby278-thumb.jpg\",\"datePublished\":\"2020-06-03T10:22:04+00:00\",\"breadcrumb\":{\"@id\":\"https:\/\/www.regionsaris.sk\/historia\/udolie-smrti-dracie-zuby\/#breadcrumb\"},\"inLanguage\":\"it-IT\",\"potentialAction\":[{\"@type\":\"ReadAction\",\"target\":[\"https:\/\/www.regionsaris.sk\/historia\/udolie-smrti-dracie-zuby\/\"]}]},{\"@type\":\"ImageObject\",\"inLanguage\":\"it-IT\",\"@id\":\"https:\/\/www.regionsaris.sk\/historia\/udolie-smrti-dracie-zuby\/#primaryimage\",\"url\":\"https:\/\/www.regionsaris.sk\/wp-content\/uploads\/2026\/01\/zuby278-thumb.jpg\",\"contentUrl\":\"https:\/\/www.regionsaris.sk\/wp-content\/uploads\/2026\/01\/zuby278-thumb.jpg\",\"width\":600,\"height\":400},{\"@type\":\"BreadcrumbList\",\"@id\":\"https:\/\/www.regionsaris.sk\/historia\/udolie-smrti-dracie-zuby\/#breadcrumb\",\"itemListElement\":[{\"@type\":\"ListItem\",\"position\":1,\"name\":\"Domov\",\"item\":\"https:\/\/www.regionsaris.sk\/\"},{\"@type\":\"ListItem\",\"position\":2,\"name\":\"Hist\u00f3ria regi\u00f3nu\",\"item\":\"https:\/\/www.regionsaris.sk\/historia-regionu\/\"},{\"@type\":\"ListItem\",\"position\":3,\"name\":\"\u00dadolie smrti - dra\u010die zuby\"}]},{\"@type\":\"WebSite\",\"@id\":\"https:\/\/www.regionsaris.sk\/#website\",\"url\":\"https:\/\/www.regionsaris.sk\/\",\"name\":\"OOCR \u0160ari\u0161\",\"description\":\"\",\"potentialAction\":[{\"@type\":\"SearchAction\",\"target\":{\"@type\":\"EntryPoint\",\"urlTemplate\":\"https:\/\/www.regionsaris.sk\/?s={search_term_string}\"},\"query-input\":{\"@type\":\"PropertyValueSpecification\",\"valueRequired\":true,\"valueName\":\"search_term_string\"}}],\"inLanguage\":\"it-IT\"}]}<\/script>\n<!-- \/ Yoast SEO Premium plugin. -->","yoast_head_json":{"title":"\u00dadolie smrti - dra\u010die zuby - OOCR \u0160ari\u0161","robots":{"index":"index","follow":"follow","max-snippet":"max-snippet:-1","max-image-preview":"max-image-preview:large","max-video-preview":"max-video-preview:-1"},"canonical":"https:\/\/www.regionsaris.sk\/it\/historia\/udolie-smrti-dracie-zuby\/","og_locale":"it_IT","og_type":"article","og_title":"\u00dadolie smrti - dra\u010die zuby","og_description":"\"\u00dadolie smrti\" je priestor, kde od 25. do 27. okt\u00f3bra 1944 prebiehali naj\u0165a\u017e\u0161ie tankov\u00e9 boje...","og_url":"https:\/\/www.regionsaris.sk\/it\/historia\/udolie-smrti-dracie-zuby\/","og_site_name":"OOCR \u0160ari\u0161","og_image":[{"width":600,"height":400,"url":"https:\/\/www.regionsaris.sk\/wp-content\/uploads\/2026\/01\/zuby278-thumb.jpg","type":"image\/jpeg"}],"twitter_card":"summary_large_image","twitter_misc":{"Tempo di lettura stimato":"1 minuto"},"schema":{"@context":"https:\/\/schema.org","@graph":[{"@type":"WebPage","@id":"https:\/\/www.regionsaris.sk\/historia\/udolie-smrti-dracie-zuby\/","url":"https:\/\/www.regionsaris.sk\/historia\/udolie-smrti-dracie-zuby\/","name":"\u00dadolie smrti - dra\u010die zuby - OOCR \u0160ari\u0161","isPartOf":{"@id":"https:\/\/www.regionsaris.sk\/#website"},"primaryImageOfPage":{"@id":"https:\/\/www.regionsaris.sk\/historia\/udolie-smrti-dracie-zuby\/#primaryimage"},"image":{"@id":"https:\/\/www.regionsaris.sk\/historia\/udolie-smrti-dracie-zuby\/#primaryimage"},"thumbnailUrl":"https:\/\/www.regionsaris.sk\/wp-content\/uploads\/2026\/01\/zuby278-thumb.jpg","datePublished":"2020-06-03T10:22:04+00:00","breadcrumb":{"@id":"https:\/\/www.regionsaris.sk\/historia\/udolie-smrti-dracie-zuby\/#breadcrumb"},"inLanguage":"it-IT","potentialAction":[{"@type":"ReadAction","target":["https:\/\/www.regionsaris.sk\/historia\/udolie-smrti-dracie-zuby\/"]}]},{"@type":"ImageObject","inLanguage":"it-IT","@id":"https:\/\/www.regionsaris.sk\/historia\/udolie-smrti-dracie-zuby\/#primaryimage","url":"https:\/\/www.regionsaris.sk\/wp-content\/uploads\/2026\/01\/zuby278-thumb.jpg","contentUrl":"https:\/\/www.regionsaris.sk\/wp-content\/uploads\/2026\/01\/zuby278-thumb.jpg","width":600,"height":400},{"@type":"BreadcrumbList","@id":"https:\/\/www.regionsaris.sk\/historia\/udolie-smrti-dracie-zuby\/#breadcrumb","itemListElement":[{"@type":"ListItem","position":1,"name":"Domov","item":"https:\/\/www.regionsaris.sk\/"},{"@type":"ListItem","position":2,"name":"Hist\u00f3ria regi\u00f3nu","item":"https:\/\/www.regionsaris.sk\/historia-regionu\/"},{"@type":"ListItem","position":3,"name":"\u00dadolie smrti - dra\u010die zuby"}]},{"@type":"WebSite","@id":"https:\/\/www.regionsaris.sk\/#website","url":"https:\/\/www.regionsaris.sk\/","name":"OOCR \u0160ari\u0161","description":"","potentialAction":[{"@type":"SearchAction","target":{"@type":"EntryPoint","urlTemplate":"https:\/\/www.regionsaris.sk\/?s={search_term_string}"},"query-input":{"@type":"PropertyValueSpecification","valueRequired":true,"valueName":"search_term_string"}}],"inLanguage":"it-IT"}]}},"_links":{"self":[{"href":"https:\/\/www.regionsaris.sk\/it\/wp-json\/wp\/v2\/historia\/2083","targetHints":{"allow":["GET"]}}],"collection":[{"href":"https:\/\/www.regionsaris.sk\/it\/wp-json\/wp\/v2\/historia"}],"about":[{"href":"https:\/\/www.regionsaris.sk\/it\/wp-json\/wp\/v2\/types\/historia"}],"wp:featuredmedia":[{"embeddable":true,"href":"https:\/\/www.regionsaris.sk\/it\/wp-json\/wp\/v2\/media\/1490"}],"wp:attachment":[{"href":"https:\/\/www.regionsaris.sk\/it\/wp-json\/wp\/v2\/media?parent=2083"}],"wp:term":[{"taxonomy":"kategoria-poi","embeddable":true,"href":"https:\/\/www.regionsaris.sk\/it\/wp-json\/wp\/v2\/kategoria-poi?post=2083"},{"taxonomy":"lokalita","embeddable":true,"href":"https:\/\/www.regionsaris.sk\/it\/wp-json\/wp\/v2\/lokalita?post=2083"},{"taxonomy":"sezona-poi","embeddable":true,"href":"https:\/\/www.regionsaris.sk\/it\/wp-json\/wp\/v2\/sezona-poi?post=2083"},{"taxonomy":"trvanie-vyletu","embeddable":true,"href":"https:\/\/www.regionsaris.sk\/it\/wp-json\/wp\/v2\/trvanie-vyletu?post=2083"}],"curies":[{"name":"wp","href":"https:\/\/api.w.org\/{rel}","templated":true}]}}

<p>"La "Valle della Morte" è l'area in cui si sono svolti i più pesanti scontri tra carri armati delle truppe sovietiche dopo aver attraversato il confine ceco-slovacco dal 25 al 27 ottobre 1944. Si tratta di una valle nell'altopiano di Ondava, creata dal torrente Svidničanka. Il nome deriva dalla più grande battaglia di carri armati che si svolse nella valle nell'ambito dell'Operazione Carpazi-Dukla.<br>Ostacolo anticarro - Ago - Dente di drago<br>I veicoli corazzati, e in particolare i carri armati, hanno subito notevoli progressi tecnici durante la Seconda Guerra Mondiale e gli eventi sui campi di battaglia di quel conflitto hanno dimostrato che spesso erano decisivi nel determinare l'esito della battaglia. Per questo motivo, nella zona di difesa contro i carri armati sono stati impiegati i cosiddetti mezzi attivi e passivi. L'idea era quella di rallentare i carri armati e di indirizzarli in una zona dove potessero essere facilmente neutralizzati dalle armi anticarro. I „denti di drago“ furono utilizzati da diversi eserciti in Europa. I tedeschi li usarono ampiamente nella Linea Sigfrido e nel Vallo Atlantico. Le mine erano spesso collocate tra ogni „dente di drago“ per disarmare i carri armati. Gli aghi triangolari erano generalmente posizionati in linea e in direzione opposta all'avanzata prevista del nemico.<br>Una volta ogni due anni, nell'Alveare della Morte, 200 comparse si esibiscono in una rievocazione di battaglie della Seconda Guerra Mondiale.</p>



<p>fonte: villaggio Kružlova<br>foto: villaggio Kružlova, Istituto Storico Militare</p>

<!-- This site is optimized with the Yoast SEO Premium plugin v26.3 (Yoast SEO v26.8) - https://yoast.com/product/yoast-seo-premium-wordpress/ -->
<title>Údolie smrti - dračie zuby - OOCR Šariš</title>
<meta name="robots" content="index, follow, max-snippet:-1, max-image-preview:large, max-video-preview:-1" />
<link rel="canonical" href="https://www.regionsaris.sk/it/historia/udolie-smrti-dracie-zuby/" />
<meta property="og:locale" content="it_IT" />
<meta property="og:type" content="article" />
<meta property="og:title" content="Údolie smrti - dračie zuby" />
<meta property="og:description" content="&quot;Údolie smrti&quot; je priestor, kde od 25. do 27. októbra 1944 prebiehali najťažšie tankové boje..." />
<meta property="og:url" content="https://www.regionsaris.sk/it/historia/udolie-smrti-dracie-zuby/" />
<meta property="og:site_name" content="OOCR Šariš" />
<meta property="og:image" content="https://www.regionsaris.sk/wp-content/uploads/2026/01/zuby278-thumb.jpg" />
	<meta property="og:image:width" content="600" />
	<meta property="og:image:height" content="400" />
	<meta property="og:image:type" content="image/jpeg" />
<meta name="twitter:card" content="summary_large_image" />
<meta name="twitter:label1" content="Tempo di lettura stimato" />
	<meta name="twitter:data1" content="1 minuto" />
<script type="application/ld+json" class="yoast-schema-graph">{"@context":"https://schema.org","@graph":[{"@type":"WebPage","@id":"https://www.regionsaris.sk/historia/udolie-smrti-dracie-zuby/","url":"https://www.regionsaris.sk/historia/udolie-smrti-dracie-zuby/","name":"Údolie smrti - dračie zuby - OOCR Šariš","isPartOf":{"@id":"https://www.regionsaris.sk/#website"},"primaryImageOfPage":{"@id":"https://www.regionsaris.sk/historia/udolie-smrti-dracie-zuby/#primaryimage"},"image":{"@id":"https://www.regionsaris.sk/historia/udolie-smrti-dracie-zuby/#primaryimage"},"thumbnailUrl":"https://www.regionsaris.sk/wp-content/uploads/2026/01/zuby278-thumb.jpg","datePublished":"2020-06-03T10:22:04+00:00","breadcrumb":{"@id":"https://www.regionsaris.sk/historia/udolie-smrti-dracie-zuby/#breadcrumb"},"inLanguage":"it-IT","potentialAction":[{"@type":"ReadAction","target":["https://www.regionsaris.sk/historia/udolie-smrti-dracie-zuby/"]}]},{"@type":"ImageObject","inLanguage":"it-IT","@id":"https://www.regionsaris.sk/historia/udolie-smrti-dracie-zuby/#primaryimage","url":"https://www.regionsaris.sk/wp-content/uploads/2026/01/zuby278-thumb.jpg","contentUrl":"https://www.regionsaris.sk/wp-content/uploads/2026/01/zuby278-thumb.jpg","width":600,"height":400},{"@type":"BreadcrumbList","@id":"https://www.regionsaris.sk/historia/udolie-smrti-dracie-zuby/#breadcrumb","itemListElement":[{"@type":"ListItem","position":1,"name":"Domov","item":"https://www.regionsaris.sk/"},{"@type":"ListItem","position":2,"name":"História regiónu","item":"https://www.regionsaris.sk/historia-regionu/"},{"@type":"ListItem","position":3,"name":"Údolie smrti - dračie zuby"}]},{"@type":"WebSite","@id":"https://www.regionsaris.sk/#website","url":"https://www.regionsaris.sk/","name":"OOCR Šariš","description":"","potentialAction":[{"@type":"SearchAction","target":{"@type":"EntryPoint","urlTemplate":"https://www.regionsaris.sk/?s={search_term_string}"},"query-input":{"@type":"PropertyValueSpecification","valueRequired":true,"valueName":"search_term_string"}}],"inLanguage":"it-IT"}]}</script>
<!-- / Yoast SEO Premium plugin. -->

Údolie smrti - dračie zuby - OOCR Šariš

Údolie smrti - dračie zuby

"Údolie smrti" je priestor, kde od 25. do 27. októbra 1944 prebiehali najťažšie tankové boje...

OOCR Šariš

História regiónu
