{"id":2069,"date":"2020-06-03T08:19:49","date_gmt":"2020-06-03T07:19:49","guid":{"rendered":"https:\/\/www.regionsaris.sk\/historia\/hrad-plavec\/"},"modified":"2020-06-03T08:19:49","modified_gmt":"2020-06-03T07:19:49","slug":"hrad-plavec","status":"publish","type":"historia","link":"https:\/\/www.regionsaris.sk\/it\/historia\/hrad-plavec\/","title":{"rendered":"Castello di Plave\u010d"},"content":{"rendered":"<h2>Castello di Plave\u010d<\/h2>\nCastello<strong>\u00a0<\/strong>fu costruito nel 1270-1294 come fortezza di confine. Fu costruita a proprie spese dal nobile Arnold, figlio di Detrik. Deve probabilmente il suo nome alla trib\u00f9 dei Polovci (nuotatori), che nell'XI-XII secolo furono invitati dai re ungheresi nelle zone di confine dell'Ungheria allo scopo di difendere i confini. Durante la ribellione di Giorgio I Rakoci, il castello era dalla parte dei ribelli. Quando perse la sua importanza militare, la famiglia Paloczay lo complet\u00f2 con edifici residenziali e cre\u00f2 una casa di abitazione.\n<h3>\u00c8 stato quasi demolito<\/h3>\nNel XVIII secolo, i proprietari lo trasformarono in un maniero, che doveva essere demolito nel 1715 per ordine dell'imperatore Carlo VI.  La demolizione fu evitata, ma non evit\u00f2 il trasferimento dei proprietari nella casa padronale sottostante il castello e un devastante incendio. Quando la famiglia Paloczay si estinse, il castello fu abbandonato.  Dal 2014 il castello \u00e8 in fase di restauro. Dal castello si gode di una vista unica sui dintorni e sul fiume Poprad.\nIl Castello di Plave\u010d fa parte di<a href=\"http:\/\/www.sarisskahradnacesta.sk\/\">\u00a0Strada del castello di \u0160ari\u0161<\/a>.\n\n<span style=\"font-weight: 400;\">Oltre a questo castello, \u00e8 possibile visitare altri castelli e fortificazioni unici nella regione, come:<\/span> <a href=\"https:\/\/www.regionsaris.sk\/it\/historia\/hrad-saris\/\">Castello di \u0160ari\u0161<\/a><a href=\"https:\/\/www.regionsaris.sk\/it\/historia\/hrad-saris\/\">, \u00a0<\/a><a href=\"https:\/\/www.regionsaris.sk\/it\/prirodne-krasy\/solnohrad\/\">Salina<\/a><a href=\"https:\/\/www.regionsaris.sk\/it\/historia\/hrad-saris\/\">,\u00a0<\/a><a href=\"https:\/\/www.regionsaris.sk\/it\/prirodne-krasy\/hrad-sebes\/\">Castello di Shebes<\/a><a href=\"https:\/\/www.regionsaris.sk\/it\/historia\/hrad-saris\/\">,\u00a0<\/a><a href=\"https:\/\/www.regionsaris.sk\/it\/historia\/kapusiansky-hrad\/\">Castello di Kapu\u0161ian<\/a><a href=\"https:\/\/www.regionsaris.sk\/it\/historia\/hrad-saris\/\">,\u00a0<\/a><a href=\"https:\/\/www.regionsaris.sk\/it\/historia\/lipovsky-hrad\/\">Castello di Lipov<\/a><a href=\"https:\/\/www.regionsaris.sk\/it\/historia\/hrad-saris\/\">,\u00a0<\/a><a href=\"https:\/\/www.regionsaris.sk\/it\/historia\/hrad-zborov\/\">Castello di Zborov<\/a><a href=\"https:\/\/www.regionsaris.sk\/it\/historia\/hrad-saris\/\">,\u00a0<\/a><a href=\"https:\/\/www.regionsaris.sk\/it\/historia\/hrad-kysak\/\">Castello di Kysak<\/a><a href=\"https:\/\/www.regionsaris.sk\/it\/historia\/hrad-saris\/\">, <\/a><a href=\"https:\/\/www.regionsaris.sk\/it\/historia\/hrad-kamenica\/\">Castello di Kamenica<\/a><a href=\"https:\/\/www.regionsaris.sk\/it\/historia\/hrad-saris\/\">, <\/a><a href=\"https:\/\/www.regionsaris.sk\/it\/historia\/hanigovsky-novy-hrad\/\">Castello di Hanig<\/a><span style=\"font-weight: 400;\">, ecc. Una panoramica di tutti i castelli verr\u00e0 visualizzata nella sottopagina <a href=\"https:\/\/www.regionsaris.sk\/it\/kategoria-aktivity\/historia\/hrady\/\">Castelli<\/a>.<\/span>\n\nFoto OOCR Regi\u00f3n \u0160ari\u0161","protected":false},"featured_media":1360,"template":"","meta":{"_acf_changed":false},"kategoria-poi":[105,106,102,107],"lokalita":[29],"sezona-poi":[],"trvanie-vyletu":[],"class_list":["post-2069","historia","type-historia","status-publish","has-post-thumbnail","hentry","kategoria-poi-historia","kategoria-poi-hrady","kategoria-poi-prirodne-krasy","kategoria-poi-turistika","lokalita-lipany-a-okolie"],"acf":[],"yoast_head":"<!-- This site is optimized with the Yoast SEO Premium plugin v26.3 (Yoast SEO v26.8) - https:\/\/yoast.com\/product\/yoast-seo-premium-wordpress\/ -->\n<title>Hrad Plave\u010d - OOCR \u0160ari\u0161<\/title>\n<meta name=\"robots\" content=\"index, follow, max-snippet:-1, max-image-preview:large, max-video-preview:-1\" \/>\n<link rel=\"canonical\" href=\"https:\/\/www.regionsaris.sk\/it\/historia\/hrad-plavec\/\" \/>\n<meta property=\"og:locale\" content=\"it_IT\" \/>\n<meta property=\"og:type\" content=\"article\" \/>\n<meta property=\"og:title\" content=\"Hrad Plave\u010d\" \/>\n<meta property=\"og:description\" content=\"Hrad Plave\u010d Hrad\u00a0bol postaven\u00fd v rokoch 1270-1294 ako pohrani\u010dn\u00e1 pevnos\u0165. Na vlastn\u00e9 n\u00e1klady ho dal...\" \/>\n<meta property=\"og:url\" content=\"https:\/\/www.regionsaris.sk\/it\/historia\/hrad-plavec\/\" \/>\n<meta property=\"og:site_name\" content=\"OOCR \u0160ari\u0161\" \/>\n<meta property=\"og:image\" content=\"https:\/\/www.regionsaris.sk\/wp-content\/uploads\/2026\/01\/hrad-Plavec-2.jpg\" \/>\n\t<meta property=\"og:image:width\" content=\"1200\" \/>\n\t<meta property=\"og:image:height\" content=\"1600\" \/>\n\t<meta property=\"og:image:type\" content=\"image\/jpeg\" \/>\n<meta name=\"twitter:card\" content=\"summary_large_image\" \/>\n<meta name=\"twitter:label1\" content=\"Tempo di lettura stimato\" \/>\n\t<meta name=\"twitter:data1\" content=\"1 minuto\" \/>\n<script type=\"application\/ld+json\" class=\"yoast-schema-graph\">{\"@context\":\"https:\/\/schema.org\",\"@graph\":[{\"@type\":\"WebPage\",\"@id\":\"https:\/\/www.regionsaris.sk\/historia\/hrad-plavec\/\",\"url\":\"https:\/\/www.regionsaris.sk\/historia\/hrad-plavec\/\",\"name\":\"Hrad Plave\u010d - OOCR \u0160ari\u0161\",\"isPartOf\":{\"@id\":\"https:\/\/www.regionsaris.sk\/#website\"},\"primaryImageOfPage\":{\"@id\":\"https:\/\/www.regionsaris.sk\/historia\/hrad-plavec\/#primaryimage\"},\"image\":{\"@id\":\"https:\/\/www.regionsaris.sk\/historia\/hrad-plavec\/#primaryimage\"},\"thumbnailUrl\":\"https:\/\/www.regionsaris.sk\/wp-content\/uploads\/2026\/01\/hrad-Plavec-2.jpg\",\"datePublished\":\"2020-06-03T07:19:49+00:00\",\"breadcrumb\":{\"@id\":\"https:\/\/www.regionsaris.sk\/historia\/hrad-plavec\/#breadcrumb\"},\"inLanguage\":\"it-IT\",\"potentialAction\":[{\"@type\":\"ReadAction\",\"target\":[\"https:\/\/www.regionsaris.sk\/historia\/hrad-plavec\/\"]}]},{\"@type\":\"ImageObject\",\"inLanguage\":\"it-IT\",\"@id\":\"https:\/\/www.regionsaris.sk\/historia\/hrad-plavec\/#primaryimage\",\"url\":\"https:\/\/www.regionsaris.sk\/wp-content\/uploads\/2026\/01\/hrad-Plavec-2.jpg\",\"contentUrl\":\"https:\/\/www.regionsaris.sk\/wp-content\/uploads\/2026\/01\/hrad-Plavec-2.jpg\",\"width\":1200,\"height\":1600},{\"@type\":\"BreadcrumbList\",\"@id\":\"https:\/\/www.regionsaris.sk\/historia\/hrad-plavec\/#breadcrumb\",\"itemListElement\":[{\"@type\":\"ListItem\",\"position\":1,\"name\":\"Domov\",\"item\":\"https:\/\/www.regionsaris.sk\/\"},{\"@type\":\"ListItem\",\"position\":2,\"name\":\"Hist\u00f3ria regi\u00f3nu\",\"item\":\"https:\/\/www.regionsaris.sk\/historia-regionu\/\"},{\"@type\":\"ListItem\",\"position\":3,\"name\":\"Hrad Plave\u010d\"}]},{\"@type\":\"WebSite\",\"@id\":\"https:\/\/www.regionsaris.sk\/#website\",\"url\":\"https:\/\/www.regionsaris.sk\/\",\"name\":\"OOCR \u0160ari\u0161\",\"description\":\"\",\"potentialAction\":[{\"@type\":\"SearchAction\",\"target\":{\"@type\":\"EntryPoint\",\"urlTemplate\":\"https:\/\/www.regionsaris.sk\/?s={search_term_string}\"},\"query-input\":{\"@type\":\"PropertyValueSpecification\",\"valueRequired\":true,\"valueName\":\"search_term_string\"}}],\"inLanguage\":\"it-IT\"}]}<\/script>\n<!-- \/ Yoast SEO Premium plugin. -->","yoast_head_json":{"title":"Hrad Plave\u010d - OOCR \u0160ari\u0161","robots":{"index":"index","follow":"follow","max-snippet":"max-snippet:-1","max-image-preview":"max-image-preview:large","max-video-preview":"max-video-preview:-1"},"canonical":"https:\/\/www.regionsaris.sk\/it\/historia\/hrad-plavec\/","og_locale":"it_IT","og_type":"article","og_title":"Hrad Plave\u010d","og_description":"Hrad Plave\u010d Hrad\u00a0bol postaven\u00fd v rokoch 1270-1294 ako pohrani\u010dn\u00e1 pevnos\u0165. Na vlastn\u00e9 n\u00e1klady ho dal...","og_url":"https:\/\/www.regionsaris.sk\/it\/historia\/hrad-plavec\/","og_site_name":"OOCR \u0160ari\u0161","og_image":[{"width":1200,"height":1600,"url":"https:\/\/www.regionsaris.sk\/wp-content\/uploads\/2026\/01\/hrad-Plavec-2.jpg","type":"image\/jpeg"}],"twitter_card":"summary_large_image","twitter_misc":{"Tempo di lettura stimato":"1 minuto"},"schema":{"@context":"https:\/\/schema.org","@graph":[{"@type":"WebPage","@id":"https:\/\/www.regionsaris.sk\/historia\/hrad-plavec\/","url":"https:\/\/www.regionsaris.sk\/historia\/hrad-plavec\/","name":"Hrad Plave\u010d - OOCR \u0160ari\u0161","isPartOf":{"@id":"https:\/\/www.regionsaris.sk\/#website"},"primaryImageOfPage":{"@id":"https:\/\/www.regionsaris.sk\/historia\/hrad-plavec\/#primaryimage"},"image":{"@id":"https:\/\/www.regionsaris.sk\/historia\/hrad-plavec\/#primaryimage"},"thumbnailUrl":"https:\/\/www.regionsaris.sk\/wp-content\/uploads\/2026\/01\/hrad-Plavec-2.jpg","datePublished":"2020-06-03T07:19:49+00:00","breadcrumb":{"@id":"https:\/\/www.regionsaris.sk\/historia\/hrad-plavec\/#breadcrumb"},"inLanguage":"it-IT","potentialAction":[{"@type":"ReadAction","target":["https:\/\/www.regionsaris.sk\/historia\/hrad-plavec\/"]}]},{"@type":"ImageObject","inLanguage":"it-IT","@id":"https:\/\/www.regionsaris.sk\/historia\/hrad-plavec\/#primaryimage","url":"https:\/\/www.regionsaris.sk\/wp-content\/uploads\/2026\/01\/hrad-Plavec-2.jpg","contentUrl":"https:\/\/www.regionsaris.sk\/wp-content\/uploads\/2026\/01\/hrad-Plavec-2.jpg","width":1200,"height":1600},{"@type":"BreadcrumbList","@id":"https:\/\/www.regionsaris.sk\/historia\/hrad-plavec\/#breadcrumb","itemListElement":[{"@type":"ListItem","position":1,"name":"Domov","item":"https:\/\/www.regionsaris.sk\/"},{"@type":"ListItem","position":2,"name":"Hist\u00f3ria regi\u00f3nu","item":"https:\/\/www.regionsaris.sk\/historia-regionu\/"},{"@type":"ListItem","position":3,"name":"Hrad Plave\u010d"}]},{"@type":"WebSite","@id":"https:\/\/www.regionsaris.sk\/#website","url":"https:\/\/www.regionsaris.sk\/","name":"OOCR \u0160ari\u0161","description":"","potentialAction":[{"@type":"SearchAction","target":{"@type":"EntryPoint","urlTemplate":"https:\/\/www.regionsaris.sk\/?s={search_term_string}"},"query-input":{"@type":"PropertyValueSpecification","valueRequired":true,"valueName":"search_term_string"}}],"inLanguage":"it-IT"}]}},"_links":{"self":[{"href":"https:\/\/www.regionsaris.sk\/it\/wp-json\/wp\/v2\/historia\/2069","targetHints":{"allow":["GET"]}}],"collection":[{"href":"https:\/\/www.regionsaris.sk\/it\/wp-json\/wp\/v2\/historia"}],"about":[{"href":"https:\/\/www.regionsaris.sk\/it\/wp-json\/wp\/v2\/types\/historia"}],"wp:featuredmedia":[{"embeddable":true,"href":"https:\/\/www.regionsaris.sk\/it\/wp-json\/wp\/v2\/media\/1360"}],"wp:attachment":[{"href":"https:\/\/www.regionsaris.sk\/it\/wp-json\/wp\/v2\/media?parent=2069"}],"wp:term":[{"taxonomy":"kategoria-poi","embeddable":true,"href":"https:\/\/www.regionsaris.sk\/it\/wp-json\/wp\/v2\/kategoria-poi?post=2069"},{"taxonomy":"lokalita","embeddable":true,"href":"https:\/\/www.regionsaris.sk\/it\/wp-json\/wp\/v2\/lokalita?post=2069"},{"taxonomy":"sezona-poi","embeddable":true,"href":"https:\/\/www.regionsaris.sk\/it\/wp-json\/wp\/v2\/sezona-poi?post=2069"},{"taxonomy":"trvanie-vyletu","embeddable":true,"href":"https:\/\/www.regionsaris.sk\/it\/wp-json\/wp\/v2\/trvanie-vyletu?post=2069"}],"curies":[{"name":"wp","href":"https:\/\/api.w.org\/{rel}","templated":true}]}}

Castello di Plaveč

<h2>Castello di Plaveč</h2>
Castello<strong> </strong>fu costruito nel 1270-1294 come fortezza di confine. Fu costruita a proprie spese dal nobile Arnold, figlio di Detrik. Deve probabilmente il suo nome alla tribù dei Polovci (nuotatori), che nell'XI-XII secolo furono invitati dai re ungheresi nelle zone di confine dell'Ungheria allo scopo di difendere i confini. Durante la ribellione di Giorgio I Rakoci, il castello era dalla parte dei ribelli. Quando perse la sua importanza militare, la famiglia Paloczay lo completò con edifici residenziali e creò una casa di abitazione.
<h3>È stato quasi demolito</h3>
Nel XVIII secolo, i proprietari lo trasformarono in un maniero, che doveva essere demolito nel 1715 per ordine dell'imperatore Carlo VI.  La demolizione fu evitata, ma non evitò il trasferimento dei proprietari nella casa padronale sottostante il castello e un devastante incendio. Quando la famiglia Paloczay si estinse, il castello fu abbandonato.  Dal 2014 il castello è in fase di restauro. Dal castello si gode di una vista unica sui dintorni e sul fiume Poprad.
Il Castello di Plaveč fa parte di<a href="http://www.sarisskahradnacesta.sk/"> Strada del castello di Šariš</a>.

<span style="font-weight: 400;">Oltre a questo castello, è possibile visitare altri castelli e fortificazioni unici nella regione, come:</span> <a href="https://www.regionsaris.sk/it/historia/hrad-saris/">Castello di Šariš</a><a href="https://www.regionsaris.sk/it/historia/hrad-saris/">,  </a><a href="https://www.regionsaris.sk/it/prirodne-krasy/solnohrad/">Salina</a><a href="https://www.regionsaris.sk/it/historia/hrad-saris/">, </a><a href="https://www.regionsaris.sk/it/prirodne-krasy/hrad-sebes/">Castello di Shebes</a><a href="https://www.regionsaris.sk/it/historia/hrad-saris/">, </a><a href="https://www.regionsaris.sk/it/historia/kapusiansky-hrad/">Castello di Kapušian</a><a href="https://www.regionsaris.sk/it/historia/hrad-saris/">, </a><a href="https://www.regionsaris.sk/it/historia/lipovsky-hrad/">Castello di Lipov</a><a href="https://www.regionsaris.sk/it/historia/hrad-saris/">, </a><a href="https://www.regionsaris.sk/it/historia/hrad-zborov/">Castello di Zborov</a><a href="https://www.regionsaris.sk/it/historia/hrad-saris/">, </a><a href="https://www.regionsaris.sk/it/historia/hrad-kysak/">Castello di Kysak</a><a href="https://www.regionsaris.sk/it/historia/hrad-saris/">, </a><a href="https://www.regionsaris.sk/it/historia/hrad-kamenica/">Castello di Kamenica</a><a href="https://www.regionsaris.sk/it/historia/hrad-saris/">, </a><a href="https://www.regionsaris.sk/it/historia/hanigovsky-novy-hrad/">Castello di Hanig</a><span style="font-weight: 400;">, ecc. Una panoramica di tutti i castelli verrà visualizzata nella sottopagina <a href="https://www.regionsaris.sk/it/kategoria-aktivity/historia/hrady/">Castelli</a>.</span>

Foto OOCR Región Šariš

<!-- This site is optimized with the Yoast SEO Premium plugin v26.3 (Yoast SEO v26.8) - https://yoast.com/product/yoast-seo-premium-wordpress/ -->
<title>Hrad Plaveč - OOCR Šariš</title>
<meta name="robots" content="index, follow, max-snippet:-1, max-image-preview:large, max-video-preview:-1" />
<link rel="canonical" href="https://www.regionsaris.sk/it/historia/hrad-plavec/" />
<meta property="og:locale" content="it_IT" />
<meta property="og:type" content="article" />
<meta property="og:title" content="Hrad Plaveč" />
<meta property="og:description" content="Hrad Plaveč Hrad bol postavený v rokoch 1270-1294 ako pohraničná pevnosť. Na vlastné náklady ho dal..." />
<meta property="og:url" content="https://www.regionsaris.sk/it/historia/hrad-plavec/" />
<meta property="og:site_name" content="OOCR Šariš" />
<meta property="og:image" content="https://www.regionsaris.sk/wp-content/uploads/2026/01/hrad-Plavec-2.jpg" />
	<meta property="og:image:width" content="1200" />
	<meta property="og:image:height" content="1600" />
	<meta property="og:image:type" content="image/jpeg" />
<meta name="twitter:card" content="summary_large_image" />
<meta name="twitter:label1" content="Tempo di lettura stimato" />
	<meta name="twitter:data1" content="1 minuto" />
<script type="application/ld+json" class="yoast-schema-graph">{"@context":"https://schema.org","@graph":[{"@type":"WebPage","@id":"https://www.regionsaris.sk/historia/hrad-plavec/","url":"https://www.regionsaris.sk/historia/hrad-plavec/","name":"Hrad Plaveč - OOCR Šariš","isPartOf":{"@id":"https://www.regionsaris.sk/#website"},"primaryImageOfPage":{"@id":"https://www.regionsaris.sk/historia/hrad-plavec/#primaryimage"},"image":{"@id":"https://www.regionsaris.sk/historia/hrad-plavec/#primaryimage"},"thumbnailUrl":"https://www.regionsaris.sk/wp-content/uploads/2026/01/hrad-Plavec-2.jpg","datePublished":"2020-06-03T07:19:49+00:00","breadcrumb":{"@id":"https://www.regionsaris.sk/historia/hrad-plavec/#breadcrumb"},"inLanguage":"it-IT","potentialAction":[{"@type":"ReadAction","target":["https://www.regionsaris.sk/historia/hrad-plavec/"]}]},{"@type":"ImageObject","inLanguage":"it-IT","@id":"https://www.regionsaris.sk/historia/hrad-plavec/#primaryimage","url":"https://www.regionsaris.sk/wp-content/uploads/2026/01/hrad-Plavec-2.jpg","contentUrl":"https://www.regionsaris.sk/wp-content/uploads/2026/01/hrad-Plavec-2.jpg","width":1200,"height":1600},{"@type":"BreadcrumbList","@id":"https://www.regionsaris.sk/historia/hrad-plavec/#breadcrumb","itemListElement":[{"@type":"ListItem","position":1,"name":"Domov","item":"https://www.regionsaris.sk/"},{"@type":"ListItem","position":2,"name":"História regiónu","item":"https://www.regionsaris.sk/historia-regionu/"},{"@type":"ListItem","position":3,"name":"Hrad Plaveč"}]},{"@type":"WebSite","@id":"https://www.regionsaris.sk/#website","url":"https://www.regionsaris.sk/","name":"OOCR Šariš","description":"","potentialAction":[{"@type":"SearchAction","target":{"@type":"EntryPoint","urlTemplate":"https://www.regionsaris.sk/?s={search_term_string}"},"query-input":{"@type":"PropertyValueSpecification","valueRequired":true,"valueName":"search_term_string"}}],"inLanguage":"it-IT"}]}</script>
<!-- / Yoast SEO Premium plugin. -->

Hrad Plaveč - OOCR Šariš

Hrad Plaveč

Hrad Plaveč Hrad bol postavený v rokoch 1270-1294 ako pohraničná pevnosť. Na vlastné náklady ho dal...

OOCR Šariš

História regiónu
