{"id":2043,"date":"2020-05-29T12:22:15","date_gmt":"2020-05-29T11:22:15","guid":{"rendered":"https:\/\/www.regionsaris.sk\/historia\/ginko-v-zahrade-umenia\/"},"modified":"2020-05-29T12:22:15","modified_gmt":"2020-05-29T11:22:15","slug":"ginko-v-zahrade-umenia","status":"publish","type":"historia","link":"https:\/\/www.regionsaris.sk\/it\/historia\/ginko-v-zahrade-umenia\/","title":{"rendered":"Ginko nel Giardino dell'Arte"},"content":{"rendered":"<p>L'esemplare, che rappresenta un gioiello botanico nel sistema verde della citt\u00e0, cresce nel Giardino dell'Arte. \u00c8 un insolito rappresentante di un genere vegetale che biologicamente non appartiene n\u00e9 alle conifere n\u00e9 alle caducifoglie, ma \u00e8 considerato una prova della loro interconnessione evolutiva. Ha un pedigree antico, essendo stato il pi\u00f9 diffuso nell'evoluzione geologica della Terra nell'Era Mesozoica. La maggior parte dei fossili di ginkgo \u00e8 stata rinvenuta in Cina, motivo per cui il sud-est asiatico \u00e8 considerato la sua patria originaria. Si \u00e8 conservato grazie ai monaci cinesi che lo hanno coltivato come rarit\u00e0 nei giardini dei monasteri. Fu importata dal Giappone in Europa negli anni '30 del Novecento e coltivata nelle collezioni degli orti botanici. Un rappresentante di questa rara specie entr\u00f2 nel fossato di Pre\u0161ov nel periodo interbellico del XX secolo e ancora oggi la sua chioma simmetrica con un tronco continuo, biforcuto alla sommit\u00e0, domina lo spazio centrale del Giardino dell'Arte. Tipica \u00e8 la forma delle sue foglie, che hanno una lamina a ventaglio di aghi uniti e divisi in due lobi. Il loro colore \u00e8 verde chiaro e in autunno diventano di un luminoso giallo oro. Nel territorio della citt\u00e0 di Pre\u0161ov non esiste nessun altro rappresentante di questo genere di questa et\u00e0.<\/p>","protected":false},"featured_media":1127,"template":"","meta":{"_acf_changed":false},"kategoria-poi":[105,104,102,174,107],"lokalita":[26],"sezona-poi":[],"trvanie-vyletu":[],"class_list":["post-2043","historia","type-historia","status-publish","has-post-thumbnail","hentry","kategoria-poi-historia","kategoria-poi-mesta","kategoria-poi-prirodne-krasy","kategoria-poi-prirodne-zaujimavosti","kategoria-poi-turistika","lokalita-mesto-presov"],"acf":[],"yoast_head":"<!-- This site is optimized with the Yoast SEO Premium plugin v26.3 (Yoast SEO v26.8) - https:\/\/yoast.com\/product\/yoast-seo-premium-wordpress\/ -->\n<title>Ginko v Z\u00e1hrade umenia - OOCR \u0160ari\u0161<\/title>\n<meta name=\"robots\" content=\"index, follow, max-snippet:-1, max-image-preview:large, max-video-preview:-1\" \/>\n<link rel=\"canonical\" href=\"https:\/\/www.regionsaris.sk\/it\/historia\/ginko-v-zahrade-umenia\/\" \/>\n<meta property=\"og:locale\" content=\"it_IT\" \/>\n<meta property=\"og:type\" content=\"article\" \/>\n<meta property=\"og:title\" content=\"Ginko v Z\u00e1hrade umenia\" \/>\n<meta property=\"og:description\" content=\"Stromov\u00fd jedinec, ktor\u00fd je botanick\u00fdm \u0161perkom v syst\u00e9me zelene mesta, rastie v Z\u00e1hrade umenia. Je...\" \/>\n<meta property=\"og:url\" content=\"https:\/\/www.regionsaris.sk\/it\/historia\/ginko-v-zahrade-umenia\/\" \/>\n<meta property=\"og:site_name\" content=\"OOCR \u0160ari\u0161\" \/>\n<meta property=\"og:image\" content=\"https:\/\/www.regionsaris.sk\/wp-content\/uploads\/2026\/01\/ginko-Presov_1.jpg\" \/>\n\t<meta property=\"og:image:width\" content=\"600\" \/>\n\t<meta property=\"og:image:height\" content=\"900\" \/>\n\t<meta property=\"og:image:type\" content=\"image\/jpeg\" \/>\n<meta name=\"twitter:card\" content=\"summary_large_image\" \/>\n<meta name=\"twitter:label1\" content=\"Tempo di lettura stimato\" \/>\n\t<meta name=\"twitter:data1\" content=\"1 minuto\" \/>\n<script type=\"application\/ld+json\" class=\"yoast-schema-graph\">{\"@context\":\"https:\/\/schema.org\",\"@graph\":[{\"@type\":\"WebPage\",\"@id\":\"https:\/\/www.regionsaris.sk\/historia\/ginko-v-zahrade-umenia\/\",\"url\":\"https:\/\/www.regionsaris.sk\/historia\/ginko-v-zahrade-umenia\/\",\"name\":\"Ginko v Z\u00e1hrade umenia - OOCR \u0160ari\u0161\",\"isPartOf\":{\"@id\":\"https:\/\/www.regionsaris.sk\/#website\"},\"primaryImageOfPage\":{\"@id\":\"https:\/\/www.regionsaris.sk\/historia\/ginko-v-zahrade-umenia\/#primaryimage\"},\"image\":{\"@id\":\"https:\/\/www.regionsaris.sk\/historia\/ginko-v-zahrade-umenia\/#primaryimage\"},\"thumbnailUrl\":\"https:\/\/www.regionsaris.sk\/wp-content\/uploads\/2026\/01\/ginko-Presov_1.jpg\",\"datePublished\":\"2020-05-29T11:22:15+00:00\",\"breadcrumb\":{\"@id\":\"https:\/\/www.regionsaris.sk\/historia\/ginko-v-zahrade-umenia\/#breadcrumb\"},\"inLanguage\":\"it-IT\",\"potentialAction\":[{\"@type\":\"ReadAction\",\"target\":[\"https:\/\/www.regionsaris.sk\/historia\/ginko-v-zahrade-umenia\/\"]}]},{\"@type\":\"ImageObject\",\"inLanguage\":\"it-IT\",\"@id\":\"https:\/\/www.regionsaris.sk\/historia\/ginko-v-zahrade-umenia\/#primaryimage\",\"url\":\"https:\/\/www.regionsaris.sk\/wp-content\/uploads\/2026\/01\/ginko-Presov_1.jpg\",\"contentUrl\":\"https:\/\/www.regionsaris.sk\/wp-content\/uploads\/2026\/01\/ginko-Presov_1.jpg\",\"width\":600,\"height\":900},{\"@type\":\"BreadcrumbList\",\"@id\":\"https:\/\/www.regionsaris.sk\/historia\/ginko-v-zahrade-umenia\/#breadcrumb\",\"itemListElement\":[{\"@type\":\"ListItem\",\"position\":1,\"name\":\"Domov\",\"item\":\"https:\/\/www.regionsaris.sk\/\"},{\"@type\":\"ListItem\",\"position\":2,\"name\":\"Hist\u00f3ria regi\u00f3nu\",\"item\":\"https:\/\/www.regionsaris.sk\/historia-regionu\/\"},{\"@type\":\"ListItem\",\"position\":3,\"name\":\"Ginko v Z\u00e1hrade umenia\"}]},{\"@type\":\"WebSite\",\"@id\":\"https:\/\/www.regionsaris.sk\/#website\",\"url\":\"https:\/\/www.regionsaris.sk\/\",\"name\":\"OOCR \u0160ari\u0161\",\"description\":\"\",\"potentialAction\":[{\"@type\":\"SearchAction\",\"target\":{\"@type\":\"EntryPoint\",\"urlTemplate\":\"https:\/\/www.regionsaris.sk\/?s={search_term_string}\"},\"query-input\":{\"@type\":\"PropertyValueSpecification\",\"valueRequired\":true,\"valueName\":\"search_term_string\"}}],\"inLanguage\":\"it-IT\"}]}<\/script>\n<!-- \/ Yoast SEO Premium plugin. -->","yoast_head_json":{"title":"Ginko v Z\u00e1hrade umenia - OOCR \u0160ari\u0161","robots":{"index":"index","follow":"follow","max-snippet":"max-snippet:-1","max-image-preview":"max-image-preview:large","max-video-preview":"max-video-preview:-1"},"canonical":"https:\/\/www.regionsaris.sk\/it\/historia\/ginko-v-zahrade-umenia\/","og_locale":"it_IT","og_type":"article","og_title":"Ginko v Z\u00e1hrade umenia","og_description":"Stromov\u00fd jedinec, ktor\u00fd je botanick\u00fdm \u0161perkom v syst\u00e9me zelene mesta, rastie v Z\u00e1hrade umenia. Je...","og_url":"https:\/\/www.regionsaris.sk\/it\/historia\/ginko-v-zahrade-umenia\/","og_site_name":"OOCR \u0160ari\u0161","og_image":[{"width":600,"height":900,"url":"https:\/\/www.regionsaris.sk\/wp-content\/uploads\/2026\/01\/ginko-Presov_1.jpg","type":"image\/jpeg"}],"twitter_card":"summary_large_image","twitter_misc":{"Tempo di lettura stimato":"1 minuto"},"schema":{"@context":"https:\/\/schema.org","@graph":[{"@type":"WebPage","@id":"https:\/\/www.regionsaris.sk\/historia\/ginko-v-zahrade-umenia\/","url":"https:\/\/www.regionsaris.sk\/historia\/ginko-v-zahrade-umenia\/","name":"Ginko v Z\u00e1hrade umenia - OOCR \u0160ari\u0161","isPartOf":{"@id":"https:\/\/www.regionsaris.sk\/#website"},"primaryImageOfPage":{"@id":"https:\/\/www.regionsaris.sk\/historia\/ginko-v-zahrade-umenia\/#primaryimage"},"image":{"@id":"https:\/\/www.regionsaris.sk\/historia\/ginko-v-zahrade-umenia\/#primaryimage"},"thumbnailUrl":"https:\/\/www.regionsaris.sk\/wp-content\/uploads\/2026\/01\/ginko-Presov_1.jpg","datePublished":"2020-05-29T11:22:15+00:00","breadcrumb":{"@id":"https:\/\/www.regionsaris.sk\/historia\/ginko-v-zahrade-umenia\/#breadcrumb"},"inLanguage":"it-IT","potentialAction":[{"@type":"ReadAction","target":["https:\/\/www.regionsaris.sk\/historia\/ginko-v-zahrade-umenia\/"]}]},{"@type":"ImageObject","inLanguage":"it-IT","@id":"https:\/\/www.regionsaris.sk\/historia\/ginko-v-zahrade-umenia\/#primaryimage","url":"https:\/\/www.regionsaris.sk\/wp-content\/uploads\/2026\/01\/ginko-Presov_1.jpg","contentUrl":"https:\/\/www.regionsaris.sk\/wp-content\/uploads\/2026\/01\/ginko-Presov_1.jpg","width":600,"height":900},{"@type":"BreadcrumbList","@id":"https:\/\/www.regionsaris.sk\/historia\/ginko-v-zahrade-umenia\/#breadcrumb","itemListElement":[{"@type":"ListItem","position":1,"name":"Domov","item":"https:\/\/www.regionsaris.sk\/"},{"@type":"ListItem","position":2,"name":"Hist\u00f3ria regi\u00f3nu","item":"https:\/\/www.regionsaris.sk\/historia-regionu\/"},{"@type":"ListItem","position":3,"name":"Ginko v Z\u00e1hrade umenia"}]},{"@type":"WebSite","@id":"https:\/\/www.regionsaris.sk\/#website","url":"https:\/\/www.regionsaris.sk\/","name":"OOCR \u0160ari\u0161","description":"","potentialAction":[{"@type":"SearchAction","target":{"@type":"EntryPoint","urlTemplate":"https:\/\/www.regionsaris.sk\/?s={search_term_string}"},"query-input":{"@type":"PropertyValueSpecification","valueRequired":true,"valueName":"search_term_string"}}],"inLanguage":"it-IT"}]}},"_links":{"self":[{"href":"https:\/\/www.regionsaris.sk\/it\/wp-json\/wp\/v2\/historia\/2043","targetHints":{"allow":["GET"]}}],"collection":[{"href":"https:\/\/www.regionsaris.sk\/it\/wp-json\/wp\/v2\/historia"}],"about":[{"href":"https:\/\/www.regionsaris.sk\/it\/wp-json\/wp\/v2\/types\/historia"}],"wp:featuredmedia":[{"embeddable":true,"href":"https:\/\/www.regionsaris.sk\/it\/wp-json\/wp\/v2\/media\/1127"}],"wp:attachment":[{"href":"https:\/\/www.regionsaris.sk\/it\/wp-json\/wp\/v2\/media?parent=2043"}],"wp:term":[{"taxonomy":"kategoria-poi","embeddable":true,"href":"https:\/\/www.regionsaris.sk\/it\/wp-json\/wp\/v2\/kategoria-poi?post=2043"},{"taxonomy":"lokalita","embeddable":true,"href":"https:\/\/www.regionsaris.sk\/it\/wp-json\/wp\/v2\/lokalita?post=2043"},{"taxonomy":"sezona-poi","embeddable":true,"href":"https:\/\/www.regionsaris.sk\/it\/wp-json\/wp\/v2\/sezona-poi?post=2043"},{"taxonomy":"trvanie-vyletu","embeddable":true,"href":"https:\/\/www.regionsaris.sk\/it\/wp-json\/wp\/v2\/trvanie-vyletu?post=2043"}],"curies":[{"name":"wp","href":"https:\/\/api.w.org\/{rel}","templated":true}]}}

<p>L'esemplare, che rappresenta un gioiello botanico nel sistema verde della città, cresce nel Giardino dell'Arte. È un insolito rappresentante di un genere vegetale che biologicamente non appartiene né alle conifere né alle caducifoglie, ma è considerato una prova della loro interconnessione evolutiva. Ha un pedigree antico, essendo stato il più diffuso nell'evoluzione geologica della Terra nell'Era Mesozoica. La maggior parte dei fossili di ginkgo è stata rinvenuta in Cina, motivo per cui il sud-est asiatico è considerato la sua patria originaria. Si è conservato grazie ai monaci cinesi che lo hanno coltivato come rarità nei giardini dei monasteri. Fu importata dal Giappone in Europa negli anni '30 del Novecento e coltivata nelle collezioni degli orti botanici. Un rappresentante di questa rara specie entrò nel fossato di Prešov nel periodo interbellico del XX secolo e ancora oggi la sua chioma simmetrica con un tronco continuo, biforcuto alla sommità, domina lo spazio centrale del Giardino dell'Arte. Tipica è la forma delle sue foglie, che hanno una lamina a ventaglio di aghi uniti e divisi in due lobi. Il loro colore è verde chiaro e in autunno diventano di un luminoso giallo oro. Nel territorio della città di Prešov non esiste nessun altro rappresentante di questo genere di questa età.</p>

<!-- This site is optimized with the Yoast SEO Premium plugin v26.3 (Yoast SEO v26.8) - https://yoast.com/product/yoast-seo-premium-wordpress/ -->
<title>Ginko v Záhrade umenia - OOCR Šariš</title>
<meta name="robots" content="index, follow, max-snippet:-1, max-image-preview:large, max-video-preview:-1" />
<link rel="canonical" href="https://www.regionsaris.sk/it/historia/ginko-v-zahrade-umenia/" />
<meta property="og:locale" content="it_IT" />
<meta property="og:type" content="article" />
<meta property="og:title" content="Ginko v Záhrade umenia" />
<meta property="og:description" content="Stromový jedinec, ktorý je botanickým šperkom v systéme zelene mesta, rastie v Záhrade umenia. Je..." />
<meta property="og:url" content="https://www.regionsaris.sk/it/historia/ginko-v-zahrade-umenia/" />
<meta property="og:site_name" content="OOCR Šariš" />
<meta property="og:image" content="https://www.regionsaris.sk/wp-content/uploads/2026/01/ginko-Presov_1.jpg" />
	<meta property="og:image:width" content="600" />
	<meta property="og:image:height" content="900" />
	<meta property="og:image:type" content="image/jpeg" />
<meta name="twitter:card" content="summary_large_image" />
<meta name="twitter:label1" content="Tempo di lettura stimato" />
	<meta name="twitter:data1" content="1 minuto" />
<script type="application/ld+json" class="yoast-schema-graph">{"@context":"https://schema.org","@graph":[{"@type":"WebPage","@id":"https://www.regionsaris.sk/historia/ginko-v-zahrade-umenia/","url":"https://www.regionsaris.sk/historia/ginko-v-zahrade-umenia/","name":"Ginko v Záhrade umenia - OOCR Šariš","isPartOf":{"@id":"https://www.regionsaris.sk/#website"},"primaryImageOfPage":{"@id":"https://www.regionsaris.sk/historia/ginko-v-zahrade-umenia/#primaryimage"},"image":{"@id":"https://www.regionsaris.sk/historia/ginko-v-zahrade-umenia/#primaryimage"},"thumbnailUrl":"https://www.regionsaris.sk/wp-content/uploads/2026/01/ginko-Presov_1.jpg","datePublished":"2020-05-29T11:22:15+00:00","breadcrumb":{"@id":"https://www.regionsaris.sk/historia/ginko-v-zahrade-umenia/#breadcrumb"},"inLanguage":"it-IT","potentialAction":[{"@type":"ReadAction","target":["https://www.regionsaris.sk/historia/ginko-v-zahrade-umenia/"]}]},{"@type":"ImageObject","inLanguage":"it-IT","@id":"https://www.regionsaris.sk/historia/ginko-v-zahrade-umenia/#primaryimage","url":"https://www.regionsaris.sk/wp-content/uploads/2026/01/ginko-Presov_1.jpg","contentUrl":"https://www.regionsaris.sk/wp-content/uploads/2026/01/ginko-Presov_1.jpg","width":600,"height":900},{"@type":"BreadcrumbList","@id":"https://www.regionsaris.sk/historia/ginko-v-zahrade-umenia/#breadcrumb","itemListElement":[{"@type":"ListItem","position":1,"name":"Domov","item":"https://www.regionsaris.sk/"},{"@type":"ListItem","position":2,"name":"História regiónu","item":"https://www.regionsaris.sk/historia-regionu/"},{"@type":"ListItem","position":3,"name":"Ginko v Záhrade umenia"}]},{"@type":"WebSite","@id":"https://www.regionsaris.sk/#website","url":"https://www.regionsaris.sk/","name":"OOCR Šariš","description":"","potentialAction":[{"@type":"SearchAction","target":{"@type":"EntryPoint","urlTemplate":"https://www.regionsaris.sk/?s={search_term_string}"},"query-input":{"@type":"PropertyValueSpecification","valueRequired":true,"valueName":"search_term_string"}}],"inLanguage":"it-IT"}]}</script>
<!-- / Yoast SEO Premium plugin. -->

Ginko v Záhrade umenia - OOCR Šariš

Ginko v Záhrade umenia

Stromový jedinec, ktorý je botanickým šperkom v systéme zelene mesta, rastie v Záhrade umenia. Je...

OOCR Šariš

História regiónu
