{"id":2039,"date":"2020-05-29T11:56:50","date_gmt":"2020-05-29T10:56:50","guid":{"rendered":"https:\/\/www.regionsaris.sk\/historia\/greckokatolicky-biskupsky-palac\/"},"modified":"2020-05-29T11:56:50","modified_gmt":"2020-05-29T10:56:50","slug":"greckokatolicky-biskupsky-palac","status":"publish","type":"historia","link":"https:\/\/www.regionsaris.sk\/it\/historia\/greckokatolicky-biskupsky-palac\/","title":{"rendered":"Palazzo vescovile greco-cattolico"},"content":{"rendered":"<p>Il Palazzo Vescovile \u00e8 stato ricavato da un ex monastero minoritico. La sua storia \u00e8 iniziata con la conversione dell'ospedale e dell'ospizio della citt\u00e0 in un nuovo monastero, acquisito dai Minoriti nel 1673. L'attivit\u00e0 dei Minoriti a Pre\u0161ov termin\u00f2 con il decreto dell'imperatore Giuseppe II del 12 luglio 1787, con il quale il monastero fu sciolto, nonostante le suppliche del magistrato cittadino e del vescovo di Jagiellon al monarca stesso.<br>Nel 1791, la sede del vicariato greco-cattolico fu trasferita da Ko\u0161ice a Pre\u0161ov, nei locali dell'ex monastero minorita. Il 22 settembre 1818, Papa Pio VII eman\u00f2 la bolla Relata semper, che istituiva la sede vescovile greco-cattolica a Pre\u0161ov. L'intero complesso dell'ex monastero fu quindi assegnato al primo vescovo della neonata diocesi di Pre\u0161ov, Gregor Tarkovi\u010d, nel 1821. Nel 1848, Jozef Gaganec, il secondo vescovo di Pre\u0161ov, fece ricostruire ampiamente la residenza, dando vita all'attuale edificio a due piani con una facciata classica. Sopra l'ingresso principale si trovava un grande scudo triangolare (timpano) con la scritta <strong>\u201eSua Maest\u00e0 Ferdinando V, Re d'Ungheria, per grazia costruita nel 1848\u201c.\u201c<\/strong>, Sopra l'iscrizione si trova uno stemma in rilievo del vescovado greco-cattolico, circondato da una catena vescovile e da una croce fissata su di essa. La parte centrale dell'edificio \u00e8 dominata da una grande cupola. Il palazzo \u00e8 attualmente la sede dell'arcivescovado greco-cattolico.<\/p>\n\n\n\n<p>Il Palazzo episcopale greco-cattolico \u00e8 parte del\u00a0<a href=\"https:\/\/www.sarisskahradnacesta.sk\/\">Strade del castello di \u0160ari\u0161<\/a>.<\/p>\n\n\n\n<p>Foto: OOCR Regi\u00f3n \u0160ari\u0161, pis.sk, grtkapo.sk, Jozef Kotuli\u010d<\/p>","protected":false},"featured_media":1116,"template":"","meta":{"_acf_changed":false},"kategoria-poi":[105,173,104,102,107],"lokalita":[26],"sezona-poi":[],"trvanie-vyletu":[],"class_list":["post-2039","historia","type-historia","status-publish","has-post-thumbnail","hentry","kategoria-poi-historia","kategoria-poi-kastiele-a-kurie","kategoria-poi-mesta","kategoria-poi-prirodne-krasy","kategoria-poi-turistika","lokalita-mesto-presov"],"acf":[],"yoast_head":"<!-- This site is optimized with the Yoast SEO Premium plugin v26.3 (Yoast SEO v26.8) - https:\/\/yoast.com\/product\/yoast-seo-premium-wordpress\/ -->\n<title>Gr\u00e9ckokatol\u00edcky biskupsk\u00fd pal\u00e1c - OOCR \u0160ari\u0161<\/title>\n<meta name=\"robots\" content=\"index, follow, max-snippet:-1, max-image-preview:large, max-video-preview:-1\" \/>\n<link rel=\"canonical\" href=\"https:\/\/www.regionsaris.sk\/it\/historia\/greckokatolicky-biskupsky-palac\/\" \/>\n<meta property=\"og:locale\" content=\"it_IT\" \/>\n<meta property=\"og:type\" content=\"article\" \/>\n<meta property=\"og:title\" content=\"Gr\u00e9ckokatol\u00edcky biskupsk\u00fd pal\u00e1c\" \/>\n<meta property=\"og:description\" content=\"Biskupsk\u00fd pal\u00e1c vznikol z b\u00fdval\u00e9ho kl\u00e1\u0161tora minoritov. Jeho hist\u00f3ria sa za\u010dala p\u00edsa\u0165 prestavbou budovy mestsk\u00e9ho...\" \/>\n<meta property=\"og:url\" content=\"https:\/\/www.regionsaris.sk\/it\/historia\/greckokatolicky-biskupsky-palac\/\" \/>\n<meta property=\"og:site_name\" content=\"OOCR \u0160ari\u0161\" \/>\n<meta property=\"og:image\" content=\"https:\/\/www.regionsaris.sk\/wp-content\/uploads\/2026\/01\/GK-biskup-palac-600x400-1.jpg\" \/>\n\t<meta property=\"og:image:width\" content=\"600\" \/>\n\t<meta property=\"og:image:height\" content=\"400\" \/>\n\t<meta property=\"og:image:type\" content=\"image\/jpeg\" \/>\n<meta name=\"twitter:card\" content=\"summary_large_image\" \/>\n<meta name=\"twitter:label1\" content=\"Tempo di lettura stimato\" \/>\n\t<meta name=\"twitter:data1\" content=\"1 minuto\" \/>\n<script type=\"application\/ld+json\" class=\"yoast-schema-graph\">{\"@context\":\"https:\/\/schema.org\",\"@graph\":[{\"@type\":\"WebPage\",\"@id\":\"https:\/\/www.regionsaris.sk\/historia\/greckokatolicky-biskupsky-palac\/\",\"url\":\"https:\/\/www.regionsaris.sk\/historia\/greckokatolicky-biskupsky-palac\/\",\"name\":\"Gr\u00e9ckokatol\u00edcky biskupsk\u00fd pal\u00e1c - OOCR \u0160ari\u0161\",\"isPartOf\":{\"@id\":\"https:\/\/www.regionsaris.sk\/#website\"},\"primaryImageOfPage\":{\"@id\":\"https:\/\/www.regionsaris.sk\/historia\/greckokatolicky-biskupsky-palac\/#primaryimage\"},\"image\":{\"@id\":\"https:\/\/www.regionsaris.sk\/historia\/greckokatolicky-biskupsky-palac\/#primaryimage\"},\"thumbnailUrl\":\"https:\/\/www.regionsaris.sk\/wp-content\/uploads\/2026\/01\/GK-biskup-palac-600x400-1.jpg\",\"datePublished\":\"2020-05-29T10:56:50+00:00\",\"breadcrumb\":{\"@id\":\"https:\/\/www.regionsaris.sk\/historia\/greckokatolicky-biskupsky-palac\/#breadcrumb\"},\"inLanguage\":\"it-IT\",\"potentialAction\":[{\"@type\":\"ReadAction\",\"target\":[\"https:\/\/www.regionsaris.sk\/historia\/greckokatolicky-biskupsky-palac\/\"]}]},{\"@type\":\"ImageObject\",\"inLanguage\":\"it-IT\",\"@id\":\"https:\/\/www.regionsaris.sk\/historia\/greckokatolicky-biskupsky-palac\/#primaryimage\",\"url\":\"https:\/\/www.regionsaris.sk\/wp-content\/uploads\/2026\/01\/GK-biskup-palac-600x400-1.jpg\",\"contentUrl\":\"https:\/\/www.regionsaris.sk\/wp-content\/uploads\/2026\/01\/GK-biskup-palac-600x400-1.jpg\",\"width\":600,\"height\":400},{\"@type\":\"BreadcrumbList\",\"@id\":\"https:\/\/www.regionsaris.sk\/historia\/greckokatolicky-biskupsky-palac\/#breadcrumb\",\"itemListElement\":[{\"@type\":\"ListItem\",\"position\":1,\"name\":\"Domov\",\"item\":\"https:\/\/www.regionsaris.sk\/\"},{\"@type\":\"ListItem\",\"position\":2,\"name\":\"Hist\u00f3ria regi\u00f3nu\",\"item\":\"https:\/\/www.regionsaris.sk\/historia-regionu\/\"},{\"@type\":\"ListItem\",\"position\":3,\"name\":\"Gr\u00e9ckokatol\u00edcky biskupsk\u00fd pal\u00e1c\"}]},{\"@type\":\"WebSite\",\"@id\":\"https:\/\/www.regionsaris.sk\/#website\",\"url\":\"https:\/\/www.regionsaris.sk\/\",\"name\":\"OOCR \u0160ari\u0161\",\"description\":\"\",\"potentialAction\":[{\"@type\":\"SearchAction\",\"target\":{\"@type\":\"EntryPoint\",\"urlTemplate\":\"https:\/\/www.regionsaris.sk\/?s={search_term_string}\"},\"query-input\":{\"@type\":\"PropertyValueSpecification\",\"valueRequired\":true,\"valueName\":\"search_term_string\"}}],\"inLanguage\":\"it-IT\"}]}<\/script>\n<!-- \/ Yoast SEO Premium plugin. -->","yoast_head_json":{"title":"Gr\u00e9ckokatol\u00edcky biskupsk\u00fd pal\u00e1c - OOCR \u0160ari\u0161","robots":{"index":"index","follow":"follow","max-snippet":"max-snippet:-1","max-image-preview":"max-image-preview:large","max-video-preview":"max-video-preview:-1"},"canonical":"https:\/\/www.regionsaris.sk\/it\/historia\/greckokatolicky-biskupsky-palac\/","og_locale":"it_IT","og_type":"article","og_title":"Gr\u00e9ckokatol\u00edcky biskupsk\u00fd pal\u00e1c","og_description":"Biskupsk\u00fd pal\u00e1c vznikol z b\u00fdval\u00e9ho kl\u00e1\u0161tora minoritov. Jeho hist\u00f3ria sa za\u010dala p\u00edsa\u0165 prestavbou budovy mestsk\u00e9ho...","og_url":"https:\/\/www.regionsaris.sk\/it\/historia\/greckokatolicky-biskupsky-palac\/","og_site_name":"OOCR \u0160ari\u0161","og_image":[{"width":600,"height":400,"url":"https:\/\/www.regionsaris.sk\/wp-content\/uploads\/2026\/01\/GK-biskup-palac-600x400-1.jpg","type":"image\/jpeg"}],"twitter_card":"summary_large_image","twitter_misc":{"Tempo di lettura stimato":"1 minuto"},"schema":{"@context":"https:\/\/schema.org","@graph":[{"@type":"WebPage","@id":"https:\/\/www.regionsaris.sk\/historia\/greckokatolicky-biskupsky-palac\/","url":"https:\/\/www.regionsaris.sk\/historia\/greckokatolicky-biskupsky-palac\/","name":"Gr\u00e9ckokatol\u00edcky biskupsk\u00fd pal\u00e1c - OOCR \u0160ari\u0161","isPartOf":{"@id":"https:\/\/www.regionsaris.sk\/#website"},"primaryImageOfPage":{"@id":"https:\/\/www.regionsaris.sk\/historia\/greckokatolicky-biskupsky-palac\/#primaryimage"},"image":{"@id":"https:\/\/www.regionsaris.sk\/historia\/greckokatolicky-biskupsky-palac\/#primaryimage"},"thumbnailUrl":"https:\/\/www.regionsaris.sk\/wp-content\/uploads\/2026\/01\/GK-biskup-palac-600x400-1.jpg","datePublished":"2020-05-29T10:56:50+00:00","breadcrumb":{"@id":"https:\/\/www.regionsaris.sk\/historia\/greckokatolicky-biskupsky-palac\/#breadcrumb"},"inLanguage":"it-IT","potentialAction":[{"@type":"ReadAction","target":["https:\/\/www.regionsaris.sk\/historia\/greckokatolicky-biskupsky-palac\/"]}]},{"@type":"ImageObject","inLanguage":"it-IT","@id":"https:\/\/www.regionsaris.sk\/historia\/greckokatolicky-biskupsky-palac\/#primaryimage","url":"https:\/\/www.regionsaris.sk\/wp-content\/uploads\/2026\/01\/GK-biskup-palac-600x400-1.jpg","contentUrl":"https:\/\/www.regionsaris.sk\/wp-content\/uploads\/2026\/01\/GK-biskup-palac-600x400-1.jpg","width":600,"height":400},{"@type":"BreadcrumbList","@id":"https:\/\/www.regionsaris.sk\/historia\/greckokatolicky-biskupsky-palac\/#breadcrumb","itemListElement":[{"@type":"ListItem","position":1,"name":"Domov","item":"https:\/\/www.regionsaris.sk\/"},{"@type":"ListItem","position":2,"name":"Hist\u00f3ria regi\u00f3nu","item":"https:\/\/www.regionsaris.sk\/historia-regionu\/"},{"@type":"ListItem","position":3,"name":"Gr\u00e9ckokatol\u00edcky biskupsk\u00fd pal\u00e1c"}]},{"@type":"WebSite","@id":"https:\/\/www.regionsaris.sk\/#website","url":"https:\/\/www.regionsaris.sk\/","name":"OOCR \u0160ari\u0161","description":"","potentialAction":[{"@type":"SearchAction","target":{"@type":"EntryPoint","urlTemplate":"https:\/\/www.regionsaris.sk\/?s={search_term_string}"},"query-input":{"@type":"PropertyValueSpecification","valueRequired":true,"valueName":"search_term_string"}}],"inLanguage":"it-IT"}]}},"_links":{"self":[{"href":"https:\/\/www.regionsaris.sk\/it\/wp-json\/wp\/v2\/historia\/2039","targetHints":{"allow":["GET"]}}],"collection":[{"href":"https:\/\/www.regionsaris.sk\/it\/wp-json\/wp\/v2\/historia"}],"about":[{"href":"https:\/\/www.regionsaris.sk\/it\/wp-json\/wp\/v2\/types\/historia"}],"wp:featuredmedia":[{"embeddable":true,"href":"https:\/\/www.regionsaris.sk\/it\/wp-json\/wp\/v2\/media\/1116"}],"wp:attachment":[{"href":"https:\/\/www.regionsaris.sk\/it\/wp-json\/wp\/v2\/media?parent=2039"}],"wp:term":[{"taxonomy":"kategoria-poi","embeddable":true,"href":"https:\/\/www.regionsaris.sk\/it\/wp-json\/wp\/v2\/kategoria-poi?post=2039"},{"taxonomy":"lokalita","embeddable":true,"href":"https:\/\/www.regionsaris.sk\/it\/wp-json\/wp\/v2\/lokalita?post=2039"},{"taxonomy":"sezona-poi","embeddable":true,"href":"https:\/\/www.regionsaris.sk\/it\/wp-json\/wp\/v2\/sezona-poi?post=2039"},{"taxonomy":"trvanie-vyletu","embeddable":true,"href":"https:\/\/www.regionsaris.sk\/it\/wp-json\/wp\/v2\/trvanie-vyletu?post=2039"}],"curies":[{"name":"wp","href":"https:\/\/api.w.org\/{rel}","templated":true}]}}

<p>Il Palazzo Vescovile è stato ricavato da un ex monastero minoritico. La sua storia è iniziata con la conversione dell'ospedale e dell'ospizio della città in un nuovo monastero, acquisito dai Minoriti nel 1673. L'attività dei Minoriti a Prešov terminò con il decreto dell'imperatore Giuseppe II del 12 luglio 1787, con il quale il monastero fu sciolto, nonostante le suppliche del magistrato cittadino e del vescovo di Jagiellon al monarca stesso.<br>Nel 1791, la sede del vicariato greco-cattolico fu trasferita da Košice a Prešov, nei locali dell'ex monastero minorita. Il 22 settembre 1818, Papa Pio VII emanò la bolla Relata semper, che istituiva la sede vescovile greco-cattolica a Prešov. L'intero complesso dell'ex monastero fu quindi assegnato al primo vescovo della neonata diocesi di Prešov, Gregor Tarkovič, nel 1821. Nel 1848, Jozef Gaganec, il secondo vescovo di Prešov, fece ricostruire ampiamente la residenza, dando vita all'attuale edificio a due piani con una facciata classica. Sopra l'ingresso principale si trovava un grande scudo triangolare (timpano) con la scritta <strong>„Sua Maestà Ferdinando V, Re d'Ungheria, per grazia costruita nel 1848“.“</strong>, Sopra l'iscrizione si trova uno stemma in rilievo del vescovado greco-cattolico, circondato da una catena vescovile e da una croce fissata su di essa. La parte centrale dell'edificio è dominata da una grande cupola. Il palazzo è attualmente la sede dell'arcivescovado greco-cattolico.</p>



<p>Il Palazzo episcopale greco-cattolico è parte del <a href="https://www.sarisskahradnacesta.sk/">Strade del castello di Šariš</a>.</p>



<p>Foto: OOCR Región Šariš, pis.sk, grtkapo.sk, Jozef Kotulič</p>

<!-- This site is optimized with the Yoast SEO Premium plugin v26.3 (Yoast SEO v26.8) - https://yoast.com/product/yoast-seo-premium-wordpress/ -->
<title>Gréckokatolícky biskupský palác - OOCR Šariš</title>
<meta name="robots" content="index, follow, max-snippet:-1, max-image-preview:large, max-video-preview:-1" />
<link rel="canonical" href="https://www.regionsaris.sk/it/historia/greckokatolicky-biskupsky-palac/" />
<meta property="og:locale" content="it_IT" />
<meta property="og:type" content="article" />
<meta property="og:title" content="Gréckokatolícky biskupský palác" />
<meta property="og:description" content="Biskupský palác vznikol z bývalého kláštora minoritov. Jeho história sa začala písať prestavbou budovy mestského..." />
<meta property="og:url" content="https://www.regionsaris.sk/it/historia/greckokatolicky-biskupsky-palac/" />
<meta property="og:site_name" content="OOCR Šariš" />
<meta property="og:image" content="https://www.regionsaris.sk/wp-content/uploads/2026/01/GK-biskup-palac-600x400-1.jpg" />
	<meta property="og:image:width" content="600" />
	<meta property="og:image:height" content="400" />
	<meta property="og:image:type" content="image/jpeg" />
<meta name="twitter:card" content="summary_large_image" />
<meta name="twitter:label1" content="Tempo di lettura stimato" />
	<meta name="twitter:data1" content="1 minuto" />
<script type="application/ld+json" class="yoast-schema-graph">{"@context":"https://schema.org","@graph":[{"@type":"WebPage","@id":"https://www.regionsaris.sk/historia/greckokatolicky-biskupsky-palac/","url":"https://www.regionsaris.sk/historia/greckokatolicky-biskupsky-palac/","name":"Gréckokatolícky biskupský palác - OOCR Šariš","isPartOf":{"@id":"https://www.regionsaris.sk/#website"},"primaryImageOfPage":{"@id":"https://www.regionsaris.sk/historia/greckokatolicky-biskupsky-palac/#primaryimage"},"image":{"@id":"https://www.regionsaris.sk/historia/greckokatolicky-biskupsky-palac/#primaryimage"},"thumbnailUrl":"https://www.regionsaris.sk/wp-content/uploads/2026/01/GK-biskup-palac-600x400-1.jpg","datePublished":"2020-05-29T10:56:50+00:00","breadcrumb":{"@id":"https://www.regionsaris.sk/historia/greckokatolicky-biskupsky-palac/#breadcrumb"},"inLanguage":"it-IT","potentialAction":[{"@type":"ReadAction","target":["https://www.regionsaris.sk/historia/greckokatolicky-biskupsky-palac/"]}]},{"@type":"ImageObject","inLanguage":"it-IT","@id":"https://www.regionsaris.sk/historia/greckokatolicky-biskupsky-palac/#primaryimage","url":"https://www.regionsaris.sk/wp-content/uploads/2026/01/GK-biskup-palac-600x400-1.jpg","contentUrl":"https://www.regionsaris.sk/wp-content/uploads/2026/01/GK-biskup-palac-600x400-1.jpg","width":600,"height":400},{"@type":"BreadcrumbList","@id":"https://www.regionsaris.sk/historia/greckokatolicky-biskupsky-palac/#breadcrumb","itemListElement":[{"@type":"ListItem","position":1,"name":"Domov","item":"https://www.regionsaris.sk/"},{"@type":"ListItem","position":2,"name":"História regiónu","item":"https://www.regionsaris.sk/historia-regionu/"},{"@type":"ListItem","position":3,"name":"Gréckokatolícky biskupský palác"}]},{"@type":"WebSite","@id":"https://www.regionsaris.sk/#website","url":"https://www.regionsaris.sk/","name":"OOCR Šariš","description":"","potentialAction":[{"@type":"SearchAction","target":{"@type":"EntryPoint","urlTemplate":"https://www.regionsaris.sk/?s={search_term_string}"},"query-input":{"@type":"PropertyValueSpecification","valueRequired":true,"valueName":"search_term_string"}}],"inLanguage":"it-IT"}]}</script>
<!-- / Yoast SEO Premium plugin. -->

Gréckokatolícky biskupský palác - OOCR Šariš

Gréckokatolícky biskupský palác

Biskupský palác vznikol z bývalého kláštora minoritov. Jeho história sa začala písať prestavbou budovy mestského...

OOCR Šariš

História regiónu
