{"id":2033,"date":"2020-05-29T10:48:41","date_gmt":"2020-05-29T09:48:41","guid":{"rendered":"https:\/\/www.regionsaris.sk\/historia\/radnica-v-presove\/"},"modified":"2020-05-29T10:48:41","modified_gmt":"2020-05-29T09:48:41","slug":"radnica-v-presove","status":"publish","type":"historia","link":"https:\/\/www.regionsaris.sk\/it\/historia\/radnica-v-presove\/","title":{"rendered":"Municipio di Pre\u0161ov"},"content":{"rendered":"Il municipio della Pre\u0161ov medievale si trovava originariamente in una posizione diversa. Si trattava di un edificio indipendente a due piani in pietra, costruito nel luogo in cui oggi si trova il parco con il monumento all'Armata Rossa. Tuttavia, nel corso del XVII secolo, per ragioni sconosciute (probabilmente danni causati da incendi), il magistrato lo abbandon\u00f2 e si trasfer\u00ec nell'edificio che ancora oggi serve a questo scopo. Non si conosce l'aspetto esatto del municipio originario, di cui si \u00e8 conservato solo lo stemma cittadino in pietra della prima met\u00e0 del XVI secolo, collocato secondariamente nel portale del municipio successivo. Nel Medioevo il nuovo edificio era una splendida residenza cittadina. All'inizio del XVI secolo fu trasformato in cantina comunale e serv\u00ec a questo scopo per quasi due secoli. Del periodo gotico si sono conservati solo alcuni frammenti degli interni, il portale e il rivestimento tardogotico del piano terra. Nella seconda met\u00e0 del XVI secolo, la cantina fu ampliata con un'estensione sul passaggio stradale che collegava i due quartieri della piazza e fu ricostruita in stile rinascimentale. Gli interni furono quindi coperti da archi rinascimentali e l'edificio fu rifinito con un ricco attico a timpano. Un'accurata ricostruzione segu\u00ec l'incendio del 1768. L'edificio fu completato nel 1788, quando assunse un aspetto tardo-barocco con una tipica facciata con alte finestre e un balcone. L'ultima ricostruzione avvenne dopo il grande incendio del 1887. In quell'occasione fu aggiunto il secondo piano. Dopo l'occupazione della citt\u00e0 e di gran parte della Slovacchia orientale da parte dell'Armata Rossa ungherese, il 16 giugno 1919 dal suo balcone fu proclamata la Repubblica Slovacca. Dal 1945 l'edificio ha ospitato il Comitato Nazionale Comunale, dal 1990 l'Ufficio Comunale. Nel 1961 il municipio \u00e8 stato inserito nell'elenco dei monumenti culturali nazionali.\n<div class=\"row mt-40 place-gallery\"><\/div>","protected":false},"featured_media":1086,"template":"","meta":{"_acf_changed":false},"kategoria-poi":[105,104,102,107],"lokalita":[26],"sezona-poi":[],"trvanie-vyletu":[],"class_list":["post-2033","historia","type-historia","status-publish","has-post-thumbnail","hentry","kategoria-poi-historia","kategoria-poi-mesta","kategoria-poi-prirodne-krasy","kategoria-poi-turistika","lokalita-mesto-presov"],"acf":[],"yoast_head":"<!-- This site is optimized with the Yoast SEO Premium plugin v26.3 (Yoast SEO v26.8) - https:\/\/yoast.com\/product\/yoast-seo-premium-wordpress\/ -->\n<title>Radnica v Pre\u0161ove - OOCR \u0160ari\u0161<\/title>\n<meta name=\"robots\" content=\"index, follow, max-snippet:-1, max-image-preview:large, max-video-preview:-1\" \/>\n<link rel=\"canonical\" href=\"https:\/\/www.regionsaris.sk\/it\/historia\/radnica-v-presove\/\" \/>\n<meta property=\"og:locale\" content=\"it_IT\" \/>\n<meta property=\"og:type\" content=\"article\" \/>\n<meta property=\"og:title\" content=\"Radnica v Pre\u0161ove\" \/>\n<meta property=\"og:description\" content=\"Radnica stredovek\u00e9ho Pre\u0161ova st\u00e1la p\u00f4vodne na inom mieste. Bola to samostatne stojaca dvojpodla\u017en\u00e1 kamenn\u00e1 budova,...\" \/>\n<meta property=\"og:url\" content=\"https:\/\/www.regionsaris.sk\/it\/historia\/radnica-v-presove\/\" \/>\n<meta property=\"og:site_name\" content=\"OOCR \u0160ari\u0161\" \/>\n<meta property=\"og:image\" content=\"https:\/\/www.regionsaris.sk\/wp-content\/uploads\/2026\/01\/Radnica-Presov-600x400-1.jpg\" \/>\n\t<meta property=\"og:image:width\" content=\"600\" \/>\n\t<meta property=\"og:image:height\" content=\"400\" \/>\n\t<meta property=\"og:image:type\" content=\"image\/jpeg\" \/>\n<meta name=\"twitter:card\" content=\"summary_large_image\" \/>\n<meta name=\"twitter:label1\" content=\"Tempo di lettura stimato\" \/>\n\t<meta name=\"twitter:data1\" content=\"2 minuti\" \/>\n<script type=\"application\/ld+json\" class=\"yoast-schema-graph\">{\"@context\":\"https:\/\/schema.org\",\"@graph\":[{\"@type\":\"WebPage\",\"@id\":\"https:\/\/www.regionsaris.sk\/historia\/radnica-v-presove\/\",\"url\":\"https:\/\/www.regionsaris.sk\/historia\/radnica-v-presove\/\",\"name\":\"Radnica v Pre\u0161ove - OOCR \u0160ari\u0161\",\"isPartOf\":{\"@id\":\"https:\/\/www.regionsaris.sk\/#website\"},\"primaryImageOfPage\":{\"@id\":\"https:\/\/www.regionsaris.sk\/historia\/radnica-v-presove\/#primaryimage\"},\"image\":{\"@id\":\"https:\/\/www.regionsaris.sk\/historia\/radnica-v-presove\/#primaryimage\"},\"thumbnailUrl\":\"https:\/\/www.regionsaris.sk\/wp-content\/uploads\/2026\/01\/Radnica-Presov-600x400-1.jpg\",\"datePublished\":\"2020-05-29T09:48:41+00:00\",\"breadcrumb\":{\"@id\":\"https:\/\/www.regionsaris.sk\/historia\/radnica-v-presove\/#breadcrumb\"},\"inLanguage\":\"it-IT\",\"potentialAction\":[{\"@type\":\"ReadAction\",\"target\":[\"https:\/\/www.regionsaris.sk\/historia\/radnica-v-presove\/\"]}]},{\"@type\":\"ImageObject\",\"inLanguage\":\"it-IT\",\"@id\":\"https:\/\/www.regionsaris.sk\/historia\/radnica-v-presove\/#primaryimage\",\"url\":\"https:\/\/www.regionsaris.sk\/wp-content\/uploads\/2026\/01\/Radnica-Presov-600x400-1.jpg\",\"contentUrl\":\"https:\/\/www.regionsaris.sk\/wp-content\/uploads\/2026\/01\/Radnica-Presov-600x400-1.jpg\",\"width\":600,\"height\":400},{\"@type\":\"BreadcrumbList\",\"@id\":\"https:\/\/www.regionsaris.sk\/historia\/radnica-v-presove\/#breadcrumb\",\"itemListElement\":[{\"@type\":\"ListItem\",\"position\":1,\"name\":\"Domov\",\"item\":\"https:\/\/www.regionsaris.sk\/\"},{\"@type\":\"ListItem\",\"position\":2,\"name\":\"Hist\u00f3ria regi\u00f3nu\",\"item\":\"https:\/\/www.regionsaris.sk\/historia-regionu\/\"},{\"@type\":\"ListItem\",\"position\":3,\"name\":\"Radnica v Pre\u0161ove\"}]},{\"@type\":\"WebSite\",\"@id\":\"https:\/\/www.regionsaris.sk\/#website\",\"url\":\"https:\/\/www.regionsaris.sk\/\",\"name\":\"OOCR \u0160ari\u0161\",\"description\":\"\",\"potentialAction\":[{\"@type\":\"SearchAction\",\"target\":{\"@type\":\"EntryPoint\",\"urlTemplate\":\"https:\/\/www.regionsaris.sk\/?s={search_term_string}\"},\"query-input\":{\"@type\":\"PropertyValueSpecification\",\"valueRequired\":true,\"valueName\":\"search_term_string\"}}],\"inLanguage\":\"it-IT\"}]}<\/script>\n<!-- \/ Yoast SEO Premium plugin. -->","yoast_head_json":{"title":"Radnica v Pre\u0161ove - OOCR \u0160ari\u0161","robots":{"index":"index","follow":"follow","max-snippet":"max-snippet:-1","max-image-preview":"max-image-preview:large","max-video-preview":"max-video-preview:-1"},"canonical":"https:\/\/www.regionsaris.sk\/it\/historia\/radnica-v-presove\/","og_locale":"it_IT","og_type":"article","og_title":"Radnica v Pre\u0161ove","og_description":"Radnica stredovek\u00e9ho Pre\u0161ova st\u00e1la p\u00f4vodne na inom mieste. Bola to samostatne stojaca dvojpodla\u017en\u00e1 kamenn\u00e1 budova,...","og_url":"https:\/\/www.regionsaris.sk\/it\/historia\/radnica-v-presove\/","og_site_name":"OOCR \u0160ari\u0161","og_image":[{"width":600,"height":400,"url":"https:\/\/www.regionsaris.sk\/wp-content\/uploads\/2026\/01\/Radnica-Presov-600x400-1.jpg","type":"image\/jpeg"}],"twitter_card":"summary_large_image","twitter_misc":{"Tempo di lettura stimato":"2 minuti"},"schema":{"@context":"https:\/\/schema.org","@graph":[{"@type":"WebPage","@id":"https:\/\/www.regionsaris.sk\/historia\/radnica-v-presove\/","url":"https:\/\/www.regionsaris.sk\/historia\/radnica-v-presove\/","name":"Radnica v Pre\u0161ove - OOCR \u0160ari\u0161","isPartOf":{"@id":"https:\/\/www.regionsaris.sk\/#website"},"primaryImageOfPage":{"@id":"https:\/\/www.regionsaris.sk\/historia\/radnica-v-presove\/#primaryimage"},"image":{"@id":"https:\/\/www.regionsaris.sk\/historia\/radnica-v-presove\/#primaryimage"},"thumbnailUrl":"https:\/\/www.regionsaris.sk\/wp-content\/uploads\/2026\/01\/Radnica-Presov-600x400-1.jpg","datePublished":"2020-05-29T09:48:41+00:00","breadcrumb":{"@id":"https:\/\/www.regionsaris.sk\/historia\/radnica-v-presove\/#breadcrumb"},"inLanguage":"it-IT","potentialAction":[{"@type":"ReadAction","target":["https:\/\/www.regionsaris.sk\/historia\/radnica-v-presove\/"]}]},{"@type":"ImageObject","inLanguage":"it-IT","@id":"https:\/\/www.regionsaris.sk\/historia\/radnica-v-presove\/#primaryimage","url":"https:\/\/www.regionsaris.sk\/wp-content\/uploads\/2026\/01\/Radnica-Presov-600x400-1.jpg","contentUrl":"https:\/\/www.regionsaris.sk\/wp-content\/uploads\/2026\/01\/Radnica-Presov-600x400-1.jpg","width":600,"height":400},{"@type":"BreadcrumbList","@id":"https:\/\/www.regionsaris.sk\/historia\/radnica-v-presove\/#breadcrumb","itemListElement":[{"@type":"ListItem","position":1,"name":"Domov","item":"https:\/\/www.regionsaris.sk\/"},{"@type":"ListItem","position":2,"name":"Hist\u00f3ria regi\u00f3nu","item":"https:\/\/www.regionsaris.sk\/historia-regionu\/"},{"@type":"ListItem","position":3,"name":"Radnica v Pre\u0161ove"}]},{"@type":"WebSite","@id":"https:\/\/www.regionsaris.sk\/#website","url":"https:\/\/www.regionsaris.sk\/","name":"OOCR \u0160ari\u0161","description":"","potentialAction":[{"@type":"SearchAction","target":{"@type":"EntryPoint","urlTemplate":"https:\/\/www.regionsaris.sk\/?s={search_term_string}"},"query-input":{"@type":"PropertyValueSpecification","valueRequired":true,"valueName":"search_term_string"}}],"inLanguage":"it-IT"}]}},"_links":{"self":[{"href":"https:\/\/www.regionsaris.sk\/it\/wp-json\/wp\/v2\/historia\/2033","targetHints":{"allow":["GET"]}}],"collection":[{"href":"https:\/\/www.regionsaris.sk\/it\/wp-json\/wp\/v2\/historia"}],"about":[{"href":"https:\/\/www.regionsaris.sk\/it\/wp-json\/wp\/v2\/types\/historia"}],"wp:featuredmedia":[{"embeddable":true,"href":"https:\/\/www.regionsaris.sk\/it\/wp-json\/wp\/v2\/media\/1086"}],"wp:attachment":[{"href":"https:\/\/www.regionsaris.sk\/it\/wp-json\/wp\/v2\/media?parent=2033"}],"wp:term":[{"taxonomy":"kategoria-poi","embeddable":true,"href":"https:\/\/www.regionsaris.sk\/it\/wp-json\/wp\/v2\/kategoria-poi?post=2033"},{"taxonomy":"lokalita","embeddable":true,"href":"https:\/\/www.regionsaris.sk\/it\/wp-json\/wp\/v2\/lokalita?post=2033"},{"taxonomy":"sezona-poi","embeddable":true,"href":"https:\/\/www.regionsaris.sk\/it\/wp-json\/wp\/v2\/sezona-poi?post=2033"},{"taxonomy":"trvanie-vyletu","embeddable":true,"href":"https:\/\/www.regionsaris.sk\/it\/wp-json\/wp\/v2\/trvanie-vyletu?post=2033"}],"curies":[{"name":"wp","href":"https:\/\/api.w.org\/{rel}","templated":true}]}}

Municipio di Prešov

Il municipio della Prešov medievale si trovava originariamente in una posizione diversa. Si trattava di un edificio indipendente a due piani in pietra, costruito nel luogo in cui oggi si trova il parco con il monumento all'Armata Rossa. Tuttavia, nel corso del XVII secolo, per ragioni sconosciute (probabilmente danni causati da incendi), il magistrato lo abbandonò e si trasferì nell'edificio che ancora oggi serve a questo scopo. Non si conosce l'aspetto esatto del municipio originario, di cui si è conservato solo lo stemma cittadino in pietra della prima metà del XVI secolo, collocato secondariamente nel portale del municipio successivo. Nel Medioevo il nuovo edificio era una splendida residenza cittadina. All'inizio del XVI secolo fu trasformato in cantina comunale e servì a questo scopo per quasi due secoli. Del periodo gotico si sono conservati solo alcuni frammenti degli interni, il portale e il rivestimento tardogotico del piano terra. Nella seconda metà del XVI secolo, la cantina fu ampliata con un'estensione sul passaggio stradale che collegava i due quartieri della piazza e fu ricostruita in stile rinascimentale. Gli interni furono quindi coperti da archi rinascimentali e l'edificio fu rifinito con un ricco attico a timpano. Un'accurata ricostruzione seguì l'incendio del 1768. L'edificio fu completato nel 1788, quando assunse un aspetto tardo-barocco con una tipica facciata con alte finestre e un balcone. L'ultima ricostruzione avvenne dopo il grande incendio del 1887. In quell'occasione fu aggiunto il secondo piano. Dopo l'occupazione della città e di gran parte della Slovacchia orientale da parte dell'Armata Rossa ungherese, il 16 giugno 1919 dal suo balcone fu proclamata la Repubblica Slovacca. Dal 1945 l'edificio ha ospitato il Comitato Nazionale Comunale, dal 1990 l'Ufficio Comunale. Nel 1961 il municipio è stato inserito nell'elenco dei monumenti culturali nazionali.
<div class="row mt-40 place-gallery"></div>

<!-- This site is optimized with the Yoast SEO Premium plugin v26.3 (Yoast SEO v26.8) - https://yoast.com/product/yoast-seo-premium-wordpress/ -->
<title>Radnica v Prešove - OOCR Šariš</title>
<meta name="robots" content="index, follow, max-snippet:-1, max-image-preview:large, max-video-preview:-1" />
<link rel="canonical" href="https://www.regionsaris.sk/it/historia/radnica-v-presove/" />
<meta property="og:locale" content="it_IT" />
<meta property="og:type" content="article" />
<meta property="og:title" content="Radnica v Prešove" />
<meta property="og:description" content="Radnica stredovekého Prešova stála pôvodne na inom mieste. Bola to samostatne stojaca dvojpodlažná kamenná budova,..." />
<meta property="og:url" content="https://www.regionsaris.sk/it/historia/radnica-v-presove/" />
<meta property="og:site_name" content="OOCR Šariš" />
<meta property="og:image" content="https://www.regionsaris.sk/wp-content/uploads/2026/01/Radnica-Presov-600x400-1.jpg" />
	<meta property="og:image:width" content="600" />
	<meta property="og:image:height" content="400" />
	<meta property="og:image:type" content="image/jpeg" />
<meta name="twitter:card" content="summary_large_image" />
<meta name="twitter:label1" content="Tempo di lettura stimato" />
	<meta name="twitter:data1" content="2 minuti" />
<script type="application/ld+json" class="yoast-schema-graph">{"@context":"https://schema.org","@graph":[{"@type":"WebPage","@id":"https://www.regionsaris.sk/historia/radnica-v-presove/","url":"https://www.regionsaris.sk/historia/radnica-v-presove/","name":"Radnica v Prešove - OOCR Šariš","isPartOf":{"@id":"https://www.regionsaris.sk/#website"},"primaryImageOfPage":{"@id":"https://www.regionsaris.sk/historia/radnica-v-presove/#primaryimage"},"image":{"@id":"https://www.regionsaris.sk/historia/radnica-v-presove/#primaryimage"},"thumbnailUrl":"https://www.regionsaris.sk/wp-content/uploads/2026/01/Radnica-Presov-600x400-1.jpg","datePublished":"2020-05-29T09:48:41+00:00","breadcrumb":{"@id":"https://www.regionsaris.sk/historia/radnica-v-presove/#breadcrumb"},"inLanguage":"it-IT","potentialAction":[{"@type":"ReadAction","target":["https://www.regionsaris.sk/historia/radnica-v-presove/"]}]},{"@type":"ImageObject","inLanguage":"it-IT","@id":"https://www.regionsaris.sk/historia/radnica-v-presove/#primaryimage","url":"https://www.regionsaris.sk/wp-content/uploads/2026/01/Radnica-Presov-600x400-1.jpg","contentUrl":"https://www.regionsaris.sk/wp-content/uploads/2026/01/Radnica-Presov-600x400-1.jpg","width":600,"height":400},{"@type":"BreadcrumbList","@id":"https://www.regionsaris.sk/historia/radnica-v-presove/#breadcrumb","itemListElement":[{"@type":"ListItem","position":1,"name":"Domov","item":"https://www.regionsaris.sk/"},{"@type":"ListItem","position":2,"name":"História regiónu","item":"https://www.regionsaris.sk/historia-regionu/"},{"@type":"ListItem","position":3,"name":"Radnica v Prešove"}]},{"@type":"WebSite","@id":"https://www.regionsaris.sk/#website","url":"https://www.regionsaris.sk/","name":"OOCR Šariš","description":"","potentialAction":[{"@type":"SearchAction","target":{"@type":"EntryPoint","urlTemplate":"https://www.regionsaris.sk/?s={search_term_string}"},"query-input":{"@type":"PropertyValueSpecification","valueRequired":true,"valueName":"search_term_string"}}],"inLanguage":"it-IT"}]}</script>
<!-- / Yoast SEO Premium plugin. -->

Radnica v Prešove - OOCR Šariš

Radnica v Prešove

Radnica stredovekého Prešova stála pôvodne na inom mieste. Bola to samostatne stojaca dvojpodlažná kamenná budova,...

OOCR Šariš

História regiónu
