{"id":2026,"date":"2020-05-29T09:53:14","date_gmt":"2020-05-29T08:53:14","guid":{"rendered":"https:\/\/www.regionsaris.sk\/historia\/evanjelicky-a-v-chram-svatej-trojice\/"},"modified":"2020-05-29T09:53:14","modified_gmt":"2020-05-29T08:53:14","slug":"evanjelicky-a-v-chram-svatej-trojice","status":"publish","type":"historia","link":"https:\/\/www.regionsaris.sk\/it\/historia\/evanjelicky-a-v-chram-svatej-trojice\/","title":{"rendered":"Chiesa evangelica della Santissima Trinit\u00e0"},"content":{"rendered":"<p>Gli evangelici e i calvinisti utilizzarono per lo pi\u00f9 vecchie chiese gotiche, gi\u00e0 cattoliche, e solo eccezionalmente ne costruirono di nuove. La prima pietra fu posta con una cerimonia il 25 luglio 1642. Per diversi anni la chiesa fu collegata da un passaggio con tetto a volta che la collegava all'ala meridionale dell'edificio del collegio protestante nel 1716. La chiesa bruci\u00f2 pi\u00f9 volte. Dell'interno della chiesa originale si sono conservati alcuni banchi rinascimentali della fine del XVII secolo e stalli (sgabelli tardo-barocchi dell'ultimo terzo del XVIII secolo). L'organo del 1642 \u00e8 uno dei pi\u00f9 bei monumenti barocchi di Pre\u0161ov. Una delle coperte, decorata con il motivo dei cardi, risale al XVIII secolo e fu esposta all'Esposizione mondiale di Parigi nel 1900. L'elemento dominante della chiesa \u00e8 l'altare costruito in stile classico nel 1865. Al centro si trova un dipinto con il tema biblico di Ges\u00f9 e la Samaritana. Il dipinto originale fu realizzato da Charles Brock\u00fd, pittore di corte della regina Vittoria di Gran Bretagna. Sotto la scalinata di sinistra si trova una cripta laterale con i resti di quattro vittime del processo di sangue di Pre\u0161ov del 1687. Nella cripta della chiesa si trovano i resti di 17 monaci e superiori gesuiti che vi furono sepolti nel XVIII secolo. Insieme al vicino Collegium Evangelico, forma una cronaca della storia della Riforma e della Controriforma. Per 89 anni i gesuiti vi furono attivi, dopo lo scioglimento del loro ordine la chiesa e il collegio furono messi all'asta e nel XVIII secolo gli evangelici riuscirono a recuperarli (a ricomprarli).<\/p>\n\n\n\n<p>Foto: OOCR Regi\u00f3n \u0160ari\u0161, Jozef Kotuli\u010d<\/p>","protected":false},"featured_media":1064,"template":"","meta":{"_acf_changed":false},"kategoria-poi":[105,169,104,168,102,107],"lokalita":[26],"sezona-poi":[],"trvanie-vyletu":[],"class_list":["post-2026","historia","type-historia","status-publish","has-post-thumbnail","hentry","kategoria-poi-historia","kategoria-poi-kostoly","kategoria-poi-mesta","kategoria-poi-nabozensky-turizmus","kategoria-poi-prirodne-krasy","kategoria-poi-turistika","lokalita-mesto-presov"],"acf":[],"yoast_head":"<!-- This site is optimized with the Yoast SEO Premium plugin v26.3 (Yoast SEO v26.8) - https:\/\/yoast.com\/product\/yoast-seo-premium-wordpress\/ -->\n<title>Evanjelick\u00fd a. v. chr\u00e1m Sv\u00e4tej Trojice - OOCR \u0160ari\u0161<\/title>\n<meta name=\"robots\" content=\"index, follow, max-snippet:-1, max-image-preview:large, max-video-preview:-1\" \/>\n<link rel=\"canonical\" href=\"https:\/\/www.regionsaris.sk\/it\/historia\/evanjelicky-a-v-chram-svatej-trojice\/\" \/>\n<meta property=\"og:locale\" content=\"it_IT\" \/>\n<meta property=\"og:type\" content=\"article\" \/>\n<meta property=\"og:title\" content=\"Evanjelick\u00fd a. v. chr\u00e1m Sv\u00e4tej Trojice\" \/>\n<meta property=\"og:description\" content=\"Evanjelici i kalv\u00edni pou\u017e\u00edvali dovtedy v\u00e4\u010d\u0161inou star\u0161ie gotick\u00e9, predt\u00fdm katol\u00edcke chr\u00e1my a iba v\u00fdnimo\u010dne si...\" \/>\n<meta property=\"og:url\" content=\"https:\/\/www.regionsaris.sk\/it\/historia\/evanjelicky-a-v-chram-svatej-trojice\/\" \/>\n<meta property=\"og:site_name\" content=\"OOCR \u0160ari\u0161\" \/>\n<meta property=\"og:image\" content=\"https:\/\/www.regionsaris.sk\/wp-content\/uploads\/2026\/01\/Chram-sv-Trojice-600x400-1.jpg\" \/>\n\t<meta property=\"og:image:width\" content=\"600\" \/>\n\t<meta property=\"og:image:height\" content=\"400\" \/>\n\t<meta property=\"og:image:type\" content=\"image\/jpeg\" \/>\n<meta name=\"twitter:card\" content=\"summary_large_image\" \/>\n<meta name=\"twitter:label1\" content=\"Tempo di lettura stimato\" \/>\n\t<meta name=\"twitter:data1\" content=\"1 minuto\" \/>\n<script type=\"application\/ld+json\" class=\"yoast-schema-graph\">{\"@context\":\"https:\/\/schema.org\",\"@graph\":[{\"@type\":\"WebPage\",\"@id\":\"https:\/\/www.regionsaris.sk\/historia\/evanjelicky-a-v-chram-svatej-trojice\/\",\"url\":\"https:\/\/www.regionsaris.sk\/historia\/evanjelicky-a-v-chram-svatej-trojice\/\",\"name\":\"Evanjelick\u00fd a. v. chr\u00e1m Sv\u00e4tej Trojice - OOCR \u0160ari\u0161\",\"isPartOf\":{\"@id\":\"https:\/\/www.regionsaris.sk\/#website\"},\"primaryImageOfPage\":{\"@id\":\"https:\/\/www.regionsaris.sk\/historia\/evanjelicky-a-v-chram-svatej-trojice\/#primaryimage\"},\"image\":{\"@id\":\"https:\/\/www.regionsaris.sk\/historia\/evanjelicky-a-v-chram-svatej-trojice\/#primaryimage\"},\"thumbnailUrl\":\"https:\/\/www.regionsaris.sk\/wp-content\/uploads\/2026\/01\/Chram-sv-Trojice-600x400-1.jpg\",\"datePublished\":\"2020-05-29T08:53:14+00:00\",\"breadcrumb\":{\"@id\":\"https:\/\/www.regionsaris.sk\/historia\/evanjelicky-a-v-chram-svatej-trojice\/#breadcrumb\"},\"inLanguage\":\"it-IT\",\"potentialAction\":[{\"@type\":\"ReadAction\",\"target\":[\"https:\/\/www.regionsaris.sk\/historia\/evanjelicky-a-v-chram-svatej-trojice\/\"]}]},{\"@type\":\"ImageObject\",\"inLanguage\":\"it-IT\",\"@id\":\"https:\/\/www.regionsaris.sk\/historia\/evanjelicky-a-v-chram-svatej-trojice\/#primaryimage\",\"url\":\"https:\/\/www.regionsaris.sk\/wp-content\/uploads\/2026\/01\/Chram-sv-Trojice-600x400-1.jpg\",\"contentUrl\":\"https:\/\/www.regionsaris.sk\/wp-content\/uploads\/2026\/01\/Chram-sv-Trojice-600x400-1.jpg\",\"width\":600,\"height\":400},{\"@type\":\"BreadcrumbList\",\"@id\":\"https:\/\/www.regionsaris.sk\/historia\/evanjelicky-a-v-chram-svatej-trojice\/#breadcrumb\",\"itemListElement\":[{\"@type\":\"ListItem\",\"position\":1,\"name\":\"Domov\",\"item\":\"https:\/\/www.regionsaris.sk\/\"},{\"@type\":\"ListItem\",\"position\":2,\"name\":\"Hist\u00f3ria regi\u00f3nu\",\"item\":\"https:\/\/www.regionsaris.sk\/historia-regionu\/\"},{\"@type\":\"ListItem\",\"position\":3,\"name\":\"Evanjelick\u00fd a. v. chr\u00e1m Sv\u00e4tej Trojice\"}]},{\"@type\":\"WebSite\",\"@id\":\"https:\/\/www.regionsaris.sk\/#website\",\"url\":\"https:\/\/www.regionsaris.sk\/\",\"name\":\"OOCR \u0160ari\u0161\",\"description\":\"\",\"potentialAction\":[{\"@type\":\"SearchAction\",\"target\":{\"@type\":\"EntryPoint\",\"urlTemplate\":\"https:\/\/www.regionsaris.sk\/?s={search_term_string}\"},\"query-input\":{\"@type\":\"PropertyValueSpecification\",\"valueRequired\":true,\"valueName\":\"search_term_string\"}}],\"inLanguage\":\"it-IT\"}]}<\/script>\n<!-- \/ Yoast SEO Premium plugin. -->","yoast_head_json":{"title":"Evanjelick\u00fd a. v. chr\u00e1m Sv\u00e4tej Trojice - OOCR \u0160ari\u0161","robots":{"index":"index","follow":"follow","max-snippet":"max-snippet:-1","max-image-preview":"max-image-preview:large","max-video-preview":"max-video-preview:-1"},"canonical":"https:\/\/www.regionsaris.sk\/it\/historia\/evanjelicky-a-v-chram-svatej-trojice\/","og_locale":"it_IT","og_type":"article","og_title":"Evanjelick\u00fd a. v. chr\u00e1m Sv\u00e4tej Trojice","og_description":"Evanjelici i kalv\u00edni pou\u017e\u00edvali dovtedy v\u00e4\u010d\u0161inou star\u0161ie gotick\u00e9, predt\u00fdm katol\u00edcke chr\u00e1my a iba v\u00fdnimo\u010dne si...","og_url":"https:\/\/www.regionsaris.sk\/it\/historia\/evanjelicky-a-v-chram-svatej-trojice\/","og_site_name":"OOCR \u0160ari\u0161","og_image":[{"width":600,"height":400,"url":"https:\/\/www.regionsaris.sk\/wp-content\/uploads\/2026\/01\/Chram-sv-Trojice-600x400-1.jpg","type":"image\/jpeg"}],"twitter_card":"summary_large_image","twitter_misc":{"Tempo di lettura stimato":"1 minuto"},"schema":{"@context":"https:\/\/schema.org","@graph":[{"@type":"WebPage","@id":"https:\/\/www.regionsaris.sk\/historia\/evanjelicky-a-v-chram-svatej-trojice\/","url":"https:\/\/www.regionsaris.sk\/historia\/evanjelicky-a-v-chram-svatej-trojice\/","name":"Evanjelick\u00fd a. v. chr\u00e1m Sv\u00e4tej Trojice - OOCR \u0160ari\u0161","isPartOf":{"@id":"https:\/\/www.regionsaris.sk\/#website"},"primaryImageOfPage":{"@id":"https:\/\/www.regionsaris.sk\/historia\/evanjelicky-a-v-chram-svatej-trojice\/#primaryimage"},"image":{"@id":"https:\/\/www.regionsaris.sk\/historia\/evanjelicky-a-v-chram-svatej-trojice\/#primaryimage"},"thumbnailUrl":"https:\/\/www.regionsaris.sk\/wp-content\/uploads\/2026\/01\/Chram-sv-Trojice-600x400-1.jpg","datePublished":"2020-05-29T08:53:14+00:00","breadcrumb":{"@id":"https:\/\/www.regionsaris.sk\/historia\/evanjelicky-a-v-chram-svatej-trojice\/#breadcrumb"},"inLanguage":"it-IT","potentialAction":[{"@type":"ReadAction","target":["https:\/\/www.regionsaris.sk\/historia\/evanjelicky-a-v-chram-svatej-trojice\/"]}]},{"@type":"ImageObject","inLanguage":"it-IT","@id":"https:\/\/www.regionsaris.sk\/historia\/evanjelicky-a-v-chram-svatej-trojice\/#primaryimage","url":"https:\/\/www.regionsaris.sk\/wp-content\/uploads\/2026\/01\/Chram-sv-Trojice-600x400-1.jpg","contentUrl":"https:\/\/www.regionsaris.sk\/wp-content\/uploads\/2026\/01\/Chram-sv-Trojice-600x400-1.jpg","width":600,"height":400},{"@type":"BreadcrumbList","@id":"https:\/\/www.regionsaris.sk\/historia\/evanjelicky-a-v-chram-svatej-trojice\/#breadcrumb","itemListElement":[{"@type":"ListItem","position":1,"name":"Domov","item":"https:\/\/www.regionsaris.sk\/"},{"@type":"ListItem","position":2,"name":"Hist\u00f3ria regi\u00f3nu","item":"https:\/\/www.regionsaris.sk\/historia-regionu\/"},{"@type":"ListItem","position":3,"name":"Evanjelick\u00fd a. v. chr\u00e1m Sv\u00e4tej Trojice"}]},{"@type":"WebSite","@id":"https:\/\/www.regionsaris.sk\/#website","url":"https:\/\/www.regionsaris.sk\/","name":"OOCR \u0160ari\u0161","description":"","potentialAction":[{"@type":"SearchAction","target":{"@type":"EntryPoint","urlTemplate":"https:\/\/www.regionsaris.sk\/?s={search_term_string}"},"query-input":{"@type":"PropertyValueSpecification","valueRequired":true,"valueName":"search_term_string"}}],"inLanguage":"it-IT"}]}},"_links":{"self":[{"href":"https:\/\/www.regionsaris.sk\/it\/wp-json\/wp\/v2\/historia\/2026","targetHints":{"allow":["GET"]}}],"collection":[{"href":"https:\/\/www.regionsaris.sk\/it\/wp-json\/wp\/v2\/historia"}],"about":[{"href":"https:\/\/www.regionsaris.sk\/it\/wp-json\/wp\/v2\/types\/historia"}],"wp:featuredmedia":[{"embeddable":true,"href":"https:\/\/www.regionsaris.sk\/it\/wp-json\/wp\/v2\/media\/1064"}],"wp:attachment":[{"href":"https:\/\/www.regionsaris.sk\/it\/wp-json\/wp\/v2\/media?parent=2026"}],"wp:term":[{"taxonomy":"kategoria-poi","embeddable":true,"href":"https:\/\/www.regionsaris.sk\/it\/wp-json\/wp\/v2\/kategoria-poi?post=2026"},{"taxonomy":"lokalita","embeddable":true,"href":"https:\/\/www.regionsaris.sk\/it\/wp-json\/wp\/v2\/lokalita?post=2026"},{"taxonomy":"sezona-poi","embeddable":true,"href":"https:\/\/www.regionsaris.sk\/it\/wp-json\/wp\/v2\/sezona-poi?post=2026"},{"taxonomy":"trvanie-vyletu","embeddable":true,"href":"https:\/\/www.regionsaris.sk\/it\/wp-json\/wp\/v2\/trvanie-vyletu?post=2026"}],"curies":[{"name":"wp","href":"https:\/\/api.w.org\/{rel}","templated":true}]}}

Chiesa evangelica della Santissima Trinità

<p>Gli evangelici e i calvinisti utilizzarono per lo più vecchie chiese gotiche, già cattoliche, e solo eccezionalmente ne costruirono di nuove. La prima pietra fu posta con una cerimonia il 25 luglio 1642. Per diversi anni la chiesa fu collegata da un passaggio con tetto a volta che la collegava all'ala meridionale dell'edificio del collegio protestante nel 1716. La chiesa bruciò più volte. Dell'interno della chiesa originale si sono conservati alcuni banchi rinascimentali della fine del XVII secolo e stalli (sgabelli tardo-barocchi dell'ultimo terzo del XVIII secolo). L'organo del 1642 è uno dei più bei monumenti barocchi di Prešov. Una delle coperte, decorata con il motivo dei cardi, risale al XVIII secolo e fu esposta all'Esposizione mondiale di Parigi nel 1900. L'elemento dominante della chiesa è l'altare costruito in stile classico nel 1865. Al centro si trova un dipinto con il tema biblico di Gesù e la Samaritana. Il dipinto originale fu realizzato da Charles Brocký, pittore di corte della regina Vittoria di Gran Bretagna. Sotto la scalinata di sinistra si trova una cripta laterale con i resti di quattro vittime del processo di sangue di Prešov del 1687. Nella cripta della chiesa si trovano i resti di 17 monaci e superiori gesuiti che vi furono sepolti nel XVIII secolo. Insieme al vicino Collegium Evangelico, forma una cronaca della storia della Riforma e della Controriforma. Per 89 anni i gesuiti vi furono attivi, dopo lo scioglimento del loro ordine la chiesa e il collegio furono messi all'asta e nel XVIII secolo gli evangelici riuscirono a recuperarli (a ricomprarli).</p>



<p>Foto: OOCR Región Šariš, Jozef Kotulič</p>

<!-- This site is optimized with the Yoast SEO Premium plugin v26.3 (Yoast SEO v26.8) - https://yoast.com/product/yoast-seo-premium-wordpress/ -->
<title>Evanjelický a. v. chrám Svätej Trojice - OOCR Šariš</title>
<meta name="robots" content="index, follow, max-snippet:-1, max-image-preview:large, max-video-preview:-1" />
<link rel="canonical" href="https://www.regionsaris.sk/it/historia/evanjelicky-a-v-chram-svatej-trojice/" />
<meta property="og:locale" content="it_IT" />
<meta property="og:type" content="article" />
<meta property="og:title" content="Evanjelický a. v. chrám Svätej Trojice" />
<meta property="og:description" content="Evanjelici i kalvíni používali dovtedy väčšinou staršie gotické, predtým katolícke chrámy a iba výnimočne si..." />
<meta property="og:url" content="https://www.regionsaris.sk/it/historia/evanjelicky-a-v-chram-svatej-trojice/" />
<meta property="og:site_name" content="OOCR Šariš" />
<meta property="og:image" content="https://www.regionsaris.sk/wp-content/uploads/2026/01/Chram-sv-Trojice-600x400-1.jpg" />
	<meta property="og:image:width" content="600" />
	<meta property="og:image:height" content="400" />
	<meta property="og:image:type" content="image/jpeg" />
<meta name="twitter:card" content="summary_large_image" />
<meta name="twitter:label1" content="Tempo di lettura stimato" />
	<meta name="twitter:data1" content="1 minuto" />
<script type="application/ld+json" class="yoast-schema-graph">{"@context":"https://schema.org","@graph":[{"@type":"WebPage","@id":"https://www.regionsaris.sk/historia/evanjelicky-a-v-chram-svatej-trojice/","url":"https://www.regionsaris.sk/historia/evanjelicky-a-v-chram-svatej-trojice/","name":"Evanjelický a. v. chrám Svätej Trojice - OOCR Šariš","isPartOf":{"@id":"https://www.regionsaris.sk/#website"},"primaryImageOfPage":{"@id":"https://www.regionsaris.sk/historia/evanjelicky-a-v-chram-svatej-trojice/#primaryimage"},"image":{"@id":"https://www.regionsaris.sk/historia/evanjelicky-a-v-chram-svatej-trojice/#primaryimage"},"thumbnailUrl":"https://www.regionsaris.sk/wp-content/uploads/2026/01/Chram-sv-Trojice-600x400-1.jpg","datePublished":"2020-05-29T08:53:14+00:00","breadcrumb":{"@id":"https://www.regionsaris.sk/historia/evanjelicky-a-v-chram-svatej-trojice/#breadcrumb"},"inLanguage":"it-IT","potentialAction":[{"@type":"ReadAction","target":["https://www.regionsaris.sk/historia/evanjelicky-a-v-chram-svatej-trojice/"]}]},{"@type":"ImageObject","inLanguage":"it-IT","@id":"https://www.regionsaris.sk/historia/evanjelicky-a-v-chram-svatej-trojice/#primaryimage","url":"https://www.regionsaris.sk/wp-content/uploads/2026/01/Chram-sv-Trojice-600x400-1.jpg","contentUrl":"https://www.regionsaris.sk/wp-content/uploads/2026/01/Chram-sv-Trojice-600x400-1.jpg","width":600,"height":400},{"@type":"BreadcrumbList","@id":"https://www.regionsaris.sk/historia/evanjelicky-a-v-chram-svatej-trojice/#breadcrumb","itemListElement":[{"@type":"ListItem","position":1,"name":"Domov","item":"https://www.regionsaris.sk/"},{"@type":"ListItem","position":2,"name":"História regiónu","item":"https://www.regionsaris.sk/historia-regionu/"},{"@type":"ListItem","position":3,"name":"Evanjelický a. v. chrám Svätej Trojice"}]},{"@type":"WebSite","@id":"https://www.regionsaris.sk/#website","url":"https://www.regionsaris.sk/","name":"OOCR Šariš","description":"","potentialAction":[{"@type":"SearchAction","target":{"@type":"EntryPoint","urlTemplate":"https://www.regionsaris.sk/?s={search_term_string}"},"query-input":{"@type":"PropertyValueSpecification","valueRequired":true,"valueName":"search_term_string"}}],"inLanguage":"it-IT"}]}</script>
<!-- / Yoast SEO Premium plugin. -->

Evanjelický a. v. chrám Svätej Trojice - OOCR Šariš

Evanjelický a. v. chrám Svätej Trojice

Evanjelici i kalvíni používali dovtedy väčšinou staršie gotické, predtým katolícke chrámy a iba výnimočne si...

OOCR Šariš

História regiónu
