{"id":2025,"date":"2020-05-29T08:46:31","date_gmt":"2020-05-29T07:46:31","guid":{"rendered":"https:\/\/www.regionsaris.sk\/historia\/konkatedrala-sv-mikulasa\/"},"modified":"2020-05-29T08:46:31","modified_gmt":"2020-05-29T07:46:31","slug":"konkatedrala-sv-mikulasa","status":"publish","type":"historia","link":"https:\/\/www.regionsaris.sk\/it\/historia\/konkatedrala-sv-mikulasa\/","title":{"rendered":"Cattedrale di San Nicola"},"content":{"rendered":"<p>Fa parte dei pi\u00f9 importanti monumenti storici di Pre\u0161ov. \u00c8 l'edificio pi\u00f9 antico e l'unico edificio sacro gotico conservato della citt\u00e0. Si tratta di una chiesa gotica a tre navate, la cosiddetta chiesa a sala, diffusa soprattutto nelle zone tedesche. In passato era considerata una delle chiese a sala pi\u00f9 perfette dell'ex Ungheria e tra gli edifici dello stesso tipo in Slovacchia si colloca per dimensioni subito dopo la Chiesa di San Giacomo a Levoca e la Cattedrale di San Martino a Bratislava. Le sue origini risalgono al periodo suburbano e probabilmente dal XIII secolo sul suo sito sorgeva una chiesa di un insediamento tedesco. La sua costruzione risale al 1347, quando la regina Elisabetta permise agli abitanti di Pre\u0161ov di estrarre la pietra a questo scopo sul territorio di \u0160ari\u0161. La chiesa bruci\u00f2 sei volte, l'ultima nel 1887. Fu una chiesa parrocchiale cattolica fino al 1531, quando la maggior parte dei cittadini e dei sacerdoti accettarono gli insegnamenti di Lutero. Per i 140 anni successivi fu una chiesa evangelica per i cittadini di nazionalit\u00e0 tedesca. Dopo l'occupazione della citt\u00e0 da parte dell'esercito asburgico nel 1671, fu trasformata in una chiesa cattolica e, durante la rivolta di Imrich T\u00f6k\u00f6li nel 1682-1686, fu resa nuovamente protestante. L'ultima volta che fu una chiesa evangelica tedesca fu durante la rivolta di Francesco II. Rakoci nel 1705-1711. Da allora \u00e8 stata una chiesa parrocchiale cattolica romana fino ai giorni nostri. Originariamente la chiesa aveva 12 altari gotici. La maggior parte di essi \u00e8 stata distrutta da incendi, ma soprattutto a causa delle lotte religiose durante i moti antiasburgici. Tra gli altri oggetti gotici presenti nella chiesa, si conservano sculture di grande valore del Crocifisso della prima met\u00e0 del XIV secolo, una statua di Cristo Sofferente dell'opera del Maestro Paolo di Levo\u010da e una scultura dell'Arcangelo Gabriele del XV secolo, presente all'Esposizione Universale di Vienna del 1873. Nel 2008 la chiesa parrocchiale di San Nicola \u00e8 stata elevata a cattedrale.<\/p>\n\n\n\n<p>Dal campanile della chiesa si gode di una vista indimenticabile sulla piazza storica di Pre\u0161ov, sui tetti delle case medievali e sulla regione circostante. Il campanile della Cattedrale di San Nicola \u00e8 aperto tutti i giorni durante la stagione estiva per gruppi e singoli.<\/p>\n\n\n\n<p>Foto: chello foto, OOCR Regione \u0160ari\u0161, Tibor \u0160ari\u0161sky Photography, Ufficio parrocchiale di Pre\u0161ov<\/p>","protected":false},"featured_media":1056,"template":"","meta":{"_acf_changed":false},"kategoria-poi":[105,169,104,168,102,107],"lokalita":[26],"sezona-poi":[],"trvanie-vyletu":[],"class_list":["post-2025","historia","type-historia","status-publish","has-post-thumbnail","hentry","kategoria-poi-historia","kategoria-poi-kostoly","kategoria-poi-mesta","kategoria-poi-nabozensky-turizmus","kategoria-poi-prirodne-krasy","kategoria-poi-turistika","lokalita-mesto-presov"],"acf":[],"yoast_head":"<!-- This site is optimized with the Yoast SEO Premium plugin v26.3 (Yoast SEO v26.8) - https:\/\/yoast.com\/product\/yoast-seo-premium-wordpress\/ -->\n<title>Konkatedr\u00e1la sv. Mikul\u00e1\u0161a - OOCR \u0160ari\u0161<\/title>\n<meta name=\"robots\" content=\"index, follow, max-snippet:-1, max-image-preview:large, max-video-preview:-1\" \/>\n<link rel=\"canonical\" href=\"https:\/\/www.regionsaris.sk\/it\/historia\/konkatedrala-sv-mikulasa\/\" \/>\n<meta property=\"og:locale\" content=\"it_IT\" \/>\n<meta property=\"og:type\" content=\"article\" \/>\n<meta property=\"og:title\" content=\"Konkatedr\u00e1la sv. Mikul\u00e1\u0161a\" \/>\n<meta property=\"og:description\" content=\"Patr\u00ed k najv\u00fdznamnej\u0161\u00edm historick\u00fdm dominant\u00e1m Pre\u0161ova. Ide o najstar\u0161iu budovu a jedin\u00fa zachovan\u00fa gotick\u00fa sakr\u00e1lnu...\" \/>\n<meta property=\"og:url\" content=\"https:\/\/www.regionsaris.sk\/it\/historia\/konkatedrala-sv-mikulasa\/\" \/>\n<meta property=\"og:site_name\" content=\"OOCR \u0160ari\u0161\" \/>\n<meta property=\"og:image\" content=\"https:\/\/www.regionsaris.sk\/wp-content\/uploads\/2026\/01\/vezamikulasa.jpg\" \/>\n\t<meta property=\"og:image:width\" content=\"1152\" \/>\n\t<meta property=\"og:image:height\" content=\"1152\" \/>\n\t<meta property=\"og:image:type\" content=\"image\/jpeg\" \/>\n<meta name=\"twitter:card\" content=\"summary_large_image\" \/>\n<meta name=\"twitter:label1\" content=\"Tempo di lettura stimato\" \/>\n\t<meta name=\"twitter:data1\" content=\"2 minuti\" \/>\n<script type=\"application\/ld+json\" class=\"yoast-schema-graph\">{\"@context\":\"https:\/\/schema.org\",\"@graph\":[{\"@type\":\"WebPage\",\"@id\":\"https:\/\/www.regionsaris.sk\/historia\/konkatedrala-sv-mikulasa\/\",\"url\":\"https:\/\/www.regionsaris.sk\/historia\/konkatedrala-sv-mikulasa\/\",\"name\":\"Konkatedr\u00e1la sv. Mikul\u00e1\u0161a - OOCR \u0160ari\u0161\",\"isPartOf\":{\"@id\":\"https:\/\/www.regionsaris.sk\/#website\"},\"primaryImageOfPage\":{\"@id\":\"https:\/\/www.regionsaris.sk\/historia\/konkatedrala-sv-mikulasa\/#primaryimage\"},\"image\":{\"@id\":\"https:\/\/www.regionsaris.sk\/historia\/konkatedrala-sv-mikulasa\/#primaryimage\"},\"thumbnailUrl\":\"https:\/\/www.regionsaris.sk\/wp-content\/uploads\/2026\/01\/vezamikulasa.jpg\",\"datePublished\":\"2020-05-29T07:46:31+00:00\",\"breadcrumb\":{\"@id\":\"https:\/\/www.regionsaris.sk\/historia\/konkatedrala-sv-mikulasa\/#breadcrumb\"},\"inLanguage\":\"it-IT\",\"potentialAction\":[{\"@type\":\"ReadAction\",\"target\":[\"https:\/\/www.regionsaris.sk\/historia\/konkatedrala-sv-mikulasa\/\"]}]},{\"@type\":\"ImageObject\",\"inLanguage\":\"it-IT\",\"@id\":\"https:\/\/www.regionsaris.sk\/historia\/konkatedrala-sv-mikulasa\/#primaryimage\",\"url\":\"https:\/\/www.regionsaris.sk\/wp-content\/uploads\/2026\/01\/vezamikulasa.jpg\",\"contentUrl\":\"https:\/\/www.regionsaris.sk\/wp-content\/uploads\/2026\/01\/vezamikulasa.jpg\",\"width\":1152,\"height\":1152},{\"@type\":\"BreadcrumbList\",\"@id\":\"https:\/\/www.regionsaris.sk\/historia\/konkatedrala-sv-mikulasa\/#breadcrumb\",\"itemListElement\":[{\"@type\":\"ListItem\",\"position\":1,\"name\":\"Domov\",\"item\":\"https:\/\/www.regionsaris.sk\/\"},{\"@type\":\"ListItem\",\"position\":2,\"name\":\"Hist\u00f3ria regi\u00f3nu\",\"item\":\"https:\/\/www.regionsaris.sk\/historia-regionu\/\"},{\"@type\":\"ListItem\",\"position\":3,\"name\":\"Konkatedr\u00e1la sv. Mikul\u00e1\u0161a\"}]},{\"@type\":\"WebSite\",\"@id\":\"https:\/\/www.regionsaris.sk\/#website\",\"url\":\"https:\/\/www.regionsaris.sk\/\",\"name\":\"OOCR \u0160ari\u0161\",\"description\":\"\",\"potentialAction\":[{\"@type\":\"SearchAction\",\"target\":{\"@type\":\"EntryPoint\",\"urlTemplate\":\"https:\/\/www.regionsaris.sk\/?s={search_term_string}\"},\"query-input\":{\"@type\":\"PropertyValueSpecification\",\"valueRequired\":true,\"valueName\":\"search_term_string\"}}],\"inLanguage\":\"it-IT\"}]}<\/script>\n<!-- \/ Yoast SEO Premium plugin. -->","yoast_head_json":{"title":"Konkatedr\u00e1la sv. Mikul\u00e1\u0161a - OOCR \u0160ari\u0161","robots":{"index":"index","follow":"follow","max-snippet":"max-snippet:-1","max-image-preview":"max-image-preview:large","max-video-preview":"max-video-preview:-1"},"canonical":"https:\/\/www.regionsaris.sk\/it\/historia\/konkatedrala-sv-mikulasa\/","og_locale":"it_IT","og_type":"article","og_title":"Konkatedr\u00e1la sv. Mikul\u00e1\u0161a","og_description":"Patr\u00ed k najv\u00fdznamnej\u0161\u00edm historick\u00fdm dominant\u00e1m Pre\u0161ova. Ide o najstar\u0161iu budovu a jedin\u00fa zachovan\u00fa gotick\u00fa sakr\u00e1lnu...","og_url":"https:\/\/www.regionsaris.sk\/it\/historia\/konkatedrala-sv-mikulasa\/","og_site_name":"OOCR \u0160ari\u0161","og_image":[{"width":1152,"height":1152,"url":"https:\/\/www.regionsaris.sk\/wp-content\/uploads\/2026\/01\/vezamikulasa.jpg","type":"image\/jpeg"}],"twitter_card":"summary_large_image","twitter_misc":{"Tempo di lettura stimato":"2 minuti"},"schema":{"@context":"https:\/\/schema.org","@graph":[{"@type":"WebPage","@id":"https:\/\/www.regionsaris.sk\/historia\/konkatedrala-sv-mikulasa\/","url":"https:\/\/www.regionsaris.sk\/historia\/konkatedrala-sv-mikulasa\/","name":"Konkatedr\u00e1la sv. Mikul\u00e1\u0161a - OOCR \u0160ari\u0161","isPartOf":{"@id":"https:\/\/www.regionsaris.sk\/#website"},"primaryImageOfPage":{"@id":"https:\/\/www.regionsaris.sk\/historia\/konkatedrala-sv-mikulasa\/#primaryimage"},"image":{"@id":"https:\/\/www.regionsaris.sk\/historia\/konkatedrala-sv-mikulasa\/#primaryimage"},"thumbnailUrl":"https:\/\/www.regionsaris.sk\/wp-content\/uploads\/2026\/01\/vezamikulasa.jpg","datePublished":"2020-05-29T07:46:31+00:00","breadcrumb":{"@id":"https:\/\/www.regionsaris.sk\/historia\/konkatedrala-sv-mikulasa\/#breadcrumb"},"inLanguage":"it-IT","potentialAction":[{"@type":"ReadAction","target":["https:\/\/www.regionsaris.sk\/historia\/konkatedrala-sv-mikulasa\/"]}]},{"@type":"ImageObject","inLanguage":"it-IT","@id":"https:\/\/www.regionsaris.sk\/historia\/konkatedrala-sv-mikulasa\/#primaryimage","url":"https:\/\/www.regionsaris.sk\/wp-content\/uploads\/2026\/01\/vezamikulasa.jpg","contentUrl":"https:\/\/www.regionsaris.sk\/wp-content\/uploads\/2026\/01\/vezamikulasa.jpg","width":1152,"height":1152},{"@type":"BreadcrumbList","@id":"https:\/\/www.regionsaris.sk\/historia\/konkatedrala-sv-mikulasa\/#breadcrumb","itemListElement":[{"@type":"ListItem","position":1,"name":"Domov","item":"https:\/\/www.regionsaris.sk\/"},{"@type":"ListItem","position":2,"name":"Hist\u00f3ria regi\u00f3nu","item":"https:\/\/www.regionsaris.sk\/historia-regionu\/"},{"@type":"ListItem","position":3,"name":"Konkatedr\u00e1la sv. Mikul\u00e1\u0161a"}]},{"@type":"WebSite","@id":"https:\/\/www.regionsaris.sk\/#website","url":"https:\/\/www.regionsaris.sk\/","name":"OOCR \u0160ari\u0161","description":"","potentialAction":[{"@type":"SearchAction","target":{"@type":"EntryPoint","urlTemplate":"https:\/\/www.regionsaris.sk\/?s={search_term_string}"},"query-input":{"@type":"PropertyValueSpecification","valueRequired":true,"valueName":"search_term_string"}}],"inLanguage":"it-IT"}]}},"_links":{"self":[{"href":"https:\/\/www.regionsaris.sk\/it\/wp-json\/wp\/v2\/historia\/2025","targetHints":{"allow":["GET"]}}],"collection":[{"href":"https:\/\/www.regionsaris.sk\/it\/wp-json\/wp\/v2\/historia"}],"about":[{"href":"https:\/\/www.regionsaris.sk\/it\/wp-json\/wp\/v2\/types\/historia"}],"wp:featuredmedia":[{"embeddable":true,"href":"https:\/\/www.regionsaris.sk\/it\/wp-json\/wp\/v2\/media\/1056"}],"wp:attachment":[{"href":"https:\/\/www.regionsaris.sk\/it\/wp-json\/wp\/v2\/media?parent=2025"}],"wp:term":[{"taxonomy":"kategoria-poi","embeddable":true,"href":"https:\/\/www.regionsaris.sk\/it\/wp-json\/wp\/v2\/kategoria-poi?post=2025"},{"taxonomy":"lokalita","embeddable":true,"href":"https:\/\/www.regionsaris.sk\/it\/wp-json\/wp\/v2\/lokalita?post=2025"},{"taxonomy":"sezona-poi","embeddable":true,"href":"https:\/\/www.regionsaris.sk\/it\/wp-json\/wp\/v2\/sezona-poi?post=2025"},{"taxonomy":"trvanie-vyletu","embeddable":true,"href":"https:\/\/www.regionsaris.sk\/it\/wp-json\/wp\/v2\/trvanie-vyletu?post=2025"}],"curies":[{"name":"wp","href":"https:\/\/api.w.org\/{rel}","templated":true}]}}

<p>Fa parte dei più importanti monumenti storici di Prešov. È l'edificio più antico e l'unico edificio sacro gotico conservato della città. Si tratta di una chiesa gotica a tre navate, la cosiddetta chiesa a sala, diffusa soprattutto nelle zone tedesche. In passato era considerata una delle chiese a sala più perfette dell'ex Ungheria e tra gli edifici dello stesso tipo in Slovacchia si colloca per dimensioni subito dopo la Chiesa di San Giacomo a Levoca e la Cattedrale di San Martino a Bratislava. Le sue origini risalgono al periodo suburbano e probabilmente dal XIII secolo sul suo sito sorgeva una chiesa di un insediamento tedesco. La sua costruzione risale al 1347, quando la regina Elisabetta permise agli abitanti di Prešov di estrarre la pietra a questo scopo sul territorio di Šariš. La chiesa bruciò sei volte, l'ultima nel 1887. Fu una chiesa parrocchiale cattolica fino al 1531, quando la maggior parte dei cittadini e dei sacerdoti accettarono gli insegnamenti di Lutero. Per i 140 anni successivi fu una chiesa evangelica per i cittadini di nazionalità tedesca. Dopo l'occupazione della città da parte dell'esercito asburgico nel 1671, fu trasformata in una chiesa cattolica e, durante la rivolta di Imrich Tököli nel 1682-1686, fu resa nuovamente protestante. L'ultima volta che fu una chiesa evangelica tedesca fu durante la rivolta di Francesco II. Rakoci nel 1705-1711. Da allora è stata una chiesa parrocchiale cattolica romana fino ai giorni nostri. Originariamente la chiesa aveva 12 altari gotici. La maggior parte di essi è stata distrutta da incendi, ma soprattutto a causa delle lotte religiose durante i moti antiasburgici. Tra gli altri oggetti gotici presenti nella chiesa, si conservano sculture di grande valore del Crocifisso della prima metà del XIV secolo, una statua di Cristo Sofferente dell'opera del Maestro Paolo di Levoča e una scultura dell'Arcangelo Gabriele del XV secolo, presente all'Esposizione Universale di Vienna del 1873. Nel 2008 la chiesa parrocchiale di San Nicola è stata elevata a cattedrale.</p>



<p>Dal campanile della chiesa si gode di una vista indimenticabile sulla piazza storica di Prešov, sui tetti delle case medievali e sulla regione circostante. Il campanile della Cattedrale di San Nicola è aperto tutti i giorni durante la stagione estiva per gruppi e singoli.</p>



<p>Foto: chello foto, OOCR Regione Šariš, Tibor Šarišsky Photography, Ufficio parrocchiale di Prešov</p>

<!-- This site is optimized with the Yoast SEO Premium plugin v26.3 (Yoast SEO v26.8) - https://yoast.com/product/yoast-seo-premium-wordpress/ -->
<title>Konkatedrála sv. Mikuláša - OOCR Šariš</title>
<meta name="robots" content="index, follow, max-snippet:-1, max-image-preview:large, max-video-preview:-1" />
<link rel="canonical" href="https://www.regionsaris.sk/it/historia/konkatedrala-sv-mikulasa/" />
<meta property="og:locale" content="it_IT" />
<meta property="og:type" content="article" />
<meta property="og:title" content="Konkatedrála sv. Mikuláša" />
<meta property="og:description" content="Patrí k najvýznamnejším historickým dominantám Prešova. Ide o najstaršiu budovu a jedinú zachovanú gotickú sakrálnu..." />
<meta property="og:url" content="https://www.regionsaris.sk/it/historia/konkatedrala-sv-mikulasa/" />
<meta property="og:site_name" content="OOCR Šariš" />
<meta property="og:image" content="https://www.regionsaris.sk/wp-content/uploads/2026/01/vezamikulasa.jpg" />
	<meta property="og:image:width" content="1152" />
	<meta property="og:image:height" content="1152" />
	<meta property="og:image:type" content="image/jpeg" />
<meta name="twitter:card" content="summary_large_image" />
<meta name="twitter:label1" content="Tempo di lettura stimato" />
	<meta name="twitter:data1" content="2 minuti" />
<script type="application/ld+json" class="yoast-schema-graph">{"@context":"https://schema.org","@graph":[{"@type":"WebPage","@id":"https://www.regionsaris.sk/historia/konkatedrala-sv-mikulasa/","url":"https://www.regionsaris.sk/historia/konkatedrala-sv-mikulasa/","name":"Konkatedrála sv. Mikuláša - OOCR Šariš","isPartOf":{"@id":"https://www.regionsaris.sk/#website"},"primaryImageOfPage":{"@id":"https://www.regionsaris.sk/historia/konkatedrala-sv-mikulasa/#primaryimage"},"image":{"@id":"https://www.regionsaris.sk/historia/konkatedrala-sv-mikulasa/#primaryimage"},"thumbnailUrl":"https://www.regionsaris.sk/wp-content/uploads/2026/01/vezamikulasa.jpg","datePublished":"2020-05-29T07:46:31+00:00","breadcrumb":{"@id":"https://www.regionsaris.sk/historia/konkatedrala-sv-mikulasa/#breadcrumb"},"inLanguage":"it-IT","potentialAction":[{"@type":"ReadAction","target":["https://www.regionsaris.sk/historia/konkatedrala-sv-mikulasa/"]}]},{"@type":"ImageObject","inLanguage":"it-IT","@id":"https://www.regionsaris.sk/historia/konkatedrala-sv-mikulasa/#primaryimage","url":"https://www.regionsaris.sk/wp-content/uploads/2026/01/vezamikulasa.jpg","contentUrl":"https://www.regionsaris.sk/wp-content/uploads/2026/01/vezamikulasa.jpg","width":1152,"height":1152},{"@type":"BreadcrumbList","@id":"https://www.regionsaris.sk/historia/konkatedrala-sv-mikulasa/#breadcrumb","itemListElement":[{"@type":"ListItem","position":1,"name":"Domov","item":"https://www.regionsaris.sk/"},{"@type":"ListItem","position":2,"name":"História regiónu","item":"https://www.regionsaris.sk/historia-regionu/"},{"@type":"ListItem","position":3,"name":"Konkatedrála sv. Mikuláša"}]},{"@type":"WebSite","@id":"https://www.regionsaris.sk/#website","url":"https://www.regionsaris.sk/","name":"OOCR Šariš","description":"","potentialAction":[{"@type":"SearchAction","target":{"@type":"EntryPoint","urlTemplate":"https://www.regionsaris.sk/?s={search_term_string}"},"query-input":{"@type":"PropertyValueSpecification","valueRequired":true,"valueName":"search_term_string"}}],"inLanguage":"it-IT"}]}</script>
<!-- / Yoast SEO Premium plugin. -->

Konkatedrála sv. Mikuláša - OOCR Šariš

Konkatedrála sv. Mikuláša

Patrí k najvýznamnejším historickým dominantám Prešova. Ide o najstaršiu budovu a jedinú zachovanú gotickú sakrálnu...

OOCR Šariš

História regiónu
