{"id":2024,"date":"2020-05-29T08:29:46","date_gmt":"2020-05-29T07:29:46","guid":{"rendered":"https:\/\/www.regionsaris.sk\/historia\/evanjelicke-kolegium\/"},"modified":"2020-05-29T08:29:46","modified_gmt":"2020-05-29T07:29:46","slug":"evanjelicke-kolegium","status":"publish","type":"historia","link":"https:\/\/www.regionsaris.sk\/it\/historia\/evanjelicke-kolegium\/","title":{"rendered":"Collegio evangelico"},"content":{"rendered":"<p>I delegati dei possedimenti protestanti delle Terre Alte decisero di fondare il Collegio Evangelico di Pre\u0161ov come contrappeso all'Universit\u00e0 gesuita di Trnava in una riunione tenutasi a Ko\u0161ice il 18 novembre 1665. Non solo i magnati protestanti dell'Altopiano, i proprietari terrieri e la libera citt\u00e0 reale contribuirono finanziariamente alla costruzione, ma anche il re di Svezia, gli Estates della Transilvania e alcuni principi tedeschi. Fin dall'inizio, vi insegnarono diversi professori di spicco provenienti da tutta l'Ungheria e dall'estero. Grazie alla sua personalit\u00e0 e ai moderni metodi di insegnamento, il collegio raggiunse un tale livello che gli Estati progettarono di trasformarlo in un'universit\u00e0 evangelica. Anche il 1815 fu un anno significativo per la sua storia, quando inizi\u00f2 l'insegnamento della legge. Nella prima met\u00e0 del XIX secolo divenne uno dei pi\u00f9 importanti istituti di istruzione superiore di tutta l'Ungheria. Tra i suoi studenti troviamo molte personalit\u00e0 importanti come il leader della resistenza anti-asburgica Imrich T\u00f6k\u00f6li, il famoso pittore barocco inglese Jakub Bogdani, politici e personaggi della cultura come Michal Miloslav Hod\u017ea, J. Z\u00e1borsk\u00fd, P. Z\u00e1borsk\u00fd, P. Z\u00e1borsk\u00fd, P. Z\u00e1borsk\u00fd e P. Z\u00e1borsk\u00fd. Z\u00e1borsk\u00fd, P. O. Hviezdoslav, L. Kossuth, J. Jesensk\u00fd, il generale della rivoluzione del 1848\/1849 Aristid Dessewffy, il politico e archeologo F. Pulsk\u00fd e altri. La sala pi\u00f9 bella tra gli interni \u00e8 l'aula - Dvorana, dove si trovano le collezioni storiche della biblioteca collegiale. Contiene pi\u00f9 di 40 000 volumi di libri. Nel 1908, nell'angolo nord-ovest, \u00e8 stato eretto un monumento alle vittime del processo di Caraffa del 1687 e una lapide con i nomi dei giustiziati. Il 2 luglio 1995, durante una visita a Pre\u0161ov, Papa Giovanni Paolo II ha reso omaggio alla memoria dei martiri di Pre\u0161ov presso questo monumento. Dopo la ristrutturazione degli interni del collegio, l'edificio ha iniziato a servire l'ufficio episcopale della Chiesa evangelica nella primavera del 1998.<\/p>","protected":false},"featured_media":1042,"template":"","meta":{"_acf_changed":false},"kategoria-poi":[105,104,102,107],"lokalita":[26],"sezona-poi":[],"trvanie-vyletu":[],"class_list":["post-2024","historia","type-historia","status-publish","has-post-thumbnail","hentry","kategoria-poi-historia","kategoria-poi-mesta","kategoria-poi-prirodne-krasy","kategoria-poi-turistika","lokalita-mesto-presov"],"acf":[],"yoast_head":"<!-- This site is optimized with the Yoast SEO Premium plugin v26.3 (Yoast SEO v26.8) - https:\/\/yoast.com\/product\/yoast-seo-premium-wordpress\/ -->\n<title>Evanjelick\u00e9 kol\u00e9gium - OOCR \u0160ari\u0161<\/title>\n<meta name=\"robots\" content=\"index, follow, max-snippet:-1, max-image-preview:large, max-video-preview:-1\" \/>\n<link rel=\"canonical\" href=\"https:\/\/www.regionsaris.sk\/it\/historia\/evanjelicke-kolegium\/\" \/>\n<meta property=\"og:locale\" content=\"it_IT\" \/>\n<meta property=\"og:type\" content=\"article\" \/>\n<meta property=\"og:title\" content=\"Evanjelick\u00e9 kol\u00e9gium\" \/>\n<meta property=\"og:description\" content=\"O zalo\u017een\u00ed pre\u0161ovsk\u00e9ho evanjelick\u00e9ho kol\u00e9gia ako protiv\u00e1hu jezuitskej univerzity v Trnave, rozhodli deleg\u00e1ti hornouhorsk\u00fdch protestantsk\u00fdch...\" \/>\n<meta property=\"og:url\" content=\"https:\/\/www.regionsaris.sk\/it\/historia\/evanjelicke-kolegium\/\" \/>\n<meta property=\"og:site_name\" content=\"OOCR \u0160ari\u0161\" \/>\n<meta property=\"og:image\" content=\"https:\/\/www.regionsaris.sk\/wp-content\/uploads\/2026\/01\/Evanjelicke-kolegium-600x400-1.jpg\" \/>\n\t<meta property=\"og:image:width\" content=\"600\" \/>\n\t<meta property=\"og:image:height\" content=\"400\" \/>\n\t<meta property=\"og:image:type\" content=\"image\/jpeg\" \/>\n<meta name=\"twitter:card\" content=\"summary_large_image\" \/>\n<meta name=\"twitter:label1\" content=\"Tempo di lettura stimato\" \/>\n\t<meta name=\"twitter:data1\" content=\"2 minuti\" \/>\n<script type=\"application\/ld+json\" class=\"yoast-schema-graph\">{\"@context\":\"https:\/\/schema.org\",\"@graph\":[{\"@type\":\"WebPage\",\"@id\":\"https:\/\/www.regionsaris.sk\/historia\/evanjelicke-kolegium\/\",\"url\":\"https:\/\/www.regionsaris.sk\/historia\/evanjelicke-kolegium\/\",\"name\":\"Evanjelick\u00e9 kol\u00e9gium - OOCR \u0160ari\u0161\",\"isPartOf\":{\"@id\":\"https:\/\/www.regionsaris.sk\/#website\"},\"primaryImageOfPage\":{\"@id\":\"https:\/\/www.regionsaris.sk\/historia\/evanjelicke-kolegium\/#primaryimage\"},\"image\":{\"@id\":\"https:\/\/www.regionsaris.sk\/historia\/evanjelicke-kolegium\/#primaryimage\"},\"thumbnailUrl\":\"https:\/\/www.regionsaris.sk\/wp-content\/uploads\/2026\/01\/Evanjelicke-kolegium-600x400-1.jpg\",\"datePublished\":\"2020-05-29T07:29:46+00:00\",\"breadcrumb\":{\"@id\":\"https:\/\/www.regionsaris.sk\/historia\/evanjelicke-kolegium\/#breadcrumb\"},\"inLanguage\":\"it-IT\",\"potentialAction\":[{\"@type\":\"ReadAction\",\"target\":[\"https:\/\/www.regionsaris.sk\/historia\/evanjelicke-kolegium\/\"]}]},{\"@type\":\"ImageObject\",\"inLanguage\":\"it-IT\",\"@id\":\"https:\/\/www.regionsaris.sk\/historia\/evanjelicke-kolegium\/#primaryimage\",\"url\":\"https:\/\/www.regionsaris.sk\/wp-content\/uploads\/2026\/01\/Evanjelicke-kolegium-600x400-1.jpg\",\"contentUrl\":\"https:\/\/www.regionsaris.sk\/wp-content\/uploads\/2026\/01\/Evanjelicke-kolegium-600x400-1.jpg\",\"width\":600,\"height\":400},{\"@type\":\"BreadcrumbList\",\"@id\":\"https:\/\/www.regionsaris.sk\/historia\/evanjelicke-kolegium\/#breadcrumb\",\"itemListElement\":[{\"@type\":\"ListItem\",\"position\":1,\"name\":\"Domov\",\"item\":\"https:\/\/www.regionsaris.sk\/\"},{\"@type\":\"ListItem\",\"position\":2,\"name\":\"Hist\u00f3ria regi\u00f3nu\",\"item\":\"https:\/\/www.regionsaris.sk\/historia-regionu\/\"},{\"@type\":\"ListItem\",\"position\":3,\"name\":\"Evanjelick\u00e9 kol\u00e9gium\"}]},{\"@type\":\"WebSite\",\"@id\":\"https:\/\/www.regionsaris.sk\/#website\",\"url\":\"https:\/\/www.regionsaris.sk\/\",\"name\":\"OOCR \u0160ari\u0161\",\"description\":\"\",\"potentialAction\":[{\"@type\":\"SearchAction\",\"target\":{\"@type\":\"EntryPoint\",\"urlTemplate\":\"https:\/\/www.regionsaris.sk\/?s={search_term_string}\"},\"query-input\":{\"@type\":\"PropertyValueSpecification\",\"valueRequired\":true,\"valueName\":\"search_term_string\"}}],\"inLanguage\":\"it-IT\"}]}<\/script>\n<!-- \/ Yoast SEO Premium plugin. -->","yoast_head_json":{"title":"Evanjelick\u00e9 kol\u00e9gium - OOCR \u0160ari\u0161","robots":{"index":"index","follow":"follow","max-snippet":"max-snippet:-1","max-image-preview":"max-image-preview:large","max-video-preview":"max-video-preview:-1"},"canonical":"https:\/\/www.regionsaris.sk\/it\/historia\/evanjelicke-kolegium\/","og_locale":"it_IT","og_type":"article","og_title":"Evanjelick\u00e9 kol\u00e9gium","og_description":"O zalo\u017een\u00ed pre\u0161ovsk\u00e9ho evanjelick\u00e9ho kol\u00e9gia ako protiv\u00e1hu jezuitskej univerzity v Trnave, rozhodli deleg\u00e1ti hornouhorsk\u00fdch protestantsk\u00fdch...","og_url":"https:\/\/www.regionsaris.sk\/it\/historia\/evanjelicke-kolegium\/","og_site_name":"OOCR \u0160ari\u0161","og_image":[{"width":600,"height":400,"url":"https:\/\/www.regionsaris.sk\/wp-content\/uploads\/2026\/01\/Evanjelicke-kolegium-600x400-1.jpg","type":"image\/jpeg"}],"twitter_card":"summary_large_image","twitter_misc":{"Tempo di lettura stimato":"2 minuti"},"schema":{"@context":"https:\/\/schema.org","@graph":[{"@type":"WebPage","@id":"https:\/\/www.regionsaris.sk\/historia\/evanjelicke-kolegium\/","url":"https:\/\/www.regionsaris.sk\/historia\/evanjelicke-kolegium\/","name":"Evanjelick\u00e9 kol\u00e9gium - OOCR \u0160ari\u0161","isPartOf":{"@id":"https:\/\/www.regionsaris.sk\/#website"},"primaryImageOfPage":{"@id":"https:\/\/www.regionsaris.sk\/historia\/evanjelicke-kolegium\/#primaryimage"},"image":{"@id":"https:\/\/www.regionsaris.sk\/historia\/evanjelicke-kolegium\/#primaryimage"},"thumbnailUrl":"https:\/\/www.regionsaris.sk\/wp-content\/uploads\/2026\/01\/Evanjelicke-kolegium-600x400-1.jpg","datePublished":"2020-05-29T07:29:46+00:00","breadcrumb":{"@id":"https:\/\/www.regionsaris.sk\/historia\/evanjelicke-kolegium\/#breadcrumb"},"inLanguage":"it-IT","potentialAction":[{"@type":"ReadAction","target":["https:\/\/www.regionsaris.sk\/historia\/evanjelicke-kolegium\/"]}]},{"@type":"ImageObject","inLanguage":"it-IT","@id":"https:\/\/www.regionsaris.sk\/historia\/evanjelicke-kolegium\/#primaryimage","url":"https:\/\/www.regionsaris.sk\/wp-content\/uploads\/2026\/01\/Evanjelicke-kolegium-600x400-1.jpg","contentUrl":"https:\/\/www.regionsaris.sk\/wp-content\/uploads\/2026\/01\/Evanjelicke-kolegium-600x400-1.jpg","width":600,"height":400},{"@type":"BreadcrumbList","@id":"https:\/\/www.regionsaris.sk\/historia\/evanjelicke-kolegium\/#breadcrumb","itemListElement":[{"@type":"ListItem","position":1,"name":"Domov","item":"https:\/\/www.regionsaris.sk\/"},{"@type":"ListItem","position":2,"name":"Hist\u00f3ria regi\u00f3nu","item":"https:\/\/www.regionsaris.sk\/historia-regionu\/"},{"@type":"ListItem","position":3,"name":"Evanjelick\u00e9 kol\u00e9gium"}]},{"@type":"WebSite","@id":"https:\/\/www.regionsaris.sk\/#website","url":"https:\/\/www.regionsaris.sk\/","name":"OOCR \u0160ari\u0161","description":"","potentialAction":[{"@type":"SearchAction","target":{"@type":"EntryPoint","urlTemplate":"https:\/\/www.regionsaris.sk\/?s={search_term_string}"},"query-input":{"@type":"PropertyValueSpecification","valueRequired":true,"valueName":"search_term_string"}}],"inLanguage":"it-IT"}]}},"_links":{"self":[{"href":"https:\/\/www.regionsaris.sk\/it\/wp-json\/wp\/v2\/historia\/2024","targetHints":{"allow":["GET"]}}],"collection":[{"href":"https:\/\/www.regionsaris.sk\/it\/wp-json\/wp\/v2\/historia"}],"about":[{"href":"https:\/\/www.regionsaris.sk\/it\/wp-json\/wp\/v2\/types\/historia"}],"wp:featuredmedia":[{"embeddable":true,"href":"https:\/\/www.regionsaris.sk\/it\/wp-json\/wp\/v2\/media\/1042"}],"wp:attachment":[{"href":"https:\/\/www.regionsaris.sk\/it\/wp-json\/wp\/v2\/media?parent=2024"}],"wp:term":[{"taxonomy":"kategoria-poi","embeddable":true,"href":"https:\/\/www.regionsaris.sk\/it\/wp-json\/wp\/v2\/kategoria-poi?post=2024"},{"taxonomy":"lokalita","embeddable":true,"href":"https:\/\/www.regionsaris.sk\/it\/wp-json\/wp\/v2\/lokalita?post=2024"},{"taxonomy":"sezona-poi","embeddable":true,"href":"https:\/\/www.regionsaris.sk\/it\/wp-json\/wp\/v2\/sezona-poi?post=2024"},{"taxonomy":"trvanie-vyletu","embeddable":true,"href":"https:\/\/www.regionsaris.sk\/it\/wp-json\/wp\/v2\/trvanie-vyletu?post=2024"}],"curies":[{"name":"wp","href":"https:\/\/api.w.org\/{rel}","templated":true}]}}

<p>I delegati dei possedimenti protestanti delle Terre Alte decisero di fondare il Collegio Evangelico di Prešov come contrappeso all'Università gesuita di Trnava in una riunione tenutasi a Košice il 18 novembre 1665. Non solo i magnati protestanti dell'Altopiano, i proprietari terrieri e la libera città reale contribuirono finanziariamente alla costruzione, ma anche il re di Svezia, gli Estates della Transilvania e alcuni principi tedeschi. Fin dall'inizio, vi insegnarono diversi professori di spicco provenienti da tutta l'Ungheria e dall'estero. Grazie alla sua personalità e ai moderni metodi di insegnamento, il collegio raggiunse un tale livello che gli Estati progettarono di trasformarlo in un'università evangelica. Anche il 1815 fu un anno significativo per la sua storia, quando iniziò l'insegnamento della legge. Nella prima metà del XIX secolo divenne uno dei più importanti istituti di istruzione superiore di tutta l'Ungheria. Tra i suoi studenti troviamo molte personalità importanti come il leader della resistenza anti-asburgica Imrich Tököli, il famoso pittore barocco inglese Jakub Bogdani, politici e personaggi della cultura come Michal Miloslav Hodža, J. Záborský, P. Záborský, P. Záborský, P. Záborský e P. Záborský. Záborský, P. O. Hviezdoslav, L. Kossuth, J. Jesenský, il generale della rivoluzione del 1848/1849 Aristid Dessewffy, il politico e archeologo F. Pulský e altri. La sala più bella tra gli interni è l'aula - Dvorana, dove si trovano le collezioni storiche della biblioteca collegiale. Contiene più di 40 000 volumi di libri. Nel 1908, nell'angolo nord-ovest, è stato eretto un monumento alle vittime del processo di Caraffa del 1687 e una lapide con i nomi dei giustiziati. Il 2 luglio 1995, durante una visita a Prešov, Papa Giovanni Paolo II ha reso omaggio alla memoria dei martiri di Prešov presso questo monumento. Dopo la ristrutturazione degli interni del collegio, l'edificio ha iniziato a servire l'ufficio episcopale della Chiesa evangelica nella primavera del 1998.</p>

<!-- This site is optimized with the Yoast SEO Premium plugin v26.3 (Yoast SEO v26.8) - https://yoast.com/product/yoast-seo-premium-wordpress/ -->
<title>Evanjelické kolégium - OOCR Šariš</title>
<meta name="robots" content="index, follow, max-snippet:-1, max-image-preview:large, max-video-preview:-1" />
<link rel="canonical" href="https://www.regionsaris.sk/it/historia/evanjelicke-kolegium/" />
<meta property="og:locale" content="it_IT" />
<meta property="og:type" content="article" />
<meta property="og:title" content="Evanjelické kolégium" />
<meta property="og:description" content="O založení prešovského evanjelického kolégia ako protiváhu jezuitskej univerzity v Trnave, rozhodli delegáti hornouhorských protestantských..." />
<meta property="og:url" content="https://www.regionsaris.sk/it/historia/evanjelicke-kolegium/" />
<meta property="og:site_name" content="OOCR Šariš" />
<meta property="og:image" content="https://www.regionsaris.sk/wp-content/uploads/2026/01/Evanjelicke-kolegium-600x400-1.jpg" />
	<meta property="og:image:width" content="600" />
	<meta property="og:image:height" content="400" />
	<meta property="og:image:type" content="image/jpeg" />
<meta name="twitter:card" content="summary_large_image" />
<meta name="twitter:label1" content="Tempo di lettura stimato" />
	<meta name="twitter:data1" content="2 minuti" />
<script type="application/ld+json" class="yoast-schema-graph">{"@context":"https://schema.org","@graph":[{"@type":"WebPage","@id":"https://www.regionsaris.sk/historia/evanjelicke-kolegium/","url":"https://www.regionsaris.sk/historia/evanjelicke-kolegium/","name":"Evanjelické kolégium - OOCR Šariš","isPartOf":{"@id":"https://www.regionsaris.sk/#website"},"primaryImageOfPage":{"@id":"https://www.regionsaris.sk/historia/evanjelicke-kolegium/#primaryimage"},"image":{"@id":"https://www.regionsaris.sk/historia/evanjelicke-kolegium/#primaryimage"},"thumbnailUrl":"https://www.regionsaris.sk/wp-content/uploads/2026/01/Evanjelicke-kolegium-600x400-1.jpg","datePublished":"2020-05-29T07:29:46+00:00","breadcrumb":{"@id":"https://www.regionsaris.sk/historia/evanjelicke-kolegium/#breadcrumb"},"inLanguage":"it-IT","potentialAction":[{"@type":"ReadAction","target":["https://www.regionsaris.sk/historia/evanjelicke-kolegium/"]}]},{"@type":"ImageObject","inLanguage":"it-IT","@id":"https://www.regionsaris.sk/historia/evanjelicke-kolegium/#primaryimage","url":"https://www.regionsaris.sk/wp-content/uploads/2026/01/Evanjelicke-kolegium-600x400-1.jpg","contentUrl":"https://www.regionsaris.sk/wp-content/uploads/2026/01/Evanjelicke-kolegium-600x400-1.jpg","width":600,"height":400},{"@type":"BreadcrumbList","@id":"https://www.regionsaris.sk/historia/evanjelicke-kolegium/#breadcrumb","itemListElement":[{"@type":"ListItem","position":1,"name":"Domov","item":"https://www.regionsaris.sk/"},{"@type":"ListItem","position":2,"name":"História regiónu","item":"https://www.regionsaris.sk/historia-regionu/"},{"@type":"ListItem","position":3,"name":"Evanjelické kolégium"}]},{"@type":"WebSite","@id":"https://www.regionsaris.sk/#website","url":"https://www.regionsaris.sk/","name":"OOCR Šariš","description":"","potentialAction":[{"@type":"SearchAction","target":{"@type":"EntryPoint","urlTemplate":"https://www.regionsaris.sk/?s={search_term_string}"},"query-input":{"@type":"PropertyValueSpecification","valueRequired":true,"valueName":"search_term_string"}}],"inLanguage":"it-IT"}]}</script>
<!-- / Yoast SEO Premium plugin. -->

Evanjelické kolégium - OOCR Šariš

Evanjelické kolégium

O založení prešovského evanjelického kolégia ako protiváhu jezuitskej univerzity v Trnave, rozhodli delegáti hornouhorských protestantských...

OOCR Šariš

História regiónu
