{"id":4170,"date":"2026-03-23T08:09:15","date_gmt":"2026-03-23T07:09:15","guid":{"rendered":"https:\/\/www.regionsaris.sk\/?post_type=vyznamna-tvar&#038;p=4170"},"modified":"2026-03-25T14:41:22","modified_gmt":"2026-03-25T13:41:22","slug":"michal-hudak","status":"publish","type":"vyznamna-tvar","link":"https:\/\/www.regionsaris.sk\/hu\/vyznamna-tvar\/michal-hudak\/","title":{"rendered":"Michal Hud\u00e1k"},"content":{"rendered":"<p>Mgr. Michal Hud\u00e1k 1969. j\u00fanius 27-\u00e9n sz\u00fcletett Pre\u0161ovban, orosz nemzetis\u00e9g\u0171. Az \u00e1ltal\u00e1nos iskol\u00e1t \u00e9s a gimn\u00e1ziumot ukr\u00e1n nyelven v\u00e9gezte. Gyermekkor\u00e1ban a r\u00e1di\u00f3ban \u00e9s az amat\u0151r sz\u00ednh\u00e1zban dolgozott. Tizen\u00e9ves kor\u00e1ban a preszovi Ukr\u00e1n Nemzeti Sz\u00ednh\u00e1zban (a mai Alekszandr Duchnovics Sz\u00ednh\u00e1zban) is j\u00e1tszott.<\/p>\n\n\n\n<p>\u00dagy d\u00f6nt\u00f6tt, hogy sz\u00edn\u00e9szetet tanul a pozsonyi Sz\u00ednm\u0171v\u00e9szeti Akad\u00e9mi\u00e1n. 1987-ben sikeresen \u00e1tment a felv\u00e9teli besz\u00e9lget\u00e9seken, de v\u00e9g\u00fcl a kijevi Sz\u00ednh\u00e1zm\u0171v\u00e9szeti Int\u00e9zetbe ment sz\u00edn\u00e9szetet tanulni. Testv\u00e9re, Szergej szint\u00e9n ott tanult. N\u00e9gy \u00e9v ut\u00e1n sz\u00ednh\u00e1zi \u00e9s filmsz\u00edn\u00e9szk\u00e9nt t\u00e9rt vissza. A pre\u0161ovi Alekszandr Duchnovics Sz\u00ednh\u00e1zhoz kapott szerz\u0151d\u00e9st. Dolgozott a pre\u0161ovi Flash r\u00e1di\u00f3ban is.<\/p>\n\n\n\n<p>A telev\u00edzi\u00f3ban el\u0151sz\u00f6r a Szlov\u00e1k Telev\u00edzi\u00f3 Spr\u00e1vny klucz c\u00edm\u0171 vet\u00e9lked\u0151m\u0171sor\u00e1ban, majd a Var\u00edm var\u00ed\u0161 var\u00edme c\u00edm\u0171 m\u0171sorban t\u0171nt fel. Jelenleg a JOJ TV sz\u00e1m\u00e1ra k\u00e9sz\u00edt trailereket, szinkroniz\u00e1l, \u00e9s dokumentumfilmekhez olvas fel komment\u00e1rokat. A JOJ telev\u00edzi\u00f3ban a L\u00e1nyok egymilli\u00f3\u00e9rt \u00e9s a VyVolen\u00ed c\u00edm\u0171 val\u00f3s\u00e1gshow m\u0171sorvezet\u0151je volt. Az RTVS-en a Phenomenon \u00e9s a Phenomenon Junior c\u00edm\u0171 m\u0171sorok h\u00e1zigazd\u00e1ja volt. Emellett fell\u00e9p a country \u00e9s bluegrass egy\u00fcttesben, a \u017dobr\u00e1ciban, ahol mandolinon j\u00e1tszik. Elv\u00e1lt, fiai Simon \u00e9s Hugo, valamint egy l\u00e1nya, Eva.<\/p>\n\n\n\n<p>Szerepelt A profik \u00e9s a Panel\u00e1k c\u00edm\u0171 t\u00e9v\u00e9sorozatokban. Jelenleg gyakran szerepel az Incognito c\u00edm\u0171 sorozatban egy m\u00e1sik bar\u00e1tja \u00e9s orosz honfit\u00e1rsa, Marian \u010cekovsk\u00fd oldal\u00e1n.<\/p>\n\n\n\n<p><strong>Forr\u00e1s:<\/strong> https:\/\/sk.wikipedia.org\/wiki\/Michal_Hud\u00e1k<br><strong>Fot\u00f3 forr\u00e1sa: <\/strong>Szerz\u0151: Pavol Fre\u0161o - flickr.com, CC BY 2.0, https:\/\/commons.wikimedia.org\/w\/index.php?curid=18192226<\/p>","protected":false},"featured_media":4235,"template":"","meta":{"_acf_changed":true},"kategoria-vyznamnych-tvari":[244],"oblast-posobenia":[238,263],"class_list":["post-4170","vyznamna-tvar","type-vyznamna-tvar","status-publish","has-post-thumbnail","hentry","kategoria-vyznamnych-tvari-sucasna-osobnost","oblast-posobenia-divadlo","oblast-posobenia-televizia"],"acf":[],"yoast_head":"<!-- This site is optimized with the Yoast SEO Premium plugin v26.3 (Yoast SEO v26.8) - https:\/\/yoast.com\/product\/yoast-seo-premium-wordpress\/ -->\n<title>Michal Hud\u00e1k - OOCR \u0160ari\u0161<\/title>\n<meta name=\"description\" content=\"Michal Hud\u00e1k moder\u00e1tor, spev\u00e1k a herec. Pozna\u0165 ho m\u00f4\u017eete z telev\u00edznych obrazoviek, viacer\u00fdch seri\u00e1lov alebo divadla.\" \/>\n<meta name=\"robots\" content=\"index, follow, max-snippet:-1, max-image-preview:large, max-video-preview:-1\" \/>\n<link rel=\"canonical\" href=\"https:\/\/www.regionsaris.sk\/hu\/vyznamna-tvar\/michal-hudak\/\" \/>\n<meta property=\"og:locale\" content=\"hu_HU\" \/>\n<meta property=\"og:type\" content=\"article\" \/>\n<meta property=\"og:title\" content=\"Michal Hud\u00e1k\" \/>\n<meta property=\"og:description\" content=\"Michal Hud\u00e1k moder\u00e1tor, spev\u00e1k a herec. Pozna\u0165 ho m\u00f4\u017eete z telev\u00edznych obrazoviek, viacer\u00fdch seri\u00e1lov alebo divadla.\" \/>\n<meta property=\"og:url\" content=\"https:\/\/www.regionsaris.sk\/hu\/vyznamna-tvar\/michal-hudak\/\" \/>\n<meta property=\"og:site_name\" content=\"OOCR \u0160ari\u0161\" \/>\n<meta property=\"article:modified_time\" content=\"2026-03-25T13:41:22+00:00\" \/>\n<meta property=\"og:image\" content=\"https:\/\/www.regionsaris.sk\/wp-content\/uploads\/2026\/03\/michal-hudak-vyznamne.tvare-regionu-oocrrs.png\" \/>\n\t<meta property=\"og:image:width\" content=\"500\" \/>\n\t<meta property=\"og:image:height\" content=\"500\" \/>\n\t<meta property=\"og:image:type\" content=\"image\/png\" \/>\n<meta name=\"twitter:card\" content=\"summary_large_image\" \/>\n<meta name=\"twitter:label1\" content=\"Becs\u00fclt olvas\u00e1si id\u0151\" \/>\n\t<meta name=\"twitter:data1\" content=\"2 perc\" \/>\n<script type=\"application\/ld+json\" class=\"yoast-schema-graph\">{\"@context\":\"https:\/\/schema.org\",\"@graph\":[{\"@type\":\"WebPage\",\"@id\":\"https:\/\/www.regionsaris.sk\/vyznamna-tvar\/michal-hudak\/\",\"url\":\"https:\/\/www.regionsaris.sk\/vyznamna-tvar\/michal-hudak\/\",\"name\":\"Michal Hud\u00e1k - OOCR \u0160ari\u0161\",\"isPartOf\":{\"@id\":\"https:\/\/www.regionsaris.sk\/#website\"},\"primaryImageOfPage\":{\"@id\":\"https:\/\/www.regionsaris.sk\/vyznamna-tvar\/michal-hudak\/#primaryimage\"},\"image\":{\"@id\":\"https:\/\/www.regionsaris.sk\/vyznamna-tvar\/michal-hudak\/#primaryimage\"},\"thumbnailUrl\":\"https:\/\/www.regionsaris.sk\/wp-content\/uploads\/2026\/03\/michal-hudak-vyznamne.tvare-regionu-oocrrs.png\",\"datePublished\":\"2026-03-23T07:09:15+00:00\",\"dateModified\":\"2026-03-25T13:41:22+00:00\",\"description\":\"Michal Hud\u00e1k moder\u00e1tor, spev\u00e1k a herec. Pozna\u0165 ho m\u00f4\u017eete z telev\u00edznych obrazoviek, viacer\u00fdch seri\u00e1lov alebo divadla.\",\"breadcrumb\":{\"@id\":\"https:\/\/www.regionsaris.sk\/vyznamna-tvar\/michal-hudak\/#breadcrumb\"},\"inLanguage\":\"hu\",\"potentialAction\":[{\"@type\":\"ReadAction\",\"target\":[\"https:\/\/www.regionsaris.sk\/vyznamna-tvar\/michal-hudak\/\"]}]},{\"@type\":\"ImageObject\",\"inLanguage\":\"hu\",\"@id\":\"https:\/\/www.regionsaris.sk\/vyznamna-tvar\/michal-hudak\/#primaryimage\",\"url\":\"https:\/\/www.regionsaris.sk\/wp-content\/uploads\/2026\/03\/michal-hudak-vyznamne.tvare-regionu-oocrrs.png\",\"contentUrl\":\"https:\/\/www.regionsaris.sk\/wp-content\/uploads\/2026\/03\/michal-hudak-vyznamne.tvare-regionu-oocrrs.png\",\"width\":500,\"height\":500},{\"@type\":\"BreadcrumbList\",\"@id\":\"https:\/\/www.regionsaris.sk\/vyznamna-tvar\/michal-hudak\/#breadcrumb\",\"itemListElement\":[{\"@type\":\"ListItem\",\"position\":1,\"name\":\"Domov\",\"item\":\"https:\/\/www.regionsaris.sk\/\"},{\"@type\":\"ListItem\",\"position\":2,\"name\":\"V\u00fdznamn\u00e9 tv\u00e1re regi\u00f3nu\",\"item\":\"https:\/\/www.regionsaris.sk\/vyznamne-tvare-regionu\/\"},{\"@type\":\"ListItem\",\"position\":3,\"name\":\"Michal Hud\u00e1k\"}]},{\"@type\":\"WebSite\",\"@id\":\"https:\/\/www.regionsaris.sk\/#website\",\"url\":\"https:\/\/www.regionsaris.sk\/\",\"name\":\"OOCR \u0160ari\u0161\",\"description\":\"\",\"potentialAction\":[{\"@type\":\"SearchAction\",\"target\":{\"@type\":\"EntryPoint\",\"urlTemplate\":\"https:\/\/www.regionsaris.sk\/?s={search_term_string}\"},\"query-input\":{\"@type\":\"PropertyValueSpecification\",\"valueRequired\":true,\"valueName\":\"search_term_string\"}}],\"inLanguage\":\"hu\"}]}<\/script>\n<!-- \/ Yoast SEO Premium plugin. -->","yoast_head_json":{"title":"Michal Hud\u00e1k - OOCR \u0160ari\u0161","description":"Michal Hud\u00e1k moder\u00e1tor, spev\u00e1k a herec. Pozna\u0165 ho m\u00f4\u017eete z telev\u00edznych obrazoviek, viacer\u00fdch seri\u00e1lov alebo divadla.","robots":{"index":"index","follow":"follow","max-snippet":"max-snippet:-1","max-image-preview":"max-image-preview:large","max-video-preview":"max-video-preview:-1"},"canonical":"https:\/\/www.regionsaris.sk\/hu\/vyznamna-tvar\/michal-hudak\/","og_locale":"hu_HU","og_type":"article","og_title":"Michal Hud\u00e1k","og_description":"Michal Hud\u00e1k moder\u00e1tor, spev\u00e1k a herec. Pozna\u0165 ho m\u00f4\u017eete z telev\u00edznych obrazoviek, viacer\u00fdch seri\u00e1lov alebo divadla.","og_url":"https:\/\/www.regionsaris.sk\/hu\/vyznamna-tvar\/michal-hudak\/","og_site_name":"OOCR \u0160ari\u0161","article_modified_time":"2026-03-25T13:41:22+00:00","og_image":[{"width":500,"height":500,"url":"https:\/\/www.regionsaris.sk\/wp-content\/uploads\/2026\/03\/michal-hudak-vyznamne.tvare-regionu-oocrrs.png","type":"image\/png"}],"twitter_card":"summary_large_image","twitter_misc":{"Becs\u00fclt olvas\u00e1si id\u0151":"2 perc"},"schema":{"@context":"https:\/\/schema.org","@graph":[{"@type":"WebPage","@id":"https:\/\/www.regionsaris.sk\/vyznamna-tvar\/michal-hudak\/","url":"https:\/\/www.regionsaris.sk\/vyznamna-tvar\/michal-hudak\/","name":"Michal Hud\u00e1k - OOCR \u0160ari\u0161","isPartOf":{"@id":"https:\/\/www.regionsaris.sk\/#website"},"primaryImageOfPage":{"@id":"https:\/\/www.regionsaris.sk\/vyznamna-tvar\/michal-hudak\/#primaryimage"},"image":{"@id":"https:\/\/www.regionsaris.sk\/vyznamna-tvar\/michal-hudak\/#primaryimage"},"thumbnailUrl":"https:\/\/www.regionsaris.sk\/wp-content\/uploads\/2026\/03\/michal-hudak-vyznamne.tvare-regionu-oocrrs.png","datePublished":"2026-03-23T07:09:15+00:00","dateModified":"2026-03-25T13:41:22+00:00","description":"Michal Hud\u00e1k moder\u00e1tor, spev\u00e1k a herec. Pozna\u0165 ho m\u00f4\u017eete z telev\u00edznych obrazoviek, viacer\u00fdch seri\u00e1lov alebo divadla.","breadcrumb":{"@id":"https:\/\/www.regionsaris.sk\/vyznamna-tvar\/michal-hudak\/#breadcrumb"},"inLanguage":"hu","potentialAction":[{"@type":"ReadAction","target":["https:\/\/www.regionsaris.sk\/vyznamna-tvar\/michal-hudak\/"]}]},{"@type":"ImageObject","inLanguage":"hu","@id":"https:\/\/www.regionsaris.sk\/vyznamna-tvar\/michal-hudak\/#primaryimage","url":"https:\/\/www.regionsaris.sk\/wp-content\/uploads\/2026\/03\/michal-hudak-vyznamne.tvare-regionu-oocrrs.png","contentUrl":"https:\/\/www.regionsaris.sk\/wp-content\/uploads\/2026\/03\/michal-hudak-vyznamne.tvare-regionu-oocrrs.png","width":500,"height":500},{"@type":"BreadcrumbList","@id":"https:\/\/www.regionsaris.sk\/vyznamna-tvar\/michal-hudak\/#breadcrumb","itemListElement":[{"@type":"ListItem","position":1,"name":"Domov","item":"https:\/\/www.regionsaris.sk\/"},{"@type":"ListItem","position":2,"name":"V\u00fdznamn\u00e9 tv\u00e1re regi\u00f3nu","item":"https:\/\/www.regionsaris.sk\/vyznamne-tvare-regionu\/"},{"@type":"ListItem","position":3,"name":"Michal Hud\u00e1k"}]},{"@type":"WebSite","@id":"https:\/\/www.regionsaris.sk\/#website","url":"https:\/\/www.regionsaris.sk\/","name":"OOCR \u0160ari\u0161","description":"","potentialAction":[{"@type":"SearchAction","target":{"@type":"EntryPoint","urlTemplate":"https:\/\/www.regionsaris.sk\/?s={search_term_string}"},"query-input":{"@type":"PropertyValueSpecification","valueRequired":true,"valueName":"search_term_string"}}],"inLanguage":"hu"}]}},"_links":{"self":[{"href":"https:\/\/www.regionsaris.sk\/hu\/wp-json\/wp\/v2\/vyznamna-tvar\/4170","targetHints":{"allow":["GET"]}}],"collection":[{"href":"https:\/\/www.regionsaris.sk\/hu\/wp-json\/wp\/v2\/vyznamna-tvar"}],"about":[{"href":"https:\/\/www.regionsaris.sk\/hu\/wp-json\/wp\/v2\/types\/vyznamna-tvar"}],"wp:featuredmedia":[{"embeddable":true,"href":"https:\/\/www.regionsaris.sk\/hu\/wp-json\/wp\/v2\/media\/4235"}],"wp:attachment":[{"href":"https:\/\/www.regionsaris.sk\/hu\/wp-json\/wp\/v2\/media?parent=4170"}],"wp:term":[{"taxonomy":"kategoria-vyznamnych-tvari","embeddable":true,"href":"https:\/\/www.regionsaris.sk\/hu\/wp-json\/wp\/v2\/kategoria-vyznamnych-tvari?post=4170"},{"taxonomy":"oblast-posobenia","embeddable":true,"href":"https:\/\/www.regionsaris.sk\/hu\/wp-json\/wp\/v2\/oblast-posobenia?post=4170"}],"curies":[{"name":"wp","href":"https:\/\/api.w.org\/{rel}","templated":true}]}}

Michal Hudák

<p>Mgr. Michal Hudák 1969. június 27-én született Prešovban, orosz nemzetiségű. Az általános iskolát és a gimnáziumot ukrán nyelven végezte. Gyermekkorában a rádióban és az amatőr színházban dolgozott. Tizenéves korában a preszovi Ukrán Nemzeti Színházban (a mai Alekszandr Duchnovics Színházban) is játszott.</p>



<p>Úgy döntött, hogy színészetet tanul a pozsonyi Színművészeti Akadémián. 1987-ben sikeresen átment a felvételi beszélgetéseken, de végül a kijevi Színházművészeti Intézetbe ment színészetet tanulni. Testvére, Szergej szintén ott tanult. Négy év után színházi és filmszínészként tért vissza. A prešovi Alekszandr Duchnovics Színházhoz kapott szerződést. Dolgozott a prešovi Flash rádióban is.</p>



<p>A televízióban először a Szlovák Televízió Správny klucz című vetélkedőműsorában, majd a Varím varíš varíme című műsorban tűnt fel. Jelenleg a JOJ TV számára készít trailereket, szinkronizál, és dokumentumfilmekhez olvas fel kommentárokat. A JOJ televízióban a Lányok egymillióért és a VyVolení című valóságshow műsorvezetője volt. Az RTVS-en a Phenomenon és a Phenomenon Junior című műsorok házigazdája volt. Emellett fellép a country és bluegrass együttesben, a Žobráciban, ahol mandolinon játszik. Elvált, fiai Simon és Hugo, valamint egy lánya, Eva.</p>



<p>Szerepelt A profik és a Panelák című tévésorozatokban. Jelenleg gyakran szerepel az Incognito című sorozatban egy másik barátja és orosz honfitársa, Marian Čekovský oldalán.</p>



<p><strong>Forrás:</strong> https://sk.wikipedia.org/wiki/Michal_Hudák<br><strong>Fotó forrása: </strong>Szerző: Pavol Frešo - flickr.com, CC BY 2.0, https://commons.wikimedia.org/w/index.php?curid=18192226</p>

<!-- This site is optimized with the Yoast SEO Premium plugin v26.3 (Yoast SEO v26.8) - https://yoast.com/product/yoast-seo-premium-wordpress/ -->
<title>Michal Hudák - OOCR Šariš</title>
<meta name="description" content="Michal Hudák moderátor, spevák a herec. Poznať ho môžete z televíznych obrazoviek, viacerých seriálov alebo divadla." />
<meta name="robots" content="index, follow, max-snippet:-1, max-image-preview:large, max-video-preview:-1" />
<link rel="canonical" href="https://www.regionsaris.sk/hu/vyznamna-tvar/michal-hudak/" />
<meta property="og:locale" content="hu_HU" />
<meta property="og:type" content="article" />
<meta property="og:title" content="Michal Hudák" />
<meta property="og:description" content="Michal Hudák moderátor, spevák a herec. Poznať ho môžete z televíznych obrazoviek, viacerých seriálov alebo divadla." />
<meta property="og:url" content="https://www.regionsaris.sk/hu/vyznamna-tvar/michal-hudak/" />
<meta property="og:site_name" content="OOCR Šariš" />
<meta property="article:modified_time" content="2026-03-25T13:41:22+00:00" />
<meta property="og:image" content="https://www.regionsaris.sk/wp-content/uploads/2026/03/michal-hudak-vyznamne.tvare-regionu-oocrrs.png" />
	<meta property="og:image:width" content="500" />
	<meta property="og:image:height" content="500" />
	<meta property="og:image:type" content="image/png" />
<meta name="twitter:card" content="summary_large_image" />
<meta name="twitter:label1" content="Becsült olvasási idő" />
	<meta name="twitter:data1" content="2 perc" />
<script type="application/ld+json" class="yoast-schema-graph">{"@context":"https://schema.org","@graph":[{"@type":"WebPage","@id":"https://www.regionsaris.sk/vyznamna-tvar/michal-hudak/","url":"https://www.regionsaris.sk/vyznamna-tvar/michal-hudak/","name":"Michal Hudák - OOCR Šariš","isPartOf":{"@id":"https://www.regionsaris.sk/#website"},"primaryImageOfPage":{"@id":"https://www.regionsaris.sk/vyznamna-tvar/michal-hudak/#primaryimage"},"image":{"@id":"https://www.regionsaris.sk/vyznamna-tvar/michal-hudak/#primaryimage"},"thumbnailUrl":"https://www.regionsaris.sk/wp-content/uploads/2026/03/michal-hudak-vyznamne.tvare-regionu-oocrrs.png","datePublished":"2026-03-23T07:09:15+00:00","dateModified":"2026-03-25T13:41:22+00:00","description":"Michal Hudák moderátor, spevák a herec. Poznať ho môžete z televíznych obrazoviek, viacerých seriálov alebo divadla.","breadcrumb":{"@id":"https://www.regionsaris.sk/vyznamna-tvar/michal-hudak/#breadcrumb"},"inLanguage":"hu","potentialAction":[{"@type":"ReadAction","target":["https://www.regionsaris.sk/vyznamna-tvar/michal-hudak/"]}]},{"@type":"ImageObject","inLanguage":"hu","@id":"https://www.regionsaris.sk/vyznamna-tvar/michal-hudak/#primaryimage","url":"https://www.regionsaris.sk/wp-content/uploads/2026/03/michal-hudak-vyznamne.tvare-regionu-oocrrs.png","contentUrl":"https://www.regionsaris.sk/wp-content/uploads/2026/03/michal-hudak-vyznamne.tvare-regionu-oocrrs.png","width":500,"height":500},{"@type":"BreadcrumbList","@id":"https://www.regionsaris.sk/vyznamna-tvar/michal-hudak/#breadcrumb","itemListElement":[{"@type":"ListItem","position":1,"name":"Domov","item":"https://www.regionsaris.sk/"},{"@type":"ListItem","position":2,"name":"Významné tváre regiónu","item":"https://www.regionsaris.sk/vyznamne-tvare-regionu/"},{"@type":"ListItem","position":3,"name":"Michal Hudák"}]},{"@type":"WebSite","@id":"https://www.regionsaris.sk/#website","url":"https://www.regionsaris.sk/","name":"OOCR Šariš","description":"","potentialAction":[{"@type":"SearchAction","target":{"@type":"EntryPoint","urlTemplate":"https://www.regionsaris.sk/?s={search_term_string}"},"query-input":{"@type":"PropertyValueSpecification","valueRequired":true,"valueName":"search_term_string"}}],"inLanguage":"hu"}]}</script>
<!-- / Yoast SEO Premium plugin. -->

Michal Hudák - OOCR Šariš

Michal Hudák moderátor, spevák a herec. Poznať ho môžete z televíznych obrazoviek, viacerých seriálov alebo divadla.

OOCR Šariš

Významné tváre regiónu
