{"id":4168,"date":"2026-03-23T08:04:26","date_gmt":"2026-03-23T07:04:26","guid":{"rendered":"https:\/\/www.regionsaris.sk\/?post_type=vyznamna-tvar&#038;p=4168"},"modified":"2026-03-25T14:43:46","modified_gmt":"2026-03-25T13:43:46","slug":"marcel-merciak","status":"publish","type":"vyznamna-tvar","link":"https:\/\/www.regionsaris.sk\/hu\/vyznamna-tvar\/marcel-merciak\/","title":{"rendered":"Marcel Merciak"},"content":{"rendered":"<p>Marcel Mer\u010diak 1975. augusztus 31-\u00e9n sz\u00fcletett Pre\u0161ovban. A Tarasa \u0160ev\u010denka utcai gimn\u00e1zium (a mai Jan Adam Rayman Gimn\u00e1zium) elv\u00e9gz\u00e9se ut\u00e1n 1993-ban kezdte meg \u00fajs\u00e1g\u00edr\u00f3i tanulm\u00e1nyait a pozsonyi K\u00e1roly Egyetem b\u00f6lcs\u00e9szkar\u00e1n. A mesterdiploma megszerz\u00e9se ut\u00e1n 1997. j\u00falius 1-j\u00e9n lett a Szlov\u00e1k Telev\u00edzi\u00f3 alkalmazottja, ahol sportk\u00f6zvet\u00edt\u00e9seket (f\u0151leg labdar\u00fag\u00e1st vagy biatlont) komment\u00e1l.&nbsp;<\/p>\n\n\n\n<p>1996 \u00e9s 2024 k\u00f6z\u00f6tt mind a tizen\u00f6t olimpi\u00e1n (8 ny\u00e1ri \u00e9s 7 t\u00e9li) r\u00e9szt vett. Csod\u00e1latra m\u00e9lt\u00f3 szakmai statisztik\u00e1ib\u00f3l kiemelkedik a h\u00e9t labdar\u00fag\u00f3-vil\u00e1gbajnoks\u00e1g \u00e9s h\u00e9t Eur\u00f3pa-bajnoks\u00e1g m\u00e9rk\u0151z\u00e9seinek komment\u00e1l\u00e1sa, 12 alkalommal komment\u00e1lta a Bajnokok Lig\u00e1ja d\u00f6nt\u0151j\u00e9t.<\/p>\n\n\n\n<p>Az RTVS 2011. janu\u00e1ri megalakul\u00e1s\u00e1t k\u00f6vet\u0151en V\u00e1clav Mika f\u0151igazgat\u00f3 vezet\u0151s\u00e9ge megb\u00edzta az RTVS sportoszt\u00e1ly\u00e1nak ir\u00e1ny\u00edt\u00e1s\u00e1val. A sportf\u0151szerkeszt\u0151i poz\u00edci\u00f3t 4 \u00e9vig \u00e9s 11 h\u00f3napig (2013. febru\u00e1r 1-j\u00e9t\u0151l 2017 v\u00e9g\u00e9ig) t\u00f6lt\u00f6tte be. 2021-ben a k\u00f6zm\u00e9dia sportk\u00f6r\u00e9nek m\u0171sorvezet\u0151i posztj\u00e1t kapta meg.&nbsp;<\/p>\n\n\n\n<p>A Zivot hetilap d\u00edjazottja, a Szlov\u00e1k \u00dajs\u00e1g\u00edr\u00f3k Sz\u00f6vets\u00e9g\u00e9nek Gab Zelenay-d\u00edj\u00e1nak nyertese, 13-szoros OTO-gy\u0151ztes (3-szor a sportbemond\u00f3, 8-szor a sportkomment\u00e1tor \u00e9s k\u00e9tszer az \u201eAbszol\u00fat OTO\u201c kateg\u00f3ri\u00e1ban). 2014-ben az akkori RTVS vezet\u0151s\u00e9ge megb\u00edzta a \u201eMit tudom \u00e9n\u201c c\u00edm\u0171 tud\u00e1sverseny-sz\u00f3rakoztat\u00f3 m\u0171sor moder\u00e1l\u00e1s\u00e1val. 2013 \u00f3ta tagja a rangos Krist\u00e1lysz\u00e1rny-d\u00edj sportbizotts\u00e1g\u00e1nak. Marcel Merciak integr\u00e1lt \u00fajs\u00e1g\u00edr\u00f3 szem\u00e9lyis\u00e9gg\u00e9, igazi profiv\u00e1 n\u0151tte ki mag\u00e1t.<\/p>\n\n\n\n<p>A nagyszer\u0171 \u00fajs\u00e1g\u00edr\u00f3 telev\u00edzi\u00f3s munk\u00e1ja mellett a Standard c\u00edm\u0171 online napilap szabad\u00fasz\u00f3 munkat\u00e1rsa is lett, ahol komment\u00e1rjaival, megl\u00e1t\u00e1saival \u00e9s h\u00edres sportol\u00f3kkal k\u00e9sz\u00edtett interj\u00faival gazdag\u00edtja az olvas\u00f3kat.<\/p>\n\n\n\n<p><strong>Forr\u00e1s:<\/strong> https:\/\/www.stvr.sk\/historia\/osobnosti\/marcel-merciak<br><strong>Fot\u00f3 forr\u00e1sa:<\/strong> Szerz\u0151: Pozsony megye Pozsonyb\u00f3l, Szlov\u00e1kia - Crystal Wing 2016, CC BY 2.0, https:\/\/commons.wikimedia.org\/w\/index.php?curid=46672694<\/p>","protected":false},"featured_media":4236,"template":"","meta":{"_acf_changed":true},"kategoria-vyznamnych-tvari":[244],"oblast-posobenia":[241,237,263],"class_list":["post-4168","vyznamna-tvar","type-vyznamna-tvar","status-publish","has-post-thumbnail","hentry","kategoria-vyznamnych-tvari-sucasna-osobnost","oblast-posobenia-publicistika","oblast-posobenia-sport","oblast-posobenia-televizia"],"acf":[],"yoast_head":"<!-- This site is optimized with the Yoast SEO Premium plugin v26.3 (Yoast SEO v26.8) - https:\/\/yoast.com\/product\/yoast-seo-premium-wordpress\/ -->\n<title>Marcel Mer\u010diak - OOCR \u0160ari\u0161<\/title>\n<meta name=\"description\" content=\"Marcel Mer\u010diak je zn\u00e1my slovensk\u00fd \u0161portov\u00fd koment\u00e1tor a novin\u00e1r. Taktie\u017e je extern\u00fdm spolupracovn\u00edkov denn\u00edka \u0160tandard.\" \/>\n<meta name=\"robots\" content=\"index, follow, max-snippet:-1, max-image-preview:large, max-video-preview:-1\" \/>\n<link rel=\"canonical\" href=\"https:\/\/www.regionsaris.sk\/hu\/vyznamna-tvar\/marcel-merciak\/\" \/>\n<meta property=\"og:locale\" content=\"hu_HU\" \/>\n<meta property=\"og:type\" content=\"article\" \/>\n<meta property=\"og:title\" content=\"Marcel Mer\u010diak\" \/>\n<meta property=\"og:description\" content=\"Marcel Mer\u010diak je zn\u00e1my slovensk\u00fd \u0161portov\u00fd koment\u00e1tor a novin\u00e1r. Taktie\u017e je extern\u00fdm spolupracovn\u00edkov denn\u00edka \u0160tandard.\" \/>\n<meta property=\"og:url\" content=\"https:\/\/www.regionsaris.sk\/hu\/vyznamna-tvar\/marcel-merciak\/\" \/>\n<meta property=\"og:site_name\" content=\"OOCR \u0160ari\u0161\" \/>\n<meta property=\"article:modified_time\" content=\"2026-03-25T13:43:46+00:00\" \/>\n<meta property=\"og:image\" content=\"https:\/\/www.regionsaris.sk\/wp-content\/uploads\/2026\/03\/marcel-merciak-vyznamne-tvare-regionu-oocrrs.png\" \/>\n\t<meta property=\"og:image:width\" content=\"500\" \/>\n\t<meta property=\"og:image:height\" content=\"500\" \/>\n\t<meta property=\"og:image:type\" content=\"image\/png\" \/>\n<meta name=\"twitter:card\" content=\"summary_large_image\" \/>\n<meta name=\"twitter:label1\" content=\"Becs\u00fclt olvas\u00e1si id\u0151\" \/>\n\t<meta name=\"twitter:data1\" content=\"2 perc\" \/>\n<script type=\"application\/ld+json\" class=\"yoast-schema-graph\">{\"@context\":\"https:\/\/schema.org\",\"@graph\":[{\"@type\":\"WebPage\",\"@id\":\"https:\/\/www.regionsaris.sk\/vyznamna-tvar\/marcel-merciak\/\",\"url\":\"https:\/\/www.regionsaris.sk\/vyznamna-tvar\/marcel-merciak\/\",\"name\":\"Marcel Mer\u010diak - OOCR \u0160ari\u0161\",\"isPartOf\":{\"@id\":\"https:\/\/www.regionsaris.sk\/#website\"},\"primaryImageOfPage\":{\"@id\":\"https:\/\/www.regionsaris.sk\/vyznamna-tvar\/marcel-merciak\/#primaryimage\"},\"image\":{\"@id\":\"https:\/\/www.regionsaris.sk\/vyznamna-tvar\/marcel-merciak\/#primaryimage\"},\"thumbnailUrl\":\"https:\/\/www.regionsaris.sk\/wp-content\/uploads\/2026\/03\/marcel-merciak-vyznamne-tvare-regionu-oocrrs.png\",\"datePublished\":\"2026-03-23T07:04:26+00:00\",\"dateModified\":\"2026-03-25T13:43:46+00:00\",\"description\":\"Marcel Mer\u010diak je zn\u00e1my slovensk\u00fd \u0161portov\u00fd koment\u00e1tor a novin\u00e1r. Taktie\u017e je extern\u00fdm spolupracovn\u00edkov denn\u00edka \u0160tandard.\",\"breadcrumb\":{\"@id\":\"https:\/\/www.regionsaris.sk\/vyznamna-tvar\/marcel-merciak\/#breadcrumb\"},\"inLanguage\":\"hu\",\"potentialAction\":[{\"@type\":\"ReadAction\",\"target\":[\"https:\/\/www.regionsaris.sk\/vyznamna-tvar\/marcel-merciak\/\"]}]},{\"@type\":\"ImageObject\",\"inLanguage\":\"hu\",\"@id\":\"https:\/\/www.regionsaris.sk\/vyznamna-tvar\/marcel-merciak\/#primaryimage\",\"url\":\"https:\/\/www.regionsaris.sk\/wp-content\/uploads\/2026\/03\/marcel-merciak-vyznamne-tvare-regionu-oocrrs.png\",\"contentUrl\":\"https:\/\/www.regionsaris.sk\/wp-content\/uploads\/2026\/03\/marcel-merciak-vyznamne-tvare-regionu-oocrrs.png\",\"width\":500,\"height\":500},{\"@type\":\"BreadcrumbList\",\"@id\":\"https:\/\/www.regionsaris.sk\/vyznamna-tvar\/marcel-merciak\/#breadcrumb\",\"itemListElement\":[{\"@type\":\"ListItem\",\"position\":1,\"name\":\"Domov\",\"item\":\"https:\/\/www.regionsaris.sk\/\"},{\"@type\":\"ListItem\",\"position\":2,\"name\":\"V\u00fdznamn\u00e9 tv\u00e1re regi\u00f3nu\",\"item\":\"https:\/\/www.regionsaris.sk\/vyznamne-tvare-regionu\/\"},{\"@type\":\"ListItem\",\"position\":3,\"name\":\"Marcel Mer\u010diak\"}]},{\"@type\":\"WebSite\",\"@id\":\"https:\/\/www.regionsaris.sk\/#website\",\"url\":\"https:\/\/www.regionsaris.sk\/\",\"name\":\"OOCR \u0160ari\u0161\",\"description\":\"\",\"potentialAction\":[{\"@type\":\"SearchAction\",\"target\":{\"@type\":\"EntryPoint\",\"urlTemplate\":\"https:\/\/www.regionsaris.sk\/?s={search_term_string}\"},\"query-input\":{\"@type\":\"PropertyValueSpecification\",\"valueRequired\":true,\"valueName\":\"search_term_string\"}}],\"inLanguage\":\"hu\"}]}<\/script>\n<!-- \/ Yoast SEO Premium plugin. -->","yoast_head_json":{"title":"Marcel Mer\u010diak - OOCR \u0160ari\u0161","description":"Marcel Mer\u010diak je zn\u00e1my slovensk\u00fd \u0161portov\u00fd koment\u00e1tor a novin\u00e1r. Taktie\u017e je extern\u00fdm spolupracovn\u00edkov denn\u00edka \u0160tandard.","robots":{"index":"index","follow":"follow","max-snippet":"max-snippet:-1","max-image-preview":"max-image-preview:large","max-video-preview":"max-video-preview:-1"},"canonical":"https:\/\/www.regionsaris.sk\/hu\/vyznamna-tvar\/marcel-merciak\/","og_locale":"hu_HU","og_type":"article","og_title":"Marcel Mer\u010diak","og_description":"Marcel Mer\u010diak je zn\u00e1my slovensk\u00fd \u0161portov\u00fd koment\u00e1tor a novin\u00e1r. Taktie\u017e je extern\u00fdm spolupracovn\u00edkov denn\u00edka \u0160tandard.","og_url":"https:\/\/www.regionsaris.sk\/hu\/vyznamna-tvar\/marcel-merciak\/","og_site_name":"OOCR \u0160ari\u0161","article_modified_time":"2026-03-25T13:43:46+00:00","og_image":[{"width":500,"height":500,"url":"https:\/\/www.regionsaris.sk\/wp-content\/uploads\/2026\/03\/marcel-merciak-vyznamne-tvare-regionu-oocrrs.png","type":"image\/png"}],"twitter_card":"summary_large_image","twitter_misc":{"Becs\u00fclt olvas\u00e1si id\u0151":"2 perc"},"schema":{"@context":"https:\/\/schema.org","@graph":[{"@type":"WebPage","@id":"https:\/\/www.regionsaris.sk\/vyznamna-tvar\/marcel-merciak\/","url":"https:\/\/www.regionsaris.sk\/vyznamna-tvar\/marcel-merciak\/","name":"Marcel Mer\u010diak - OOCR \u0160ari\u0161","isPartOf":{"@id":"https:\/\/www.regionsaris.sk\/#website"},"primaryImageOfPage":{"@id":"https:\/\/www.regionsaris.sk\/vyznamna-tvar\/marcel-merciak\/#primaryimage"},"image":{"@id":"https:\/\/www.regionsaris.sk\/vyznamna-tvar\/marcel-merciak\/#primaryimage"},"thumbnailUrl":"https:\/\/www.regionsaris.sk\/wp-content\/uploads\/2026\/03\/marcel-merciak-vyznamne-tvare-regionu-oocrrs.png","datePublished":"2026-03-23T07:04:26+00:00","dateModified":"2026-03-25T13:43:46+00:00","description":"Marcel Mer\u010diak je zn\u00e1my slovensk\u00fd \u0161portov\u00fd koment\u00e1tor a novin\u00e1r. Taktie\u017e je extern\u00fdm spolupracovn\u00edkov denn\u00edka \u0160tandard.","breadcrumb":{"@id":"https:\/\/www.regionsaris.sk\/vyznamna-tvar\/marcel-merciak\/#breadcrumb"},"inLanguage":"hu","potentialAction":[{"@type":"ReadAction","target":["https:\/\/www.regionsaris.sk\/vyznamna-tvar\/marcel-merciak\/"]}]},{"@type":"ImageObject","inLanguage":"hu","@id":"https:\/\/www.regionsaris.sk\/vyznamna-tvar\/marcel-merciak\/#primaryimage","url":"https:\/\/www.regionsaris.sk\/wp-content\/uploads\/2026\/03\/marcel-merciak-vyznamne-tvare-regionu-oocrrs.png","contentUrl":"https:\/\/www.regionsaris.sk\/wp-content\/uploads\/2026\/03\/marcel-merciak-vyznamne-tvare-regionu-oocrrs.png","width":500,"height":500},{"@type":"BreadcrumbList","@id":"https:\/\/www.regionsaris.sk\/vyznamna-tvar\/marcel-merciak\/#breadcrumb","itemListElement":[{"@type":"ListItem","position":1,"name":"Domov","item":"https:\/\/www.regionsaris.sk\/"},{"@type":"ListItem","position":2,"name":"V\u00fdznamn\u00e9 tv\u00e1re regi\u00f3nu","item":"https:\/\/www.regionsaris.sk\/vyznamne-tvare-regionu\/"},{"@type":"ListItem","position":3,"name":"Marcel Mer\u010diak"}]},{"@type":"WebSite","@id":"https:\/\/www.regionsaris.sk\/#website","url":"https:\/\/www.regionsaris.sk\/","name":"OOCR \u0160ari\u0161","description":"","potentialAction":[{"@type":"SearchAction","target":{"@type":"EntryPoint","urlTemplate":"https:\/\/www.regionsaris.sk\/?s={search_term_string}"},"query-input":{"@type":"PropertyValueSpecification","valueRequired":true,"valueName":"search_term_string"}}],"inLanguage":"hu"}]}},"_links":{"self":[{"href":"https:\/\/www.regionsaris.sk\/hu\/wp-json\/wp\/v2\/vyznamna-tvar\/4168","targetHints":{"allow":["GET"]}}],"collection":[{"href":"https:\/\/www.regionsaris.sk\/hu\/wp-json\/wp\/v2\/vyznamna-tvar"}],"about":[{"href":"https:\/\/www.regionsaris.sk\/hu\/wp-json\/wp\/v2\/types\/vyznamna-tvar"}],"wp:featuredmedia":[{"embeddable":true,"href":"https:\/\/www.regionsaris.sk\/hu\/wp-json\/wp\/v2\/media\/4236"}],"wp:attachment":[{"href":"https:\/\/www.regionsaris.sk\/hu\/wp-json\/wp\/v2\/media?parent=4168"}],"wp:term":[{"taxonomy":"kategoria-vyznamnych-tvari","embeddable":true,"href":"https:\/\/www.regionsaris.sk\/hu\/wp-json\/wp\/v2\/kategoria-vyznamnych-tvari?post=4168"},{"taxonomy":"oblast-posobenia","embeddable":true,"href":"https:\/\/www.regionsaris.sk\/hu\/wp-json\/wp\/v2\/oblast-posobenia?post=4168"}],"curies":[{"name":"wp","href":"https:\/\/api.w.org\/{rel}","templated":true}]}}

<p>Marcel Merčiak 1975. augusztus 31-én született Prešovban. A Tarasa Ševčenka utcai gimnázium (a mai Jan Adam Rayman Gimnázium) elvégzése után 1993-ban kezdte meg újságírói tanulmányait a pozsonyi Károly Egyetem bölcsészkarán. A mesterdiploma megszerzése után 1997. július 1-jén lett a Szlovák Televízió alkalmazottja, ahol sportközvetítéseket (főleg labdarúgást vagy biatlont) kommentál.&nbsp;</p>



<p>1996 és 2024 között mind a tizenöt olimpián (8 nyári és 7 téli) részt vett. Csodálatra méltó szakmai statisztikáiból kiemelkedik a hét labdarúgó-világbajnokság és hét Európa-bajnokság mérkőzéseinek kommentálása, 12 alkalommal kommentálta a Bajnokok Ligája döntőjét.</p>



<p>Az RTVS 2011. januári megalakulását követően Václav Mika főigazgató vezetősége megbízta az RTVS sportosztályának irányításával. A sportfőszerkesztői pozíciót 4 évig és 11 hónapig (2013. február 1-jétől 2017 végéig) töltötte be. 2021-ben a közmédia sportkörének műsorvezetői posztját kapta meg.&nbsp;</p>



<p>A Zivot hetilap díjazottja, a Szlovák Újságírók Szövetségének Gab Zelenay-díjának nyertese, 13-szoros OTO-győztes (3-szor a sportbemondó, 8-szor a sportkommentátor és kétszer az „Abszolút OTO“ kategóriában). 2014-ben az akkori RTVS vezetősége megbízta a „Mit tudom én“ című tudásverseny-szórakoztató műsor moderálásával. 2013 óta tagja a rangos Kristályszárny-díj sportbizottságának. Marcel Merciak integrált újságíró személyiséggé, igazi profivá nőtte ki magát.</p>



<p>A nagyszerű újságíró televíziós munkája mellett a Standard című online napilap szabadúszó munkatársa is lett, ahol kommentárjaival, meglátásaival és híres sportolókkal készített interjúival gazdagítja az olvasókat.</p>



<p><strong>Forrás:</strong> https://www.stvr.sk/historia/osobnosti/marcel-merciak<br><strong>Fotó forrása:</strong> Szerző: Pozsony megye Pozsonyból, Szlovákia - Crystal Wing 2016, CC BY 2.0, https://commons.wikimedia.org/w/index.php?curid=46672694</p>

<!-- This site is optimized with the Yoast SEO Premium plugin v26.3 (Yoast SEO v26.8) - https://yoast.com/product/yoast-seo-premium-wordpress/ -->
<title>Marcel Merčiak - OOCR Šariš</title>
<meta name="description" content="Marcel Merčiak je známy slovenský športový komentátor a novinár. Taktiež je externým spolupracovníkov denníka Štandard." />
<meta name="robots" content="index, follow, max-snippet:-1, max-image-preview:large, max-video-preview:-1" />
<link rel="canonical" href="https://www.regionsaris.sk/hu/vyznamna-tvar/marcel-merciak/" />
<meta property="og:locale" content="hu_HU" />
<meta property="og:type" content="article" />
<meta property="og:title" content="Marcel Merčiak" />
<meta property="og:description" content="Marcel Merčiak je známy slovenský športový komentátor a novinár. Taktiež je externým spolupracovníkov denníka Štandard." />
<meta property="og:url" content="https://www.regionsaris.sk/hu/vyznamna-tvar/marcel-merciak/" />
<meta property="og:site_name" content="OOCR Šariš" />
<meta property="article:modified_time" content="2026-03-25T13:43:46+00:00" />
<meta property="og:image" content="https://www.regionsaris.sk/wp-content/uploads/2026/03/marcel-merciak-vyznamne-tvare-regionu-oocrrs.png" />
	<meta property="og:image:width" content="500" />
	<meta property="og:image:height" content="500" />
	<meta property="og:image:type" content="image/png" />
<meta name="twitter:card" content="summary_large_image" />
<meta name="twitter:label1" content="Becsült olvasási idő" />
	<meta name="twitter:data1" content="2 perc" />
<script type="application/ld+json" class="yoast-schema-graph">{"@context":"https://schema.org","@graph":[{"@type":"WebPage","@id":"https://www.regionsaris.sk/vyznamna-tvar/marcel-merciak/","url":"https://www.regionsaris.sk/vyznamna-tvar/marcel-merciak/","name":"Marcel Merčiak - OOCR Šariš","isPartOf":{"@id":"https://www.regionsaris.sk/#website"},"primaryImageOfPage":{"@id":"https://www.regionsaris.sk/vyznamna-tvar/marcel-merciak/#primaryimage"},"image":{"@id":"https://www.regionsaris.sk/vyznamna-tvar/marcel-merciak/#primaryimage"},"thumbnailUrl":"https://www.regionsaris.sk/wp-content/uploads/2026/03/marcel-merciak-vyznamne-tvare-regionu-oocrrs.png","datePublished":"2026-03-23T07:04:26+00:00","dateModified":"2026-03-25T13:43:46+00:00","description":"Marcel Merčiak je známy slovenský športový komentátor a novinár. Taktiež je externým spolupracovníkov denníka Štandard.","breadcrumb":{"@id":"https://www.regionsaris.sk/vyznamna-tvar/marcel-merciak/#breadcrumb"},"inLanguage":"hu","potentialAction":[{"@type":"ReadAction","target":["https://www.regionsaris.sk/vyznamna-tvar/marcel-merciak/"]}]},{"@type":"ImageObject","inLanguage":"hu","@id":"https://www.regionsaris.sk/vyznamna-tvar/marcel-merciak/#primaryimage","url":"https://www.regionsaris.sk/wp-content/uploads/2026/03/marcel-merciak-vyznamne-tvare-regionu-oocrrs.png","contentUrl":"https://www.regionsaris.sk/wp-content/uploads/2026/03/marcel-merciak-vyznamne-tvare-regionu-oocrrs.png","width":500,"height":500},{"@type":"BreadcrumbList","@id":"https://www.regionsaris.sk/vyznamna-tvar/marcel-merciak/#breadcrumb","itemListElement":[{"@type":"ListItem","position":1,"name":"Domov","item":"https://www.regionsaris.sk/"},{"@type":"ListItem","position":2,"name":"Významné tváre regiónu","item":"https://www.regionsaris.sk/vyznamne-tvare-regionu/"},{"@type":"ListItem","position":3,"name":"Marcel Merčiak"}]},{"@type":"WebSite","@id":"https://www.regionsaris.sk/#website","url":"https://www.regionsaris.sk/","name":"OOCR Šariš","description":"","potentialAction":[{"@type":"SearchAction","target":{"@type":"EntryPoint","urlTemplate":"https://www.regionsaris.sk/?s={search_term_string}"},"query-input":{"@type":"PropertyValueSpecification","valueRequired":true,"valueName":"search_term_string"}}],"inLanguage":"hu"}]}</script>
<!-- / Yoast SEO Premium plugin. -->

Marcel Merčiak - OOCR Šariš

Marcel Merčiak je známy slovenský športový komentátor a novinár. Taktiež je externým spolupracovníkov denníka Štandard.

Marcel Merčiak

OOCR Šariš

Významné tváre regiónu
